178.20.28.34 - - [19/Jul/2026:08:23:30 +0200] "POST /xmlrpc.php HTTP/1.1" 503 24165 "-" "Apache-HttpClient/4.5.13 (Java/11.0.31)"
178.20.28.34 - - [19/Jul/2026:08:23:31 +0200] "POST /xmlrpc.php HTTP/1.1" 503 24165 "-" "Apache-HttpClient/4.5.13 (Java/11.0.31)"
178.20.28.34 - - [19/Jul/2026:08:23:31 +0200] "POST /xmlrpc.php HTTP/1.1" 503 24165 "-" "Apache-HttpClient/4.5.13 (Java/11.0.31)"
178.20.28.34 - - [19/Jul/2026:08:23:32 +0200] "POST /xmlrpc.php HTTP/1.1" 503 24165 "-" "Apache-HttpClient/4.5.13 (Java/11.0.31)"
178.20.28.34 - - [19/Jul/2026:08:23:32 +0200] "POST /xmlrpc.php HTTP/1.1" 503 24165 "-" "Apache-HttpClient/4.5.13 (Java/11.0.31)"
178.20.28.34 - - [19/Jul/2026:08:23:32 +0200] "POST /xmlrpc.php HTTP/1.1" 503 24165 "-" "Apache-HttpClient/4.5.13 (Java/11.0.31)"
178.20.28.34 - - [19/Jul/2026:08:23:33 +0200] "POST /xmlrpc.php HTTP/1.1" 503 24165 "-" "Apache-HttpClient/4.5.13 (Java/11.0.31)"
178.20.28.34 - - [19/Jul/2026:08:23:33 +0200] "POST /xmlrpc.php HTTP/1.1" 503 24165 "-" "Apache-HttpClient/4.5.13 (Java/11.0.31)"
178.20.28.34 - - [19/Jul/2026:08:23:34 +0200] "POST /xmlrpc.php HTTP/1.1" 503 24165 "-" "Apache-HttpClient/4.5.13 (Java/11.0.31)"
178.20.28.34 - - [19/Jul/2026:08:23:34 +0200] "POST /xmlrpc.php HTTP/1.1" 503 24165 "-" "Apache-HttpClient/4.5.13 (Java/11.0.31)"
178.20.28.34 - - [19/Jul/2026:08:23:34 +0200] "POST /xmlrpc.php HTTP/1.1" 503 24165 "-" "Apache-HttpClient/4.5.13 (Java/11.0.31)"
178.20.28.34 - - [19/Jul/2026:08:23:35 +0200] "POST /xmlrpc.php HTTP/1.1" 503 24165 "-" "Apache-HttpClient/4.5.13 (Java/11.0.31)"
178.20.28.34 - - [19/Jul/2026:08:23:35 +0200] "POST /xmlrpc.php HTTP/1.1" 503 24165 "-" "Apache-HttpClient/4.5.13 (Java/11.0.31)"
178.20.28.34 - - [19/Jul/2026:08:23:35 +0200] "POST /xmlrpc.php HTTP/1.1" 503 24165 "-" "Apache-HttpClient/4.5.13 (Java/11.0.31)"
178.20.28.34 - - [19/Jul/2026:08:23:36 +0200] "POST /xmlrpc.php HTTP/1.1" 503 24165 "-" "Apache-HttpClient/4.5.13 (Java/11.0.31)"
178.20.28.34 - - [19/Jul/2026:08:23:36 +0200] "POST /xmlrpc.php HTTP/1.1" 503 24165 "-" "Apache-HttpClient/4.5.13 (Java/11.0.31)"
178.20.28.34 - - [19/Jul/2026:08:23:36 +0200] "POST /xmlrpc.php HTTP/1.1" 503 24165 "-" "Apache-HttpClient/4.5.13 (Java/11.0.31)"
178.20.28.34 - - [19/Jul/2026:08:23:37 +0200] "POST /xmlrpc.php HTTP/1.1" 503 24165 "-" "Apache-HttpClient/4.5.13 (Java/11.0.31)"
178.20.28.34 - - [19/Jul/2026:08:23:37 +0200] "POST /xmlrpc.php HTTP/1.1" 503 24165 "-" "Apache-HttpClient/4.5.13 (Java/11.0.31)"
178.20.28.34 - - [19/Jul/2026:08:23:38 +0200] "POST /xmlrpc.php HTTP/1.1" 503 24165 "-" "Apache-HttpClient/4.5.13 (Java/11.0.31)"
178.20.28.34 - - [19/Jul/2026:08:23:38 +0200] "POST /xmlrpc.php HTTP/1.1" 503 24165 "-" "Apache-HttpClient/4.5.13 (Java/11.0.31)"
178.20.28.34 - - [19/Jul/2026:08:23:38 +0200] "POST /xmlrpc.php HTTP/1.1" 503 24165 "-" "Apache-HttpClient/4.5.13 (Java/11.0.31)"
178.20.28.34 - - [19/Jul/2026:08:23:39 +0200] "POST /xmlrpc.php HTTP/1.1" 503 24165 "-" "Apache-HttpClient/4.5.13 (Java/11.0.31)"
178.20.28.34 - - [19/Jul/2026:08:23:39 +0200] "POST /xmlrpc.php HTTP/1.1" 503 24165 "-" "Apache-HttpClient/4.5.13 (Java/11.0.31)"
178.20.28.34 - - [19/Jul/2026:08:23:39 +0200] "POST /xmlrpc.php HTTP/1.1" 503 24165 "-" "Apache-HttpClient/4.5.13 (Java/11.0.31)"
178.20.28.34 - - [19/Jul/2026:08:23:40 +0200] "GET /wp-login.php HTTP/1.1" 503 24165 "https://www.google.com" "Mozilla/5.0 (X11; Linux x86_64) AppleWebKit/537.36 (KHTML, like Gecko) Chrome/119.0.0.0 Safari/537.36"
178.20.28.34 - - [19/Jul/2026:08:23:40 +0200] "GET /wp-login.php HTTP/1.1" 503 24165 "https://www.google.com" "Mozilla/5.0 (X11; Linux x86_64) AppleWebKit/537.36 (KHTML, like Gecko) Chrome/119.0.0.0 Safari/537.36"
2001:1690:2:4::1:118 - - [19/Jul/2026:08:30:17 +0200] "POST /wp-cron.php?doing_wp_cron=1784442617.3915290832519531250000 HTTP/1.1" 200 5532 "-" "WordPress/6.9.5; https://cso-deprinsenhof.nl"
2001:1690:2:4::1:118 - - [19/Jul/2026:08:30:17 +0200] "POST /?wordfence_syncAttackData=1784442617.1344 HTTP/1.1" 200 5474 "-" "WordPress/6.9.5; https://cso-deprinsenhof.nl"
68.178.160.25 - - [19/Jul/2026:08:30:17 +0200] "POST /xmlrpc.php HTTP/1.1" 200 6064 "-" "Mozilla/5.0 (Windows NT 10.0; Win64; x64) AppleWebKit/537.36 (KHTML, like Gecko) Chrome/133.0.0.0 Safari/537.36"
159.65.230.24 - - [19/Jul/2026:08:30:41 +0200] "POST /wp-login.php HTTP/1.1" 503 23911 "-" "Mozilla/5.0"
2001:1690:2:4::1:118 - - [19/Jul/2026:08:39:16 +0200] "POST /wp-cron.php?doing_wp_cron=1784443156.6109240055084228515625 HTTP/1.1" 200 5532 "-" "WordPress/6.9.5; https://cso-deprinsenhof.nl"
2001:1690:2:4::1:118 - - [19/Jul/2026:08:39:16 +0200] "POST /?wordfence_syncAttackData=1784443156.4384 HTTP/1.1" 200 5474 "-" "WordPress/6.9.5; https://cso-deprinsenhof.nl"
2001:1690:2:4::1:118 - - [19/Jul/2026:08:39:17 +0200] "POST /wp-cron.php?doing_wp_cron=1784443157.2505850791931152343750 HTTP/1.1" 200 5532 "-" "WordPress/6.9.5; https://cso-deprinsenhof.nl"
159.65.230.24 - - [19/Jul/2026:08:39:16 +0200] "POST /wp-login.php HTTP/1.1" 503 25165 "-" "Mozilla/5.0"
216.73.216.47 - - [19/Jul/2026:08:39:26 +0200] "GET /robots.txt HTTP/1.1" 200 5740 "-" "Mozilla/5.0 AppleWebKit/537.36 (KHTML, like Gecko; compatible; ClaudeBot/1.0; +claudebot@anthropic.com)"
216.73.216.47 - - [19/Jul/2026:08:39:26 +0200] "GET /sitemap_index.xml HTTP/1.1" 200 6042 "-" "Mozilla/5.0 AppleWebKit/537.36 (KHTML, like Gecko; compatible; ClaudeBot/1.0; +claudebot@anthropic.com)"
2001:1690:2:4::1:118 - - [19/Jul/2026:08:41:16 +0200] "POST /wp-cron.php?doing_wp_cron=1784443276.2790100574493408203125 HTTP/1.1" 200 5532 "-" "WordPress/6.9.5; https://cso-deprinsenhof.nl"
212.80.9.235 - - [19/Jul/2026:08:41:15 +0200] "GET /wp-login.php HTTP/1.1" 200 16807 "-" "Mozilla/5.0 (Windows NT 10.0; Win64; x64) AppleWebKit/537.36 (KHTML, like Gecko) Chrome/133.0.0.0 Safari/537.36"
212.80.9.235 - - [19/Jul/2026:08:41:16 +0200] "POST /wp-login.php HTTP/1.1" 503 25023 "https://cso-deprinsenhof.nl/wp-login.php" "Mozilla/5.0 (Windows NT 10.0; Win64; x64) AppleWebKit/537.36 (KHTML, like Gecko) Chrome/133.0.0.0 Safari/537.36"
159.65.230.24 - - [19/Jul/2026:08:47:49 +0200] "POST /wp-login.php HTTP/1.1" 503 23911 "-" "Mozilla/5.0"
2001:1690:2:4::1:118 - - [19/Jul/2026:08:48:27 +0200] "POST /wp-cron.php?doing_wp_cron=1784443707.6036629676818847656250 HTTP/1.1" 200 5532 "-" "WordPress/6.9.5; https://cso-deprinsenhof.nl"
2001:1690:2:4::1:118 - - [19/Jul/2026:08:48:27 +0200] "POST /?wordfence_syncAttackData=1784443707.4362 HTTP/1.1" 200 5474 "-" "WordPress/6.9.5; https://cso-deprinsenhof.nl"
216.244.66.233 - - [19/Jul/2026:08:48:27 +0200] "GET /robots.txt HTTP/1.1" 200 5740 "-" "Mozilla/5.0 (compatible; DotBot/1.2; +https://opensiteexplorer.org/dotbot; help@moz.com)"
216.244.66.233 - - [19/Jul/2026:08:54:00 +0200] "GET /wp-content/uploads/2025/09/De_Prinsenhof_2025_2026_digitaal.pdf HTTP/1.1" 200 5542 "-" "Mozilla/5.0 (compatible; DotBot/1.2; +https://opensiteexplorer.org/dotbot; help@moz.com)"
2001:1690:2:4::1:118 - - [19/Jul/2026:08:56:29 +0200] "POST /wp-cron.php?doing_wp_cron=1784444189.3793580532073974609375 HTTP/1.1" 200 5532 "-" "WordPress/6.9.5; https://cso-deprinsenhof.nl"
159.65.230.24 - - [19/Jul/2026:08:56:28 +0200] "POST /wp-login.php HTTP/1.1" 503 25165 "-" "Mozilla/5.0"
185.50.209.106 - - [19/Jul/2026:08:56:44 +0200] "GET /apple-touch-icon-precomposed.png HTTP/1.1" 404 83167 "-" "NetworkingExtension/8624.2.5.10.8 Network/5812.122.1 iOS/26.5.2"
185.50.209.106 - - [19/Jul/2026:08:56:44 +0200] "GET /favicon.ico HTTP/1.1" 302 5681 "-" "NetworkingExtension/8624.2.5.10.8 Network/5812.122.1 iOS/26.5.2"
185.50.209.106 - - [19/Jul/2026:08:56:44 +0200] "GET /wp-content/uploads/2025/07/cropped-de-Prinsenhof_favicon_64px-32x32.png HTTP/1.1" 200 6375 "-" "NetworkingExtension/8624.2.5.10.8 Network/5812.122.1 iOS/26.5.2"
2001:1690:2:4::1:118 - - [19/Jul/2026:08:56:44 +0200] "GET /wp-content/uploads/2025/07/boog-onder.svg HTTP/1.1" 200 6041 "-" "-"
185.50.209.106 - - [19/Jul/2026:08:56:44 +0200] "GET /apple-touch-icon.png HTTP/1.1" 404 83167 "-" "NetworkingExtension/8624.2.5.10.8 Network/5812.122.1 iOS/26.5.2"
185.50.209.106 - - [19/Jul/2026:08:56:44 +0200] "GET /onze-school/videos/ HTTP/1.1" 200 106460 "-" "Mozilla/5.0 (Macintosh; Intel Mac OS X 10_11_1) AppleWebKit/601.2.4 (KHTML, like Gecko) Version/9.0.1 Safari/601.2.4 facebookexternalhit/1.1 Facebot Twitterbot/1.0"
185.50.209.106 - - [19/Jul/2026:08:56:45 +0200] "GET /wp-content/uploads/2025/09/PBS-klaslokaal_home-scaled.webp HTTP/1.1" 200 5532 "-" "NetworkingExtension/8624.2.5.10.8 Network/5812.122.1 iOS/26.5.2"
185.50.209.106 - - [19/Jul/2026:08:56:45 +0200] "GET /wp-content/uploads/2025/07/de-Prinsenhof_favicon_64px.png HTTP/1.1" 200 5562 "-" "NetworkingExtension/8624.2.5.10.8 Network/5812.122.1 iOS/26.5.2"
159.65.230.24 - - [19/Jul/2026:09:05:03 +0200] "POST /wp-login.php HTTP/1.1" 503 23911 "-" "Mozilla/5.0"
2001:1690:2:4::1:118 - - [19/Jul/2026:09:11:51 +0200] "POST /wp-cron.php?doing_wp_cron=1784445111.2429039478302001953125 HTTP/1.1" 200 5532 "-" "WordPress/6.9.5; https://cso-deprinsenhof.nl"
2001:1690:2:4::1:118 - - [19/Jul/2026:09:11:51 +0200] "POST /?wordfence_syncAttackData=1784445111.0756 HTTP/1.1" 200 5474 "-" "WordPress/6.9.5; https://cso-deprinsenhof.nl"
182.77.62.24 - - [19/Jul/2026:09:11:50 +0200] "GET /wp-login.php HTTP/1.1" 200 16807 "-" "Mozilla/5.0 (Windows NT 10.0; Win64; x64) AppleWebKit/537.36 (KHTML, like Gecko) Chrome/133.0.0.0 Safari/537.36"
182.77.62.24 - - [19/Jul/2026:09:11:51 +0200] "POST /wp-login.php HTTP/1.1" 503 25023 "https://cso-deprinsenhof.nl/wp-login.php" "Mozilla/5.0 (Windows NT 10.0; Win64; x64) AppleWebKit/537.36 (KHTML, like Gecko) Chrome/133.0.0.0 Safari/537.36"
2001:1690:2:4::1:118 - - [19/Jul/2026:09:13:56 +0200] "POST /wp-cron.php?doing_wp_cron=1784445236.1926751136779785156250 HTTP/1.1" 200 5532 "-" "WordPress/6.9.5; https://cso-deprinsenhof.nl"
159.65.230.24 - - [19/Jul/2026:09:13:55 +0200] "POST /wp-login.php HTTP/1.1" 503 25165 "-" "Mozilla/5.0"
2001:1690:2:4::1:118 - - [19/Jul/2026:09:22:09 +0200] "GET /wp-content/uploads/2025/07/boog-onder.svg HTTP/1.1" 200 6041 "-" "-"
2001:1690:2:4::1:118 - - [19/Jul/2026:09:22:09 +0200] "POST /wp-cron.php?doing_wp_cron=1784445729.6532309055328369140625 HTTP/1.1" 200 5532 "-" "WordPress/6.9.5; https://cso-deprinsenhof.nl"
172.69.134.8 - - [19/Jul/2026:09:22:09 +0200] "GET / HTTP/1.1" 200 128256 "-" "Mozilla/5.0 (Macintosh; Intel Mac OS X 10_15_7) AppleWebKit/537.36 (KHTML, like Gecko) Chrome/147.0.0.0 Safari/537.36 CloudflareWebScanner/1.0"
159.65.230.24 - - [19/Jul/2026:09:22:55 +0200] "POST /wp-login.php HTTP/1.1" 503 23911 "-" "Mozilla/5.0"
2001:1690:2:4::1:118 - - [19/Jul/2026:09:23:14 +0200] "POST /?wordfence_syncAttackData=1784445794.8173 HTTP/1.1" 200 5474 "-" "WordPress/6.9.5; https://cso-deprinsenhof.nl"
45.8.19.70 - - [19/Jul/2026:09:23:14 +0200] "GET /wp-login.php HTTP/1.1" 200 16807 "-" "Mozilla/5.0"
45.8.19.70 - - [19/Jul/2026:09:23:18 +0200] "GET /?author=1 HTTP/1.1" 404 38910 "-" "Mozilla/5.0"
45.8.19.70 - - [19/Jul/2026:09:23:19 +0200] "GET /?feed=rss2 HTTP/1.1" 301 5653 "-" "Mozilla/5.0"
45.8.19.70 - - [19/Jul/2026:09:23:19 +0200] "GET /feed/ HTTP/1.1" 200 6759 "-" "Mozilla/5.0"
2001:1690:2:4::1:118 - - [19/Jul/2026:09:27:43 +0200] "POST /wp-cron.php?doing_wp_cron=1784446063.0486960411071777343750 HTTP/1.1" 200 5532 "-" "WordPress/6.9.5; https://cso-deprinsenhof.nl"
47.128.60.176 - - [19/Jul/2026:09:27:42 +0200] "GET /robots.txt HTTP/1.1" 200 5740 "-" "Mozilla/5.0 (Linux; Android 5.0) AppleWebKit/537.36 (KHTML, like Gecko) Mobile Safari/537.36 (compatible; Bytespider; spider-feedback@bytedance.com)"
2001:1690:2:4::1:118 - - [19/Jul/2026:09:31:54 +0200] "POST /wp-cron.php?doing_wp_cron=1784446314.0604100227355957031250 HTTP/1.1" 200 5532 "-" "WordPress/6.9.5; https://cso-deprinsenhof.nl"
159.65.230.24 - - [19/Jul/2026:09:31:53 +0200] "POST /wp-login.php HTTP/1.1" 503 25165 "-" "Mozilla/5.0"
2001:1690:2:4::1:118 - - [19/Jul/2026:09:34:16 +0200] "POST /wp-cron.php?doing_wp_cron=1784446456.3093891143798828125000 HTTP/1.1" 200 5532 "-" "WordPress/6.9.5; https://cso-deprinsenhof.nl"
216.244.66.233 - - [19/Jul/2026:09:34:16 +0200] "GET /robots.txt HTTP/1.1" 301 5530 "-" "Mozilla/5.0 (compatible; DotBot/1.2; +https://opensiteexplorer.org/dotbot; help@moz.com)"
216.244.66.233 - - [19/Jul/2026:09:34:17 +0200] "GET /robots.txt HTTP/1.1" 200 5740 "-" "Mozilla/5.0 (compatible; DotBot/1.2; +https://opensiteexplorer.org/dotbot; help@moz.com)"
54.94.85.83 - - [19/Jul/2026:09:34:46 +0200] "GET /wp-content/uploads/2022/04/Functieomschrijving-leerkracht-L11-L12.pdf HTTP/1.1" 404 83137 "-" "Mozilla/5.0 (compatible; corpus-pdf-collector/0.1; +https://commoncrawl.org)"
216.244.66.233 - - [19/Jul/2026:09:37:49 +0200] "GET /resize/800/600/media/photoalbums/55/img9101.JPG HTTP/1.1" 301 5679 "-" "Mozilla/5.0 (compatible; DotBot/1.2; +https://opensiteexplorer.org/dotbot; help@moz.com)"
159.65.230.24 - - [19/Jul/2026:09:40:52 +0200] "POST /wp-login.php HTTP/1.1" 503 23911 "-" "Mozilla/5.0"
2001:1690:2:4::1:118 - - [19/Jul/2026:09:48:30 +0200] "POST /wp-cron.php?doing_wp_cron=1784447310.4991641044616699218750 HTTP/1.1" 200 5532 "-" "WordPress/6.9.5; https://cso-deprinsenhof.nl"
2001:1690:2:4::1:118 - - [19/Jul/2026:09:48:30 +0200] "POST /?wordfence_syncAttackData=1784447310.3144 HTTP/1.1" 200 5474 "-" "WordPress/6.9.5; https://cso-deprinsenhof.nl"
98.70.32.248 - - [19/Jul/2026:09:48:30 +0200] "GET /wp-login.php HTTP/1.1" 200 16807 "-" "Mozilla/5.0 (Windows NT 10.0; Win64; x64) AppleWebKit/537.36 (KHTML, like Gecko) Chrome/147.0.0.0 Safari/537.36"
98.70.32.248 - - [19/Jul/2026:09:48:30 +0200] "POST /wp-login.php HTTP/1.1" 503 25023 "https://cso-deprinsenhof.nl/wp-login.php" "Mozilla/5.0 (Windows NT 10.0; Win64; x64) AppleWebKit/537.36 (KHTML, like Gecko) Chrome/147.0.0.0 Safari/537.36"
2001:1690:2:4::1:118 - - [19/Jul/2026:09:49:44 +0200] "POST /wp-cron.php?doing_wp_cron=1784447384.8483810424804687500000 HTTP/1.1" 200 5532 "-" "WordPress/6.9.5; https://cso-deprinsenhof.nl"
159.65.230.24 - - [19/Jul/2026:09:49:44 +0200] "POST /wp-login.php HTTP/1.1" 503 25165 "-" "Mozilla/5.0"
159.65.230.24 - - [19/Jul/2026:09:58:32 +0200] "POST /wp-login.php HTTP/1.1" 503 23911 "-" "Mozilla/5.0"
2001:1690:2:4::1:118 - - [19/Jul/2026:10:00:48 +0200] "POST /wp-cron.php?doing_wp_cron=1784448048.1620330810546875000000 HTTP/1.1" 200 5532 "-" "WordPress/6.9.5; https://cso-deprinsenhof.nl"
2001:1690:2:4::1:118 - - [19/Jul/2026:10:00:47 +0200] "POST /?wordfence_syncAttackData=1784448047.9446 HTTP/1.1" 200 5474 "-" "WordPress/6.9.5; https://cso-deprinsenhof.nl"
31.42.184.154 - - [19/Jul/2026:10:00:47 +0200] "GET /wp-login.php HTTP/1.1" 200 16807 "-" "Mozilla/5.0 (Windows NT 10.0; Win64; x64) AppleWebKit/537.36 (KHTML, like Gecko) Chrome/147.0.0.0 Safari/537.36"
31.42.184.154 - - [19/Jul/2026:10:00:48 +0200] "POST /wp-login.php HTTP/1.1" 503 25023 "https://cso-deprinsenhof.nl/wp-login.php" "Mozilla/5.0 (Windows NT 10.0; Win64; x64) AppleWebKit/537.36 (KHTML, like Gecko) Chrome/147.0.0.0 Safari/537.36"
2001:1690:2:4::1:118 - - [19/Jul/2026:10:07:30 +0200] "POST /wp-cron.php?doing_wp_cron=1784448450.1928620338439941406250 HTTP/1.1" 200 5532 "-" "WordPress/6.9.5; https://cso-deprinsenhof.nl"
159.65.230.24 - - [19/Jul/2026:10:07:29 +0200] "POST /wp-login.php HTTP/1.1" 503 25165 "-" "Mozilla/5.0"
2001:1690:2:4::1:118 - - [19/Jul/2026:10:13:13 +0200] "POST /wp-cron.php?doing_wp_cron=1784448793.1965720653533935546875 HTTP/1.1" 200 5532 "-" "WordPress/6.9.5; https://cso-deprinsenhof.nl"
195.26.253.119 - - [19/Jul/2026:10:13:12 +0200] "GET /wp-login.php HTTP/1.1" 200 16807 "-" "Mozilla/5.0 (Windows NT 10.0; Win64; x64) AppleWebKit/537.36 (KHTML, like Gecko) Chrome/147.0.0.0 Safari/537.36"
195.26.253.119 - - [19/Jul/2026:10:13:13 +0200] "POST /wp-login.php HTTP/1.1" 503 25023 "https://cso-deprinsenhof.nl/wp-login.php" "Mozilla/5.0 (Windows NT 10.0; Win64; x64) AppleWebKit/537.36 (KHTML, like Gecko) Chrome/147.0.0.0 Safari/537.36"
2001:1690:2:4::1:118 - - [19/Jul/2026:10:20:06 +0200] "POST /wp-cron.php?doing_wp_cron=1784449206.7737889289855957031250 HTTP/1.1" 200 5532 "-" "WordPress/6.9.5; https://cso-deprinsenhof.nl"
216.244.66.233 - - [19/Jul/2026:10:20:06 +0200] "GET /robots.txt HTTP/1.1" 301 5530 "-" "Mozilla/5.0 (compatible; DotBot/1.2; +https://opensiteexplorer.org/dotbot; help@moz.com)"
216.244.66.233 - - [19/Jul/2026:10:20:07 +0200] "GET /robots.txt HTTP/1.1" 200 5740 "-" "Mozilla/5.0 (compatible; DotBot/1.2; +https://opensiteexplorer.org/dotbot; help@moz.com)"
163.227.186.27 - - [19/Jul/2026:10:20:34 +0200] "GET /wp-login.php HTTP/1.1" 200 16807 "-" "Mozilla/5.0 (Windows NT 10.0; Win64; x64) AppleWebKit/537.36 (KHTML, like Gecko) Chrome/147.0.0.0 Safari/537.36"
163.227.186.27 - - [19/Jul/2026:10:20:35 +0200] "POST /wp-login.php HTTP/1.1" 503 25023 "https://cso-deprinsenhof.nl/wp-login.php" "Mozilla/5.0 (Windows NT 10.0; Win64; x64) AppleWebKit/537.36 (KHTML, like Gecko) Chrome/147.0.0.0 Safari/537.36"
2001:1690:2:4::1:118 - - [19/Jul/2026:10:23:43 +0200] "GET /wp-content/uploads/2025/07/boog-onder.svg HTTP/1.1" 200 6041 "-" "-"
2001:1690:2:4::1:118 - - [19/Jul/2026:10:23:44 +0200] "POST /wp-cron.php?doing_wp_cron=1784449424.0093419551849365234375 HTTP/1.1" 200 5532 "-" "WordPress/6.9.5; https://cso-deprinsenhof.nl"
43.153.27.244 - - [19/Jul/2026:10:23:43 +0200] "GET / HTTP/1.1" 200 128274 "http://cso-deprinsenhof.nl" "Mozilla/5.0 (iPhone; CPU iPhone OS 13_2_3 like Mac OS X) AppleWebKit/605.1.15 (KHTML, like Gecko) Version/13.0.3 Mobile/15E148 Safari/604.1"
216.244.66.233 - - [19/Jul/2026:10:23:55 +0200] "GET /resize/800/600/media/photoalbums/52/20170202104041.jpg HTTP/1.1" 301 5686 "-" "Mozilla/5.0 (compatible; DotBot/1.2; +https://opensiteexplorer.org/dotbot; help@moz.com)"
2401:4900:7595:99fc:e4c3:152c:c7b3:dde - - [19/Jul/2026:10:24:33 +0200] "POST /xmlrpc.php HTTP/1.1" 503 24986 "-" "Jetpack by WordPress.com"
2401:4900:7595:99fc:e4c3:152c:c7b3:dde - - [19/Jul/2026:10:24:42 +0200] "POST /xmlrpc.php HTTP/1.1" 503 23911 "-" "Jetpack/12.1; WordPress/6.1; http://site63492023.com"
2401:4900:7595:99fc:e4c3:152c:c7b3:dde - - [19/Jul/2026:10:24:52 +0200] "POST /xmlrpc.php HTTP/1.1" 503 23911 "-" "Jetpack by WordPress.com"
2401:4900:7595:99fc:e4c3:152c:c7b3:dde - - [19/Jul/2026:10:27:54 +0200] "POST /xmlrpc.php HTTP/1.1" 503 13474 "-" "WordPress.com; https://wordpress.com"
2401:4900:7595:99fc:e4c3:152c:c7b3:dde - - [19/Jul/2026:10:28:09 +0200] "POST /xmlrpc.php HTTP/1.1" 503 23911 "-" "Jetpack by WordPress.com (Jetpack 13.0; WordPress 6.1)"
2401:4900:7595:99fc:e4c3:152c:c7b3:dde - - [19/Jul/2026:10:29:05 +0200] "POST /xmlrpc.php HTTP/1.1" 503 23911 "-" "Jetpack by WordPress.com"
2001:1690:2:4::1:118 - - [19/Jul/2026:10:29:42 +0200] "POST /wp-cron.php?doing_wp_cron=1784449782.5831398963928222656250 HTTP/1.1" 200 5532 "-" "WordPress/6.9.5; https://cso-deprinsenhof.nl"
2001:1690:2:4::1:118 - - [19/Jul/2026:10:29:42 +0200] "POST /?wordfence_syncAttackData=1784449782.3956 HTTP/1.1" 200 5474 "-" "WordPress/6.9.5; https://cso-deprinsenhof.nl"
2001:1690:2:4::1:118 - - [19/Jul/2026:10:29:43 +0200] "POST /wp-cron.php?doing_wp_cron=1784449783.2234759330749511718750 HTTP/1.1" 200 5532 "-" "WordPress/6.9.5; https://cso-deprinsenhof.nl"
171.48.105.109 - - [19/Jul/2026:10:29:42 +0200] "POST /xmlrpc.php HTTP/1.1" 503 24986 "-" "Jetpack/12.5; WordPress/6.3; http://site42686210.com"
171.48.105.109 - - [19/Jul/2026:10:29:49 +0200] "POST /xmlrpc.php HTTP/1.1" 503 23911 "-" "Jetpack by WordPress.com (Jetpack 13.0; WordPress 6.2)"
2401:4900:7595:99fc:e4c3:152c:c7b3:dde - - [19/Jul/2026:10:30:18 +0200] "POST /xmlrpc.php HTTP/1.1" 503 23911 "-" "WordPress.com; https://wordpress.com"
2401:4900:7595:99fc:e4c3:152c:c7b3:dde - - [19/Jul/2026:10:30:28 +0200] "POST /xmlrpc.php HTTP/1.1" 503 23911 "-" "Jetpack by WordPress.com"
2401:4900:7595:99fc:e4c3:152c:c7b3:dde - - [19/Jul/2026:10:30:39 +0200] "POST /xmlrpc.php HTTP/1.1" 503 23911 "-" "WordPress.com; https://wordpress.com"
2001:1690:2:4::1:118 - - [19/Jul/2026:10:30:47 +0200] "POST /wp-cron.php?doing_wp_cron=1784449847.7490038871765136718750 HTTP/1.1" 200 5532 "-" "WordPress/6.9.5; https://cso-deprinsenhof.nl"
2001:1690:2:4::1:118 - - [19/Jul/2026:10:30:47 +0200] "POST /?wordfence_syncAttackData=1784449847.5564 HTTP/1.1" 200 5474 "-" "WordPress/6.9.5; https://cso-deprinsenhof.nl"
2001:1690:2:4::1:118 - - [19/Jul/2026:10:30:48 +0200] "POST /wp-cron.php?doing_wp_cron=1784449847.9945459365844726562500 HTTP/1.1" 200 5532 "-" "WordPress/6.9.5; https://cso-deprinsenhof.nl"
78.46.99.182 - - [19/Jul/2026:10:30:47 +0200] "GET /wp-login.php HTTP/1.1" 200 16807 "-" "Mozilla/5.0 (Windows NT 10.0; Win64; x64) AppleWebKit/537.36 (KHTML, like Gecko) Chrome/147.0.0.0 Safari/537.36"
78.46.99.182 - - [19/Jul/2026:10:30:48 +0200] "POST /wp-login.php HTTP/1.1" 503 25023 "https://cso-deprinsenhof.nl/wp-login.php" "Mozilla/5.0 (Windows NT 10.0; Win64; x64) AppleWebKit/537.36 (KHTML, like Gecko) Chrome/147.0.0.0 Safari/537.36"
2401:4900:7595:99fc:e4c3:152c:c7b3:dde - - [19/Jul/2026:10:30:49 +0200] "POST /xmlrpc.php HTTP/1.1" 503 23911 "-" "Jetpack by WordPress.com"
2401:4900:7595:99fc:e4c3:152c:c7b3:dde - - [19/Jul/2026:10:31:00 +0200] "POST /xmlrpc.php HTTP/1.1" 503 23911 "-" "Jetpack by WordPress.com"
2001:1690:2:4::1:118 - - [19/Jul/2026:10:31:12 +0200] "POST /wp-cron.php?doing_wp_cron=1784449872.3050971031188964843750 HTTP/1.1" 200 5532 "-" "WordPress/6.9.5; https://cso-deprinsenhof.nl"
2001:1690:2:4::1:118 - - [19/Jul/2026:10:31:12 +0200] "POST /?wordfence_syncAttackData=1784449872.1325 HTTP/1.1" 200 5474 "-" "WordPress/6.9.5; https://cso-deprinsenhof.nl"
2409:4091:2062:8405:3922:2bb5:6e40:e3c4 - - [19/Jul/2026:10:31:12 +0200] "POST /xmlrpc.php HTTP/1.1" 200 6066 "-" "Jetpack/13.0; WordPress/6.3; http://site42808031.com"
2001:1690:2:4::1:118 - - [19/Jul/2026:10:31:21 +0200] "POST /wp-cron.php?doing_wp_cron=1784449881.6318840980529785156250 HTTP/1.1" 200 5532 "-" "WordPress/6.9.5; https://cso-deprinsenhof.nl"
2409:4091:2062:8405:3922:2bb5:6e40:e3c4 - - [19/Jul/2026:10:31:21 +0200] "POST /xmlrpc.php HTTP/1.1" 200 6066 "-" "Jetpack by WordPress.com (Jetpack 12.1; WordPress 6.1)"
2409:4091:2062:8405:3922:2bb5:6e40:e3c4 - - [19/Jul/2026:10:31:36 +0200] "POST /xmlrpc.php HTTP/1.1" 200 6066 "-" "Jetpack by WordPress.com"
2409:4091:2062:8405:3922:2bb5:6e40:e3c4 - - [19/Jul/2026:10:31:41 +0200] "POST /xmlrpc.php HTTP/1.1" 200 6099 "-" "Jetpack/12.0; WordPress/6.2; http://site75920016.com"
2001:1690:2:4::1:118 - - [19/Jul/2026:10:31:52 +0200] "POST /wp-cron.php?doing_wp_cron=1784449912.5332500934600830078125 HTTP/1.1" 200 5532 "-" "WordPress/6.9.5; https://cso-deprinsenhof.nl"
2409:4091:2062:8405:3922:2bb5:6e40:e3c4 - - [19/Jul/2026:10:31:52 +0200] "POST /xmlrpc.php HTTP/1.1" 200 6099 "-" "Jetpack by WordPress.com (Jetpack 12.1; WordPress 6.3)"
2602:f9f3:0:2::2a2 - - [19/Jul/2026:10:31:56 +0200] "GET /wp-json/ HTTP/1.1" 200 258547 "-" "Mozilla/5.0 (Macintosh; Intel Mac OS X 10_15_7) AppleWebKit/605.1.15 (KHTML, like Gecko) Version/18.2 Safari/605.1.15"
2409:4091:2062:8405:3922:2bb5:6e40:e3c4 - - [19/Jul/2026:10:32:02 +0200] "POST /xmlrpc.php HTTP/1.1" 200 6099 "-" "Jetpack/12.1; WordPress/6.2; http://site47421995.com"
2409:4091:2062:8405:3922:2bb5:6e40:e3c4 - - [19/Jul/2026:10:32:13 +0200] "POST /xmlrpc.php HTTP/1.1" 503 24986 "-" "WordPress.com; https://wordpress.com"
2409:4091:2062:8405:3922:2bb5:6e40:e3c4 - - [19/Jul/2026:10:32:23 +0200] "POST /xmlrpc.php HTTP/1.1" 503 23911 "-" "WordPress.com; https://wordpress.com"
2409:4091:2062:8405:3922:2bb5:6e40:e3c4 - - [19/Jul/2026:10:32:34 +0200] "POST /xmlrpc.php HTTP/1.1" 503 23911 "-" "Jetpack by WordPress.com (Jetpack 12.1; WordPress 6.2)"
2409:4091:2062:8405:3922:2bb5:6e40:e3c4 - - [19/Jul/2026:10:32:44 +0200] "POST /xmlrpc.php HTTP/1.1" 503 23911 "-" "Jetpack by WordPress.com"
2409:4091:2062:8405:3922:2bb5:6e40:e3c4 - - [19/Jul/2026:10:32:55 +0200] "POST /xmlrpc.php HTTP/1.1" 503 23911 "-" "WordPress.com; https://wordpress.com"
2409:4091:2062:8405:3922:2bb5:6e40:e3c4 - - [19/Jul/2026:10:33:05 +0200] "POST /xmlrpc.php HTTP/1.1" 503 23911 "-" "Jetpack/13.0; WordPress/6.1; http://site68899105.com"
2409:4091:2062:8405:3922:2bb5:6e40:e3c4 - - [19/Jul/2026:10:35:02 +0200] "POST /xmlrpc.php HTTP/1.1" 503 23911 "-" "WordPress.com; https://wordpress.com"
2409:4091:2062:8405:3922:2bb5:6e40:e3c4 - - [19/Jul/2026:10:35:11 +0200] "POST /xmlrpc.php HTTP/1.1" 503 23911 "-" "Jetpack by WordPress.com (Jetpack 13.0; WordPress 6.3)"
2409:4091:2062:8405:3922:2bb5:6e40:e3c4 - - [19/Jul/2026:10:35:22 +0200] "POST /xmlrpc.php HTTP/1.1" 503 23911 "-" "WordPress.com; https://wordpress.com"
2409:4091:2062:8405:3922:2bb5:6e40:e3c4 - - [19/Jul/2026:10:35:32 +0200] "POST /xmlrpc.php HTTP/1.1" 503 23911 "-" "Jetpack/13.0; WordPress/6.3; http://site44369414.com"
2409:4091:2062:8405:3922:2bb5:6e40:e3c4 - - [19/Jul/2026:10:35:43 +0200] "POST /xmlrpc.php HTTP/1.1" 503 23911 "-" "WordPress.com; https://wordpress.com"
2409:4091:2062:8405:3922:2bb5:6e40:e3c4 - - [19/Jul/2026:10:35:53 +0200] "POST /xmlrpc.php HTTP/1.1" 503 23911 "-" "Jetpack/13.0; WordPress/6.2; http://site76004660.com"
2409:4091:2062:8405:3922:2bb5:6e40:e3c4 - - [19/Jul/2026:10:36:04 +0200] "POST /xmlrpc.php HTTP/1.1" 503 23911 "-" "Jetpack by WordPress.com"
2409:4091:2062:8405:3922:2bb5:6e40:e3c4 - - [19/Jul/2026:10:36:14 +0200] "POST /xmlrpc.php HTTP/1.1" 503 23911 "-" "WordPress.com; https://wordpress.com"
2409:4091:2062:8405:3922:2bb5:6e40:e3c4 - - [19/Jul/2026:10:36:25 +0200] "POST /xmlrpc.php HTTP/1.1" 503 23911 "-" "Jetpack by WordPress.com (Jetpack 12.1; WordPress 6.3)"
2409:4091:2062:8405:3922:2bb5:6e40:e3c4 - - [19/Jul/2026:10:36:35 +0200] "POST /xmlrpc.php HTTP/1.1" 503 23911 "-" "WordPress.com; https://wordpress.com"
2409:4091:2062:8405:3922:2bb5:6e40:e3c4 - - [19/Jul/2026:10:36:46 +0200] "POST /xmlrpc.php HTTP/1.1" 503 23911 "-" "Jetpack by WordPress.com (Jetpack 13.0; WordPress 6.1)"
2409:4091:2062:8405:3922:2bb5:6e40:e3c4 - - [19/Jul/2026:10:36:56 +0200] "POST /xmlrpc.php HTTP/1.1" 503 23911 "-" "Jetpack/12.1; WordPress/6.4; http://site62496661.com"
2409:4091:2062:8405:3922:2bb5:6e40:e3c4 - - [19/Jul/2026:10:37:07 +0200] "POST /xmlrpc.php HTTP/1.1" 503 23911 "-" "WordPress.com; https://wordpress.com"
2409:4091:2062:8405:3922:2bb5:6e40:e3c4 - - [19/Jul/2026:10:37:17 +0200] "POST /xmlrpc.php HTTP/1.1" 503 23911 "-" "Jetpack by WordPress.com"
2409:4091:2062:8405:3922:2bb5:6e40:e3c4 - - [19/Jul/2026:10:37:27 +0200] "POST /xmlrpc.php HTTP/1.1" 503 23911 "-" "Jetpack/12.5; WordPress/6.2; http://site61725388.com"
2409:4091:2062:8405:3922:2bb5:6e40:e3c4 - - [19/Jul/2026:10:37:38 +0200] "POST /xmlrpc.php HTTP/1.1" 503 23911 "-" "Jetpack/13.0; WordPress/6.2; http://site28615477.com"
2409:4091:2062:8405:3922:2bb5:6e40:e3c4 - - [19/Jul/2026:10:37:48 +0200] "POST /xmlrpc.php HTTP/1.1" 503 23911 "-" "Jetpack by WordPress.com"
2001:1690:2:4::1:118 - - [19/Jul/2026:10:37:54 +0200] "POST /wp-cron.php?doing_wp_cron=1784450274.3587338924407958984375 HTTP/1.1" 200 5532 "-" "WordPress/6.9.5; https://cso-deprinsenhof.nl"
2001:1690:2:4::1:118 - - [19/Jul/2026:10:37:54 +0200] "POST /?wordfence_syncAttackData=1784450274.1554 HTTP/1.1" 200 5474 "-" "WordPress/6.9.5; https://cso-deprinsenhof.nl"
20.153.140.50 - - [19/Jul/2026:10:37:54 +0200] "GET /wp-login.php HTTP/1.1" 200 16807 "-" "Mozilla/5.0 (Windows NT 10.0; Win64; x64) AppleWebKit/537.36 (KHTML, like Gecko) Chrome/147.0.0.0 Safari/537.36"
20.153.140.50 - - [19/Jul/2026:10:37:55 +0200] "POST /wp-login.php HTTP/1.1" 503 25023 "https://cso-deprinsenhof.nl/wp-login.php" "Mozilla/5.0 (Windows NT 10.0; Win64; x64) AppleWebKit/537.36 (KHTML, like Gecko) Chrome/147.0.0.0 Safari/537.36"
2409:4091:2062:8405:3922:2bb5:6e40:e3c4 - - [19/Jul/2026:10:37:59 +0200] "POST /xmlrpc.php HTTP/1.1" 503 23911 "-" "Jetpack/12.1; WordPress/6.1; http://site46770454.com"
2409:4091:2062:8405:3922:2bb5:6e40:e3c4 - - [19/Jul/2026:10:38:10 +0200] "POST /xmlrpc.php HTTP/1.1" 503 23911 "-" "Jetpack by WordPress.com"
2409:4091:2062:8405:3922:2bb5:6e40:e3c4 - - [19/Jul/2026:10:38:20 +0200] "POST /xmlrpc.php HTTP/1.1" 503 23911 "-" "WordPress.com; https://wordpress.com"
2409:4091:2062:8405:3922:2bb5:6e40:e3c4 - - [19/Jul/2026:10:38:30 +0200] "POST /xmlrpc.php HTTP/1.1" 503 23911 "-" "Jetpack by WordPress.com (Jetpack 12.5; WordPress 6.1)"
2409:4091:2062:8405:3922:2bb5:6e40:e3c4 - - [19/Jul/2026:10:38:41 +0200] "POST /xmlrpc.php HTTP/1.1" 503 23911 "-" "WordPress.com; https://wordpress.com"
2409:4091:2062:8405:3922:2bb5:6e40:e3c4 - - [19/Jul/2026:10:38:51 +0200] "POST /xmlrpc.php HTTP/1.1" 503 23911 "-" "Jetpack by WordPress.com (Jetpack 13.0; WordPress 6.4)"
2409:4091:2062:8405:3922:2bb5:6e40:e3c4 - - [19/Jul/2026:10:39:02 +0200] "POST /xmlrpc.php HTTP/1.1" 503 23911 "-" "WordPress.com; https://wordpress.com"
2409:4091:2062:8405:3922:2bb5:6e40:e3c4 - - [19/Jul/2026:10:39:12 +0200] "POST /xmlrpc.php HTTP/1.1" 503 23911 "-" "Jetpack by WordPress.com (Jetpack 12.1; WordPress 6.2)"
2409:4091:2062:8405:3922:2bb5:6e40:e3c4 - - [19/Jul/2026:10:39:23 +0200] "POST /xmlrpc.php HTTP/1.1" 503 23911 "-" "Jetpack by WordPress.com (Jetpack 12.5; WordPress 6.2)"
2409:4091:2062:8405:3922:2bb5:6e40:e3c4 - - [19/Jul/2026:10:39:33 +0200] "POST /xmlrpc.php HTTP/1.1" 503 23911 "-" "Jetpack/12.5; WordPress/6.2; http://site48510655.com"
2409:4091:2062:8405:3922:2bb5:6e40:e3c4 - - [19/Jul/2026:10:39:44 +0200] "POST /xmlrpc.php HTTP/1.1" 503 23911 "-" "Jetpack by WordPress.com (Jetpack 12.5; WordPress 6.2)"
2409:4091:2062:8405:3922:2bb5:6e40:e3c4 - - [19/Jul/2026:10:39:54 +0200] "POST /xmlrpc.php HTTP/1.1" 503 23911 "-" "Jetpack by WordPress.com (Jetpack 12.5; WordPress 6.3)"
2409:4091:2062:8405:3922:2bb5:6e40:e3c4 - - [19/Jul/2026:10:40:05 +0200] "POST /xmlrpc.php HTTP/1.1" 503 23911 "-" "Jetpack/12.1; WordPress/6.3; http://site13392922.com"
2409:4091:2062:8405:3922:2bb5:6e40:e3c4 - - [19/Jul/2026:10:40:15 +0200] "POST /xmlrpc.php HTTP/1.1" 503 23911 "-" "Jetpack by WordPress.com (Jetpack 12.0; WordPress 6.3)"
2409:4091:2062:8405:3922:2bb5:6e40:e3c4 - - [19/Jul/2026:10:40:26 +0200] "POST /xmlrpc.php HTTP/1.1" 503 23911 "-" "Jetpack by WordPress.com"
2409:4091:2062:8405:3922:2bb5:6e40:e3c4 - - [19/Jul/2026:10:40:36 +0200] "POST /xmlrpc.php HTTP/1.1" 503 23911 "-" "Jetpack by WordPress.com"
2409:4091:2062:8405:3922:2bb5:6e40:e3c4 - - [19/Jul/2026:10:40:47 +0200] "POST /xmlrpc.php HTTP/1.1" 503 23911 "-" "Jetpack by WordPress.com"
2409:4091:2062:8405:3922:2bb5:6e40:e3c4 - - [19/Jul/2026:10:40:57 +0200] "POST /xmlrpc.php HTTP/1.1" 503 23911 "-" "Jetpack by WordPress.com"
2409:4091:2062:8405:3922:2bb5:6e40:e3c4 - - [19/Jul/2026:10:41:08 +0200] "POST /xmlrpc.php HTTP/1.1" 503 23911 "-" "Jetpack/13.0; WordPress/6.1; http://site66825955.com"
2409:4091:2062:8405:3922:2bb5:6e40:e3c4 - - [19/Jul/2026:10:41:18 +0200] "POST /xmlrpc.php HTTP/1.1" 503 23911 "-" "Jetpack/13.0; WordPress/6.4; http://site34255064.com"
2409:4091:2062:8405:3922:2bb5:6e40:e3c4 - - [19/Jul/2026:10:41:29 +0200] "POST /xmlrpc.php HTTP/1.1" 503 23911 "-" "Jetpack by WordPress.com (Jetpack 12.1; WordPress 6.4)"
2409:4091:2062:8405:3922:2bb5:6e40:e3c4 - - [19/Jul/2026:10:41:39 +0200] "POST /xmlrpc.php HTTP/1.1" 503 23911 "-" "Jetpack by WordPress.com"
2409:4091:2062:8405:3922:2bb5:6e40:e3c4 - - [19/Jul/2026:10:41:50 +0200] "POST /xmlrpc.php HTTP/1.1" 503 23911 "-" "Jetpack by WordPress.com"
2409:4091:2062:8405:3922:2bb5:6e40:e3c4 - - [19/Jul/2026:10:42:00 +0200] "POST /xmlrpc.php HTTP/1.1" 503 23911 "-" "WordPress.com; https://wordpress.com"
2409:4091:2062:8405:3922:2bb5:6e40:e3c4 - - [19/Jul/2026:10:42:11 +0200] "POST /xmlrpc.php HTTP/1.1" 503 23911 "-" "Jetpack by WordPress.com"
2001:1690:2:4::1:118 - - [19/Jul/2026:10:42:22 +0200] "POST /wp-cron.php?doing_wp_cron=1784450542.0347459316253662109375 HTTP/1.1" 200 5532 "-" "WordPress/6.9.5; https://cso-deprinsenhof.nl"
2001:1690:2:4::1:118 - - [19/Jul/2026:10:42:21 +0200] "POST /?wordfence_syncAttackData=1784450541.8028 HTTP/1.1" 200 5474 "-" "WordPress/6.9.5; https://cso-deprinsenhof.nl"
2409:4091:2062:8405:3922:2bb5:6e40:e3c4 - - [19/Jul/2026:10:42:21 +0200] "POST /xmlrpc.php HTTP/1.1" 503 24986 "-" "Jetpack by WordPress.com"
2409:4091:2062:8405:3922:2bb5:6e40:e3c4 - - [19/Jul/2026:10:42:32 +0200] "POST /xmlrpc.php HTTP/1.1" 503 23911 "-" "Jetpack by WordPress.com (Jetpack 13.0; WordPress 6.3)"
2409:4091:2062:8405:3922:2bb5:6e40:e3c4 - - [19/Jul/2026:10:42:42 +0200] "POST /xmlrpc.php HTTP/1.1" 503 23911 "-" "Jetpack by WordPress.com (Jetpack 12.0; WordPress 6.1)"
2409:4091:2062:8405:3922:2bb5:6e40:e3c4 - - [19/Jul/2026:10:42:53 +0200] "POST /xmlrpc.php HTTP/1.1" 503 23911 "-" "Jetpack/12.0; WordPress/6.1; http://site76917719.com"
2409:4091:2062:8405:3922:2bb5:6e40:e3c4 - - [19/Jul/2026:10:43:03 +0200] "POST /xmlrpc.php HTTP/1.1" 503 23911 "-" "Jetpack by WordPress.com (Jetpack 12.1; WordPress 6.3)"
2001:1690:2:4::1:118 - - [19/Jul/2026:10:43:04 +0200] "POST /wp-cron.php?doing_wp_cron=1784450584.4189200401306152343750 HTTP/1.1" 200 5532 "-" "WordPress/6.9.5; https://cso-deprinsenhof.nl"
2001:1690:2:4::1:118 - - [19/Jul/2026:10:43:04 +0200] "POST /?wordfence_syncAttackData=1784450584.2508 HTTP/1.1" 200 5474 "-" "WordPress/6.9.5; https://cso-deprinsenhof.nl"
216.73.216.47 - - [19/Jul/2026:10:43:04 +0200] "GET /robots.txt HTTP/1.1" 200 5740 "-" "Mozilla/5.0 AppleWebKit/537.36 (KHTML, like Gecko; compatible; ClaudeBot/1.0; +claudebot@anthropic.com)"
216.73.216.47 - - [19/Jul/2026:10:43:04 +0200] "GET /sitemap_index.xml HTTP/1.1" 200 6042 "-" "Mozilla/5.0 AppleWebKit/537.36 (KHTML, like Gecko; compatible; ClaudeBot/1.0; +claudebot@anthropic.com)"
2409:4091:2062:8405:3922:2bb5:6e40:e3c4 - - [19/Jul/2026:10:43:14 +0200] "POST /xmlrpc.php HTTP/1.1" 503 23911 "-" "WordPress.com; https://wordpress.com"
2409:4091:2062:8405:3922:2bb5:6e40:e3c4 - - [19/Jul/2026:10:43:24 +0200] "POST /xmlrpc.php HTTP/1.1" 503 23911 "-" "WordPress.com; https://wordpress.com"
2409:4091:2062:8405:3922:2bb5:6e40:e3c4 - - [19/Jul/2026:10:43:35 +0200] "POST /xmlrpc.php HTTP/1.1" 503 23911 "-" "WordPress.com; https://wordpress.com"
2409:4091:2062:8405:3922:2bb5:6e40:e3c4 - - [19/Jul/2026:10:43:45 +0200] "POST /xmlrpc.php HTTP/1.1" 503 23911 "-" "WordPress.com; https://wordpress.com"
2409:4091:2062:8405:3922:2bb5:6e40:e3c4 - - [19/Jul/2026:10:43:56 +0200] "POST /xmlrpc.php HTTP/1.1" 503 23911 "-" "WordPress.com; https://wordpress.com"
2409:4091:2062:8405:3922:2bb5:6e40:e3c4 - - [19/Jul/2026:10:44:06 +0200] "POST /xmlrpc.php HTTP/1.1" 503 23911 "-" "Jetpack by WordPress.com (Jetpack 12.5; WordPress 6.2)"
2409:4091:2062:8405:3922:2bb5:6e40:e3c4 - - [19/Jul/2026:10:44:17 +0200] "POST /xmlrpc.php HTTP/1.1" 503 23911 "-" "Jetpack/12.0; WordPress/6.4; http://site19472553.com"
2409:4091:2062:8405:3922:2bb5:6e40:e3c4 - - [19/Jul/2026:10:44:27 +0200] "POST /xmlrpc.php HTTP/1.1" 503 23911 "-" "WordPress.com; https://wordpress.com"
2409:4091:2062:8405:3922:2bb5:6e40:e3c4 - - [19/Jul/2026:10:44:38 +0200] "POST /xmlrpc.php HTTP/1.1" 503 23911 "-" "Jetpack/12.1; WordPress/6.1; http://site37787635.com"
2409:4091:2062:8405:3922:2bb5:6e40:e3c4 - - [19/Jul/2026:10:44:48 +0200] "POST /xmlrpc.php HTTP/1.1" 503 23911 "-" "WordPress.com; https://wordpress.com"
2409:4091:2062:8405:3922:2bb5:6e40:e3c4 - - [19/Jul/2026:10:44:59 +0200] "POST /xmlrpc.php HTTP/1.1" 503 23911 "-" "Jetpack by WordPress.com (Jetpack 12.1; WordPress 6.2)"
2409:4091:2062:8405:3922:2bb5:6e40:e3c4 - - [19/Jul/2026:10:45:09 +0200] "POST /xmlrpc.php HTTP/1.1" 503 23911 "-" "Jetpack by WordPress.com"
2409:4091:2062:8405:3922:2bb5:6e40:e3c4 - - [19/Jul/2026:10:45:20 +0200] "POST /xmlrpc.php HTTP/1.1" 503 23911 "-" "Jetpack by WordPress.com"
2409:4091:2062:8405:3922:2bb5:6e40:e3c4 - - [19/Jul/2026:10:45:45 +0200] "POST /xmlrpc.php HTTP/1.1" 503 23911 "-" "Jetpack by WordPress.com"
2409:4091:2062:8405:3922:2bb5:6e40:e3c4 - - [19/Jul/2026:10:45:56 +0200] "POST /xmlrpc.php HTTP/1.1" 503 23911 "-" "Jetpack by WordPress.com"
2409:4091:2062:8405:3922:2bb5:6e40:e3c4 - - [19/Jul/2026:10:46:06 +0200] "POST /xmlrpc.php HTTP/1.1" 503 23911 "-" "Jetpack by WordPress.com"
2409:4091:2062:8405:3922:2bb5:6e40:e3c4 - - [19/Jul/2026:10:46:17 +0200] "POST /xmlrpc.php HTTP/1.1" 503 23911 "-" "Jetpack by WordPress.com (Jetpack 12.1; WordPress 6.1)"
2409:4091:2062:8405:3922:2bb5:6e40:e3c4 - - [19/Jul/2026:10:46:28 +0200] "POST /xmlrpc.php HTTP/1.1" 503 23911 "-" "WordPress.com; https://wordpress.com"
2409:4091:2062:8405:3922:2bb5:6e40:e3c4 - - [19/Jul/2026:10:46:38 +0200] "POST /xmlrpc.php HTTP/1.1" 503 23911 "-" "WordPress.com; https://wordpress.com"
2409:4091:2062:8405:3922:2bb5:6e40:e3c4 - - [19/Jul/2026:10:46:49 +0200] "POST /xmlrpc.php HTTP/1.1" 503 23911 "-" "Jetpack by WordPress.com"
2409:4091:2062:8405:3922:2bb5:6e40:e3c4 - - [19/Jul/2026:10:47:00 +0200] "POST /xmlrpc.php HTTP/1.1" 503 23911 "-" "Jetpack/12.1; WordPress/6.2; http://site83180823.com"
2409:4091:2062:8405:3922:2bb5:6e40:e3c4 - - [19/Jul/2026:10:47:10 +0200] "POST /xmlrpc.php HTTP/1.1" 503 23911 "-" "Jetpack by WordPress.com"
2409:4091:2062:8405:3922:2bb5:6e40:e3c4 - - [19/Jul/2026:10:47:21 +0200] "POST /xmlrpc.php HTTP/1.1" 503 23911 "-" "Jetpack by WordPress.com"
2409:4091:2062:8405:3922:2bb5:6e40:e3c4 - - [19/Jul/2026:10:47:31 +0200] "POST /xmlrpc.php HTTP/1.1" 503 23911 "-" "Jetpack/13.0; WordPress/6.4; http://site53039448.com"
2409:4091:2062:8405:3922:2bb5:6e40:e3c4 - - [19/Jul/2026:10:47:42 +0200] "POST /xmlrpc.php HTTP/1.1" 503 23911 "-" "Jetpack/12.0; WordPress/6.1; http://site60384566.com"
2409:4091:2062:8405:3922:2bb5:6e40:e3c4 - - [19/Jul/2026:10:47:53 +0200] "POST /xmlrpc.php HTTP/1.1" 503 23911 "-" "Jetpack by WordPress.com"
2409:4091:2062:8405:3922:2bb5:6e40:e3c4 - - [19/Jul/2026:10:48:04 +0200] "POST /xmlrpc.php HTTP/1.1" 503 23911 "-" "Jetpack by WordPress.com"
2409:4091:2062:8405:3922:2bb5:6e40:e3c4 - - [19/Jul/2026:10:48:14 +0200] "POST /xmlrpc.php HTTP/1.1" 503 23911 "-" "Jetpack/12.0; WordPress/6.3; http://site57275812.com"
2409:4091:2062:8405:3922:2bb5:6e40:e3c4 - - [19/Jul/2026:10:48:25 +0200] "POST /xmlrpc.php HTTP/1.1" 503 23911 "-" "Jetpack by WordPress.com (Jetpack 12.1; WordPress 6.4)"
2409:4091:2062:8405:3922:2bb5:6e40:e3c4 - - [19/Jul/2026:10:48:35 +0200] "POST /xmlrpc.php HTTP/1.1" 503 23911 "-" "Jetpack/12.5; WordPress/6.4; http://site18565481.com"
2409:4091:2062:8405:3922:2bb5:6e40:e3c4 - - [19/Jul/2026:10:48:46 +0200] "POST /xmlrpc.php HTTP/1.1" 503 23911 "-" "Jetpack by WordPress.com"
2409:4091:2062:8405:3922:2bb5:6e40:e3c4 - - [19/Jul/2026:10:48:57 +0200] "POST /xmlrpc.php HTTP/1.1" 503 23911 "-" "Jetpack by WordPress.com (Jetpack 13.0; WordPress 6.4)"
2409:4091:2062:8405:3922:2bb5:6e40:e3c4 - - [19/Jul/2026:10:49:07 +0200] "POST /xmlrpc.php HTTP/1.1" 503 23911 "-" "Jetpack by WordPress.com"
2409:4091:2062:8405:3922:2bb5:6e40:e3c4 - - [19/Jul/2026:10:49:18 +0200] "POST /xmlrpc.php HTTP/1.1" 503 23911 "-" "WordPress.com; https://wordpress.com"
2409:4091:2062:8405:3922:2bb5:6e40:e3c4 - - [19/Jul/2026:10:49:29 +0200] "POST /xmlrpc.php HTTP/1.1" 503 23911 "-" "Jetpack by WordPress.com"
2409:4091:2062:8405:3922:2bb5:6e40:e3c4 - - [19/Jul/2026:10:49:39 +0200] "POST /xmlrpc.php HTTP/1.1" 503 23911 "-" "Jetpack by WordPress.com (Jetpack 13.0; WordPress 6.1)"
2409:4091:2062:8405:3922:2bb5:6e40:e3c4 - - [19/Jul/2026:10:49:50 +0200] "POST /xmlrpc.php HTTP/1.1" 503 13474 "-" "Jetpack/13.0; WordPress/6.2; http://site77305656.com"
2409:4091:2062:8405:3922:2bb5:6e40:e3c4 - - [19/Jul/2026:10:50:01 +0200] "POST /xmlrpc.php HTTP/1.1" 503 23911 "-" "Jetpack by WordPress.com (Jetpack 12.1; WordPress 6.1)"
2409:4091:2062:8405:3922:2bb5:6e40:e3c4 - - [19/Jul/2026:10:50:11 +0200] "POST /xmlrpc.php HTTP/1.1" 503 23911 "-" "Jetpack by WordPress.com (Jetpack 12.0; WordPress 6.1)"
2409:4091:2062:8405:3922:2bb5:6e40:e3c4 - - [19/Jul/2026:10:50:22 +0200] "POST /xmlrpc.php HTTP/1.1" 503 23911 "-" "Jetpack by WordPress.com (Jetpack 12.0; WordPress 6.1)"
2409:4091:2062:8405:3922:2bb5:6e40:e3c4 - - [19/Jul/2026:10:50:32 +0200] "POST /xmlrpc.php HTTP/1.1" 503 23911 "-" "Jetpack/12.0; WordPress/6.3; http://site16095488.com"
2001:1690:2:4::1:118 - - [19/Jul/2026:10:55:18 +0200] "POST /wp-cron.php?doing_wp_cron=1784451318.0212430953979492187500 HTTP/1.1" 200 5532 "-" "WordPress/6.9.5; https://cso-deprinsenhof.nl"
2001:1690:2:4::1:118 - - [19/Jul/2026:10:55:17 +0200] "POST /?wordfence_syncAttackData=1784451317.7534 HTTP/1.1" 200 5474 "-" "WordPress/6.9.5; https://cso-deprinsenhof.nl"
212.118.18.121 - - [19/Jul/2026:10:55:17 +0200] "POST /xmlrpc.php HTTP/1.1" 503 24986 "-" "WordPress.com; https://wordpress.com"
212.118.18.121 - - [19/Jul/2026:10:55:27 +0200] "POST /xmlrpc.php HTTP/1.1" 503 23911 "-" "Jetpack by WordPress.com (Jetpack 12.5; WordPress 6.4)"
212.118.18.121 - - [19/Jul/2026:10:55:38 +0200] "POST /xmlrpc.php HTTP/1.1" 503 23911 "-" "WordPress.com; https://wordpress.com"
212.118.18.121 - - [19/Jul/2026:10:55:48 +0200] "POST /xmlrpc.php HTTP/1.1" 503 23911 "-" "WordPress.com; https://wordpress.com"
212.118.18.121 - - [19/Jul/2026:10:55:59 +0200] "POST /xmlrpc.php HTTP/1.1" 503 23911 "-" "WordPress.com; https://wordpress.com"
212.118.18.121 - - [19/Jul/2026:10:56:10 +0200] "POST /xmlrpc.php HTTP/1.1" 503 23911 "-" "Jetpack by WordPress.com (Jetpack 12.5; WordPress 6.2)"
212.118.18.121 - - [19/Jul/2026:10:56:20 +0200] "POST /xmlrpc.php HTTP/1.1" 503 23911 "-" "WordPress.com; https://wordpress.com"
212.118.18.121 - - [19/Jul/2026:10:56:31 +0200] "POST /xmlrpc.php HTTP/1.1" 503 23911 "-" "WordPress.com; https://wordpress.com"
212.118.18.121 - - [19/Jul/2026:10:56:42 +0200] "POST /xmlrpc.php HTTP/1.1" 503 23911 "-" "WordPress.com; https://wordpress.com"
212.118.18.121 - - [19/Jul/2026:10:56:52 +0200] "POST /xmlrpc.php HTTP/1.1" 503 23911 "-" "Jetpack by WordPress.com"
212.118.18.121 - - [19/Jul/2026:10:57:03 +0200] "POST /xmlrpc.php HTTP/1.1" 503 23911 "-" "Jetpack by WordPress.com"
212.118.18.121 - - [19/Jul/2026:10:57:14 +0200] "POST /xmlrpc.php HTTP/1.1" 503 23911 "-" "Jetpack/12.5; WordPress/6.3; http://site91187613.com"
212.118.18.121 - - [19/Jul/2026:10:57:24 +0200] "POST /xmlrpc.php HTTP/1.1" 503 23911 "-" "Jetpack by WordPress.com"
212.118.18.121 - - [19/Jul/2026:10:57:35 +0200] "POST /xmlrpc.php HTTP/1.1" 503 23911 "-" "Jetpack by WordPress.com"
212.118.18.121 - - [19/Jul/2026:10:57:46 +0200] "POST /xmlrpc.php HTTP/1.1" 503 23911 "-" "Jetpack by WordPress.com (Jetpack 12.0; WordPress 6.1)"
212.118.18.121 - - [19/Jul/2026:10:57:56 +0200] "POST /xmlrpc.php HTTP/1.1" 503 23911 "-" "WordPress.com; https://wordpress.com"
212.118.18.121 - - [19/Jul/2026:10:58:07 +0200] "POST /xmlrpc.php HTTP/1.1" 503 23911 "-" "Jetpack/12.1; WordPress/6.1; http://site69431608.com"
2001:1690:2:4::1:118 - - [19/Jul/2026:10:58:15 +0200] "POST /?wordfence_syncAttackData=1784451495.4536 HTTP/1.1" 200 5474 "-" "WordPress/6.9.5; https://cso-deprinsenhof.nl"
97.74.93.24 - - [19/Jul/2026:10:58:15 +0200] "GET /wp-login.php HTTP/1.1" 200 16807 "-" "Mozilla/5.0 (Windows NT 10.0; Win64; x64) AppleWebKit/537.36 (KHTML, like Gecko) Chrome/147.0.0.0 Safari/537.36"
97.74.93.24 - - [19/Jul/2026:10:58:16 +0200] "POST /wp-login.php HTTP/1.1" 503 25023 "https://cso-deprinsenhof.nl/wp-login.php" "Mozilla/5.0 (Windows NT 10.0; Win64; x64) AppleWebKit/537.36 (KHTML, like Gecko) Chrome/147.0.0.0 Safari/537.36"
212.118.18.121 - - [19/Jul/2026:10:58:18 +0200] "POST /xmlrpc.php HTTP/1.1" 503 23911 "-" "Jetpack by WordPress.com"
212.118.18.121 - - [19/Jul/2026:10:58:28 +0200] "POST /xmlrpc.php HTTP/1.1" 503 23911 "-" "Jetpack/13.0; WordPress/6.2; http://site38608632.com"
2001:1690:2:4::1:118 - - [19/Jul/2026:10:58:34 +0200] "POST /?wordfence_syncAttackData=1784451514.6567 HTTP/1.1" 200 5474 "-" "WordPress/6.9.5; https://cso-deprinsenhof.nl"
2001:1690:2:4::1:118 - - [19/Jul/2026:10:58:34 +0200] "GET /wp-content/uploads/2025/07/boog-onder.svg HTTP/1.1" 200 6041 "-" "-"
66.249.68.2 - - [19/Jul/2026:10:58:34 +0200] "GET / HTTP/1.1" 200 128100 "-" "Mozilla/5.0 (Linux; Android 6.0.1; Nexus 5X Build/MMB29P) AppleWebKit/537.36 (KHTML, like Gecko) Chrome/150.0.7871.124 Mobile Safari/537.36 (compatible; Googlebot/2.1; +http://www.google.com/bot.html)"
212.118.18.121 - - [19/Jul/2026:10:58:39 +0200] "POST /xmlrpc.php HTTP/1.1" 503 23911 "-" "WordPress.com; https://wordpress.com"
212.118.18.121 - - [19/Jul/2026:10:58:49 +0200] "POST /xmlrpc.php HTTP/1.1" 503 13474 "-" "Jetpack/12.0; WordPress/6.4; http://site33377797.com"
212.118.18.121 - - [19/Jul/2026:10:59:00 +0200] "POST /xmlrpc.php HTTP/1.1" 503 23911 "-" "Jetpack by WordPress.com"
212.118.18.121 - - [19/Jul/2026:10:59:11 +0200] "POST /xmlrpc.php HTTP/1.1" 503 23911 "-" "Jetpack/12.1; WordPress/6.2; http://site46044048.com"
212.118.18.121 - - [19/Jul/2026:10:59:21 +0200] "POST /xmlrpc.php HTTP/1.1" 503 23911 "-" "Jetpack by WordPress.com (Jetpack 12.5; WordPress 6.4)"
212.118.18.121 - - [19/Jul/2026:10:59:32 +0200] "POST /xmlrpc.php HTTP/1.1" 503 23911 "-" "Jetpack by WordPress.com"
212.118.18.121 - - [19/Jul/2026:10:59:43 +0200] "POST /xmlrpc.php HTTP/1.1" 503 23911 "-" "Jetpack by WordPress.com (Jetpack 13.0; WordPress 6.1)"
212.118.18.121 - - [19/Jul/2026:10:59:53 +0200] "POST /xmlrpc.php HTTP/1.1" 503 23911 "-" "WordPress.com; https://wordpress.com"
2001:1690:2:4::1:118 - - [19/Jul/2026:10:59:57 +0200] "POST /wp-cron.php?doing_wp_cron=1784451597.6043200492858886718750 HTTP/1.1" 200 5532 "-" "WordPress/6.9.5; https://cso-deprinsenhof.nl"
2001:1690:2:4::1:118 - - [19/Jul/2026:10:59:57 +0200] "POST /?wordfence_syncAttackData=1784451597.4376 HTTP/1.1" 200 5474 "-" "WordPress/6.9.5; https://cso-deprinsenhof.nl"
216.73.216.47 - - [19/Jul/2026:10:59:57 +0200] "GET /?p=466 HTTP/1.1" 301 5640 "-" "Mozilla/5.0 AppleWebKit/537.36 (KHTML, like Gecko; compatible; ClaudeBot/1.0; +claudebot@anthropic.com)"
2001:1690:2:4::1:118 - - [19/Jul/2026:10:59:58 +0200] "GET /wp-content/uploads/2025/07/boog-onder.svg HTTP/1.1" 200 6041 "-" "-"
216.73.216.47 - - [19/Jul/2026:10:59:57 +0200] "GET /privacy/ HTTP/1.1" 200 89088 "https://cso-deprinsenhof.nl/?p=466" "Mozilla/5.0 AppleWebKit/537.36 (KHTML, like Gecko; compatible; ClaudeBot/1.0; +claudebot@anthropic.com)"
212.118.18.121 - - [19/Jul/2026:11:00:04 +0200] "POST /xmlrpc.php HTTP/1.1" 503 23911 "-" "Jetpack by WordPress.com"
212.118.18.121 - - [19/Jul/2026:11:00:14 +0200] "POST /xmlrpc.php HTTP/1.1" 503 23911 "-" "WordPress.com; https://wordpress.com"
212.118.18.121 - - [19/Jul/2026:11:00:25 +0200] "POST /xmlrpc.php HTTP/1.1" 503 23911 "-" "WordPress.com; https://wordpress.com"
212.118.18.121 - - [19/Jul/2026:11:00:36 +0200] "POST /xmlrpc.php HTTP/1.1" 503 23911 "-" "Jetpack/12.1; WordPress/6.3; http://site96353692.com"
212.118.18.121 - - [19/Jul/2026:11:00:46 +0200] "POST /xmlrpc.php HTTP/1.1" 503 23911 "-" "Jetpack by WordPress.com"
212.118.18.121 - - [19/Jul/2026:11:00:57 +0200] "POST /xmlrpc.php HTTP/1.1" 503 23911 "-" "Jetpack by WordPress.com (Jetpack 12.5; WordPress 6.4)"
212.118.18.121 - - [19/Jul/2026:11:01:08 +0200] "POST /xmlrpc.php HTTP/1.1" 503 23911 "-" "Jetpack by WordPress.com"
212.118.18.121 - - [19/Jul/2026:11:01:18 +0200] "POST /xmlrpc.php HTTP/1.1" 503 23911 "-" "WordPress.com; https://wordpress.com"
212.118.18.121 - - [19/Jul/2026:11:01:29 +0200] "POST /xmlrpc.php HTTP/1.1" 503 23911 "-" "Jetpack/12.0; WordPress/6.3; http://site23246086.com"
212.118.18.121 - - [19/Jul/2026:11:01:39 +0200] "POST /xmlrpc.php HTTP/1.1" 503 23911 "-" "Jetpack/12.1; WordPress/6.1; http://site98136661.com"
212.118.18.121 - - [19/Jul/2026:11:01:50 +0200] "POST /xmlrpc.php HTTP/1.1" 503 23911 "-" "Jetpack by WordPress.com (Jetpack 13.0; WordPress 6.1)"
212.118.18.121 - - [19/Jul/2026:11:02:01 +0200] "POST /xmlrpc.php HTTP/1.1" 503 23911 "-" "Jetpack by WordPress.com"
212.118.18.121 - - [19/Jul/2026:11:02:11 +0200] "POST /xmlrpc.php HTTP/1.1" 503 23911 "-" "Jetpack/12.1; WordPress/6.2; http://site55779299.com"
212.118.18.121 - - [19/Jul/2026:11:02:22 +0200] "POST /xmlrpc.php HTTP/1.1" 503 23911 "-" "Jetpack by WordPress.com (Jetpack 13.0; WordPress 6.1)"
212.118.18.121 - - [19/Jul/2026:11:02:33 +0200] "POST /xmlrpc.php HTTP/1.1" 503 23911 "-" "Jetpack by WordPress.com (Jetpack 13.0; WordPress 6.3)"
212.118.18.121 - - [19/Jul/2026:11:02:44 +0200] "POST /xmlrpc.php HTTP/1.1" 503 23911 "-" "Jetpack/12.0; WordPress/6.1; http://site85283239.com"
212.118.18.121 - - [19/Jul/2026:11:02:54 +0200] "POST /xmlrpc.php HTTP/1.1" 503 23911 "-" "Jetpack/12.1; WordPress/6.4; http://site27914826.com"
212.118.18.121 - - [19/Jul/2026:11:03:05 +0200] "POST /xmlrpc.php HTTP/1.1" 503 23911 "-" "Jetpack/12.1; WordPress/6.1; http://site22361746.com"
212.118.18.121 - - [19/Jul/2026:11:03:15 +0200] "POST /xmlrpc.php HTTP/1.1" 503 23911 "-" "Jetpack/12.0; WordPress/6.3; http://site11946429.com"
212.118.18.121 - - [19/Jul/2026:11:03:26 +0200] "POST /xmlrpc.php HTTP/1.1" 503 23911 "-" "Jetpack/12.1; WordPress/6.4; http://site22052903.com"
212.118.18.121 - - [19/Jul/2026:11:03:37 +0200] "POST /xmlrpc.php HTTP/1.1" 503 23911 "-" "Jetpack/12.0; WordPress/6.1; http://site74517206.com"
212.118.18.121 - - [19/Jul/2026:11:03:48 +0200] "POST /xmlrpc.php HTTP/1.1" 503 23911 "-" "WordPress.com; https://wordpress.com"
212.118.18.121 - - [19/Jul/2026:11:03:58 +0200] "POST /xmlrpc.php HTTP/1.1" 503 23911 "-" "Jetpack by WordPress.com (Jetpack 12.1; WordPress 6.1)"
212.118.18.121 - - [19/Jul/2026:11:04:09 +0200] "POST /xmlrpc.php HTTP/1.1" 503 23911 "-" "WordPress.com; https://wordpress.com"
212.118.18.121 - - [19/Jul/2026:11:04:19 +0200] "POST /xmlrpc.php HTTP/1.1" 503 23911 "-" "Jetpack by WordPress.com (Jetpack 12.5; WordPress 6.3)"
212.118.18.121 - - [19/Jul/2026:11:04:30 +0200] "POST /xmlrpc.php HTTP/1.1" 503 23911 "-" "Jetpack by WordPress.com"
212.118.18.121 - - [19/Jul/2026:11:04:41 +0200] "POST /xmlrpc.php HTTP/1.1" 503 23911 "-" "Jetpack by WordPress.com"
2001:1690:2:4::1:118 - - [19/Jul/2026:11:04:51 +0200] "POST /wp-cron.php?doing_wp_cron=1784451891.7025969028472900390625 HTTP/1.1" 200 5532 "-" "WordPress/6.9.5; https://cso-deprinsenhof.nl"
