4.194.24.143 - - [20/Jul/2026:10:58:22 +0200] "GET /sang.php HTTP/1.1" 404 83167 "-" "Mozilla/5.0 (Windows NT 10.0; Win64; x64) AppleWebKit/537.36 (KHTML, like Gecko) Chrome/120.0.0.0 Safari/537.36"
4.194.24.143 - - [20/Jul/2026:10:58:22 +0200] "GET /scxy.php HTTP/1.1" 404 83167 "-" "Mozilla/5.0 (Windows NT 10.0; Win64; x64) AppleWebKit/537.36 (KHTML, like Gecko) Chrome/120.0.0.0 Safari/537.36"
4.194.24.143 - - [20/Jul/2026:10:58:22 +0200] "GET /sd.php HTTP/1.1" 404 83167 "-" "Mozilla/5.0 (Windows NT 10.0; Win64; x64) AppleWebKit/537.36 (KHTML, like Gecko) Chrome/120.0.0.0 Safari/537.36"
4.194.24.143 - - [20/Jul/2026:10:58:23 +0200] "GET /sf.php HTTP/1.1" 404 83167 "-" "Mozilla/5.0 (Windows NT 10.0; Win64; x64) AppleWebKit/537.36 (KHTML, like Gecko) Chrome/120.0.0.0 Safari/537.36"
4.194.24.143 - - [20/Jul/2026:10:58:23 +0200] "GET /shell.php HTTP/1.1" 404 83167 "-" "Mozilla/5.0 (Windows NT 10.0; Win64; x64) AppleWebKit/537.36 (KHTML, like Gecko) Chrome/120.0.0.0 Safari/537.36"
4.194.24.143 - - [20/Jul/2026:10:58:24 +0200] "GET /shop/ HTTP/1.1" 404 83167 "-" "Mozilla/5.0 (Windows NT 10.0; Win64; x64) AppleWebKit/537.36 (KHTML, like Gecko) Chrome/120.0.0.0 Safari/537.36"
4.194.24.143 - - [20/Jul/2026:10:58:24 +0200] "GET /sid3.php HTTP/1.1" 404 83167 "-" "Mozilla/5.0 (Windows NT 10.0; Win64; x64) AppleWebKit/537.36 (KHTML, like Gecko) Chrome/120.0.0.0 Safari/537.36"
4.194.24.143 - - [20/Jul/2026:10:58:24 +0200] "GET /simple.php HTTP/1.1" 404 83167 "-" "Mozilla/5.0 (Windows NT 10.0; Win64; x64) AppleWebKit/537.36 (KHTML, like Gecko) Chrome/120.0.0.0 Safari/537.36"
4.194.24.143 - - [20/Jul/2026:10:58:25 +0200] "GET /sitemap.php HTTP/1.1" 404 83167 "-" "Mozilla/5.0 (Windows NT 10.0; Win64; x64) AppleWebKit/537.36 (KHTML, like Gecko) Chrome/120.0.0.0 Safari/537.36"
4.194.24.143 - - [20/Jul/2026:10:58:25 +0200] "GET /size.php HTTP/1.1" 404 83167 "-" "Mozilla/5.0 (Windows NT 10.0; Win64; x64) AppleWebKit/537.36 (KHTML, like Gecko) Chrome/120.0.0.0 Safari/537.36"
4.194.24.143 - - [20/Jul/2026:10:58:26 +0200] "GET /sm.php HTTP/1.1" 404 83167 "-" "Mozilla/5.0 (Windows NT 10.0; Win64; x64) AppleWebKit/537.36 (KHTML, like Gecko) Chrome/120.0.0.0 Safari/537.36"
4.194.24.143 - - [20/Jul/2026:10:58:26 +0200] "GET /sql.php HTTP/1.1" 404 83167 "-" "Mozilla/5.0 (Windows NT 10.0; Win64; x64) AppleWebKit/537.36 (KHTML, like Gecko) Chrome/120.0.0.0 Safari/537.36"
4.194.24.143 - - [20/Jul/2026:10:58:26 +0200] "GET /ss.php HTTP/1.1" 404 83152 "-" "Mozilla/5.0 (Windows NT 10.0; Win64; x64) AppleWebKit/537.36 (KHTML, like Gecko) Chrome/120.0.0.0 Safari/537.36"
4.194.24.143 - - [20/Jul/2026:10:58:27 +0200] "GET /stats.php HTTP/1.1" 404 83167 "-" "Mozilla/5.0 (Windows NT 10.0; Win64; x64) AppleWebKit/537.36 (KHTML, like Gecko) Chrome/120.0.0.0 Safari/537.36"
4.194.24.143 - - [20/Jul/2026:10:58:27 +0200] "GET /sump1.php HTTP/1.1" 404 83167 "-" "Mozilla/5.0 (Windows NT 10.0; Win64; x64) AppleWebKit/537.36 (KHTML, like Gecko) Chrome/120.0.0.0 Safari/537.36"
4.194.24.143 - - [20/Jul/2026:10:58:27 +0200] "GET /system.php HTTP/1.1" 404 83152 "-" "Mozilla/5.0 (Windows NT 10.0; Win64; x64) AppleWebKit/537.36 (KHTML, like Gecko) Chrome/120.0.0.0 Safari/537.36"
4.194.24.143 - - [20/Jul/2026:10:58:28 +0200] "GET /system/03n1hob7p03r2npdefault.php HTTP/1.1" 404 83152 "-" "Mozilla/5.0 (Windows NT 10.0; Win64; x64) AppleWebKit/537.36 (KHTML, like Gecko) Chrome/120.0.0.0 Safari/537.36"
4.194.24.143 - - [20/Jul/2026:10:58:28 +0200] "GET /system/cj5ha2rah8lyiqqdefault.php HTTP/1.1" 404 83167 "-" "Mozilla/5.0 (Windows NT 10.0; Win64; x64) AppleWebKit/537.36 (KHTML, like Gecko) Chrome/120.0.0.0 Safari/537.36"
4.194.24.143 - - [20/Jul/2026:10:58:29 +0200] "GET /system_log.php HTTP/1.1" 404 83167 "-" "Mozilla/5.0 (Windows NT 10.0; Win64; x64) AppleWebKit/537.36 (KHTML, like Gecko) Chrome/120.0.0.0 Safari/537.36"
4.194.24.143 - - [20/Jul/2026:10:58:29 +0200] "GET /t.php HTTP/1.1" 404 83167 "-" "Mozilla/5.0 (Windows NT 10.0; Win64; x64) AppleWebKit/537.36 (KHTML, like Gecko) Chrome/120.0.0.0 Safari/537.36"
4.194.24.143 - - [20/Jul/2026:10:58:29 +0200] "GET /term.php HTTP/1.1" 404 83167 "-" "Mozilla/5.0 (Windows NT 10.0; Win64; x64) AppleWebKit/537.36 (KHTML, like Gecko) Chrome/120.0.0.0 Safari/537.36"
4.194.24.143 - - [20/Jul/2026:10:58:30 +0200] "GET /test.php HTTP/1.1" 404 83152 "-" "Mozilla/5.0 (Windows NT 10.0; Win64; x64) AppleWebKit/537.36 (KHTML, like Gecko) Chrome/120.0.0.0 Safari/537.36"
4.194.24.143 - - [20/Jul/2026:10:58:30 +0200] "GET /test1.php HTTP/1.1" 404 83167 "-" "Mozilla/5.0 (Windows NT 10.0; Win64; x64) AppleWebKit/537.36 (KHTML, like Gecko) Chrome/120.0.0.0 Safari/537.36"
4.194.24.143 - - [20/Jul/2026:10:58:30 +0200] "GET /tfm.php HTTP/1.1" 404 83167 "-" "Mozilla/5.0 (Windows NT 10.0; Win64; x64) AppleWebKit/537.36 (KHTML, like Gecko) Chrome/120.0.0.0 Safari/537.36"
4.194.24.143 - - [20/Jul/2026:10:58:31 +0200] "GET /thebe.php HTTP/1.1" 404 83167 "-" "Mozilla/5.0 (Windows NT 10.0; Win64; x64) AppleWebKit/537.36 (KHTML, like Gecko) Chrome/120.0.0.0 Safari/537.36"
4.194.24.143 - - [20/Jul/2026:10:58:31 +0200] "GET /themes.php HTTP/1.1" 404 83167 "-" "Mozilla/5.0 (Windows NT 10.0; Win64; x64) AppleWebKit/537.36 (KHTML, like Gecko) Chrome/120.0.0.0 Safari/537.36"
4.194.24.143 - - [20/Jul/2026:10:58:32 +0200] "GET /tiny.php HTTP/1.1" 404 83167 "-" "Mozilla/5.0 (Windows NT 10.0; Win64; x64) AppleWebKit/537.36 (KHTML, like Gecko) Chrome/120.0.0.0 Safari/537.36"
4.194.24.143 - - [20/Jul/2026:10:58:32 +0200] "GET /tmp/byp.php HTTP/1.1" 404 83167 "-" "Mozilla/5.0 (Windows NT 10.0; Win64; x64) AppleWebKit/537.36 (KHTML, like Gecko) Chrome/120.0.0.0 Safari/537.36"
216.244.66.233 - - [20/Jul/2026:10:58:38 +0200] "GET /robots.txt HTTP/1.1" 301 5530 "-" "Mozilla/5.0 (compatible; DotBot/1.2; +https://opensiteexplorer.org/dotbot; help@moz.com)"
216.244.66.233 - - [20/Jul/2026:10:58:39 +0200] "GET /robots.txt HTTP/1.1" 200 5740 "-" "Mozilla/5.0 (compatible; DotBot/1.2; +https://opensiteexplorer.org/dotbot; help@moz.com)"
2001:1690:2:4::1:118 - - [20/Jul/2026:11:02:08 +0200] "POST /wp-cron.php?doing_wp_cron=1784538128.5679559707641601562500 HTTP/1.1" 200 5532 "-" "WordPress/6.9.5; https://cso-deprinsenhof.nl"
166.88.160.5 - - [20/Jul/2026:11:02:08 +0200] "GET /wp-json/ HTTP/1.1" 200 258547 "-" "Mozilla/5.0 (ZZ; Linux x86_64) AppleWebKit/537.36 (KHTML, like Gecko) Chrome/134.0.0.0 Safari/537.36"
216.244.66.233 - - [20/Jul/2026:11:02:33 +0200] "GET /resize/800/600/media/photoalbums/53/p1070799.JPG HTTP/1.1" 301 5680 "-" "Mozilla/5.0 (compatible; DotBot/1.2; +https://opensiteexplorer.org/dotbot; help@moz.com)"
157.66.26.183 - - [20/Jul/2026:11:11:51 +0200] "GET /wp-login.php HTTP/1.1" 200 16807 "-" "Mozilla/5.0 (Windows NT 10.0; WOW64) AppleWebKit/537.36 (KHTML, like Gecko) Chrome/147.0.0.0 Safari/537.36"
157.66.26.183 - - [20/Jul/2026:11:11:52 +0200] "POST /wp-login.php HTTP/1.1" 503 25023 "https://cso-deprinsenhof.nl/wp-login.php" "Mozilla/5.0 (Windows NT 10.0; WOW64) AppleWebKit/537.36 (KHTML, like Gecko) Chrome/147.0.0.0 Safari/537.36"
169.58.39.116 - - [20/Jul/2026:11:11:57 +0200] "GET /wp-content/plugins/shell/about.php HTTP/1.1" 403 22841 "www.google.com" "Mozlila/5.0 (Linux; Android 7.0; SM-G892A Bulid/NRD90M; wv) AppleWebKit/537.36 (KHTML, like Gecko) Version/4.0 Chrome/60.0.3112.107 Moblie Safari/537.36"
169.58.39.116 - - [20/Jul/2026:11:11:59 +0200] "GET /wp-content/plugins/pwnd/pwnd.php HTTP/1.1" 403 22841 "www.google.com" "Mozlila/5.0 (Linux; Android 7.0; SM-G892A Bulid/NRD90M; wv) AppleWebKit/537.36 (KHTML, like Gecko) Version/4.0 Chrome/60.0.3112.107 Moblie Safari/537.36"
169.58.39.116 - - [20/Jul/2026:11:12:03 +0200] "GET /wp-content/plugins/fix/up.php HTTP/1.1" 403 22841 "www.google.com" "Mozlila/5.0 (Linux; Android 7.0; SM-G892A Bulid/NRD90M; wv) AppleWebKit/537.36 (KHTML, like Gecko) Version/4.0 Chrome/60.0.3112.107 Moblie Safari/537.36"
169.58.39.116 - - [20/Jul/2026:11:12:06 +0200] "GET /wp-content/plugins/ph-file-manager/wp-file.php HTTP/1.1" 403 22841 "www.google.com" "Mozlila/5.0 (Linux; Android 7.0; SM-G892A Bulid/NRD90M; wv) AppleWebKit/537.36 (KHTML, like Gecko) Version/4.0 Chrome/60.0.3112.107 Moblie Safari/537.36"
169.58.39.116 - - [20/Jul/2026:11:12:08 +0200] "GET /wp-content/plugins/root-file-manager/wp-file.php HTTP/1.1" 403 22841 "www.google.com" "Mozlila/5.0 (Linux; Android 7.0; SM-G892A Bulid/NRD90M; wv) AppleWebKit/537.36 (KHTML, like Gecko) Version/4.0 Chrome/60.0.3112.107 Moblie Safari/537.36"
169.58.39.116 - - [20/Jul/2026:11:12:11 +0200] "GET /wp-content/plugins/wp-help/mini.php HTTP/1.1" 403 22841 "www.google.com" "Mozlila/5.0 (Linux; Android 7.0; SM-G892A Bulid/NRD90M; wv) AppleWebKit/537.36 (KHTML, like Gecko) Version/4.0 Chrome/60.0.3112.107 Moblie Safari/537.36"
169.58.39.116 - - [20/Jul/2026:11:12:14 +0200] "GET /wp-content/themes/travel/issue.php HTTP/1.1" 403 22841 "www.google.com" "Mozlila/5.0 (Linux; Android 7.0; SM-G892A Bulid/NRD90M; wv) AppleWebKit/537.36 (KHTML, like Gecko) Version/4.0 Chrome/60.0.3112.107 Moblie Safari/537.36"
169.58.39.116 - - [20/Jul/2026:11:12:16 +0200] "GET /wp-content/themes/jaida/lang.php HTTP/1.1" 403 22841 "www.google.com" "Mozlila/5.0 (Linux; Android 7.0; SM-G892A Bulid/NRD90M; wv) AppleWebKit/537.36 (KHTML, like Gecko) Version/4.0 Chrome/60.0.3112.107 Moblie Safari/537.36"
2001:1690:2:4::1:118 - - [20/Jul/2026:11:17:26 +0200] "POST /wp-cron.php?doing_wp_cron=1784539046.0554308891296386718750 HTTP/1.1" 200 5532 "-" "WordPress/6.9.5; https://cso-deprinsenhof.nl"
2001:1690:2:4::1:118 - - [20/Jul/2026:11:17:25 +0200] "POST /?wordfence_syncAttackData=1784539045.8606 HTTP/1.1" 200 5474 "-" "WordPress/6.9.5; https://cso-deprinsenhof.nl"
52.20.51.46 - - [20/Jul/2026:11:17:25 +0200] "GET /robots.txt HTTP/1.1" 200 5770 "-" "Mozilla/5.0 (Macintosh; Intel Mac OS X 10_10_1) AppleWebKit/600.2.5 (KHTML, like Gecko) Version/8.0.2 Safari/600.2.5 (Gort)"
2001:1690:2:4::1:118 - - [20/Jul/2026:11:18:27 +0200] "GET /wp-content/uploads/2025/07/boog-onder.svg HTTP/1.1" 200 6041 "-" "-"
77.73.129.46 - - [20/Jul/2026:11:18:27 +0200] "GET / HTTP/1.1" 200 128256 "-" "Mozilla/5.0 (Windows NT 10.0; Win64; x64) AppleWebKit/537.36 (KHTML, like Gecko) Chrome/72.0.3626.109 Safari/537.36"
49.51.36.179 - - [20/Jul/2026:11:25:36 +0200] "GET / HTTP/1.1" 200 128070 "http://cso-deprinsenhof.nl" "Mozilla/5.0 (iPhone; CPU iPhone OS 13_2_3 like Mac OS X) AppleWebKit/605.1.15 (KHTML, like Gecko) Version/13.0.3 Mobile/15E148 Safari/604.1"
2001:1690:2:4::1:118 - - [20/Jul/2026:11:30:07 +0200] "POST /wp-cron.php?doing_wp_cron=1784539807.5351240634918212890625 HTTP/1.1" 200 5532 "-" "WordPress/6.9.5; https://cso-deprinsenhof.nl"
185.65.120.166 - - [20/Jul/2026:11:30:07 +0200] "POST /xmlrpc.php HTTP/1.1" 200 6066 "-" "Mozilla/5.0 (Windows NT 10.0; Win64; x64) AppleWebKit/537.36 (KHTML, like Gecko) Chrome/147.0.0.0 Safari/537.36"
207.46.13.63 - - [20/Jul/2026:11:30:54 +0200] "GET /sitemap_index.xml HTTP/1.1" 200 6042 "-" "Mozilla/5.0 AppleWebKit/537.36 (KHTML, like Gecko; compatible; bingbot/2.0; +http://www.bing.com/bingbot.htm) Chrome/116.0.1938.76 Safari/537.36"
2001:1690:2:4::1:118 - - [20/Jul/2026:11:35:20 +0200] "POST /wp-cron.php?doing_wp_cron=1784540120.8630909919738769531250 HTTP/1.1" 200 5532 "-" "WordPress/6.9.5; https://cso-deprinsenhof.nl"
51.195.215.84 - - [20/Jul/2026:11:35:20 +0200] "GET /sitemap_index.xml HTTP/1.1" 200 6042 "-" "Mozilla/5.0 (compatible; AhrefsBot/7.0; +http://ahrefs.com/robot/)"
51.195.215.139 - - [20/Jul/2026:11:35:21 +0200] "GET /page-sitemap.xml HTTP/1.1" 200 12155 "-" "Mozilla/5.0 (compatible; AhrefsBot/7.0; +http://ahrefs.com/robot/)"
51.195.244.40 - - [20/Jul/2026:11:35:22 +0200] "GET /fusion_tb_category-sitemap.xml HTTP/1.1" 200 6640 "-" "Mozilla/5.0 (compatible; AhrefsBot/7.0; +http://ahrefs.com/robot/)"
2001:1690:2:4::1:118 - - [20/Jul/2026:11:41:57 +0200] "GET /wp-content/uploads/2025/07/boog-onder.svg HTTP/1.1" 200 6041 "-" "-"
2001:1690:2:4::1:118 - - [20/Jul/2026:11:41:57 +0200] "POST /wp-cron.php?doing_wp_cron=1784540517.4576630592346191406250 HTTP/1.1" 200 5532 "-" "WordPress/6.9.5; https://cso-deprinsenhof.nl"
51.89.129.241 - - [20/Jul/2026:11:41:57 +0200] "GET /onze-school/schoolgids/ HTTP/1.1" 200 94693 "-" "Mozilla/5.0 (compatible; AhrefsBot/7.0; +http://ahrefs.com/robot/)"
2001:1690:2:4::1:118 - - [20/Jul/2026:12:03:21 +0200] "POST /wp-cron.php?doing_wp_cron=1784541801.5356490612030029296875 HTTP/1.1" 200 5532 "-" "WordPress/6.9.5; https://cso-deprinsenhof.nl"
3.7.185.37 - - [20/Jul/2026:12:03:21 +0200] "POST /xmlrpc.php HTTP/1.1" 200 6066 "-" "Mozilla/5.0 (Windows NT 10.0; Win64; x64) AppleWebKit/537.36 (KHTML, like Gecko) Chrome/147.0.0.0 Safari/537.36"
2001:1690:2:4::1:118 - - [20/Jul/2026:12:04:24 +0200] "GET /wp-content/uploads/2025/07/boog-onder.svg HTTP/1.1" 200 6041 "-" "-"
40.77.167.21 - - [20/Jul/2026:12:04:24 +0200] "GET /ouders-verzorgers/ HTTP/1.1" 200 117016 "-" "Mozilla/5.0 AppleWebKit/537.36 (KHTML, like Gecko; compatible; bingbot/2.0; +http://www.bing.com/bingbot.htm) Chrome/116.0.1938.76 Safari/537.36"
43.166.247.82 - - [20/Jul/2026:12:05:30 +0200] "GET / HTTP/1.1" 301 5550 "http://www.cso-deprinsenhof.nl" "Mozilla/5.0 (iPhone; CPU iPhone OS 13_2_3 like Mac OS X) AppleWebKit/605.1.15 (KHTML, like Gecko) Version/13.0.3 Mobile/15E148 Safari/604.1"
2001:1690:2:4::1:118 - - [20/Jul/2026:12:05:31 +0200] "GET /wp-content/uploads/2025/07/boog-onder.svg HTTP/1.1" 200 6041 "-" "-"
43.166.247.82 - - [20/Jul/2026:12:05:31 +0200] "GET / HTTP/1.1" 200 128274 "https://www.cso-deprinsenhof.nl/" "Mozilla/5.0 (iPhone; CPU iPhone OS 13_2_3 like Mac OS X) AppleWebKit/605.1.15 (KHTML, like Gecko) Version/13.0.3 Mobile/15E148 Safari/604.1"
2001:1690:2:4::1:118 - - [20/Jul/2026:12:17:52 +0200] "GET /wp-content/uploads/2025/07/boog-onder.svg HTTP/1.1" 200 6041 "-" "-"
2001:1690:2:4::1:118 - - [20/Jul/2026:12:17:52 +0200] "POST /wp-cron.php?doing_wp_cron=1784542672.0884780883789062500000 HTTP/1.1" 200 5532 "-" "WordPress/6.9.5; https://cso-deprinsenhof.nl"
178.121.152.154 - - [20/Jul/2026:12:17:51 +0200] "GET /ons-onderwijs/begeleiding-en-ondersteuning/ HTTP/1.1" 200 94944 "-" "Mozilla/5.0 (Macintosh; Intel Mac OS X 10_15_7) AppleWebKit/537.36 (KHTML, like Gecko) Chrome/133.0.0.0 Safari/537.36"
2001:1690:2:4::1:118 - - [20/Jul/2026:12:24:08 +0200] "GET /wp-content/uploads/2025/07/boog-onder.svg HTTP/1.1" 200 6041 "-" "-"
52.202.233.37 - - [20/Jul/2026:12:24:07 +0200] "GET /onze-school/hoorrecht-opp/ HTTP/1.1" 200 94781 "-" "Mozilla/5.0 AppleWebKit/537.36 (KHTML, like Gecko; compatible; Amazonbot/0.1; +https://developer.amazon.com/support/amazonbot) Chrome/119.0.6045.214 Safari/537.36"
47.128.60.193 - - [20/Jul/2026:12:26:41 +0200] "GET /robots.txt HTTP/1.1" 200 5740 "-" "Mozilla/5.0 (Linux; Android 5.0) AppleWebKit/537.36 (KHTML, like Gecko) Mobile Safari/537.36 (compatible; Bytespider; spider-feedback@bytedance.com)"
2001:1690:2:4::1:118 - - [20/Jul/2026:12:29:43 +0200] "POST /wp-cron.php?doing_wp_cron=1784543383.2662689685821533203125 HTTP/1.1" 200 5532 "-" "WordPress/6.9.5; https://cso-deprinsenhof.nl"
192.241.143.148 - - [20/Jul/2026:12:29:42 +0200] "POST /xmlrpc.php HTTP/1.1" 200 6066 "-" "Mozilla/5.0 (Windows NT 10.0; Win64; x64) AppleWebKit/537.36 (KHTML, like Gecko) Chrome/147.0.0.0 Safari/537.36"
205.163.78.249 - - [20/Jul/2026:12:29:51 +0200] "GET /contact/ HTTP/1.1" 200 85624 "-" "Mozilla/5.0 (iPad; CPU iPad OS 14_2_1 like Mac OS X) AppleWebKit/536.0 (KHTML, like Gecko) FxiOS/16.1y2025.0 Mobile/69W615 Safari/536.0"
2001:1690:2:4::1:118 - - [20/Jul/2026:12:29:52 +0200] "GET /wp-content/uploads/2025/07/boog-onder.svg HTTP/1.1" 200 6041 "-" "-"
83.106.72.242 - - [20/Jul/2026:12:29:52 +0200] "GET /privacy/ HTTP/1.1" 200 89262 "-" "Mozilla/5.0 (compatible; MSIE 9.0; Windows NT 10.0; Trident/4.0)"
108.54.77.223 - - [20/Jul/2026:12:29:53 +0200] "GET /onze-school/praktische-informatie/ HTTP/1.1" 200 95383 "-" "Mozilla/5.0 (Windows 95) AppleWebKit/536.2 (KHTML, like Gecko) Chrome/23.0.846.0 Safari/536.2"
156.155.18.245 - - [20/Jul/2026:12:29:53 +0200] "GET /ouders-verzorgers/klachtenprocedure/ HTTP/1.1" 200 91310 "-" "Opera/9.96.(Windows NT 5.0; vi-VN) Presto/2.9.190 Version/12.00"
79.155.64.17 - - [20/Jul/2026:12:29:54 +0200] "GET /ons-onderwijs/bewegingsonderwijs/ HTTP/1.1" 200 110492 "-" "Mozilla/5.0 (Windows NT 10.0) AppleWebKit/534.1 (KHTML, like Gecko) Chrome/51.0.845.0 Safari/534.1"
2001:1690:2:4::1:118 - - [20/Jul/2026:12:31:26 +0200] "POST /wp-cron.php?doing_wp_cron=1784543486.4907619953155517578125 HTTP/1.1" 200 5532 "-" "WordPress/6.9.5; https://cso-deprinsenhof.nl"
216.244.66.233 - - [20/Jul/2026:12:31:26 +0200] "GET /robots.txt HTTP/1.1" 301 5530 "-" "Mozilla/5.0 (compatible; DotBot/1.2; +https://opensiteexplorer.org/dotbot; help@moz.com)"
216.244.66.233 - - [20/Jul/2026:12:31:27 +0200] "GET /robots.txt HTTP/1.1" 200 5740 "-" "Mozilla/5.0 (compatible; DotBot/1.2; +https://opensiteexplorer.org/dotbot; help@moz.com)"
216.244.66.233 - - [20/Jul/2026:12:35:11 +0200] "GET /nieuws-fotos/week-van-de-techniek HTTP/1.1" 301 5665 "-" "Mozilla/5.0 (compatible; DotBot/1.2; +https://opensiteexplorer.org/dotbot; help@moz.com)"
2001:1690:2:4::1:118 - - [20/Jul/2026:12:38:19 +0200] "POST /wp-cron.php?doing_wp_cron=1784543899.9120910167694091796875 HTTP/1.1" 200 5532 "-" "WordPress/6.9.5; https://cso-deprinsenhof.nl"
216.244.66.233 - - [20/Jul/2026:12:38:19 +0200] "GET /resize/800/600/media/photoalbums/54/20161214091455.jpg HTTP/1.1" 301 5686 "-" "Mozilla/5.0 (compatible; DotBot/1.2; +https://opensiteexplorer.org/dotbot; help@moz.com)"
216.244.66.233 - - [20/Jul/2026:12:38:26 +0200] "GET /resize/800/600/media/photoalbums/55/img9093.JPG HTTP/1.1" 301 5679 "-" "Mozilla/5.0 (compatible; DotBot/1.2; +https://opensiteexplorer.org/dotbot; help@moz.com)"
2001:1690:2:4::1:118 - - [20/Jul/2026:12:44:32 +0200] "POST /wp-cron.php?doing_wp_cron=1784544272.4899640083312988281250 HTTP/1.1" 200 5532 "-" "WordPress/6.9.5; https://cso-deprinsenhof.nl"
51.89.129.119 - - [20/Jul/2026:12:44:32 +0200] "GET /sitemap_index.xml HTTP/1.1" 200 6042 "-" "Mozilla/5.0 (compatible; AhrefsBot/7.0; +http://ahrefs.com/robot/)"
51.195.215.4 - - [20/Jul/2026:12:44:33 +0200] "GET /page-sitemap.xml HTTP/1.1" 200 12155 "-" "Mozilla/5.0 (compatible; AhrefsBot/7.0; +http://ahrefs.com/robot/)"
54.38.147.182 - - [20/Jul/2026:12:44:35 +0200] "GET /fusion_tb_category-sitemap.xml HTTP/1.1" 200 6640 "-" "Mozilla/5.0 (compatible; AhrefsBot/7.0; +http://ahrefs.com/robot/)"
2001:1690:2:4::1:118 - - [20/Jul/2026:12:46:46 +0200] "POST /wp-cron.php?doing_wp_cron=1784544406.0462369918823242187500 HTTP/1.1" 200 5532 "-" "WordPress/6.9.5; https://cso-deprinsenhof.nl"
216.73.216.245 - - [20/Jul/2026:12:46:45 +0200] "GET /robots.txt HTTP/1.1" 200 5740 "-" "Mozilla/5.0 AppleWebKit/537.36 (KHTML, like Gecko; compatible; ClaudeBot/1.0; +claudebot@anthropic.com)"
216.73.216.245 - - [20/Jul/2026:12:46:46 +0200] "GET /sitemap_index.xml HTTP/1.1" 200 6042 "-" "Mozilla/5.0 AppleWebKit/537.36 (KHTML, like Gecko; compatible; ClaudeBot/1.0; +claudebot@anthropic.com)"
167.233.114.32 - - [20/Jul/2026:12:48:22 +0200] "POST /xmlrpc.php HTTP/1.1" 200 6066 "-" "Mozilla/5.0 (Windows NT 10.0; Win64; x64) AppleWebKit/537.36 (KHTML, like Gecko) Chrome/147.0.0.0 Safari/537.36"
2001:1690:2:4::1:118 - - [20/Jul/2026:12:48:25 +0200] "GET /wp-content/uploads/2025/07/boog-onder.svg HTTP/1.1" 200 6041 "-" "-"
45.55.158.168 - - [20/Jul/2026:12:48:25 +0200] "GET / HTTP/1.1" 200 128256 "-" "Mozilla/5.0 (compatible; InternetMeasurement/1.0; +https://internet-measurement.com/)"
45.55.158.168 - - [20/Jul/2026:12:48:39 +0200] "GET /wp-content/uploads/2025/07/de-Prinsenhof_favicon_64px.png HTTP/1.1" 200 5562 "-" "Mozilla/5.0 (compatible; InternetMeasurement/1.0; +https://internet-measurement.com/)"
2001:41d0:303:5898::1 - - [20/Jul/2026:12:49:42 +0200] "GET /robots.txt HTTP/1.1" 301 5530 "-" "Mozilla/5.0 (compatible; MJ12bot/v1.4.8; http://mj12bot.com/)"
2001:41d0:303:5898::1 - - [20/Jul/2026:12:49:43 +0200] "GET /robots.txt HTTP/1.1" 200 5740 "-" "Mozilla/5.0 (compatible; MJ12bot/v1.4.8; http://mj12bot.com/)"
2001:41d0:303:5898::1 - - [20/Jul/2026:12:49:47 +0200] "GET / HTTP/1.1" 301 5520 "-" "Mozilla/5.0 (compatible; MJ12bot/v1.4.8; http://mj12bot.com/)"
2001:41d0:303:5898::1 - - [20/Jul/2026:12:49:48 +0200] "GET / HTTP/1.1" 200 128070 "-" "Mozilla/5.0 (compatible; MJ12bot/v1.4.8; http://mj12bot.com/)"
2a03:2880:f814:18:: - - [20/Jul/2026:12:52:54 +0200] "GET /page-sitemap.xml HTTP/1.1" 200 12155 "-" "Mozilla/5.0 (X11; Linux x86_64) AppleWebKit/537.36 (KHTML, like Gecko) Chrome/145.0.0.0 Safari/537.36 (compatible; meta-externalagent/1.1 (+https://developers.facebook.com/docs/sharing/webmasters/crawler))"
2001:1690:2:4::1:118 - - [20/Jul/2026:12:59:20 +0200] "GET /wp-content/uploads/2025/07/boog-onder.svg HTTP/1.1" 200 6041 "-" "-"
2001:1690:2:4::1:118 - - [20/Jul/2026:12:59:20 +0200] "POST /wp-cron.php?doing_wp_cron=1784545160.6669020652770996093750 HTTP/1.1" 200 5532 "-" "WordPress/6.9.5; https://cso-deprinsenhof.nl"
40.77.167.42 - - [20/Jul/2026:12:59:20 +0200] "GET /onze-school/ HTTP/1.1" 200 124144 "-" "Mozilla/5.0 AppleWebKit/537.36 (KHTML, like Gecko; compatible; bingbot/2.0; +http://www.bing.com/bingbot.htm) Chrome/116.0.1938.76 Safari/537.36"
2001:1690:2:4::1:118 - - [20/Jul/2026:13:18:22 +0200] "POST /wp-cron.php?doing_wp_cron=1784546302.8301019668579101562500 HTTP/1.1" 200 5532 "-" "WordPress/6.9.5; https://cso-deprinsenhof.nl"
216.244.66.233 - - [20/Jul/2026:13:18:22 +0200] "GET /robots.txt HTTP/1.1" 200 5740 "-" "Mozilla/5.0 (compatible; DotBot/1.2; +https://opensiteexplorer.org/dotbot; help@moz.com)"
2001:1690:2:4::1:118 - - [20/Jul/2026:13:20:27 +0200] "GET /wp-content/uploads/2025/07/boog-onder.svg HTTP/1.1" 200 6041 "-" "-"
66.249.68.2 - - [20/Jul/2026:13:20:27 +0200] "GET / HTTP/1.1" 200 128100 "-" "Mozilla/5.0 (Linux; Android 6.0.1; Nexus 5X Build/MMB29P) AppleWebKit/537.36 (KHTML, like Gecko) Chrome/150.0.7871.124 Mobile Safari/537.36 (compatible; Googlebot/2.1; +http://www.google.com/bot.html)"
2001:1690:2:4::1:118 - - [20/Jul/2026:13:21:55 +0200] "GET /wp-content/uploads/2025/07/boog-onder.svg HTTP/1.1" 200 6041 "-" "-"
2a03:b0c0:3:d0::473:d001 - - [20/Jul/2026:13:21:54 +0200] "GET / HTTP/1.1" 200 128256 "-" "httpx - Open-source project (github.com/projectdiscovery/httpx)"
52.58.146.230 - - [20/Jul/2026:13:24:04 +0200] "GET / HTTP/1.1" 200 128061 "-" "Mozilla/5.0 (compatible; MSIE 10.0; Windows NT 6.1; Trident/6.0) LinkCheck by Siteimprove.com"
216.244.66.233 - - [20/Jul/2026:13:25:09 +0200] "GET /wp-content/uploads/2021/11/privacy-reglement-cso-apeldoorn.pdf HTTP/1.1" 200 5541 "-" "Mozilla/5.0 (compatible; DotBot/1.2; +https://opensiteexplorer.org/dotbot; help@moz.com)"
2001:1690:2:4::1:118 - - [20/Jul/2026:13:41:30 +0200] "POST /wp-cron.php?doing_wp_cron=1784547690.7297589778900146484375 HTTP/1.1" 200 5532 "-" "WordPress/6.9.5; https://cso-deprinsenhof.nl"
202.141.42.204 - - [20/Jul/2026:13:41:30 +0200] "POST /xmlrpc.php HTTP/1.1" 503 24988 "-" "Jetpack by WordPress.com (Jetpack 12.5; WordPress 6.4)"
202.141.42.204 - - [20/Jul/2026:13:41:40 +0200] "POST /xmlrpc.php HTTP/1.1" 503 23918 "-" "Jetpack by WordPress.com (Jetpack 12.1; WordPress 6.4)"
202.141.42.204 - - [20/Jul/2026:13:41:50 +0200] "POST /xmlrpc.php HTTP/1.1" 503 23918 "-" "Jetpack by WordPress.com (Jetpack 12.1; WordPress 6.1)"
202.141.42.204 - - [20/Jul/2026:13:42:01 +0200] "POST /xmlrpc.php HTTP/1.1" 503 23918 "-" "Jetpack by WordPress.com (Jetpack 12.0; WordPress 6.4)"
202.141.42.204 - - [20/Jul/2026:13:42:11 +0200] "POST /xmlrpc.php HTTP/1.1" 503 23918 "-" "Jetpack/12.5; WordPress/6.3; http://site20723233.com"
202.141.42.204 - - [20/Jul/2026:13:42:22 +0200] "POST /xmlrpc.php HTTP/1.1" 503 23918 "-" "Jetpack by WordPress.com"
202.141.42.204 - - [20/Jul/2026:13:42:33 +0200] "POST /xmlrpc.php HTTP/1.1" 503 23918 "-" "Jetpack/12.1; WordPress/6.3; http://site68747701.com"
202.141.42.204 - - [20/Jul/2026:13:42:43 +0200] "POST /xmlrpc.php HTTP/1.1" 503 23918 "-" "Jetpack by WordPress.com (Jetpack 12.0; WordPress 6.3)"
202.141.42.204 - - [20/Jul/2026:13:42:54 +0200] "POST /xmlrpc.php HTTP/1.1" 503 23918 "-" "Jetpack/12.5; WordPress/6.1; http://site98329873.com"
202.141.42.204 - - [20/Jul/2026:13:43:05 +0200] "POST /xmlrpc.php HTTP/1.1" 503 23918 "-" "Jetpack by WordPress.com (Jetpack 13.0; WordPress 6.2)"
202.141.42.204 - - [20/Jul/2026:13:43:16 +0200] "POST /xmlrpc.php HTTP/1.1" 503 23918 "-" "Jetpack/12.5; WordPress/6.3; http://site40128857.com"
202.141.42.204 - - [20/Jul/2026:13:43:26 +0200] "POST /xmlrpc.php HTTP/1.1" 503 23918 "-" "WordPress.com; https://wordpress.com"
202.141.42.204 - - [20/Jul/2026:13:43:37 +0200] "POST /xmlrpc.php HTTP/1.1" 503 23918 "-" "Jetpack by WordPress.com"
2001:1690:2:4::1:118 - - [20/Jul/2026:13:43:45 +0200] "POST /wp-cron.php?doing_wp_cron=1784547825.8998150825500488281250 HTTP/1.1" 200 5532 "-" "WordPress/6.9.5; https://cso-deprinsenhof.nl"
2001:1690:2:4::1:118 - - [20/Jul/2026:13:43:45 +0200] "POST /?wordfence_syncAttackData=1784547825.7225 HTTP/1.1" 200 5474 "-" "WordPress/6.9.5; https://cso-deprinsenhof.nl"
104.210.140.135 - - [20/Jul/2026:13:43:45 +0200] "GET /robots.txt HTTP/1.1" 200 5740 "-" "Mozilla/5.0 (Macintosh; Intel Mac OS X 10_15_7) AppleWebKit/537.36 (KHTML, like Gecko) Chrome/131.0.0.0 Safari/537.36; compatible; OAI-SearchBot/1.0; +https://openai.com/searchbot"
202.141.42.204 - - [20/Jul/2026:13:43:48 +0200] "POST /xmlrpc.php HTTP/1.1" 503 23918 "-" "Jetpack by WordPress.com"
202.141.42.204 - - [20/Jul/2026:13:43:58 +0200] "POST /xmlrpc.php HTTP/1.1" 503 23918 "-" "Jetpack/13.0; WordPress/6.2; http://site42158823.com"
202.141.42.204 - - [20/Jul/2026:13:44:10 +0200] "POST /xmlrpc.php HTTP/1.1" 503 23918 "-" "Jetpack by WordPress.com"
202.141.42.204 - - [20/Jul/2026:13:44:20 +0200] "POST /xmlrpc.php HTTP/1.1" 503 23918 "-" "Jetpack by WordPress.com (Jetpack 12.5; WordPress 6.1)"
202.141.42.204 - - [20/Jul/2026:13:44:31 +0200] "POST /xmlrpc.php HTTP/1.1" 503 23918 "-" "WordPress.com; https://wordpress.com"
202.141.42.204 - - [20/Jul/2026:13:44:41 +0200] "POST /xmlrpc.php HTTP/1.1" 503 23918 "-" "WordPress.com; https://wordpress.com"
202.141.42.204 - - [20/Jul/2026:13:44:52 +0200] "POST /xmlrpc.php HTTP/1.1" 503 23918 "-" "Jetpack/12.5; WordPress/6.3; http://site97163559.com"
202.141.42.204 - - [20/Jul/2026:13:45:02 +0200] "POST /xmlrpc.php HTTP/1.1" 503 23918 "-" "WordPress.com; https://wordpress.com"
202.141.42.204 - - [20/Jul/2026:13:45:13 +0200] "POST /xmlrpc.php HTTP/1.1" 503 23918 "-" "Jetpack by WordPress.com (Jetpack 13.0; WordPress 6.1)"
202.141.42.204 - - [20/Jul/2026:13:45:24 +0200] "POST /xmlrpc.php HTTP/1.1" 503 23918 "-" "WordPress.com; https://wordpress.com"
202.141.42.204 - - [20/Jul/2026:13:45:35 +0200] "POST /xmlrpc.php HTTP/1.1" 503 23918 "-" "WordPress.com; https://wordpress.com"
202.141.42.204 - - [20/Jul/2026:13:45:45 +0200] "POST /xmlrpc.php HTTP/1.1" 503 23918 "-" "Jetpack/12.0; WordPress/6.3; http://site81770576.com"
202.141.42.204 - - [20/Jul/2026:13:45:56 +0200] "POST /xmlrpc.php HTTP/1.1" 503 23918 "-" "WordPress.com; https://wordpress.com"
202.141.42.204 - - [20/Jul/2026:13:46:07 +0200] "POST /xmlrpc.php HTTP/1.1" 503 23918 "-" "WordPress.com; https://wordpress.com"
202.141.42.204 - - [20/Jul/2026:13:46:17 +0200] "POST /xmlrpc.php HTTP/1.1" 503 23918 "-" "Jetpack by WordPress.com"
202.141.42.204 - - [20/Jul/2026:13:46:28 +0200] "POST /xmlrpc.php HTTP/1.1" 503 23918 "-" "Jetpack by WordPress.com (Jetpack 13.0; WordPress 6.3)"
202.141.42.204 - - [20/Jul/2026:13:46:38 +0200] "POST /xmlrpc.php HTTP/1.1" 503 23918 "-" "WordPress.com; https://wordpress.com"
202.141.42.204 - - [20/Jul/2026:13:46:49 +0200] "POST /xmlrpc.php HTTP/1.1" 503 23918 "-" "Jetpack by WordPress.com (Jetpack 12.0; WordPress 6.4)"
202.141.42.204 - - [20/Jul/2026:13:46:59 +0200] "POST /xmlrpc.php HTTP/1.1" 503 23918 "-" "Jetpack/13.0; WordPress/6.1; http://site92008072.com"
202.141.42.204 - - [20/Jul/2026:13:47:10 +0200] "POST /xmlrpc.php HTTP/1.1" 503 23918 "-" "Jetpack by WordPress.com"
202.141.42.204 - - [20/Jul/2026:13:47:21 +0200] "POST /xmlrpc.php HTTP/1.1" 503 23918 "-" "Jetpack by WordPress.com (Jetpack 12.0; WordPress 6.3)"
202.141.42.204 - - [20/Jul/2026:13:47:31 +0200] "POST /xmlrpc.php HTTP/1.1" 503 23918 "-" "Jetpack by WordPress.com (Jetpack 12.1; WordPress 6.1)"
202.141.42.204 - - [20/Jul/2026:13:47:42 +0200] "POST /xmlrpc.php HTTP/1.1" 503 23918 "-" "Jetpack by WordPress.com (Jetpack 13.0; WordPress 6.2)"
202.141.42.204 - - [20/Jul/2026:13:47:52 +0200] "POST /xmlrpc.php HTTP/1.1" 503 23918 "-" "WordPress.com; https://wordpress.com"
202.141.42.204 - - [20/Jul/2026:13:48:03 +0200] "POST /xmlrpc.php HTTP/1.1" 503 23918 "-" "Jetpack by WordPress.com"
202.141.42.204 - - [20/Jul/2026:13:48:13 +0200] "POST /xmlrpc.php HTTP/1.1" 503 23918 "-" "WordPress.com; https://wordpress.com"
202.141.42.204 - - [20/Jul/2026:13:48:24 +0200] "POST /xmlrpc.php HTTP/1.1" 503 23918 "-" "Jetpack by WordPress.com (Jetpack 13.0; WordPress 6.2)"
202.141.42.204 - - [20/Jul/2026:13:48:34 +0200] "POST /xmlrpc.php HTTP/1.1" 503 23918 "-" "WordPress.com; https://wordpress.com"
202.141.42.204 - - [20/Jul/2026:13:48:45 +0200] "POST /xmlrpc.php HTTP/1.1" 503 23918 "-" "WordPress.com; https://wordpress.com"
202.141.42.204 - - [20/Jul/2026:13:48:56 +0200] "POST /xmlrpc.php HTTP/1.1" 503 23918 "-" "WordPress.com; https://wordpress.com"
202.141.42.204 - - [20/Jul/2026:13:49:06 +0200] "POST /xmlrpc.php HTTP/1.1" 503 23918 "-" "Jetpack by WordPress.com"
202.141.42.204 - - [20/Jul/2026:13:49:17 +0200] "POST /xmlrpc.php HTTP/1.1" 503 23918 "-" "Jetpack/12.5; WordPress/6.3; http://site44722256.com"
202.141.42.204 - - [20/Jul/2026:13:49:27 +0200] "POST /xmlrpc.php HTTP/1.1" 503 23918 "-" "Jetpack by WordPress.com (Jetpack 12.0; WordPress 6.1)"
202.141.42.204 - - [20/Jul/2026:13:49:38 +0200] "POST /xmlrpc.php HTTP/1.1" 503 23918 "-" "Jetpack by WordPress.com"
202.141.42.204 - - [20/Jul/2026:13:49:48 +0200] "POST /xmlrpc.php HTTP/1.1" 503 23918 "-" "WordPress.com; https://wordpress.com"
202.141.42.204 - - [20/Jul/2026:13:49:59 +0200] "POST /xmlrpc.php HTTP/1.1" 503 23918 "-" "Jetpack/12.5; WordPress/6.1; http://site41843920.com"
202.141.42.204 - - [20/Jul/2026:13:50:10 +0200] "POST /xmlrpc.php HTTP/1.1" 503 23918 "-" "WordPress.com; https://wordpress.com"
202.141.42.204 - - [20/Jul/2026:13:50:20 +0200] "POST /xmlrpc.php HTTP/1.1" 503 23918 "-" "Jetpack/12.1; WordPress/6.4; http://site27552211.com"
2001:1690:2:4::1:118 - - [20/Jul/2026:13:50:21 +0200] "POST /wp-cron.php?doing_wp_cron=1784548221.8669729232788085937500 HTTP/1.1" 200 5532 "-" "WordPress/6.9.5; https://cso-deprinsenhof.nl"
2001:1690:2:4::1:118 - - [20/Jul/2026:13:50:21 +0200] "POST /?wordfence_syncAttackData=1784548221.6303 HTTP/1.1" 200 5474 "-" "WordPress/6.9.5; https://cso-deprinsenhof.nl"
2001:1690:2:4::1:118 - - [20/Jul/2026:13:50:22 +0200] "GET /wp-content/uploads/2025/07/boog-onder.svg HTTP/1.1" 200 6041 "-" "-"
66.187.5.199 - - [20/Jul/2026:13:50:21 +0200] "GET / HTTP/1.1" 200 128256 "-" "Mozilla/5.0 (Windows NT 10.0; Win64; x64) AppleWebKit/537.36 (KHTML, like Gecko) Chrome/126.0.0.0 Safari/537.36"
66.187.5.199 - - [20/Jul/2026:13:50:26 +0200] "GET /?rest_route=/ HTTP/1.1" 200 258547 "-" "Mozilla/5.0 (X11; Linux x86_64) AppleWebKit/537.36 (KHTML, like Gecko) Chrome/125.0.0.0 Safari/537.36"
66.187.5.199 - - [20/Jul/2026:13:50:29 +0200] "POST /?rest_route=/batch/v1 HTTP/1.1" 207 5834 "-" "Mozilla/5.0 (X11; Linux x86_64) AppleWebKit/537.36 (KHTML, like Gecko) Chrome/125.0.0.0 Safari/537.36"
202.141.42.204 - - [20/Jul/2026:13:50:31 +0200] "POST /xmlrpc.php HTTP/1.1" 503 23918 "-" "Jetpack/12.0; WordPress/6.3; http://site81262958.com"
2001:1690:2:4::1:118 - - [20/Jul/2026:13:50:34 +0200] "POST /?wordfence_syncAttackData=1784548234.5387 HTTP/1.1" 200 5474 "-" "WordPress/6.9.5; https://cso-deprinsenhof.nl"
66.187.5.199 - - [20/Jul/2026:13:50:34 +0200] "POST /?rest_route=/batch/v1 HTTP/1.1" 207 6313 "-" "Mozilla/5.0 (Windows NT 10.0; Win64; x64; rv:127.0) Gecko/20100101 Firefox/127.0"
202.141.42.204 - - [20/Jul/2026:13:50:41 +0200] "POST /xmlrpc.php HTTP/1.1" 503 23918 "-" "Jetpack by WordPress.com (Jetpack 12.1; WordPress 6.1)"
202.141.42.204 - - [20/Jul/2026:13:50:52 +0200] "POST /xmlrpc.php HTTP/1.1" 503 23918 "-" "Jetpack/12.0; WordPress/6.2; http://site91276618.com"
202.141.42.204 - - [20/Jul/2026:13:51:02 +0200] "POST /xmlrpc.php HTTP/1.1" 503 23918 "-" "Jetpack by WordPress.com"
202.141.42.204 - - [20/Jul/2026:13:51:13 +0200] "POST /xmlrpc.php HTTP/1.1" 503 23918 "-" "Jetpack by WordPress.com (Jetpack 12.5; WordPress 6.4)"
202.141.42.204 - - [20/Jul/2026:13:51:23 +0200] "POST /xmlrpc.php HTTP/1.1" 503 23918 "-" "Jetpack/12.0; WordPress/6.1; http://site17328120.com"
2001:1690:2:4::1:118 - - [20/Jul/2026:13:51:34 +0200] "POST /wp-cron.php?doing_wp_cron=1784548294.7871038913726806640625 HTTP/1.1" 200 5532 "-" "WordPress/6.9.5; https://cso-deprinsenhof.nl"
2001:1690:2:4::1:118 - - [20/Jul/2026:13:51:34 +0200] "POST /?wordfence_syncAttackData=1784548294.6216 HTTP/1.1" 200 5474 "-" "WordPress/6.9.5; https://cso-deprinsenhof.nl"
202.141.42.204 - - [20/Jul/2026:13:51:34 +0200] "POST /xmlrpc.php HTTP/1.1" 503 24988 "-" "Jetpack/12.5; WordPress/6.3; http://site14107455.com"
202.141.42.204 - - [20/Jul/2026:13:51:45 +0200] "POST /xmlrpc.php HTTP/1.1" 503 23918 "-" "Jetpack by WordPress.com"
202.141.42.204 - - [20/Jul/2026:13:51:56 +0200] "POST /xmlrpc.php HTTP/1.1" 503 23918 "-" "WordPress.com; https://wordpress.com"
202.141.42.204 - - [20/Jul/2026:13:52:06 +0200] "POST /xmlrpc.php HTTP/1.1" 503 23918 "-" "Jetpack by WordPress.com (Jetpack 13.0; WordPress 6.3)"
202.141.42.204 - - [20/Jul/2026:13:52:17 +0200] "POST /xmlrpc.php HTTP/1.1" 503 23918 "-" "WordPress.com; https://wordpress.com"
202.141.42.204 - - [20/Jul/2026:13:52:28 +0200] "POST /xmlrpc.php HTTP/1.1" 503 23918 "-" "WordPress.com; https://wordpress.com"
202.141.42.204 - - [20/Jul/2026:13:52:38 +0200] "POST /xmlrpc.php HTTP/1.1" 503 23918 "-" "Jetpack by WordPress.com"
202.141.42.204 - - [20/Jul/2026:13:52:49 +0200] "POST /xmlrpc.php HTTP/1.1" 503 23918 "-" "Jetpack by WordPress.com (Jetpack 12.5; WordPress 6.4)"
202.141.42.204 - - [20/Jul/2026:13:53:00 +0200] "POST /xmlrpc.php HTTP/1.1" 503 23918 "-" "Jetpack/12.0; WordPress/6.2; http://site50224156.com"
202.141.42.204 - - [20/Jul/2026:13:53:11 +0200] "POST /xmlrpc.php HTTP/1.1" 503 23918 "-" "WordPress.com; https://wordpress.com"
202.141.42.204 - - [20/Jul/2026:13:53:22 +0200] "POST /xmlrpc.php HTTP/1.1" 503 23918 "-" "WordPress.com; https://wordpress.com"
202.141.42.204 - - [20/Jul/2026:13:53:33 +0200] "POST /xmlrpc.php HTTP/1.1" 503 23918 "-" "WordPress.com; https://wordpress.com"
202.141.42.204 - - [20/Jul/2026:13:53:44 +0200] "POST /xmlrpc.php HTTP/1.1" 503 23918 "-" "Jetpack by WordPress.com (Jetpack 12.5; WordPress 6.3)"
202.141.42.204 - - [20/Jul/2026:13:53:54 +0200] "POST /xmlrpc.php HTTP/1.1" 503 23918 "-" "Jetpack by WordPress.com (Jetpack 12.0; WordPress 6.3)"
202.141.42.204 - - [20/Jul/2026:13:54:05 +0200] "POST /xmlrpc.php HTTP/1.1" 503 23918 "-" "WordPress.com; https://wordpress.com"
202.141.42.204 - - [20/Jul/2026:13:54:16 +0200] "POST /xmlrpc.php HTTP/1.1" 503 23918 "-" "Jetpack/12.5; WordPress/6.2; http://site93967821.com"
202.141.42.204 - - [20/Jul/2026:13:54:27 +0200] "POST /xmlrpc.php HTTP/1.1" 503 23918 "-" "WordPress.com; https://wordpress.com"
202.141.42.204 - - [20/Jul/2026:13:54:37 +0200] "POST /xmlrpc.php HTTP/1.1" 503 23918 "-" "Jetpack by WordPress.com (Jetpack 12.5; WordPress 6.1)"
202.141.42.204 - - [20/Jul/2026:13:54:48 +0200] "POST /xmlrpc.php HTTP/1.1" 503 23918 "-" "Jetpack by WordPress.com"
202.141.42.204 - - [20/Jul/2026:13:54:59 +0200] "POST /xmlrpc.php HTTP/1.1" 503 23918 "-" "Jetpack/13.0; WordPress/6.2; http://site63443524.com"
202.141.42.204 - - [20/Jul/2026:13:55:09 +0200] "POST /xmlrpc.php HTTP/1.1" 503 23918 "-" "WordPress.com; https://wordpress.com"
202.141.42.204 - - [20/Jul/2026:13:55:20 +0200] "POST /xmlrpc.php HTTP/1.1" 503 23918 "-" "Jetpack/12.0; WordPress/6.3; http://site11571356.com"
202.141.42.204 - - [20/Jul/2026:13:55:31 +0200] "POST /xmlrpc.php HTTP/1.1" 503 23918 "-" "WordPress.com; https://wordpress.com"
202.141.42.204 - - [20/Jul/2026:13:55:42 +0200] "POST /xmlrpc.php HTTP/1.1" 503 23918 "-" "WordPress.com; https://wordpress.com"
202.141.42.204 - - [20/Jul/2026:13:55:52 +0200] "POST /xmlrpc.php HTTP/1.1" 503 23918 "-" "WordPress.com; https://wordpress.com"
202.141.42.204 - - [20/Jul/2026:13:56:03 +0200] "POST /xmlrpc.php HTTP/1.1" 503 23918 "-" "Jetpack by WordPress.com (Jetpack 12.0; WordPress 6.3)"
202.141.42.204 - - [20/Jul/2026:13:56:14 +0200] "POST /xmlrpc.php HTTP/1.1" 503 23918 "-" "WordPress.com; https://wordpress.com"
202.141.42.204 - - [20/Jul/2026:13:56:25 +0200] "POST /xmlrpc.php HTTP/1.1" 503 23918 "-" "Jetpack by WordPress.com"
202.141.42.204 - - [20/Jul/2026:13:56:35 +0200] "POST /xmlrpc.php HTTP/1.1" 503 23918 "-" "WordPress.com; https://wordpress.com"
202.141.42.204 - - [20/Jul/2026:13:56:46 +0200] "POST /xmlrpc.php HTTP/1.1" 503 23918 "-" "Jetpack/12.1; WordPress/6.3; http://site47206606.com"
202.141.42.204 - - [20/Jul/2026:13:57:03 +0200] "POST /xmlrpc.php HTTP/1.1" 503 23918 "-" "Jetpack by WordPress.com (Jetpack 13.0; WordPress 6.3)"
202.141.42.204 - - [20/Jul/2026:13:57:13 +0200] "POST /xmlrpc.php HTTP/1.1" 503 23918 "-" "Jetpack by WordPress.com (Jetpack 12.0; WordPress 6.1)"
202.141.42.204 - - [20/Jul/2026:13:57:24 +0200] "POST /xmlrpc.php HTTP/1.1" 503 23918 "-" "Jetpack/12.0; WordPress/6.4; http://site86049636.com"
202.141.42.204 - - [20/Jul/2026:13:57:35 +0200] "POST /xmlrpc.php HTTP/1.1" 503 23918 "-" "Jetpack by WordPress.com"
202.141.42.204 - - [20/Jul/2026:13:57:46 +0200] "POST /xmlrpc.php HTTP/1.1" 503 23918 "-" "Jetpack by WordPress.com"
202.141.42.204 - - [20/Jul/2026:13:57:58 +0200] "POST /xmlrpc.php HTTP/1.1" 503 23918 "-" "Jetpack by WordPress.com (Jetpack 13.0; WordPress 6.1)"
202.141.42.204 - - [20/Jul/2026:13:58:08 +0200] "POST /xmlrpc.php HTTP/1.1" 503 23918 "-" "Jetpack by WordPress.com (Jetpack 12.0; WordPress 6.3)"
202.141.42.204 - - [20/Jul/2026:13:58:19 +0200] "POST /xmlrpc.php HTTP/1.1" 503 23918 "-" "WordPress.com; https://wordpress.com"
202.141.42.204 - - [20/Jul/2026:13:58:29 +0200] "POST /xmlrpc.php HTTP/1.1" 503 23918 "-" "Jetpack by WordPress.com"
202.141.42.204 - - [20/Jul/2026:13:58:40 +0200] "POST /xmlrpc.php HTTP/1.1" 503 23918 "-" "WordPress.com; https://wordpress.com"
202.141.42.204 - - [20/Jul/2026:13:58:51 +0200] "POST /xmlrpc.php HTTP/1.1" 503 23918 "-" "WordPress.com; https://wordpress.com"
202.141.42.204 - - [20/Jul/2026:13:59:01 +0200] "POST /xmlrpc.php HTTP/1.1" 503 23918 "-" "Jetpack/13.0; WordPress/6.4; http://site40472125.com"
202.141.42.204 - - [20/Jul/2026:13:59:12 +0200] "POST /xmlrpc.php HTTP/1.1" 503 23918 "-" "WordPress.com; https://wordpress.com"
202.141.42.204 - - [20/Jul/2026:13:59:22 +0200] "POST /xmlrpc.php HTTP/1.1" 503 23918 "-" "Jetpack by WordPress.com (Jetpack 12.0; WordPress 6.4)"
202.141.42.204 - - [20/Jul/2026:13:59:33 +0200] "POST /xmlrpc.php HTTP/1.1" 503 23918 "-" "Jetpack by WordPress.com (Jetpack 12.0; WordPress 6.3)"
202.141.42.204 - - [20/Jul/2026:13:59:43 +0200] "POST /xmlrpc.php HTTP/1.1" 503 23918 "-" "Jetpack by WordPress.com (Jetpack 13.0; WordPress 6.2)"
202.141.42.204 - - [20/Jul/2026:13:59:54 +0200] "POST /xmlrpc.php HTTP/1.1" 503 23918 "-" "Jetpack by WordPress.com (Jetpack 13.0; WordPress 6.1)"
202.141.42.204 - - [20/Jul/2026:14:00:05 +0200] "POST /xmlrpc.php HTTP/1.1" 503 23918 "-" "Jetpack/13.0; WordPress/6.2; http://site72660068.com"
202.141.42.204 - - [20/Jul/2026:14:00:15 +0200] "POST /xmlrpc.php HTTP/1.1" 503 23918 "-" "Jetpack by WordPress.com (Jetpack 12.1; WordPress 6.2)"
202.141.42.204 - - [20/Jul/2026:14:00:26 +0200] "POST /xmlrpc.php HTTP/1.1" 503 23918 "-" "WordPress.com; https://wordpress.com"
202.141.42.204 - - [20/Jul/2026:14:00:37 +0200] "POST /xmlrpc.php HTTP/1.1" 503 23918 "-" "Jetpack by WordPress.com (Jetpack 13.0; WordPress 6.2)"
202.141.42.204 - - [20/Jul/2026:14:00:47 +0200] "POST /xmlrpc.php HTTP/1.1" 503 13474 "-" "Jetpack by WordPress.com (Jetpack 12.5; WordPress 6.4)"
202.141.42.204 - - [20/Jul/2026:14:00:59 +0200] "POST /xmlrpc.php HTTP/1.1" 503 23918 "-" "Jetpack/12.0; WordPress/6.1; http://site21899050.com"
202.141.42.204 - - [20/Jul/2026:14:01:09 +0200] "POST /xmlrpc.php HTTP/1.1" 503 23918 "-" "Jetpack by WordPress.com (Jetpack 12.1; WordPress 6.2)"
202.141.42.204 - - [20/Jul/2026:14:01:19 +0200] "POST /xmlrpc.php HTTP/1.1" 503 13474 "-" "Jetpack by WordPress.com (Jetpack 12.5; WordPress 6.1)"
202.141.42.204 - - [20/Jul/2026:14:01:31 +0200] "POST /xmlrpc.php HTTP/1.1" 503 23918 "-" "Jetpack by WordPress.com"
2001:1690:2:4::1:118 - - [20/Jul/2026:14:01:41 +0200] "POST /wp-cron.php?doing_wp_cron=1784548901.5509779453277587890625 HTTP/1.1" 200 5532 "-" "WordPress/6.9.5; https://cso-deprinsenhof.nl"
2001:1690:2:4::1:118 - - [20/Jul/2026:14:01:41 +0200] "POST /?wordfence_syncAttackData=1784548901.252 HTTP/1.1" 200 5474 "-" "WordPress/6.9.5; https://cso-deprinsenhof.nl"
202.141.42.204 - - [20/Jul/2026:14:01:41 +0200] "POST /xmlrpc.php HTTP/1.1" 200 6066 "-" "WordPress.com; https://wordpress.com"
202.141.42.204 - - [20/Jul/2026:14:01:51 +0200] "POST /xmlrpc.php HTTP/1.1" 200 6066 "-" "Jetpack/13.0; WordPress/6.4; http://site69638447.com"
202.141.42.204 - - [20/Jul/2026:14:02:02 +0200] "POST /xmlrpc.php HTTP/1.1" 200 6066 "-" "Jetpack by WordPress.com"
2001:1690:2:4::1:118 - - [20/Jul/2026:14:02:13 +0200] "POST /wp-cron.php?doing_wp_cron=1784548933.6313838958740234375000 HTTP/1.1" 200 5532 "-" "WordPress/6.9.5; https://cso-deprinsenhof.nl"
202.141.42.204 - - [20/Jul/2026:14:02:12 +0200] "POST /xmlrpc.php HTTP/1.1" 503 24988 "-" "WordPress.com; https://wordpress.com"
202.141.42.204 - - [20/Jul/2026:14:02:23 +0200] "POST /xmlrpc.php HTTP/1.1" 503 23918 "-" "Jetpack by WordPress.com (Jetpack 12.0; WordPress 6.4)"
202.141.42.204 - - [20/Jul/2026:14:02:34 +0200] "POST /xmlrpc.php HTTP/1.1" 503 23918 "-" "Jetpack by WordPress.com (Jetpack 12.1; WordPress 6.3)"
202.141.42.204 - - [20/Jul/2026:14:02:44 +0200] "POST /xmlrpc.php HTTP/1.1" 503 23918 "-" "Jetpack by WordPress.com"
202.141.42.204 - - [20/Jul/2026:14:02:55 +0200] "POST /xmlrpc.php HTTP/1.1" 503 23918 "-" "Jetpack by WordPress.com (Jetpack 12.5; WordPress 6.2)"
202.141.42.204 - - [20/Jul/2026:14:03:05 +0200] "POST /xmlrpc.php HTTP/1.1" 503 23918 "-" "Jetpack by WordPress.com"
202.141.42.204 - - [20/Jul/2026:14:03:16 +0200] "POST /xmlrpc.php HTTP/1.1" 503 23918 "-" "WordPress.com; https://wordpress.com"
202.141.42.204 - - [20/Jul/2026:14:03:27 +0200] "POST /xmlrpc.php HTTP/1.1" 503 23918 "-" "Jetpack by WordPress.com (Jetpack 13.0; WordPress 6.4)"
202.141.42.204 - - [20/Jul/2026:14:03:37 +0200] "POST /xmlrpc.php HTTP/1.1" 503 23918 "-" "Jetpack/12.1; WordPress/6.3; http://site56779317.com"
202.141.42.204 - - [20/Jul/2026:14:03:48 +0200] "POST /xmlrpc.php HTTP/1.1" 503 23918 "-" "WordPress.com; https://wordpress.com"
202.141.42.204 - - [20/Jul/2026:14:03:58 +0200] "POST /xmlrpc.php HTTP/1.1" 503 23918 "-" "Jetpack by WordPress.com"
202.141.42.204 - - [20/Jul/2026:14:04:09 +0200] "POST /xmlrpc.php HTTP/1.1" 503 23918 "-" "Jetpack by WordPress.com (Jetpack 12.1; WordPress 6.3)"
202.141.42.204 - - [20/Jul/2026:14:04:19 +0200] "POST /xmlrpc.php HTTP/1.1" 503 23918 "-" "Jetpack/12.0; WordPress/6.1; http://site46360678.com"
2001:1690:2:4::1:118 - - [20/Jul/2026:14:04:26 +0200] "POST /wp-cron.php?doing_wp_cron=1784549066.8020889759063720703125 HTTP/1.1" 200 5532 "-" "WordPress/6.9.5; https://cso-deprinsenhof.nl"
2001:1690:2:4::1:118 - - [20/Jul/2026:14:04:26 +0200] "POST /?wordfence_syncAttackData=1784549066.6069 HTTP/1.1" 200 5474 "-" "WordPress/6.9.5; https://cso-deprinsenhof.nl"
216.244.66.233 - - [20/Jul/2026:14:04:26 +0200] "GET /robots.txt HTTP/1.1" 301 5530 "-" "Mozilla/5.0 (compatible; DotBot/1.2; +https://opensiteexplorer.org/dotbot; help@moz.com)"
216.244.66.233 - - [20/Jul/2026:14:04:28 +0200] "GET /robots.txt HTTP/1.1" 200 5740 "-" "Mozilla/5.0 (compatible; DotBot/1.2; +https://opensiteexplorer.org/dotbot; help@moz.com)"
202.141.42.204 - - [20/Jul/2026:14:04:30 +0200] "POST /xmlrpc.php HTTP/1.1" 503 23918 "-" "WordPress.com; https://wordpress.com"
202.141.42.204 - - [20/Jul/2026:14:04:41 +0200] "POST /xmlrpc.php HTTP/1.1" 503 23918 "-" "Jetpack by WordPress.com"
202.141.42.204 - - [20/Jul/2026:14:04:51 +0200] "POST /xmlrpc.php HTTP/1.1" 503 23918 "-" "Jetpack/12.1; WordPress/6.2; http://site16840089.com"
202.141.42.204 - - [20/Jul/2026:14:05:02 +0200] "POST /xmlrpc.php HTTP/1.1" 503 23918 "-" "Jetpack by WordPress.com (Jetpack 13.0; WordPress 6.3)"
202.141.42.204 - - [20/Jul/2026:14:05:12 +0200] "POST /xmlrpc.php HTTP/1.1" 503 23918 "-" "Jetpack by WordPress.com"
202.141.42.204 - - [20/Jul/2026:14:05:23 +0200] "POST /xmlrpc.php HTTP/1.1" 503 23918 "-" "WordPress.com; https://wordpress.com"
202.141.42.204 - - [20/Jul/2026:14:05:33 +0200] "POST /xmlrpc.php HTTP/1.1" 503 23918 "-" "WordPress.com; https://wordpress.com"
202.141.42.204 - - [20/Jul/2026:14:05:44 +0200] "POST /xmlrpc.php HTTP/1.1" 503 23918 "-" "Jetpack by WordPress.com (Jetpack 12.5; WordPress 6.1)"
202.141.42.204 - - [20/Jul/2026:14:05:55 +0200] "POST /xmlrpc.php HTTP/1.1" 503 23918 "-" "WordPress.com; https://wordpress.com"
202.141.42.204 - - [20/Jul/2026:14:06:05 +0200] "POST /xmlrpc.php HTTP/1.1" 503 23918 "-" "WordPress.com; https://wordpress.com"
202.141.42.204 - - [20/Jul/2026:14:06:16 +0200] "POST /xmlrpc.php HTTP/1.1" 503 23918 "-" "WordPress.com; https://wordpress.com"
202.141.42.204 - - [20/Jul/2026:14:06:26 +0200] "POST /xmlrpc.php HTTP/1.1" 503 23918 "-" "Jetpack by WordPress.com"
202.141.42.204 - - [20/Jul/2026:14:06:37 +0200] "POST /xmlrpc.php HTTP/1.1" 503 23918 "-" "Jetpack by WordPress.com"
202.141.42.204 - - [20/Jul/2026:14:06:48 +0200] "POST /xmlrpc.php HTTP/1.1" 503 23918 "-" "Jetpack by WordPress.com (Jetpack 12.5; WordPress 6.4)"
202.141.42.204 - - [20/Jul/2026:14:06:58 +0200] "POST /xmlrpc.php HTTP/1.1" 503 23918 "-" "WordPress.com; https://wordpress.com"
202.141.42.204 - - [20/Jul/2026:14:07:09 +0200] "POST /xmlrpc.php HTTP/1.1" 503 23918 "-" "Jetpack by WordPress.com (Jetpack 13.0; WordPress 6.2)"
202.141.42.204 - - [20/Jul/2026:14:07:19 +0200] "POST /xmlrpc.php HTTP/1.1" 503 23918 "-" "Jetpack by WordPress.com (Jetpack 12.1; WordPress 6.4)"
202.141.42.204 - - [20/Jul/2026:14:07:30 +0200] "POST /xmlrpc.php HTTP/1.1" 503 23918 "-" "WordPress.com; https://wordpress.com"
202.141.42.204 - - [20/Jul/2026:14:07:40 +0200] "POST /xmlrpc.php HTTP/1.1" 503 23918 "-" "Jetpack/12.1; WordPress/6.3; http://site35482577.com"
202.141.42.204 - - [20/Jul/2026:14:07:51 +0200] "POST /xmlrpc.php HTTP/1.1" 503 23918 "-" "WordPress.com; https://wordpress.com"
2001:1690:2:4::1:118 - - [20/Jul/2026:14:08:44 +0200] "POST /wp-cron.php?doing_wp_cron=1784549324.3391339778900146484375 HTTP/1.1" 200 5532 "-" "WordPress/6.9.5; https://cso-deprinsenhof.nl"
2001:1690:2:4::1:118 - - [20/Jul/2026:14:08:44 +0200] "POST /?wordfence_syncAttackData=1784549324.1103 HTTP/1.1" 200 5474 "-" "WordPress/6.9.5; https://cso-deprinsenhof.nl"
216.244.66.233 - - [20/Jul/2026:14:08:43 +0200] "GET /resize/800/600/media/photoalbums/55/img9113.JPG HTTP/1.1" 301 5679 "-" "Mozilla/5.0 (compatible; DotBot/1.2; +https://opensiteexplorer.org/dotbot; help@moz.com)"
2001:1690:2:4::1:118 - - [20/Jul/2026:14:09:30 +0200] "POST /wp-cron.php?doing_wp_cron=1784549370.0080070495605468750000 HTTP/1.1" 200 5532 "-" "WordPress/6.9.5; https://cso-deprinsenhof.nl"
2806:10a6:10:92b3:e6f7:e516:2ad2:9db7 - - [20/Jul/2026:14:09:29 +0200] "GET /robots.txt HTTP/1.1" 200 5770 "-" "Mozilla/5.0 (Macintosh; Intel Mac OS X 10_15_7) AppleWebKit/537.36 (KHTML, like Gecko) Chrome/133.0.0.0 Safari/537.36"
2806:2f0:5500:f1e2:f1a6:8431:c2ae:6dd6 - - [20/Jul/2026:14:09:33 +0200] "GET /contact/ HTTP/1.1" 200 85589 "-" "Mozilla/5.0 (Macintosh; Intel Mac OS X 10_15_7) AppleWebKit/537.36 (KHTML, like Gecko) Chrome/133.0.0.0 Safari/537.36"
114.119.152.221 - - [20/Jul/2026:14:10:20 +0200] "GET /robots.txt HTTP/1.1" 301 5530 "https://www.cso-deprinsenhof.nl/robots.txt" "Mozilla/5.0 (compatible;PetalBot;+https://webmaster.petalsearch.com/site/petalbot)"
114.119.152.221 - - [20/Jul/2026:14:10:20 +0200] "GET /robots.txt HTTP/1.1" 200 5740 "https://www.cso-deprinsenhof.nl/robots.txt" "Mozilla/5.0 (compatible;PetalBot;+https://webmaster.petalsearch.com/site/petalbot)"
62.60.130.228 - - [20/Jul/2026:14:10:25 +0200] "GET / HTTP/1.1" 200 128070 "-" "Mozilla/5.0 (Windows NT 10.0; Win64; x64) AppleWebKit/537.36 (KHTML, like Gecko) Chrome/120.0.0.0 Safari/537.36"
2001:1690:2:4::1:118 - - [20/Jul/2026:14:18:43 +0200] "POST /wp-cron.php?doing_wp_cron=1784549923.3511919975280761718750 HTTP/1.1" 200 5532 "-" "WordPress/6.9.5; https://cso-deprinsenhof.nl"
51.195.183.40 - - [20/Jul/2026:14:18:43 +0200] "GET /sitemap_index.xml HTTP/1.1" 200 6042 "-" "Mozilla/5.0 (compatible; AhrefsBot/7.0; +http://ahrefs.com/robot/)"
198.244.183.101 - - [20/Jul/2026:14:18:45 +0200] "GET /page-sitemap.xml HTTP/1.1" 200 12155 "-" "Mozilla/5.0 (compatible; AhrefsBot/7.0; +http://ahrefs.com/robot/)"
51.89.129.13 - - [20/Jul/2026:14:18:46 +0200] "GET /fusion_tb_category-sitemap.xml HTTP/1.1" 200 6640 "-" "Mozilla/5.0 (compatible; AhrefsBot/7.0; +http://ahrefs.com/robot/)"
2001:1690:2:4::1:118 - - [20/Jul/2026:14:21:41 +0200] "GET /wp-content/uploads/2025/07/boog-onder.svg HTTP/1.1" 200 6041 "-" "-"
118.24.135.34 - - [20/Jul/2026:14:21:41 +0200] "GET / HTTP/1.1" 200 128274 "http://cso-deprinsenhof.nl" "Mozilla/5.0 (iPhone; CPU iPhone OS 13_2_3 like Mac OS X) AppleWebKit/605.1.15 (KHTML, like Gecko) Version/13.0.3 Mobile/15E148 Safari/604.1"
74.7.244.57 - - [20/Jul/2026:14:23:29 +0200] "GET /robots.txt HTTP/1.1" 301 5530 "-" "Mozilla/5.0 (Macintosh; Intel Mac OS X 10_15_7) AppleWebKit/537.36 (KHTML, like Gecko) Chrome/131.0.0.0 Safari/537.36; compatible; OAI-SearchBot/1.4; robots.txt; +https://openai.com/searchbot"
