209.50.180.251 - - [20/Jul/2026:06:00:49 +0200] "POST /xmlrpc.php HTTP/1.1" 503 24986 "https://www.bing.com/" "Mozilla/5.0 (Macintosh; Intel Mac OS X 10_15_7) AppleWebKit/605.1.15 (KHTML, like Gecko) Version/17.0 Safari/605.1.15"
104.207.52.80 - - [20/Jul/2026:06:00:50 +0200] "POST /xmlrpc.php HTTP/1.1" 503 24986 "-" "Mozilla/5.0 (X11; Ubuntu; Linux x86_64; rv:121.0) Gecko/20100101 Firefox/121.0"
104.207.51.235 - - [20/Jul/2026:06:00:50 +0200] "POST /xmlrpc.php HTTP/1.1" 503 24986 "-" "Mozilla/5.0 (Macintosh; Intel Mac OS X 13_6_1; rv:121.0) Gecko/20100101 Firefox/121.0"
209.50.180.87 - - [20/Jul/2026:06:00:51 +0200] "POST /xmlrpc.php HTTP/1.1" 503 24986 "https://www.facebook.com/" "Mozilla/5.0 (Macintosh; Intel Mac OS X 10_15_7) AppleWebKit/605.1.15 (KHTML, like Gecko) Version/17.1 Safari/605.1.15"
65.111.23.66 - - [20/Jul/2026:06:00:52 +0200] "POST /xmlrpc.php HTTP/1.1" 503 24986 "https://www.bing.com/" "Mozilla/5.0 (Macintosh; Intel Mac OS X 10_15_7) AppleWebKit/605.1.15 (KHTML, like Gecko) Version/17.2 Safari/605.1.15"
45.3.42.116 - - [20/Jul/2026:06:00:52 +0200] "POST /xmlrpc.php HTTP/1.1" 200 28394 "https://www.google.com/" "Mozilla/5.0 (Macintosh; Intel Mac OS X 13_6_1; rv:119.0) Gecko/20100101 Firefox/119.0"
216.26.244.93 - - [20/Jul/2026:06:00:53 +0200] "POST /xmlrpc.php HTTP/1.1" 503 24986 "https://www.bing.com/" "Mozilla/5.0 (Macintosh; Intel Mac OS X 13_6_1) AppleWebKit/605.1.15 (KHTML, like Gecko) Version/16.6 Safari/605.1.15"
192.71.126.207 - - [20/Jul/2026:06:01:32 +0200] "GET / HTTP/1.1" 200 128070 "http://cso-deprinsenhof.nl/" "Mozilla/5.0 (Linux; U; Android 13; sk-sk; Xiaomi 11T Pro Build/TKQ1.220829.002) AppleWebKit/537.36 (KHTML, like Gecko) Version/4.0 Chrome/112.0.5615.136 Mobile Safari/537.36 XiaoMi/MiuiBrowser/14.4.0-g"
2001:1690:2:4::1:118 - - [20/Jul/2026:06:01:32 +0200] "GET /wp-content/uploads/2025/07/boog-onder.svg HTTP/1.1" 200 6041 "-" "-"
192.71.2.119 - - [20/Jul/2026:06:01:32 +0200] "GET /onze-school/vakanties-en-vrije-dagen/ HTTP/1.1" 200 95738 "-" "Mozilla/5.0 (Linux; U; Android 13; sk-sk; Xiaomi 11T Pro Build/TKQ1.220829.002) AppleWebKit/537.36 (KHTML, like Gecko) Version/4.0 Chrome/112.0.5615.136 Mobile Safari/537.36 XiaoMi/MiuiBrowser/14.4.0-g"
192.71.142.232 - - [20/Jul/2026:06:01:32 +0200] "GET /ouders-verzorgers/aanvragen-extra-verlof/ HTTP/1.1" 200 92309 "-" "Mozilla/5.0 (Linux; U; Android 13; sk-sk; Xiaomi 11T Pro Build/TKQ1.220829.002) AppleWebKit/537.36 (KHTML, like Gecko) Version/4.0 Chrome/112.0.5615.136 Mobile Safari/537.36 XiaoMi/MiuiBrowser/14.4.0-g"
192.71.12.10 - - [20/Jul/2026:06:01:33 +0200] "GET /ouders-verzorgers/klachtenprocedure/ HTTP/1.1" 200 91318 "-" "Mozilla/5.0 (Linux; U; Android 13; sk-sk; Xiaomi 11T Pro Build/TKQ1.220829.002) AppleWebKit/537.36 (KHTML, like Gecko) Version/4.0 Chrome/112.0.5615.136 Mobile Safari/537.36 XiaoMi/MiuiBrowser/14.4.0-g"
2001:1690:2:4::1:118 - - [20/Jul/2026:06:06:46 +0200] "POST /wp-cron.php?doing_wp_cron=1784520406.6660170555114746093750 HTTP/1.1" 200 5532 "-" "WordPress/6.9.5; https://cso-deprinsenhof.nl"
91.212.174.124 - - [20/Jul/2026:06:06:46 +0200] "GET /wp-login.php HTTP/1.1" 200 16807 "-" "Mozilla/5.0 (Windows NT 10.0; WOW64) AppleWebKit/537.36 (KHTML, like Gecko) Chrome/147.0.0.0 Safari/537.36"
91.212.174.124 - - [20/Jul/2026:06:06:47 +0200] "POST /wp-login.php HTTP/1.1" 503 25023 "https://cso-deprinsenhof.nl/wp-login.php" "Mozilla/5.0 (Windows NT 10.0; WOW64) AppleWebKit/537.36 (KHTML, like Gecko) Chrome/147.0.0.0 Safari/537.36"
2001:1690:2:4::1:118 - - [20/Jul/2026:06:09:56 +0200] "POST /wp-cron.php?doing_wp_cron=1784520596.0275399684906005859375 HTTP/1.1" 200 5532 "-" "WordPress/6.9.5; https://cso-deprinsenhof.nl"
2404:ba00:fc04:15c4:8410:d937:693c:38a5 - - [20/Jul/2026:06:09:55 +0200] "POST /xmlrpc.php HTTP/1.1" 503 24986 "-" "Jetpack by WordPress.com (Jetpack 12.5; WordPress 6.1)"
2404:ba00:fc04:15c4:8410:d937:693c:38a5 - - [20/Jul/2026:06:10:05 +0200] "POST /xmlrpc.php HTTP/1.1" 503 23911 "-" "WordPress.com; https://wordpress.com"
2404:ba00:fc04:15c4:8410:d937:693c:38a5 - - [20/Jul/2026:06:10:15 +0200] "POST /xmlrpc.php HTTP/1.1" 503 23911 "-" "Jetpack/13.0; WordPress/6.3; http://site60689765.com"
2404:ba00:fc04:15c4:8410:d937:693c:38a5 - - [20/Jul/2026:06:10:26 +0200] "POST /xmlrpc.php HTTP/1.1" 503 23911 "-" "WordPress.com; https://wordpress.com"
2404:ba00:fc04:15c4:8410:d937:693c:38a5 - - [20/Jul/2026:06:10:36 +0200] "POST /xmlrpc.php HTTP/1.1" 503 23911 "-" "Jetpack/13.0; WordPress/6.2; http://site92506264.com"
2404:ba00:fc04:15c4:8410:d937:693c:38a5 - - [20/Jul/2026:06:10:47 +0200] "POST /xmlrpc.php HTTP/1.1" 503 23911 "-" "WordPress.com; https://wordpress.com"
2404:ba00:fc04:15c4:8410:d937:693c:38a5 - - [20/Jul/2026:06:10:58 +0200] "POST /xmlrpc.php HTTP/1.1" 503 23911 "-" "Jetpack by WordPress.com"
2404:ba00:fc04:15c4:8410:d937:693c:38a5 - - [20/Jul/2026:06:11:09 +0200] "POST /xmlrpc.php HTTP/1.1" 503 23911 "-" "Jetpack/12.5; WordPress/6.4; http://site51232553.com"
2404:ba00:fc04:15c4:8410:d937:693c:38a5 - - [20/Jul/2026:06:11:19 +0200] "POST /xmlrpc.php HTTP/1.1" 503 23911 "-" "WordPress.com; https://wordpress.com"
2404:ba00:fc04:15c4:8410:d937:693c:38a5 - - [20/Jul/2026:06:11:30 +0200] "POST /xmlrpc.php HTTP/1.1" 503 23911 "-" "Jetpack by WordPress.com"
2404:ba00:fc04:15c4:8410:d937:693c:38a5 - - [20/Jul/2026:06:11:40 +0200] "POST /xmlrpc.php HTTP/1.1" 503 23911 "-" "Jetpack by WordPress.com (Jetpack 13.0; WordPress 6.4)"
2404:ba00:fc04:15c4:8410:d937:693c:38a5 - - [20/Jul/2026:06:11:51 +0200] "POST /xmlrpc.php HTTP/1.1" 503 23911 "-" "Jetpack by WordPress.com (Jetpack 12.1; WordPress 6.1)"
2404:ba00:fc04:15c4:8410:d937:693c:38a5 - - [20/Jul/2026:06:12:02 +0200] "POST /xmlrpc.php HTTP/1.1" 503 23911 "-" "Jetpack/12.1; WordPress/6.4; http://site88699602.com"
2404:ba00:fc04:15c4:8410:d937:693c:38a5 - - [20/Jul/2026:06:12:12 +0200] "POST /xmlrpc.php HTTP/1.1" 503 23911 "-" "Jetpack by WordPress.com (Jetpack 12.1; WordPress 6.3)"
2404:ba00:fc04:15c4:8410:d937:693c:38a5 - - [20/Jul/2026:06:12:23 +0200] "POST /xmlrpc.php HTTP/1.1" 503 23911 "-" "Jetpack by WordPress.com"
2404:ba00:fc04:15c4:8410:d937:693c:38a5 - - [20/Jul/2026:06:12:34 +0200] "POST /xmlrpc.php HTTP/1.1" 503 23911 "-" "Jetpack by WordPress.com"
2404:ba00:fc04:15c4:8410:d937:693c:38a5 - - [20/Jul/2026:06:12:44 +0200] "POST /xmlrpc.php HTTP/1.1" 503 23911 "-" "Jetpack by WordPress.com (Jetpack 13.0; WordPress 6.1)"
2404:ba00:fc04:15c4:8410:d937:693c:38a5 - - [20/Jul/2026:06:12:55 +0200] "POST /xmlrpc.php HTTP/1.1" 503 23911 "-" "WordPress.com; https://wordpress.com"
2404:ba00:fc04:15c4:8410:d937:693c:38a5 - - [20/Jul/2026:06:13:06 +0200] "POST /xmlrpc.php HTTP/1.1" 503 23911 "-" "Jetpack/12.0; WordPress/6.1; http://site73754195.com"
2404:ba00:fc04:15c4:8410:d937:693c:38a5 - - [20/Jul/2026:06:13:16 +0200] "POST /xmlrpc.php HTTP/1.1" 503 23911 "-" "Jetpack by WordPress.com (Jetpack 12.5; WordPress 6.2)"
2404:ba00:fc04:15c4:8410:d937:693c:38a5 - - [20/Jul/2026:06:13:27 +0200] "POST /xmlrpc.php HTTP/1.1" 503 23911 "-" "WordPress.com; https://wordpress.com"
2404:ba00:fc04:15c4:8410:d937:693c:38a5 - - [20/Jul/2026:06:13:38 +0200] "POST /xmlrpc.php HTTP/1.1" 503 23911 "-" "Jetpack by WordPress.com (Jetpack 13.0; WordPress 6.1)"
2404:ba00:fc04:15c4:8410:d937:693c:38a5 - - [20/Jul/2026:06:13:48 +0200] "POST /xmlrpc.php HTTP/1.1" 503 23911 "-" "Jetpack by WordPress.com"
2404:ba00:fc04:15c4:8410:d937:693c:38a5 - - [20/Jul/2026:06:13:59 +0200] "POST /xmlrpc.php HTTP/1.1" 503 23911 "-" "WordPress.com; https://wordpress.com"
2001:1690:2:4::1:118 - - [20/Jul/2026:06:14:08 +0200] "POST /wp-cron.php?doing_wp_cron=1784520848.2982389926910400390625 HTTP/1.1" 200 5532 "-" "WordPress/6.9.5; https://cso-deprinsenhof.nl"
2001:1690:2:4::1:118 - - [20/Jul/2026:06:14:08 +0200] "POST /?wordfence_syncAttackData=1784520848.1055 HTTP/1.1" 200 5474 "-" "WordPress/6.9.5; https://cso-deprinsenhof.nl"
216.244.66.233 - - [20/Jul/2026:06:14:08 +0200] "GET /robots.txt HTTP/1.1" 301 5530 "-" "Mozilla/5.0 (compatible; DotBot/1.2; +https://opensiteexplorer.org/dotbot; help@moz.com)"
216.244.66.233 - - [20/Jul/2026:06:14:09 +0200] "GET /robots.txt HTTP/1.1" 200 5740 "-" "Mozilla/5.0 (compatible; DotBot/1.2; +https://opensiteexplorer.org/dotbot; help@moz.com)"
2404:ba00:fc04:15c4:8410:d937:693c:38a5 - - [20/Jul/2026:06:14:10 +0200] "POST /xmlrpc.php HTTP/1.1" 503 23911 "-" "Jetpack/13.0; WordPress/6.3; http://site71307781.com"
2404:ba00:fc04:15c4:8410:d937:693c:38a5 - - [20/Jul/2026:06:14:20 +0200] "POST /xmlrpc.php HTTP/1.1" 503 23911 "-" "Jetpack by WordPress.com"
2404:ba00:fc04:15c4:8410:d937:693c:38a5 - - [20/Jul/2026:06:14:31 +0200] "POST /xmlrpc.php HTTP/1.1" 503 23911 "-" "Jetpack/13.0; WordPress/6.3; http://site96130696.com"
2404:ba00:fc04:15c4:8410:d937:693c:38a5 - - [20/Jul/2026:06:14:41 +0200] "POST /xmlrpc.php HTTP/1.1" 503 23911 "-" "Jetpack/13.0; WordPress/6.2; http://site49894434.com"
2404:ba00:fc04:15c4:8410:d937:693c:38a5 - - [20/Jul/2026:06:14:52 +0200] "POST /xmlrpc.php HTTP/1.1" 503 23911 "-" "WordPress.com; https://wordpress.com"
2404:ba00:fc04:15c4:8410:d937:693c:38a5 - - [20/Jul/2026:06:15:03 +0200] "POST /xmlrpc.php HTTP/1.1" 503 23911 "-" "Jetpack/12.5; WordPress/6.2; http://site61220776.com"
2404:ba00:fc04:15c4:8410:d937:693c:38a5 - - [20/Jul/2026:06:15:13 +0200] "POST /xmlrpc.php HTTP/1.1" 503 23911 "-" "Jetpack by WordPress.com"
2404:ba00:fc04:15c4:8410:d937:693c:38a5 - - [20/Jul/2026:06:15:24 +0200] "POST /xmlrpc.php HTTP/1.1" 503 23911 "-" "Jetpack by WordPress.com (Jetpack 13.0; WordPress 6.4)"
2404:ba00:fc04:15c4:8410:d937:693c:38a5 - - [20/Jul/2026:06:15:35 +0200] "POST /xmlrpc.php HTTP/1.1" 503 23911 "-" "Jetpack/13.0; WordPress/6.3; http://site14304768.com"
2404:ba00:fc04:15c4:8410:d937:693c:38a5 - - [20/Jul/2026:06:15:45 +0200] "POST /xmlrpc.php HTTP/1.1" 503 23911 "-" "WordPress.com; https://wordpress.com"
2404:ba00:fc04:15c4:8410:d937:693c:38a5 - - [20/Jul/2026:06:15:56 +0200] "POST /xmlrpc.php HTTP/1.1" 503 23911 "-" "Jetpack/12.0; WordPress/6.4; http://site43536785.com"
2404:ba00:fc04:15c4:8410:d937:693c:38a5 - - [20/Jul/2026:06:16:07 +0200] "POST /xmlrpc.php HTTP/1.1" 503 23911 "-" "Jetpack by WordPress.com"
2404:ba00:fc04:15c4:8410:d937:693c:38a5 - - [20/Jul/2026:06:16:17 +0200] "POST /xmlrpc.php HTTP/1.1" 503 23911 "-" "Jetpack by WordPress.com (Jetpack 13.0; WordPress 6.1)"
2404:ba00:fc04:15c4:8410:d937:693c:38a5 - - [20/Jul/2026:06:16:28 +0200] "POST /xmlrpc.php HTTP/1.1" 503 23911 "-" "Jetpack by WordPress.com"
2404:ba00:fc04:15c4:8410:d937:693c:38a5 - - [20/Jul/2026:06:16:39 +0200] "POST /xmlrpc.php HTTP/1.1" 503 23911 "-" "WordPress.com; https://wordpress.com"
2404:ba00:fc04:15c4:8410:d937:693c:38a5 - - [20/Jul/2026:06:16:49 +0200] "POST /xmlrpc.php HTTP/1.1" 503 23911 "-" "Jetpack by WordPress.com (Jetpack 12.1; WordPress 6.2)"
2404:ba00:fc04:15c4:8410:d937:693c:38a5 - - [20/Jul/2026:06:17:00 +0200] "POST /xmlrpc.php HTTP/1.1" 503 23911 "-" "WordPress.com; https://wordpress.com"
2404:ba00:fc04:15c4:8410:d937:693c:38a5 - - [20/Jul/2026:06:17:11 +0200] "POST /xmlrpc.php HTTP/1.1" 503 23911 "-" "WordPress.com; https://wordpress.com"
2404:ba00:fc04:15c4:8410:d937:693c:38a5 - - [20/Jul/2026:06:17:21 +0200] "POST /xmlrpc.php HTTP/1.1" 503 23911 "-" "Jetpack by WordPress.com (Jetpack 13.0; WordPress 6.3)"
2404:ba00:fc04:15c4:8410:d937:693c:38a5 - - [20/Jul/2026:06:17:32 +0200] "POST /xmlrpc.php HTTP/1.1" 503 23911 "-" "WordPress.com; https://wordpress.com"
2001:1690:2:4::1:118 - - [20/Jul/2026:06:17:38 +0200] "POST /wp-cron.php?doing_wp_cron=1784521058.5784029960632324218750 HTTP/1.1" 200 5532 "-" "WordPress/6.9.5; https://cso-deprinsenhof.nl"
2001:1690:2:4::1:118 - - [20/Jul/2026:06:17:38 +0200] "POST /?wordfence_syncAttackData=1784521058.366 HTTP/1.1" 200 5474 "-" "WordPress/6.9.5; https://cso-deprinsenhof.nl"
216.244.66.233 - - [20/Jul/2026:06:17:38 +0200] "GET /nieuwsbrieven/5d1c5a310e5c815_Nieuwsbrief_1_juli_2019.pdf HTTP/1.1" 301 5689 "-" "Mozilla/5.0 (compatible; DotBot/1.2; +https://opensiteexplorer.org/dotbot; help@moz.com)"
2404:ba00:fc04:15c4:8410:d937:693c:38a5 - - [20/Jul/2026:06:17:43 +0200] "POST /xmlrpc.php HTTP/1.1" 503 23911 "-" "Jetpack by WordPress.com (Jetpack 12.1; WordPress 6.1)"
2404:ba00:fc04:15c4:8410:d937:693c:38a5 - - [20/Jul/2026:06:17:54 +0200] "POST /xmlrpc.php HTTP/1.1" 503 23911 "-" "WordPress.com; https://wordpress.com"
2001:1690:2:4::1:118 - - [20/Jul/2026:06:18:03 +0200] "POST /?wordfence_syncAttackData=1784521083.3527 HTTP/1.1" 200 5474 "-" "WordPress/6.9.5; https://cso-deprinsenhof.nl"
216.244.66.233 - - [20/Jul/2026:06:18:03 +0200] "GET /nieuwsbrieven/5e622fb7d41397._Nieuwsbrief_6_maart_2020.pdf HTTP/1.1" 301 5690 "-" "Mozilla/5.0 (compatible; DotBot/1.2; +https://opensiteexplorer.org/dotbot; help@moz.com)"
2404:ba00:fc04:15c4:8410:d937:693c:38a5 - - [20/Jul/2026:06:18:04 +0200] "POST /xmlrpc.php HTTP/1.1" 503 23911 "-" "Jetpack by WordPress.com"
2404:ba00:fc04:15c4:8410:d937:693c:38a5 - - [20/Jul/2026:06:18:15 +0200] "POST /xmlrpc.php HTTP/1.1" 503 23911 "-" "WordPress.com; https://wordpress.com"
2001:1690:2:4::1:118 - - [20/Jul/2026:06:18:18 +0200] "POST /?wordfence_syncAttackData=1784521098.3292 HTTP/1.1" 200 5474 "-" "WordPress/6.9.5; https://cso-deprinsenhof.nl"
51.89.129.67 - - [20/Jul/2026:06:18:18 +0200] "GET /sitemap_index.xml HTTP/1.1" 200 6042 "-" "Mozilla/5.0 (compatible; AhrefsBot/7.0; +http://ahrefs.com/robot/)"
198.244.183.83 - - [20/Jul/2026:06:18:20 +0200] "GET /page-sitemap.xml HTTP/1.1" 200 12155 "-" "Mozilla/5.0 (compatible; AhrefsBot/7.0; +http://ahrefs.com/robot/)"
54.38.147.227 - - [20/Jul/2026:06:18:21 +0200] "GET /fusion_tb_category-sitemap.xml HTTP/1.1" 200 6640 "-" "Mozilla/5.0 (compatible; AhrefsBot/7.0; +http://ahrefs.com/robot/)"
2404:ba00:fc04:15c4:8410:d937:693c:38a5 - - [20/Jul/2026:06:18:25 +0200] "POST /xmlrpc.php HTTP/1.1" 503 23911 "-" "Jetpack/12.1; WordPress/6.2; http://site62957475.com"
2404:ba00:fc04:15c4:8410:d937:693c:38a5 - - [20/Jul/2026:06:18:36 +0200] "POST /xmlrpc.php HTTP/1.1" 503 23911 "-" "WordPress.com; https://wordpress.com"
2404:ba00:fc04:15c4:8410:d937:693c:38a5 - - [20/Jul/2026:06:18:47 +0200] "POST /xmlrpc.php HTTP/1.1" 503 23911 "-" "WordPress.com; https://wordpress.com"
2404:ba00:fc04:15c4:8410:d937:693c:38a5 - - [20/Jul/2026:06:18:57 +0200] "POST /xmlrpc.php HTTP/1.1" 503 23911 "-" "WordPress.com; https://wordpress.com"
2404:ba00:fc04:15c4:8410:d937:693c:38a5 - - [20/Jul/2026:06:19:08 +0200] "POST /xmlrpc.php HTTP/1.1" 503 23911 "-" "WordPress.com; https://wordpress.com"
2404:ba00:fc04:15c4:8410:d937:693c:38a5 - - [20/Jul/2026:06:19:19 +0200] "POST /xmlrpc.php HTTP/1.1" 503 23911 "-" "WordPress.com; https://wordpress.com"
2404:ba00:fc04:15c4:8410:d937:693c:38a5 - - [20/Jul/2026:06:19:30 +0200] "POST /xmlrpc.php HTTP/1.1" 503 23911 "-" "WordPress.com; https://wordpress.com"
2404:ba00:fc04:15c4:8410:d937:693c:38a5 - - [20/Jul/2026:06:19:40 +0200] "POST /xmlrpc.php HTTP/1.1" 503 23911 "-" "Jetpack/13.0; WordPress/6.1; http://site74148634.com"
2404:ba00:fc04:15c4:8410:d937:693c:38a5 - - [20/Jul/2026:06:19:51 +0200] "POST /xmlrpc.php HTTP/1.1" 503 23911 "-" "Jetpack by WordPress.com"
2001:1690:2:4::1:118 - - [20/Jul/2026:06:20:02 +0200] "POST /wp-cron.php?doing_wp_cron=1784521202.3516089916229248046875 HTTP/1.1" 200 5532 "-" "WordPress/6.9.5; https://cso-deprinsenhof.nl"
2001:1690:2:4::1:118 - - [20/Jul/2026:06:20:02 +0200] "POST /?wordfence_syncAttackData=1784521202.1627 HTTP/1.1" 200 5474 "-" "WordPress/6.9.5; https://cso-deprinsenhof.nl"
2404:ba00:fc04:15c4:8410:d937:693c:38a5 - - [20/Jul/2026:06:20:02 +0200] "POST /xmlrpc.php HTTP/1.1" 503 24986 "-" "Jetpack by WordPress.com (Jetpack 12.5; WordPress 6.1)"
2404:ba00:fc04:15c4:8410:d937:693c:38a5 - - [20/Jul/2026:06:20:12 +0200] "POST /xmlrpc.php HTTP/1.1" 503 23911 "-" "Jetpack by WordPress.com (Jetpack 12.1; WordPress 6.4)"
2404:ba00:fc04:15c4:8410:d937:693c:38a5 - - [20/Jul/2026:06:20:23 +0200] "POST /xmlrpc.php HTTP/1.1" 503 23911 "-" "Jetpack by WordPress.com"
2001:1690:2:4::1:118 - - [20/Jul/2026:06:20:30 +0200] "POST /?wordfence_syncAttackData=1784521230.009 HTTP/1.1" 200 5474 "-" "WordPress/6.9.5; https://cso-deprinsenhof.nl"
2602:f9f3:0:2::2a2 - - [20/Jul/2026:06:20:29 +0200] "GET /wp-json/ HTTP/1.1" 200 258547 "-" "Mozilla/5.0 (Macintosh; Intel Mac OS X 10_15_7) AppleWebKit/605.1.15 (KHTML, like Gecko) Version/17.0 Safari/605.5.20"
2404:ba00:fc04:15c4:8410:d937:693c:38a5 - - [20/Jul/2026:06:20:33 +0200] "POST /xmlrpc.php HTTP/1.1" 503 23911 "-" "Jetpack/12.1; WordPress/6.4; http://site18183728.com"
2404:ba00:fc04:15c4:8410:d937:693c:38a5 - - [20/Jul/2026:06:20:44 +0200] "POST /xmlrpc.php HTTP/1.1" 503 23911 "-" "Jetpack by WordPress.com"
2404:ba00:fc04:15c4:8410:d937:693c:38a5 - - [20/Jul/2026:06:20:55 +0200] "POST /xmlrpc.php HTTP/1.1" 503 23911 "-" "Jetpack by WordPress.com"
2404:ba00:fc04:15c4:8410:d937:693c:38a5 - - [20/Jul/2026:06:21:05 +0200] "POST /xmlrpc.php HTTP/1.1" 503 23911 "-" "Jetpack/12.1; WordPress/6.2; http://site50990227.com"
2404:ba00:fc04:15c4:8410:d937:693c:38a5 - - [20/Jul/2026:06:21:16 +0200] "POST /xmlrpc.php HTTP/1.1" 503 23911 "-" "Jetpack by WordPress.com"
2404:ba00:fc04:15c4:8410:d937:693c:38a5 - - [20/Jul/2026:06:21:27 +0200] "POST /xmlrpc.php HTTP/1.1" 503 23911 "-" "Jetpack by WordPress.com (Jetpack 12.5; WordPress 6.2)"
2404:ba00:fc04:15c4:8410:d937:693c:38a5 - - [20/Jul/2026:06:21:37 +0200] "POST /xmlrpc.php HTTP/1.1" 503 23911 "-" "Jetpack by WordPress.com"
2404:ba00:fc04:15c4:8410:d937:693c:38a5 - - [20/Jul/2026:06:21:48 +0200] "POST /xmlrpc.php HTTP/1.1" 503 23911 "-" "Jetpack/13.0; WordPress/6.4; http://site98257288.com"
2404:ba00:fc04:15c4:8410:d937:693c:38a5 - - [20/Jul/2026:06:21:59 +0200] "POST /xmlrpc.php HTTP/1.1" 503 23911 "-" "Jetpack by WordPress.com"
2404:ba00:fc04:15c4:8410:d937:693c:38a5 - - [20/Jul/2026:06:22:09 +0200] "POST /xmlrpc.php HTTP/1.1" 503 13474 "-" "Jetpack by WordPress.com (Jetpack 12.0; WordPress 6.2)"
2404:ba00:fc04:15c4:8410:d937:693c:38a5 - - [20/Jul/2026:06:22:21 +0200] "POST /xmlrpc.php HTTP/1.1" 503 23911 "-" "Jetpack by WordPress.com (Jetpack 12.0; WordPress 6.2)"
2404:ba00:fc04:15c4:8410:d937:693c:38a5 - - [20/Jul/2026:06:22:31 +0200] "POST /xmlrpc.php HTTP/1.1" 503 23911 "-" "Jetpack/12.0; WordPress/6.3; http://site76167521.com"
2404:ba00:fc04:15c4:8410:d937:693c:38a5 - - [20/Jul/2026:06:22:41 +0200] "POST /xmlrpc.php HTTP/1.1" 503 23911 "-" "Jetpack by WordPress.com (Jetpack 12.0; WordPress 6.3)"
2001:1690:2:4::1:118 - - [20/Jul/2026:06:22:45 +0200] "POST /wp-cron.php?doing_wp_cron=1784521365.2156310081481933593750 HTTP/1.1" 200 5532 "-" "WordPress/6.9.5; https://cso-deprinsenhof.nl"
2001:1690:2:4::1:118 - - [20/Jul/2026:06:22:45 +0200] "POST /?wordfence_syncAttackData=1784521365.0433 HTTP/1.1" 200 5474 "-" "WordPress/6.9.5; https://cso-deprinsenhof.nl"
2a03:2880:f800:a:: - - [20/Jul/2026:06:22:44 +0200] "GET /fusion_tb_category-sitemap.xml HTTP/1.1" 200 6640 "-" "Mozilla/5.0 (Windows NT 10.0; Win64; x64) AppleWebKit/537.36 (KHTML, like Gecko) Chrome/145.0.0.0 Safari/537.36 (compatible; meta-externalagent/1.1 (+https://developers.facebook.com/docs/sharing/webmasters/crawler))"
2404:ba00:fc04:15c4:8410:d937:693c:38a5 - - [20/Jul/2026:06:22:52 +0200] "POST /xmlrpc.php HTTP/1.1" 503 23911 "-" "Jetpack/12.0; WordPress/6.4; http://site85946672.com"
2404:ba00:fc04:15c4:8410:d937:693c:38a5 - - [20/Jul/2026:06:23:03 +0200] "POST /xmlrpc.php HTTP/1.1" 503 23911 "-" "Jetpack/12.1; WordPress/6.3; http://site53829441.com"
2404:ba00:fc04:15c4:8410:d937:693c:38a5 - - [20/Jul/2026:06:23:13 +0200] "POST /xmlrpc.php HTTP/1.1" 503 23911 "-" "Jetpack/12.1; WordPress/6.4; http://site51817174.com"
2404:ba00:fc04:15c4:8410:d937:693c:38a5 - - [20/Jul/2026:06:23:24 +0200] "POST /xmlrpc.php HTTP/1.1" 503 23911 "-" "Jetpack/12.0; WordPress/6.3; http://site55229250.com"
2404:ba00:fc04:15c4:8410:d937:693c:38a5 - - [20/Jul/2026:06:23:35 +0200] "POST /xmlrpc.php HTTP/1.1" 503 23911 "-" "Jetpack by WordPress.com (Jetpack 12.5; WordPress 6.4)"
2404:ba00:fc04:15c4:8410:d937:693c:38a5 - - [20/Jul/2026:06:23:45 +0200] "POST /xmlrpc.php HTTP/1.1" 503 23911 "-" "Jetpack by WordPress.com"
2404:ba00:fc04:15c4:8410:d937:693c:38a5 - - [20/Jul/2026:06:23:56 +0200] "POST /xmlrpc.php HTTP/1.1" 503 23911 "-" "WordPress.com; https://wordpress.com"
2404:ba00:fc04:15c4:8410:d937:693c:38a5 - - [20/Jul/2026:06:24:07 +0200] "POST /xmlrpc.php HTTP/1.1" 503 23911 "-" "WordPress.com; https://wordpress.com"
2404:ba00:fc04:15c4:8410:d937:693c:38a5 - - [20/Jul/2026:06:24:17 +0200] "POST /xmlrpc.php HTTP/1.1" 503 23911 "-" "Jetpack by WordPress.com"
2404:ba00:fc04:15c4:8410:d937:693c:38a5 - - [20/Jul/2026:06:24:28 +0200] "POST /xmlrpc.php HTTP/1.1" 503 23911 "-" "Jetpack by WordPress.com (Jetpack 12.5; WordPress 6.2)"
2404:ba00:fc04:15c4:8410:d937:693c:38a5 - - [20/Jul/2026:06:24:39 +0200] "POST /xmlrpc.php HTTP/1.1" 503 23911 "-" "Jetpack/13.0; WordPress/6.2; http://site90351031.com"
2404:ba00:fc04:15c4:8410:d937:693c:38a5 - - [20/Jul/2026:06:24:49 +0200] "POST /xmlrpc.php HTTP/1.1" 503 23911 "-" "Jetpack by WordPress.com"
2404:ba00:fc04:15c4:8410:d937:693c:38a5 - - [20/Jul/2026:06:25:00 +0200] "POST /xmlrpc.php HTTP/1.1" 503 23911 "-" "Jetpack by WordPress.com"
2404:ba00:fc04:15c4:8410:d937:693c:38a5 - - [20/Jul/2026:06:25:11 +0200] "POST /xmlrpc.php HTTP/1.1" 503 23911 "-" "Jetpack by WordPress.com"
2404:ba00:fc04:15c4:8410:d937:693c:38a5 - - [20/Jul/2026:06:25:21 +0200] "POST /xmlrpc.php HTTP/1.1" 503 23911 "-" "Jetpack/12.1; WordPress/6.2; http://site77699155.com"
2404:ba00:fc04:15c4:8410:d937:693c:38a5 - - [20/Jul/2026:06:25:32 +0200] "POST /xmlrpc.php HTTP/1.1" 503 23911 "-" "WordPress.com; https://wordpress.com"
2404:ba00:fc04:15c4:8410:d937:693c:38a5 - - [20/Jul/2026:06:25:42 +0200] "POST /xmlrpc.php HTTP/1.1" 503 23911 "-" "Jetpack by WordPress.com"
2404:ba00:fc04:15c4:8410:d937:693c:38a5 - - [20/Jul/2026:06:25:53 +0200] "POST /xmlrpc.php HTTP/1.1" 503 23911 "-" "Jetpack by WordPress.com (Jetpack 12.1; WordPress 6.4)"
2404:ba00:fc04:15c4:8410:d937:693c:38a5 - - [20/Jul/2026:06:26:04 +0200] "POST /xmlrpc.php HTTP/1.1" 503 23911 "-" "WordPress.com; https://wordpress.com"
2404:ba00:fc04:15c4:8410:d937:693c:38a5 - - [20/Jul/2026:06:26:14 +0200] "POST /xmlrpc.php HTTP/1.1" 503 23911 "-" "Jetpack/12.0; WordPress/6.2; http://site41604813.com"
2404:ba00:fc04:15c4:8410:d937:693c:38a5 - - [20/Jul/2026:06:26:25 +0200] "POST /xmlrpc.php HTTP/1.1" 503 23911 "-" "Jetpack by WordPress.com"
2404:ba00:fc04:15c4:8410:d937:693c:38a5 - - [20/Jul/2026:06:26:36 +0200] "POST /xmlrpc.php HTTP/1.1" 503 23911 "-" "Jetpack by WordPress.com"
2404:ba00:fc04:15c4:8410:d937:693c:38a5 - - [20/Jul/2026:06:26:46 +0200] "POST /xmlrpc.php HTTP/1.1" 503 23911 "-" "WordPress.com; https://wordpress.com"
2001:1690:2:4::1:118 - - [20/Jul/2026:06:26:56 +0200] "POST /wp-cron.php?doing_wp_cron=1784521616.3534300327301025390625 HTTP/1.1" 200 5532 "-" "WordPress/6.9.5; https://cso-deprinsenhof.nl"
2001:1690:2:4::1:118 - - [20/Jul/2026:06:26:56 +0200] "POST /?wordfence_syncAttackData=1784521615.9974 HTTP/1.1" 200 5474 "-" "WordPress/6.9.5; https://cso-deprinsenhof.nl"
199.47.82.20 - - [20/Jul/2026:06:26:55 +0200] "GET /robots.txt HTTP/1.1" 200 5770 "-" "Turnitin (https://bit.ly/2UvnfoQ)"
2404:ba00:fc04:15c4:8410:d937:693c:38a5 - - [20/Jul/2026:06:26:57 +0200] "POST /xmlrpc.php HTTP/1.1" 503 23911 "-" "Jetpack/12.0; WordPress/6.4; http://site74812528.com"
199.47.82.20 - - [20/Jul/2026:06:26:57 +0200] "GET /robots.txt HTTP/1.1" 301 5560 "-" "Turnitin (https://bit.ly/2UvnfoQ)"
199.47.82.20 - - [20/Jul/2026:06:26:58 +0200] "GET /agenda/angenwa/-2nk0t_rekarze-pediatrzy.htmll/tml HTTP/1.1" 301 5711 "-" "Turnitin (https://bit.ly/2UvnfoQ)"
199.47.82.20 - - [20/Jul/2026:06:26:59 +0200] "GET /agenda/alle-leerlingen-vrij.html HTTP/1.1" 301 5694 "-" "Turnitin (https://bit.ly/2UvnfoQ)"
199.47.82.20 - - [20/Jul/2026:06:27:00 +0200] "GET /agenda/ask.html HTTP/1.1" 301 5677 "-" "Turnitin (https://bit.ly/2UvnfoQ)"
199.47.82.20 - - [20/Jul/2026:06:27:01 +0200] "GET /agenda/algemene-informatie-avond.html HTTP/1.1" 301 5699 "-" "Turnitin (https://bit.ly/2UvnfoQ)"
199.47.82.20 - - [20/Jul/2026:06:27:02 +0200] "GET /agenda/astervakantie-2012-10-15.html HTTP/1.1" 301 5698 "-" "Turnitin (https://bit.ly/2UvnfoQ)"
199.47.82.20 - - [20/Jul/2026:06:27:03 +0200] "GET /agenda/astervakantie.html HTTP/1.1" 301 5687 "-" "Turnitin (https://bit.ly/2UvnfoQ)"
199.47.82.20 - - [20/Jul/2026:06:27:04 +0200] "GET /agenda/eerste-schooldag.html HTTP/1.1" 301 5690 "-" "Turnitin (https://bit.ly/2UvnfoQ)"
2001:1690:2:4::1:118 - - [20/Jul/2026:06:27:05 +0200] "POST /?wordfence_syncAttackData=1784521625.4769 HTTP/1.1" 200 5474 "-" "WordPress/6.9.5; https://cso-deprinsenhof.nl"
199.47.82.20 - - [20/Jul/2026:06:27:05 +0200] "GET /agenda/endadschoolvrlntersav.ngpt-s-room.html HTTP/1.1" 301 5707 "-" "Turnitin (https://bit.ly/2UvnfoQ)"
199.47.82.20 - - [20/Jul/2026:06:27:06 +0200] "GET /agenda/gezinsactiviteit-2012-05-30.html HTTP/1.1" 301 5701 "-" "Turnitin (https://bit.ly/2UvnfoQ)"
199.47.82.20 - - [20/Jul/2026:06:27:07 +0200] "GET /agenda/gezinsactiviteit.html HTTP/1.1" 301 5690 "-" "Turnitin (https://bit.ly/2UvnfoQ)"
2404:ba00:fc04:15c4:8410:d937:693c:38a5 - - [20/Jul/2026:06:27:08 +0200] "POST /xmlrpc.php HTTP/1.1" 503 23911 "-" "Jetpack/13.0; WordPress/6.2; http://site64046296.com"
199.47.82.20 - - [20/Jul/2026:06:27:08 +0200] "GET /agenda/goede-vrijdag.html HTTP/1.1" 301 5687 "-" "Turnitin (https://bit.ly/2UvnfoQ)"
199.47.82.20 - - [20/Jul/2026:06:27:09 +0200] "GET /agenda/hemelvaart-2012-05-17.html HTTP/1.1" 301 5695 "-" "Turnitin (https://bit.ly/2UvnfoQ)"
199.47.82.20 - - [20/Jul/2026:06:27:10 +0200] "GET /agenda/hemelvaart.html HTTP/1.1" 301 5684 "-" "Turnitin (https://bit.ly/2UvnfoQ)"
199.47.82.20 - - [20/Jul/2026:06:27:11 +0200] "GET /agenda/hercontrole-hoofdluis-2010-08-30.html HTTP/1.1" 301 5706 "-" "Turnitin (https://bit.ly/2UvnfoQ)"
199.47.82.20 - - [20/Jul/2026:06:27:12 +0200] "GET /agenda/hercontrole-hoofdluis-2011-01-17.html HTTP/1.1" 301 5706 "-" "Turnitin (https://bit.ly/2UvnfoQ)"
199.47.82.20 - - [20/Jul/2026:06:27:13 +0200] "GET /agenda/hercontrole-hoofdluis-2011-03-14.html HTTP/1.1" 301 5706 "-" "Turnitin (https://bit.ly/2UvnfoQ)"
2001:1690:2:4::1:118 - - [20/Jul/2026:06:27:14 +0200] "POST /?wordfence_syncAttackData=1784521634.4761 HTTP/1.1" 200 5474 "-" "WordPress/6.9.5; https://cso-deprinsenhof.nl"
199.47.82.20 - - [20/Jul/2026:06:27:14 +0200] "GET /agenda/hercontrole-hoofdluis-2011-05-23.html HTTP/1.1" 301 5706 "-" "Turnitin (https://bit.ly/2UvnfoQ)"
199.47.82.20 - - [20/Jul/2026:06:27:15 +0200] "GET /agenda/hercontrole-hoofdluis-2012-01-23.html HTTP/1.1" 301 5706 "-" "Turnitin (https://bit.ly/2UvnfoQ)"
199.47.82.20 - - [20/Jul/2026:06:27:16 +0200] "GET /agenda/hercontrole-hoofdluis-2012-03-12.html HTTP/1.1" 301 5706 "-" "Turnitin (https://bit.ly/2UvnfoQ)"
199.47.82.20 - - [20/Jul/2026:06:27:17 +0200] "GET /agenda/hercontrole-hoofdluis-2012-05-21.html HTTP/1.1" 301 5706 "-" "Turnitin (https://bit.ly/2UvnfoQ)"
199.47.82.20 - - [20/Jul/2026:06:27:18 +0200] "GET /agenda/hercontrole-hoofdluis-2012-09-03.html HTTP/1.1" 301 5706 "-" "Turnitin (https://bit.ly/2UvnfoQ)"
2404:ba00:fc04:15c4:8410:d937:693c:38a5 - - [20/Jul/2026:06:27:18 +0200] "POST /xmlrpc.php HTTP/1.1" 503 23911 "-" "WordPress.com; https://wordpress.com"
199.47.82.20 - - [20/Jul/2026:06:27:19 +0200] "GET /agenda/hercontrole-hoofdluis-2012-11-05.html HTTP/1.1" 301 5706 "-" "Turnitin (https://bit.ly/2UvnfoQ)"
199.47.82.20 - - [20/Jul/2026:06:27:20 +0200] "GET /agenda/hoofdluiscontrole-2010-08-18.html HTTP/1.1" 301 5702 "-" "Turnitin (https://bit.ly/2UvnfoQ)"
199.47.82.20 - - [20/Jul/2026:06:27:21 +0200] "GET /agenda/hoofdluiscontrole-2011-01-03.html HTTP/1.1" 301 5702 "-" "Turnitin (https://bit.ly/2UvnfoQ)"
199.47.82.20 - - [20/Jul/2026:06:27:22 +0200] "GET /agenda/hoofdluiscontrole-2011-02-28.html HTTP/1.1" 301 5702 "-" "Turnitin (https://bit.ly/2UvnfoQ)"
2001:1690:2:4::1:118 - - [20/Jul/2026:06:27:23 +0200] "POST /?wordfence_syncAttackData=1784521643.489 HTTP/1.1" 200 5474 "-" "WordPress/6.9.5; https://cso-deprinsenhof.nl"
199.47.82.20 - - [20/Jul/2026:06:27:23 +0200] "GET /agenda/hoofdluiscontrole-2011-05-09.html HTTP/1.1" 301 5702 "-" "Turnitin (https://bit.ly/2UvnfoQ)"
199.47.82.20 - - [20/Jul/2026:06:27:24 +0200] "GET /agenda/hoofdluiscontrole-2011-08-15.html HTTP/1.1" 301 5702 "-" "Turnitin (https://bit.ly/2UvnfoQ)"
199.47.82.20 - - [20/Jul/2026:06:27:25 +0200] "GET /agenda/hoofdluiscontrole-2012-01-09.html HTTP/1.1" 301 5702 "-" "Turnitin (https://bit.ly/2UvnfoQ)"
2001:1690:2:4::1:118 - - [20/Jul/2026:06:27:26 +0200] "POST /wp-cron.php?doing_wp_cron=1784521646.5624918937683105468750 HTTP/1.1" 200 5532 "-" "WordPress/6.9.5; https://cso-deprinsenhof.nl"
199.47.82.20 - - [20/Jul/2026:06:27:26 +0200] "GET /agenda/hoofdluiscontrole-2012-02-27.html HTTP/1.1" 301 5702 "-" "Turnitin (https://bit.ly/2UvnfoQ)"
199.47.82.20 - - [20/Jul/2026:06:27:27 +0200] "GET /agenda/hoofdluiscontrole-2012-05-07.html HTTP/1.1" 301 5702 "-" "Turnitin (https://bit.ly/2UvnfoQ)"
199.47.82.20 - - [20/Jul/2026:06:27:28 +0200] "GET /agenda/hoofdluiscontrole-2012-09-04.html HTTP/1.1" 301 5702 "-" "Turnitin (https://bit.ly/2UvnfoQ)"
199.47.82.20 - - [20/Jul/2026:06:27:29 +0200] "GET /agenda/hoofdluiscontrole-2012-10-22.html HTTP/1.1" 301 5702 "-" "Turnitin (https://bit.ly/2UvnfoQ)"
2404:ba00:fc04:15c4:8410:d937:693c:38a5 - - [20/Jul/2026:06:27:29 +0200] "POST /xmlrpc.php HTTP/1.1" 503 23911 "-" "Jetpack/12.0; WordPress/6.2; http://site35171611.com"
199.47.82.20 - - [20/Jul/2026:06:27:30 +0200] "GET /agenda/hoofdluiscontrole.html HTTP/1.1" 301 5691 "-" "Turnitin (https://bit.ly/2UvnfoQ)"
199.47.82.20 - - [20/Jul/2026:06:27:31 +0200] "GET /agenda/htgendakpasen.html HTTP/1.1" 301 5687 "-" "Turnitin (https://bit.ly/2UvnfoQ)"
2001:1690:2:4::1:118 - - [20/Jul/2026:06:27:32 +0200] "POST /?wordfence_syncAttackData=1784521652.478 HTTP/1.1" 200 5474 "-" "WordPress/6.9.5; https://cso-deprinsenhof.nl"
199.47.82.20 - - [20/Jul/2026:06:27:32 +0200] "GET /agenda/inloopavond-2012-03-28.html HTTP/1.1" 301 5696 "-" "Turnitin (https://bit.ly/2UvnfoQ)"
199.47.82.20 - - [20/Jul/2026:06:27:33 +0200] "GET /agenda/inloopavond.html HTTP/1.1" 301 5685 "-" "Turnitin (https://bit.ly/2UvnfoQ)"
199.47.82.20 - - [20/Jul/2026:06:27:34 +0200] "GET /agenda/judo-examen-2011-01-26.html HTTP/1.1" 301 5696 "-" "Turnitin (https://bit.ly/2UvnfoQ)"
199.47.82.20 - - [20/Jul/2026:06:27:35 +0200] "GET /agenda/judo-examen-2011-01-27.html HTTP/1.1" 301 5696 "-" "Turnitin (https://bit.ly/2UvnfoQ)"
199.47.82.20 - - [20/Jul/2026:06:27:36 +0200] "GET /agenda/judo-examen-2011-06-15.html HTTP/1.1" 301 5696 "-" "Turnitin (https://bit.ly/2UvnfoQ)"
199.47.82.20 - - [20/Jul/2026:06:27:37 +0200] "GET /agenda/judo-examen-2011-06-16.html HTTP/1.1" 301 5696 "-" "Turnitin (https://bit.ly/2UvnfoQ)"
199.47.82.20 - - [20/Jul/2026:06:27:38 +0200] "GET /agenda/judo-examen-2012-01-18.html HTTP/1.1" 301 5696 "-" "Turnitin (https://bit.ly/2UvnfoQ)"
199.47.82.20 - - [20/Jul/2026:06:27:39 +0200] "GET /agenda/judo-examen-2012-01-19.html HTTP/1.1" 301 5696 "-" "Turnitin (https://bit.ly/2UvnfoQ)"
2404:ba00:fc04:15c4:8410:d937:693c:38a5 - - [20/Jul/2026:06:27:40 +0200] "POST /xmlrpc.php HTTP/1.1" 503 23911 "-" "WordPress.com; https://wordpress.com"
199.47.82.20 - - [20/Jul/2026:06:27:40 +0200] "GET /agenda/judo-examen-2012-06-13.html HTTP/1.1" 301 5696 "-" "Turnitin (https://bit.ly/2UvnfoQ)"
2001:1690:2:4::1:118 - - [20/Jul/2026:06:27:41 +0200] "POST /?wordfence_syncAttackData=1784521661.4764 HTTP/1.1" 200 5474 "-" "WordPress/6.9.5; https://cso-deprinsenhof.nl"
199.47.82.20 - - [20/Jul/2026:06:27:41 +0200] "GET /agenda/judo-examen-2012-06-14.html HTTP/1.1" 301 5696 "-" "Turnitin (https://bit.ly/2UvnfoQ)"
199.47.82.20 - - [20/Jul/2026:06:27:42 +0200] "GET /agenda/judo-examen.html HTTP/1.1" 301 5685 "-" "Turnitin (https://bit.ly/2UvnfoQ)"
199.47.82.20 - - [20/Jul/2026:06:27:43 +0200] "GET /agenda/kamp-groep-n-o-2011-05-12.html HTTP/1.1" 301 5699 "-" "Turnitin (https://bit.ly/2UvnfoQ)"
199.47.82.20 - - [20/Jul/2026:06:27:44 +0200] "GET /agenda/kamp-groep-n-o-2011-05-13.html HTTP/1.1" 301 5699 "-" "Turnitin (https://bit.ly/2UvnfoQ)"
199.47.82.20 - - [20/Jul/2026:06:27:45 +0200] "GET /agenda/kamp-groep-n-o-2012-06-06.html HTTP/1.1" 301 5699 "-" "Turnitin (https://bit.ly/2UvnfoQ)"
199.47.82.20 - - [20/Jul/2026:06:27:46 +0200] "GET /agenda/kamp-groep-n-o.html HTTP/1.1" 301 5688 "-" "Turnitin (https://bit.ly/2UvnfoQ)"
199.47.82.20 - - [20/Jul/2026:06:27:47 +0200] "GET /agenda/kamp-groep-p-q-r-2011-06-16.html HTTP/1.1" 301 5701 "-" "Turnitin (https://bit.ly/2UvnfoQ)"
199.47.82.20 - - [20/Jul/2026:06:27:48 +0200] "GET /agenda/kamp-groep-p-q-r-2011-06-17.html HTTP/1.1" 301 5701 "-" "Turnitin (https://bit.ly/2UvnfoQ)"
199.47.82.20 - - [20/Jul/2026:06:27:49 +0200] "GET /agenda/kamp-groep-p-q-r-2012-05-14.html HTTP/1.1" 301 5701 "-" "Turnitin (https://bit.ly/2UvnfoQ)"
199.47.82.20 - - [20/Jul/2026:06:27:50 +0200] "GET /agenda/kamp-groep-p-q-r-2012-05-15.html HTTP/1.1" 301 5701 "-" "Turnitin (https://bit.ly/2UvnfoQ)"
2404:ba00:fc04:15c4:8410:d937:693c:38a5 - - [20/Jul/2026:06:27:50 +0200] "POST /xmlrpc.php HTTP/1.1" 503 23911 "-" "Jetpack/12.0; WordPress/6.3; http://site95306916.com"
2001:1690:2:4::1:118 - - [20/Jul/2026:06:27:51 +0200] "POST /?wordfence_syncAttackData=1784521671.4774 HTTP/1.1" 200 5474 "-" "WordPress/6.9.5; https://cso-deprinsenhof.nl"
199.47.82.20 - - [20/Jul/2026:06:27:51 +0200] "GET /agenda/kamp-groep-p-q-r-2012-05-16.html HTTP/1.1" 301 5701 "-" "Turnitin (https://bit.ly/2UvnfoQ)"
199.47.82.20 - - [20/Jul/2026:06:27:52 +0200] "GET /agenda/kamp-groep-p-q-r.html HTTP/1.1" 301 5690 "-" "Turnitin (https://bit.ly/2UvnfoQ)"
199.47.82.20 - - [20/Jul/2026:06:27:53 +0200] "GET /agenda/kamp-groep-s-t-u-2011-05-19.html HTTP/1.1" 301 5701 "-" "Turnitin (https://bit.ly/2UvnfoQ)"
2001:1690:2:4::1:118 - - [20/Jul/2026:06:27:53 +0200] "GET /wp-content/uploads/2025/07/boog-onder.svg HTTP/1.1" 200 6041 "-" "-"
172.71.146.80 - - [20/Jul/2026:06:27:53 +0200] "GET / HTTP/1.1" 200 128256 "-" "Mozilla/5.0 (Macintosh; Intel Mac OS X 10_15_7) AppleWebKit/537.36 (KHTML, like Gecko) Chrome/147.0.0.0 Safari/537.36 CloudflareWebScanner/1.0"
199.47.82.20 - - [20/Jul/2026:06:27:54 +0200] "GET /agenda/kamp-groep-s-t-u-2011-05-20.html HTTP/1.1" 301 5701 "-" "Turnitin (https://bit.ly/2UvnfoQ)"
199.47.82.20 - - [20/Jul/2026:06:27:55 +0200] "GET /agenda/kamp-groep-s-t-u-2012-06-06.html HTTP/1.1" 301 5701 "-" "Turnitin (https://bit.ly/2UvnfoQ)"
199.47.82.20 - - [20/Jul/2026:06:27:56 +0200] "GET /agenda/kamp-groep-s-t-u.html HTTP/1.1" 301 5690 "-" "Turnitin (https://bit.ly/2UvnfoQ)"
199.47.82.20 - - [20/Jul/2026:06:27:57 +0200] "GET /agenda/kamp-groepen-n-o-s-t-u.html HTTP/1.1" 301 5696 "-" "Turnitin (https://bit.ly/2UvnfoQ)"
199.47.82.20 - - [20/Jul/2026:06:27:58 +0200] "GET /agenda/kerpovierin..htmldk HTTP/1.1" 301 5688 "-" "Turnitin (https://bit.ly/2UvnfoQ)"
199.47.82.20 - - [20/Jul/2026:06:27:59 +0200] "GET /agenda/kerstbakjes-maken-2012-12-12.html HTTP/1.1" 301 5702 "-" "Turnitin (https://bit.ly/2UvnfoQ)"
2404:ba00:fc04:15c4:8410:d937:693c:38a5 - - [20/Jul/2026:06:28:01 +0200] "POST /xmlrpc.php HTTP/1.1" 503 23911 "-" "Jetpack by WordPress.com (Jetpack 12.0; WordPress 6.1)"
2404:ba00:fc04:15c4:8410:d937:693c:38a5 - - [20/Jul/2026:06:28:12 +0200] "POST /xmlrpc.php HTTP/1.1" 503 23911 "-" "WordPress.com; https://wordpress.com"
2404:ba00:fc04:15c4:8410:d937:693c:38a5 - - [20/Jul/2026:06:28:22 +0200] "POST /xmlrpc.php HTTP/1.1" 503 23911 "-" "Jetpack by WordPress.com"
2404:ba00:fc04:15c4:8410:d937:693c:38a5 - - [20/Jul/2026:06:28:33 +0200] "POST /xmlrpc.php HTTP/1.1" 503 23911 "-" "Jetpack by WordPress.com (Jetpack 12.0; WordPress 6.4)"
2404:ba00:fc04:15c4:8410:d937:693c:38a5 - - [20/Jul/2026:06:28:44 +0200] "POST /xmlrpc.php HTTP/1.1" 503 23911 "-" "Jetpack by WordPress.com"
2404:ba00:fc04:15c4:8410:d937:693c:38a5 - - [20/Jul/2026:06:28:54 +0200] "POST /xmlrpc.php HTTP/1.1" 503 23911 "-" "Jetpack/12.5; WordPress/6.2; http://site52592520.com"
2404:ba00:fc04:15c4:8410:d937:693c:38a5 - - [20/Jul/2026:06:29:05 +0200] "POST /xmlrpc.php HTTP/1.1" 503 23911 "-" "Jetpack by WordPress.com (Jetpack 12.0; WordPress 6.3)"
2404:ba00:fc04:15c4:8410:d937:693c:38a5 - - [20/Jul/2026:06:29:16 +0200] "POST /xmlrpc.php HTTP/1.1" 503 23911 "-" "Jetpack by WordPress.com"
2404:ba00:fc04:15c4:8410:d937:693c:38a5 - - [20/Jul/2026:06:29:26 +0200] "POST /xmlrpc.php HTTP/1.1" 503 23911 "-" "WordPress.com; https://wordpress.com"
2404:ba00:fc04:15c4:8410:d937:693c:38a5 - - [20/Jul/2026:06:29:37 +0200] "POST /xmlrpc.php HTTP/1.1" 503 23911 "-" "Jetpack/12.0; WordPress/6.1; http://site46145197.com"
2404:ba00:fc04:15c4:8410:d937:693c:38a5 - - [20/Jul/2026:06:29:47 +0200] "POST /xmlrpc.php HTTP/1.1" 503 23911 "-" "Jetpack by WordPress.com (Jetpack 13.0; WordPress 6.2)"
2001:1690:2:4::1:118 - - [20/Jul/2026:06:29:49 +0200] "POST /wp-cron.php?doing_wp_cron=1784521789.5000259876251220703125 HTTP/1.1" 200 5532 "-" "WordPress/6.9.5; https://cso-deprinsenhof.nl"
2001:1690:2:4::1:118 - - [20/Jul/2026:06:29:49 +0200] "POST /?wordfence_syncAttackData=1784521789.3273 HTTP/1.1" 200 5474 "-" "WordPress/6.9.5; https://cso-deprinsenhof.nl"
2001:1690:2:4::1:118 - - [20/Jul/2026:06:29:50 +0200] "POST /wp-cron.php?doing_wp_cron=1784521790.1571590900421142578125 HTTP/1.1" 200 5532 "-" "WordPress/6.9.5; https://cso-deprinsenhof.nl"
2405:201:c032:f084:29e7:fa1b:afb0:d744 - - [20/Jul/2026:06:29:49 +0200] "POST /xmlrpc.php HTTP/1.1" 503 24986 "-" "Jetpack/12.0; WordPress/6.2; http://site90507837.com"
2404:ba00:fc04:15c4:8410:d937:693c:38a5 - - [20/Jul/2026:06:29:58 +0200] "POST /xmlrpc.php HTTP/1.1" 503 23911 "-" "Jetpack by WordPress.com"
2405:201:c032:f084:29e7:fa1b:afb0:d744 - - [20/Jul/2026:06:29:58 +0200] "POST /xmlrpc.php HTTP/1.1" 503 23911 "-" "Jetpack by WordPress.com (Jetpack 12.1; WordPress 6.1)"
2001:1690:2:4::1:118 - - [20/Jul/2026:06:30:09 +0200] "POST /wp-cron.php?doing_wp_cron=1784521809.3137390613555908203125 HTTP/1.1" 200 5532 "-" "WordPress/6.9.5; https://cso-deprinsenhof.nl"
2001:1690:2:4::1:118 - - [20/Jul/2026:06:30:09 +0200] "POST /?wordfence_syncAttackData=1784521809.1979 HTTP/1.1" 200 5474 "-" "WordPress/6.9.5; https://cso-deprinsenhof.nl"
2405:201:c032:f084:29e7:fa1b:afb0:d744 - - [20/Jul/2026:06:30:09 +0200] "POST /xmlrpc.php HTTP/1.1" 503 23911 "-" "Jetpack by WordPress.com (Jetpack 13.0; WordPress 6.4)"
2001:1690:2:4::1:118 - - [20/Jul/2026:06:30:09 +0200] "POST /wp-cron.php?doing_wp_cron=1784521809.9400379657745361328125 HTTP/1.1" 200 5532 "-" "WordPress/6.9.5; https://cso-deprinsenhof.nl"
2404:ba00:fc04:15c4:8410:d937:693c:38a5 - - [20/Jul/2026:06:30:09 +0200] "POST /xmlrpc.php HTTP/1.1" 503 24986 "-" "Jetpack by WordPress.com"
2404:ba00:fc04:15c4:8410:d937:693c:38a5 - - [20/Jul/2026:06:30:19 +0200] "POST /xmlrpc.php HTTP/1.1" 503 23911 "-" "Jetpack by WordPress.com (Jetpack 12.5; WordPress 6.1)"
2405:201:c032:f084:29e7:fa1b:afb0:d744 - - [20/Jul/2026:06:30:19 +0200] "POST /xmlrpc.php HTTP/1.1" 503 23911 "-" "Jetpack/13.0; WordPress/6.1; http://site68099813.com"
2405:201:c032:f084:29e7:fa1b:afb0:d744 - - [20/Jul/2026:06:30:30 +0200] "POST /xmlrpc.php HTTP/1.1" 503 23911 "-" "Jetpack by WordPress.com"
2404:ba00:fc04:15c4:8410:d937:693c:38a5 - - [20/Jul/2026:06:30:30 +0200] "POST /xmlrpc.php HTTP/1.1" 503 23911 "-" "Jetpack/12.5; WordPress/6.2; http://site37921586.com"
2405:201:c032:f084:29e7:fa1b:afb0:d744 - - [20/Jul/2026:06:30:40 +0200] "POST /xmlrpc.php HTTP/1.1" 503 23911 "-" "Jetpack by WordPress.com (Jetpack 12.0; WordPress 6.1)"
2404:ba00:fc04:15c4:8410:d937:693c:38a5 - - [20/Jul/2026:06:30:41 +0200] "POST /xmlrpc.php HTTP/1.1" 503 23911 "-" "Jetpack by WordPress.com"
2405:201:c032:f084:29e7:fa1b:afb0:d744 - - [20/Jul/2026:06:30:51 +0200] "POST /xmlrpc.php HTTP/1.1" 503 23911 "-" "WordPress.com; https://wordpress.com"
2404:ba00:fc04:15c4:8410:d937:693c:38a5 - - [20/Jul/2026:06:30:51 +0200] "POST /xmlrpc.php HTTP/1.1" 503 23911 "-" "Jetpack/12.1; WordPress/6.1; http://site67631041.com"
2405:201:c032:f084:29e7:fa1b:afb0:d744 - - [20/Jul/2026:06:31:01 +0200] "POST /xmlrpc.php HTTP/1.1" 503 23911 "-" "Jetpack by WordPress.com (Jetpack 12.5; WordPress 6.2)"
2404:ba00:fc04:15c4:8410:d937:693c:38a5 - - [20/Jul/2026:06:31:02 +0200] "POST /xmlrpc.php HTTP/1.1" 503 23911 "-" "WordPress.com; https://wordpress.com"
2405:201:c032:f084:29e7:fa1b:afb0:d744 - - [20/Jul/2026:06:31:12 +0200] "POST /xmlrpc.php HTTP/1.1" 503 23911 "-" "WordPress.com; https://wordpress.com"
2404:ba00:fc04:15c4:8410:d937:693c:38a5 - - [20/Jul/2026:06:31:12 +0200] "POST /xmlrpc.php HTTP/1.1" 503 23911 "-" "Jetpack/13.0; WordPress/6.1; http://site12436705.com"
2405:201:c032:f084:29e7:fa1b:afb0:d744 - - [20/Jul/2026:06:31:22 +0200] "POST /xmlrpc.php HTTP/1.1" 503 23911 "-" "Jetpack/12.1; WordPress/6.4; http://site74633843.com"
2404:ba00:fc04:15c4:8410:d937:693c:38a5 - - [20/Jul/2026:06:31:23 +0200] "POST /xmlrpc.php HTTP/1.1" 503 23911 "-" "Jetpack/12.0; WordPress/6.2; http://site91768735.com"
2405:201:c032:f084:29e7:fa1b:afb0:d744 - - [20/Jul/2026:06:31:33 +0200] "POST /xmlrpc.php HTTP/1.1" 503 23911 "-" "Jetpack by WordPress.com"
2404:ba00:fc04:15c4:8410:d937:693c:38a5 - - [20/Jul/2026:06:31:34 +0200] "POST /xmlrpc.php HTTP/1.1" 503 23911 "-" "Jetpack by WordPress.com"
2405:201:c032:f084:29e7:fa1b:afb0:d744 - - [20/Jul/2026:06:31:43 +0200] "POST /xmlrpc.php HTTP/1.1" 503 23911 "-" "Jetpack by WordPress.com"
2404:ba00:fc04:15c4:8410:d937:693c:38a5 - - [20/Jul/2026:06:31:44 +0200] "POST /xmlrpc.php HTTP/1.1" 503 23911 "-" "Jetpack by WordPress.com"
2405:201:c032:f084:29e7:fa1b:afb0:d744 - - [20/Jul/2026:06:31:54 +0200] "POST /xmlrpc.php HTTP/1.1" 503 23911 "-" "Jetpack/12.0; WordPress/6.2; http://site93375636.com"
2404:ba00:fc04:15c4:8410:d937:693c:38a5 - - [20/Jul/2026:06:31:55 +0200] "POST /xmlrpc.php HTTP/1.1" 503 23911 "-" "Jetpack/13.0; WordPress/6.2; http://site66462720.com"
2405:201:c032:f084:29e7:fa1b:afb0:d744 - - [20/Jul/2026:06:32:04 +0200] "POST /xmlrpc.php HTTP/1.1" 503 23911 "-" "WordPress.com; https://wordpress.com"
2404:ba00:fc04:15c4:8410:d937:693c:38a5 - - [20/Jul/2026:06:32:06 +0200] "POST /xmlrpc.php HTTP/1.1" 503 23911 "-" "Jetpack by WordPress.com (Jetpack 12.1; WordPress 6.3)"
2405:201:c032:f084:29e7:fa1b:afb0:d744 - - [20/Jul/2026:06:32:15 +0200] "POST /xmlrpc.php HTTP/1.1" 503 23911 "-" "Jetpack by WordPress.com"
2404:ba00:fc04:15c4:8410:d937:693c:38a5 - - [20/Jul/2026:06:32:16 +0200] "POST /xmlrpc.php HTTP/1.1" 503 23911 "-" "Jetpack by WordPress.com (Jetpack 12.1; WordPress 6.1)"
2405:201:c032:f084:29e7:fa1b:afb0:d744 - - [20/Jul/2026:06:32:25 +0200] "POST /xmlrpc.php HTTP/1.1" 503 23911 "-" "Jetpack by WordPress.com"
2404:ba00:fc04:15c4:8410:d937:693c:38a5 - - [20/Jul/2026:06:32:27 +0200] "POST /xmlrpc.php HTTP/1.1" 503 23911 "-" "Jetpack by WordPress.com"
2405:201:c032:f084:29e7:fa1b:afb0:d744 - - [20/Jul/2026:06:32:36 +0200] "POST /xmlrpc.php HTTP/1.1" 503 23911 "-" "Jetpack by WordPress.com"
2404:ba00:fc04:15c4:8410:d937:693c:38a5 - - [20/Jul/2026:06:32:38 +0200] "POST /xmlrpc.php HTTP/1.1" 503 23911 "-" "Jetpack by WordPress.com"
2405:201:c032:f084:29e7:fa1b:afb0:d744 - - [20/Jul/2026:06:32:46 +0200] "POST /xmlrpc.php HTTP/1.1" 503 23911 "-" "WordPress.com; https://wordpress.com"
2404:ba00:fc04:15c4:8410:d937:693c:38a5 - - [20/Jul/2026:06:32:48 +0200] "POST /xmlrpc.php HTTP/1.1" 503 23911 "-" "WordPress.com; https://wordpress.com"
2405:201:c032:f084:29e7:fa1b:afb0:d744 - - [20/Jul/2026:06:32:57 +0200] "POST /xmlrpc.php HTTP/1.1" 503 23911 "-" "Jetpack by WordPress.com"
2404:ba00:fc04:15c4:8410:d937:693c:38a5 - - [20/Jul/2026:06:32:59 +0200] "POST /xmlrpc.php HTTP/1.1" 503 23911 "-" "WordPress.com; https://wordpress.com"
2405:201:c032:f084:29e7:fa1b:afb0:d744 - - [20/Jul/2026:06:33:07 +0200] "POST /xmlrpc.php HTTP/1.1" 503 23911 "-" "Jetpack by WordPress.com (Jetpack 12.1; WordPress 6.2)"
2404:ba00:fc04:15c4:8410:d937:693c:38a5 - - [20/Jul/2026:06:33:09 +0200] "POST /xmlrpc.php HTTP/1.1" 503 23911 "-" "Jetpack/12.0; WordPress/6.1; http://site69510076.com"
2405:201:c032:f084:29e7:fa1b:afb0:d744 - - [20/Jul/2026:06:33:18 +0200] "POST /xmlrpc.php HTTP/1.1" 503 23911 "-" "Jetpack by WordPress.com (Jetpack 13.0; WordPress 6.3)"
2404:ba00:fc04:15c4:8410:d937:693c:38a5 - - [20/Jul/2026:06:33:20 +0200] "POST /xmlrpc.php HTTP/1.1" 503 23911 "-" "Jetpack by WordPress.com"
2405:201:c032:f084:29e7:fa1b:afb0:d744 - - [20/Jul/2026:06:33:28 +0200] "POST /xmlrpc.php HTTP/1.1" 503 23911 "-" "Jetpack/12.5; WordPress/6.1; http://site54284051.com"
2404:ba00:fc04:15c4:8410:d937:693c:38a5 - - [20/Jul/2026:06:33:31 +0200] "POST /xmlrpc.php HTTP/1.1" 503 23911 "-" "WordPress.com; https://wordpress.com"
2405:201:c032:f084:29e7:fa1b:afb0:d744 - - [20/Jul/2026:06:33:39 +0200] "POST /xmlrpc.php HTTP/1.1" 503 23911 "-" "Jetpack by WordPress.com"
2404:ba00:fc04:15c4:8410:d937:693c:38a5 - - [20/Jul/2026:06:33:41 +0200] "POST /xmlrpc.php HTTP/1.1" 503 23911 "-" "Jetpack by WordPress.com (Jetpack 13.0; WordPress 6.1)"
2405:201:c032:f084:29e7:fa1b:afb0:d744 - - [20/Jul/2026:06:33:49 +0200] "POST /xmlrpc.php HTTP/1.1" 503 23911 "-" "Jetpack by WordPress.com"
2404:ba00:fc04:15c4:8410:d937:693c:38a5 - - [20/Jul/2026:06:33:52 +0200] "POST /xmlrpc.php HTTP/1.1" 503 23911 "-" "WordPress.com; https://wordpress.com"
2405:201:c032:f084:29e7:fa1b:afb0:d744 - - [20/Jul/2026:06:34:00 +0200] "POST /xmlrpc.php HTTP/1.1" 503 23911 "-" "Jetpack/13.0; WordPress/6.2; http://site32020750.com"
2404:ba00:fc04:15c4:8410:d937:693c:38a5 - - [20/Jul/2026:06:34:03 +0200] "POST /xmlrpc.php HTTP/1.1" 503 23911 "-" "WordPress.com; https://wordpress.com"
2405:201:c032:f084:29e7:fa1b:afb0:d744 - - [20/Jul/2026:06:34:10 +0200] "POST /xmlrpc.php HTTP/1.1" 503 23911 "-" "Jetpack by WordPress.com"
2404:ba00:fc04:15c4:8410:d937:693c:38a5 - - [20/Jul/2026:06:34:13 +0200] "POST /xmlrpc.php HTTP/1.1" 503 23911 "-" "Jetpack/12.5; WordPress/6.2; http://site68134680.com"
2405:201:c032:f084:29e7:fa1b:afb0:d744 - - [20/Jul/2026:06:34:21 +0200] "POST /xmlrpc.php HTTP/1.1" 503 23911 "-" "Jetpack/12.0; WordPress/6.3; http://site62853057.com"
2404:ba00:fc04:15c4:8410:d937:693c:38a5 - - [20/Jul/2026:06:34:24 +0200] "POST /xmlrpc.php HTTP/1.1" 503 23911 "-" "Jetpack by WordPress.com"
2405:201:c032:f084:29e7:fa1b:afb0:d744 - - [20/Jul/2026:06:34:31 +0200] "POST /xmlrpc.php HTTP/1.1" 503 23911 "-" "WordPress.com; https://wordpress.com"
2404:ba00:fc04:15c4:8410:d937:693c:38a5 - - [20/Jul/2026:06:34:34 +0200] "POST /xmlrpc.php HTTP/1.1" 503 23911 "-" "Jetpack/12.0; WordPress/6.1; http://site81742125.com"
2405:201:c032:f084:29e7:fa1b:afb0:d744 - - [20/Jul/2026:06:34:42 +0200] "POST /xmlrpc.php HTTP/1.1" 503 23911 "-" "Jetpack by WordPress.com (Jetpack 12.0; WordPress 6.2)"
2404:ba00:fc04:15c4:8410:d937:693c:38a5 - - [20/Jul/2026:06:34:45 +0200] "POST /xmlrpc.php HTTP/1.1" 503 23911 "-" "Jetpack by WordPress.com"
2405:201:c032:f084:29e7:fa1b:afb0:d744 - - [20/Jul/2026:06:34:52 +0200] "POST /xmlrpc.php HTTP/1.1" 503 23911 "-" "Jetpack/13.0; WordPress/6.3; http://site21287333.com"
2404:ba00:fc04:15c4:8410:d937:693c:38a5 - - [20/Jul/2026:06:34:56 +0200] "POST /xmlrpc.php HTTP/1.1" 503 23911 "-" "Jetpack by WordPress.com (Jetpack 12.5; WordPress 6.1)"
2405:201:c032:f084:29e7:fa1b:afb0:d744 - - [20/Jul/2026:06:35:03 +0200] "POST /xmlrpc.php HTTP/1.1" 503 23911 "-" "WordPress.com; https://wordpress.com"
2404:ba00:fc04:15c4:8410:d937:693c:38a5 - - [20/Jul/2026:06:35:06 +0200] "POST /xmlrpc.php HTTP/1.1" 503 23911 "-" "Jetpack by WordPress.com"
2405:201:c032:f084:29e7:fa1b:afb0:d744 - - [20/Jul/2026:06:35:13 +0200] "POST /xmlrpc.php HTTP/1.1" 503 23911 "-" "WordPress.com; https://wordpress.com"
2001:1690:2:4::1:118 - - [20/Jul/2026:06:35:17 +0200] "POST /wp-cron.php?doing_wp_cron=1784522117.3839070796966552734375 HTTP/1.1" 200 5532 "-" "WordPress/6.9.5; https://cso-deprinsenhof.nl"
2001:1690:2:4::1:118 - - [20/Jul/2026:06:35:17 +0200] "POST /?wordfence_syncAttackData=1784522117.1609 HTTP/1.1" 200 5474 "-" "WordPress/6.9.5; https://cso-deprinsenhof.nl"
2404:ba00:fc04:15c4:8410:d937:693c:38a5 - - [20/Jul/2026:06:35:17 +0200] "POST /xmlrpc.php HTTP/1.1" 503 23911 "-" "Jetpack by WordPress.com"
2001:1690:2:4::1:118 - - [20/Jul/2026:06:35:17 +0200] "POST /wp-cron.php?doing_wp_cron=1784522117.6130459308624267578125 HTTP/1.1" 200 5532 "-" "WordPress/6.9.5; https://cso-deprinsenhof.nl"
3.232.102.111 - - [20/Jul/2026:06:35:17 +0200] "GET /wp-json/oembed/1.0/embed?url=https://cso-deprinsenhof.nl/ouders-verzorgers/ HTTP/1.1" 200 8328 "-" "Mozilla/5.0 AppleWebKit/537.36 (KHTML, like Gecko; compatible; Amazonbot/0.1; +https://developer.amazon.com/support/amazonbot) Chrome/119.0.6045.214 Safari/537.36"
2405:201:c032:f084:29e7:fa1b:afb0:d744 - - [20/Jul/2026:06:35:24 +0200] "POST /xmlrpc.php HTTP/1.1" 503 23911 "-" "Jetpack by WordPress.com"
2404:ba00:fc04:15c4:8410:d937:693c:38a5 - - [20/Jul/2026:06:35:28 +0200] "POST /xmlrpc.php HTTP/1.1" 503 23911 "-" "WordPress.com; https://wordpress.com"
2405:201:c032:f084:29e7:fa1b:afb0:d744 - - [20/Jul/2026:06:35:34 +0200] "POST /xmlrpc.php HTTP/1.1" 503 23911 "-" "Jetpack by WordPress.com"
2001:1690:2:4::1:118 - - [20/Jul/2026:06:35:37 +0200] "POST /wp-cron.php?doing_wp_cron=1784522137.1318080425262451171875 HTTP/1.1" 200 5532 "-" "WordPress/6.9.5; https://cso-deprinsenhof.nl"
2001:1690:2:4::1:118 - - [20/Jul/2026:06:35:37 +0200] "POST /?wordfence_syncAttackData=1784522136.9806 HTTP/1.1" 200 5474 "-" "WordPress/6.9.5; https://cso-deprinsenhof.nl"
68.210.64.44 - - [20/Jul/2026:06:35:36 +0200] "GET / HTTP/1.1" 301 5550 "https://www.google.com/" "Mozilla/5.0 (Linux; Android 10; K) AppleWebKit/537.36 (KHTML, like Gecko) Chrome/135.0.0.0 Mobile Safari/537.36"
68.210.64.44 - - [20/Jul/2026:06:35:37 +0200] "GET / HTTP/1.1" 200 128070 "https://www.google.com/" "Mozilla/5.0 (Linux; Android 10; K) AppleWebKit/537.36 (KHTML, like Gecko) Chrome/135.0.0.0 Mobile Safari/537.36"
