104.28.211.188 - - [20/Jul/2026:20:16:25 +0200] "GET /.git/HEAD HTTP/1.1" 404 83137 "-" "Mozilla/5.0 AppleWebKit/537.36 (KHTML, like Gecko); compatible; ClaudeBot/1.0; +mailto:support@anthropic.com"
104.28.211.188 - - [20/Jul/2026:20:16:27 +0200] "GET /rclone.conf HTTP/1.1" 404 83137 "-" "Mozilla/5.0 AppleWebKit/537.36 (KHTML, like Gecko); compatible; ChatGPT-User/1.0; +https://openai.com/bot"
104.28.211.188 - - [20/Jul/2026:20:16:27 +0200] "GET /.aws/credentials HTTP/1.1" 404 83137 "-" "Mozilla/5.0 AppleWebKit/537.36 (KHTML, like Gecko); compatible; Claude-SearchBot/1.0; +mailto:support@anthropic.com"
104.28.211.188 - - [20/Jul/2026:20:16:27 +0200] "GET /.git-credentials HTTP/1.1" 404 83137 "-" "Mozilla/5.0 (compatible; Amzn-SearchBot/1.0; +https://developer.amazon.com/support/amazonbot)"
104.28.211.188 - - [20/Jul/2026:20:16:27 +0200] "GET /.gitlab-ci.yml HTTP/1.1" 404 83167 "-" "Mozilla/5.0 (compatible; cohere-ai/1.0; +https://cohere.com)"
104.28.211.188 - - [20/Jul/2026:20:16:27 +0200] "GET /.aws/config HTTP/1.1" 404 83137 "-" "Mozilla/5.0 (compatible; Applebot/0.1; +http://www.apple.com/go/applebot)"
104.28.211.188 - - [20/Jul/2026:20:16:27 +0200] "GET /.git/config HTTP/1.1" 404 83122 "-" "Mozilla/5.0 (compatible; Googlebot/2.1; +http://www.google.com/bot.html)"
104.28.211.188 - - [20/Jul/2026:20:16:31 +0200] "GET /.env.example HTTP/1.1" 404 83122 "-" "Mozilla/5.0 AppleWebKit/537.36 (KHTML, like Gecko; compatible; GPTBot/1.3; +https://openai.com/gptbot)"
104.28.211.188 - - [20/Jul/2026:20:16:34 +0200] "GET /wp-includes/js/jquery/jquery.min.js?ver=3.7.1 HTTP/1.1" 200 5521 "-" "Mozilla/5.0 (Windows NT 10.0; Win64; x64) AppleWebKit/537.36 (KHTML, like Gecko) Chrome/150.0.0.0 Safari/537.36"
104.28.211.188 - - [20/Jul/2026:20:16:36 +0200] "GET /wp-content/uploads/fusion-scripts/409f3d9b6ae5a62f1c2d4456e7952c90.min.js?ver=3.14.2 HTTP/1.1" 200 5591 "-" "Mozilla/5.0 (Linux; Android 14; 23021RAAEG) AppleWebKit/537.36 (KHTML, like Gecko) Chrome/149.0.0.0 Mobile Safari/537.36"
2001:1690:2:4::1:118 - - [20/Jul/2026:20:16:37 +0200] "GET /wp-content/uploads/2025/07/boog-onder.svg HTTP/1.1" 200 6041 "-" "-"
104.28.211.188 - - [20/Jul/2026:20:16:37 +0200] "GET /onze-school/ HTTP/1.1" 200 124336 "-" "Mozilla/5.0 (Linux; Android 10; K) AppleWebKit/537.36 (KHTML, like Gecko) Chrome/149.0.0.0 Mobile Safari/537.36"
104.28.211.188 - - [20/Jul/2026:20:16:42 +0200] "POST /graphql HTTP/1.1" 404 83167 "-" "Go-http-client/1.1"
104.28.211.188 - - [20/Jul/2026:20:16:47 +0200] "POST /api/graphql HTTP/1.1" 404 83167 "-" "Go-http-client/1.1"
2001:1690:2:4::1:118 - - [20/Jul/2026:20:16:49 +0200] "GET /wp-content/uploads/2025/07/boog-onder.svg HTTP/1.1" 200 6041 "-" "-"
104.28.211.188 - - [20/Jul/2026:20:16:49 +0200] "GET /ons-onderwijs/ HTTP/1.1" 200 102258 "-" "Mozilla/5.0 (X11; Linux x86_64) AppleWebKit/537.36 (KHTML, like Gecko) Chrome/150.0.0.0 Safari/537.36"
104.28.211.188 - - [20/Jul/2026:20:16:53 +0200] "POST /v1/graphql HTTP/1.1" 404 83167 "-" "Go-http-client/1.1"
2001:1690:2:4::1:118 - - [20/Jul/2026:20:16:57 +0200] "GET /wp-content/uploads/2025/07/boog-onder.svg HTTP/1.1" 200 6041 "-" "-"
104.28.211.189 - - [20/Jul/2026:20:16:57 +0200] "GET /ouders-verzorgers/ HTTP/1.1" 200 117212 "-" "Mozilla/5.0 (Linux; Android 15; SM-S921B) AppleWebKit/537.36 (KHTML, like Gecko) Chrome/150.0.0.0 Mobile Safari/537.36"
8.228.84.178 - - [20/Jul/2026:20:18:48 +0200] "GET /blog/ HTTP/1.1" 404 79965 "http://cso-deprinsenhof.nl/blog/" "Mozilla/5.0 (Macintosh; Intel Mac OS X 15_0) AppleWebKit/537.36 (KHTML, like Gecko) Chrome/125.0.6422.141 Safari/537.36"
8.228.84.178 - - [20/Jul/2026:20:18:49 +0200] "GET /wp/ HTTP/1.1" 404 79965 "http://cso-deprinsenhof.nl/wp/" "Mozilla/5.0 (X11; Linux x86_64) AppleWebKit/537.36 (KHTML, like Gecko) Chrome/125.0.6422.76 Safari/537.36"
8.228.84.178 - - [20/Jul/2026:20:18:49 +0200] "GET /old/ HTTP/1.1" 404 79965 "http://cso-deprinsenhof.nl/old/" "Mozilla/5.0 (Linux; Android 10; vivo 1904) AppleWebKit/537.36 (KHTML, like Gecko) Chrome/117.0.5938.60 Mobile Safari/537.36"
8.228.84.178 - - [20/Jul/2026:20:18:50 +0200] "GET /backup/ HTTP/1.1" 404 79965 "http://cso-deprinsenhof.nl/backup/" "Mozilla/5.0 (Linux; Android 13; Pixel 7a) AppleWebKit/537.36 (KHTML, like Gecko) Chrome/124.0.6367.82 Mobile Safari/537.36"
8.228.84.178 - - [20/Jul/2026:20:18:50 +0200] "GET /wordpress/ HTTP/1.1" 404 79965 "http://cso-deprinsenhof.nl/wordpress/" "Mozilla/5.0 (Linux; U; Android 10; en-US; CPH2015) AppleWebKit/537.36 (KHTML, like Gecko) UCBrowser/13.5.8.1311 Mobile Safari/537.36"
8.228.84.178 - - [20/Jul/2026:20:18:51 +0200] "GET /new/ HTTP/1.1" 404 79965 "http://cso-deprinsenhof.nl/new/" "Mozilla/5.0 (Windows NT 10.0; Win64; x64; rv:127.0) Gecko/20100101 Firefox/127.0"
8.228.84.178 - - [20/Jul/2026:20:18:51 +0200] "GET / HTTP/1.1" 200 128088 "http://cso-deprinsenhof.nl/" "Mozilla/5.0 (iPhone; CPU iPhone OS 17_5 like Mac OS X) AppleWebKit/605.1.15 (KHTML, like Gecko) Version/17.5 Mobile/15E148 Safari/604.1"
216.244.66.233 - - [20/Jul/2026:20:21:34 +0200] "GET /robots.txt HTTP/1.1" 200 5740 "-" "Mozilla/5.0 (compatible; DotBot/1.2; +https://opensiteexplorer.org/dotbot; help@moz.com)"
216.244.66.233 - - [20/Jul/2026:20:28:35 +0200] "GET /wp-content/uploads/2025/05/Vacature-groepsleerkracht-september-2025.pdf HTTP/1.1" 200 5550 "-" "Mozilla/5.0 (compatible; DotBot/1.2; +https://opensiteexplorer.org/dotbot; help@moz.com)"
2001:1690:2:4::1:118 - - [20/Jul/2026:20:32:16 +0200] "POST /wp-cron.php?doing_wp_cron=1784572336.5994269847869873046875 HTTP/1.1" 200 5532 "-" "WordPress/6.9.5; https://cso-deprinsenhof.nl"
198.244.183.64 - - [20/Jul/2026:20:32:16 +0200] "GET /sitemap_index.xml HTTP/1.1" 200 6042 "-" "Mozilla/5.0 (compatible; AhrefsBot/7.0; +http://ahrefs.com/robot/)"
198.244.168.57 - - [20/Jul/2026:20:32:18 +0200] "GET /page-sitemap.xml HTTP/1.1" 200 12155 "-" "Mozilla/5.0 (compatible; AhrefsBot/7.0; +http://ahrefs.com/robot/)"
198.244.226.110 - - [20/Jul/2026:20:32:19 +0200] "GET /fusion_tb_category-sitemap.xml HTTP/1.1" 200 6640 "-" "Mozilla/5.0 (compatible; AhrefsBot/7.0; +http://ahrefs.com/robot/)"
203.2.114.122 - - [20/Jul/2026:20:39:16 +0200] "GET /wp-login.php HTTP/1.1" 200 16807 "-" "Apache-HttpClient/4.5.2 (Java/1.8.0_161)"
203.2.114.122 - - [20/Jul/2026:20:39:16 +0200] "GET /?author=1 HTTP/1.1" 404 38910 "-" "Apache-HttpClient/4.5.2 (Java/1.8.0_161)"
203.2.114.122 - - [20/Jul/2026:20:39:17 +0200] "GET /?author=2 HTTP/1.1" 404 38910 "-" "Apache-HttpClient/4.5.2 (Java/1.8.0_161)"
203.2.114.122 - - [20/Jul/2026:20:39:17 +0200] "GET /?author=3 HTTP/1.1" 404 38910 "-" "Apache-HttpClient/4.5.2 (Java/1.8.0_161)"
203.2.114.122 - - [20/Jul/2026:20:39:18 +0200] "GET /?author=4 HTTP/1.1" 404 38910 "-" "Apache-HttpClient/4.5.2 (Java/1.8.0_161)"
203.2.114.122 - - [20/Jul/2026:20:39:18 +0200] "GET /?author=5 HTTP/1.1" 404 38910 "-" "Apache-HttpClient/4.5.2 (Java/1.8.0_161)"
203.2.114.122 - - [20/Jul/2026:20:39:19 +0200] "GET /?author=6 HTTP/1.1" 404 38910 "-" "Apache-HttpClient/4.5.2 (Java/1.8.0_161)"
203.2.114.122 - - [20/Jul/2026:20:39:19 +0200] "GET /?author=7 HTTP/1.1" 404 38910 "-" "Apache-HttpClient/4.5.2 (Java/1.8.0_161)"
203.2.114.122 - - [20/Jul/2026:20:39:19 +0200] "GET /?author=8 HTTP/1.1" 404 38910 "-" "Apache-HttpClient/4.5.2 (Java/1.8.0_161)"
203.2.114.122 - - [20/Jul/2026:20:39:20 +0200] "GET /?author=9 HTTP/1.1" 404 38910 "-" "Apache-HttpClient/4.5.2 (Java/1.8.0_161)"
203.2.114.122 - - [20/Jul/2026:20:39:20 +0200] "GET /?author=10 HTTP/1.1" 404 38910 "-" "Apache-HttpClient/4.5.2 (Java/1.8.0_161)"
203.2.114.122 - - [20/Jul/2026:20:39:21 +0200] "GET /?author=11 HTTP/1.1" 404 38910 "-" "Apache-HttpClient/4.5.2 (Java/1.8.0_161)"
203.2.114.122 - - [20/Jul/2026:20:39:21 +0200] "GET /?author=12 HTTP/1.1" 404 38910 "-" "Apache-HttpClient/4.5.2 (Java/1.8.0_161)"
203.2.114.122 - - [20/Jul/2026:20:39:22 +0200] "GET /?author=13 HTTP/1.1" 404 38910 "-" "Apache-HttpClient/4.5.2 (Java/1.8.0_161)"
203.2.114.122 - - [20/Jul/2026:20:39:22 +0200] "GET /?author=14 HTTP/1.1" 404 38910 "-" "Apache-HttpClient/4.5.2 (Java/1.8.0_161)"
203.2.114.122 - - [20/Jul/2026:20:39:22 +0200] "GET /?author=15 HTTP/1.1" 404 38910 "-" "Apache-HttpClient/4.5.2 (Java/1.8.0_161)"
203.2.114.122 - - [20/Jul/2026:20:39:23 +0200] "GET /?author=16 HTTP/1.1" 404 38910 "-" "Apache-HttpClient/4.5.2 (Java/1.8.0_161)"
203.2.114.122 - - [20/Jul/2026:20:39:23 +0200] "GET /?author=17 HTTP/1.1" 404 38910 "-" "Apache-HttpClient/4.5.2 (Java/1.8.0_161)"
203.2.114.122 - - [20/Jul/2026:20:39:24 +0200] "GET /?author=18 HTTP/1.1" 404 38910 "-" "Apache-HttpClient/4.5.2 (Java/1.8.0_161)"
203.2.114.122 - - [20/Jul/2026:20:39:24 +0200] "GET /?author=19 HTTP/1.1" 404 38910 "-" "Apache-HttpClient/4.5.2 (Java/1.8.0_161)"
203.2.114.122 - - [20/Jul/2026:20:39:24 +0200] "GET /?author=20 HTTP/1.1" 404 38910 "-" "Apache-HttpClient/4.5.2 (Java/1.8.0_161)"
2001:1690:2:4::1:118 - - [20/Jul/2026:20:40:42 +0200] "GET /wp-content/uploads/2025/07/boog-onder.svg HTTP/1.1" 200 6041 "-" "-"
51.195.183.233 - - [20/Jul/2026:20:40:42 +0200] "GET /onze-school/missie-visie/ HTTP/1.1" 200 96587 "-" "Mozilla/5.0 (compatible; AhrefsBot/7.0; +http://ahrefs.com/robot/)"
2001:1690:2:4::1:118 - - [20/Jul/2026:21:01:42 +0200] "POST /wp-cron.php?doing_wp_cron=1784574101.9730949401855468750000 HTTP/1.1" 200 5532 "-" "WordPress/6.9.5; https://cso-deprinsenhof.nl"
47.128.60.141 - - [20/Jul/2026:21:01:41 +0200] "GET /element_category/sections/ HTTP/1.1" 301 5520 "-" "Mozilla/5.0 (Linux; Android 5.0) AppleWebKit/537.36 (KHTML, like Gecko) Mobile Safari/537.36 (compatible; Bytespider; spider-feedback@bytedance.com)"
2001:1690:2:4::1:118 - - [20/Jul/2026:21:01:42 +0200] "GET /wp-content/uploads/2025/07/boog-onder.svg HTTP/1.1" 200 6041 "-" "-"
47.128.60.141 - - [20/Jul/2026:21:01:42 +0200] "GET / HTTP/1.1" 200 128100 "-" "Mozilla/5.0 (Linux; Android 5.0) AppleWebKit/537.36 (KHTML, like Gecko) Mobile Safari/537.36 (compatible; Bytespider; spider-feedback@bytedance.com)"
40.77.167.74 - - [20/Jul/2026:21:04:05 +0200] "GET /videos HTTP/1.1" 301 5651 "-" "Mozilla/5.0 AppleWebKit/537.36 (KHTML, like Gecko; compatible; bingbot/2.0; +http://www.bing.com/bingbot.htm) Chrome/116.0.1938.76 Safari/537.36"
2001:1690:2:4::1:118 - - [20/Jul/2026:21:04:06 +0200] "GET /wp-content/uploads/2025/07/boog-onder.svg HTTP/1.1" 200 6041 "-" "-"
40.77.167.74 - - [20/Jul/2026:21:04:06 +0200] "GET /onze-school/videos/ HTTP/1.1" 200 106460 "-" "Mozilla/5.0 AppleWebKit/537.36 (KHTML, like Gecko; compatible; bingbot/2.0; +http://www.bing.com/bingbot.htm) Chrome/116.0.1938.76 Safari/537.36"
2001:1690:2:4::1:118 - - [20/Jul/2026:21:19:16 +0200] "GET /wp-content/uploads/2025/07/boog-onder.svg HTTP/1.1" 200 6041 "-" "-"
2001:1690:2:4::1:118 - - [20/Jul/2026:21:19:16 +0200] "POST /wp-cron.php?doing_wp_cron=1784575156.1169960498809814453125 HTTP/1.1" 200 5532 "-" "WordPress/6.9.5; https://cso-deprinsenhof.nl"
2a02:26f7:f980:4a40:0:e800:0:17 - - [20/Jul/2026:21:19:15 +0200] "GET / HTTP/1.1" 200 121305 "-" "Mozilla/5.0 (iPhone; CPU iPhone OS 18_7 like Mac OS X) AppleWebKit/605.1.15 (KHTML, like Gecko) Version/26.5.2 Mobile/15E148 Safari/604.1"
3.93.83.40 - - [20/Jul/2026:21:21:34 +0200] "GET /onze-school/praktische-informatie HTTP/1.1" 301 5584 "-" "Mozilla/5.0 AppleWebKit/605.1.15 (KHTML, like Gecko) Chrome/139.0.0.0 Safari/605.1.15"
2001:1690:2:4::1:118 - - [20/Jul/2026:21:21:34 +0200] "GET /wp-content/uploads/2025/07/boog-onder.svg HTTP/1.1" 200 6041 "-" "-"
3.93.83.40 - - [20/Jul/2026:21:21:34 +0200] "GET /onze-school/praktische-informatie/ HTTP/1.1" 200 95383 "-" "Mozilla/5.0 AppleWebKit/605.1.15 (KHTML, like Gecko) Chrome/139.0.0.0 Safari/605.1.15"
168.194.116.205 - - [20/Jul/2026:21:23:24 +0200] "GET /wp-content/uploads/2022/04/Functieomschrijving-leerkracht-L11-L12.pdf HTTP/1.1" 404 83167 "-" "Mozilla/5.0 (Macintosh; Intel Mac OS X 10_15_7) AppleWebKit/537.36 (KHTML, like Gecko) Chrome/146.0.0.0 Safari/537.36"
154.92.130.89 - - [20/Jul/2026:21:23:40 +0200] "POST /?rest_route=/batch/v1 HTTP/1.1" 207 6472 "-" "Mozilla/5.0 (Macintosh; Intel Mac OS X 10_15_7) AppleWebKit/537.36 (KHTML, like Gecko) Chrome/137.0.0.0 Safari/537.36"
2001:1690:2:4::1:118 - - [20/Jul/2026:21:33:04 +0200] "POST /wp-cron.php?doing_wp_cron=1784575984.5436079502105712890625 HTTP/1.1" 200 5532 "-" "WordPress/6.9.5; https://cso-deprinsenhof.nl"
216.73.216.245 - - [20/Jul/2026:21:33:04 +0200] "GET /robots.txt HTTP/1.1" 301 5530 "-" "Mozilla/5.0 AppleWebKit/537.36 (KHTML, like Gecko; compatible; ClaudeBot/1.0; +claudebot@anthropic.com)"
216.73.216.245 - - [20/Jul/2026:21:33:05 +0200] "GET /robots.txt HTTP/1.1" 200 5740 "https://www.cso-deprinsenhof.nl/robots.txt" "Mozilla/5.0 AppleWebKit/537.36 (KHTML, like Gecko; compatible; ClaudeBot/1.0; +claudebot@anthropic.com)"
216.73.216.245 - - [20/Jul/2026:21:33:05 +0200] "GET / HTTP/1.1" 301 5520 "-" "Mozilla/5.0 AppleWebKit/537.36 (KHTML, like Gecko; compatible; ClaudeBot/1.0; +claudebot@anthropic.com)"
216.73.216.245 - - [20/Jul/2026:21:33:05 +0200] "GET / HTTP/1.1" 200 127004 "https://www.cso-deprinsenhof.nl/" "Mozilla/5.0 AppleWebKit/537.36 (KHTML, like Gecko; compatible; ClaudeBot/1.0; +claudebot@anthropic.com)"
107.23.62.75 - - [20/Jul/2026:21:38:23 +0200] "GET / HTTP/1.1" 301 5520 "-" "Mozilla/5.0 AppleWebKit/537.36 (KHTML, like Gecko; compatible; Amazonbot/0.1; +https://developer.amazon.com/support/amazonbot) Chrome/119.0.6045.214 Safari/537.36"
34.238.45.183 - - [20/Jul/2026:21:38:23 +0200] "GET / HTTP/1.1" 200 127004 "-" "Mozilla/5.0 AppleWebKit/537.36 (KHTML, like Gecko; compatible; Amazonbot/0.1; +https://developer.amazon.com/support/amazonbot) Chrome/119.0.6045.214 Safari/537.36"
3.209.62.123 - - [20/Jul/2026:21:40:33 +0200] "GET / HTTP/1.1" 301 5550 "-" "Mozilla/5.0 AppleWebKit/605.1.15 (KHTML, like Gecko) Chrome/139.0.0.0 Safari/605.1.15"
52.21.81.179 - - [20/Jul/2026:21:40:33 +0200] "GET / HTTP/1.1" 200 127004 "-" "Mozilla/5.0 AppleWebKit/605.1.15 (KHTML, like Gecko) Chrome/139.0.0.0 Safari/605.1.15"
34.32.5.220 - - [20/Jul/2026:21:40:58 +0200] "GET / HTTP/1.1" 200 127004 "-" "Mozilla/5.0 (Macintosh; Intel Mac OS X 10_15_7) AppleWebKit/537.36 (KHTML, like Gecko) Chrome/149.0.0.0 Safari/537.36"
34.32.5.220 - - [20/Jul/2026:21:40:58 +0200] "GET /.env.backup HTTP/1.1" 404 83137 "-" "Mozilla/5.0 AppleWebKit/537.36 (KHTML, like Gecko); compatible; PerplexityBot/1.0; +https://perplexity.ai/perplexitybot"
34.32.5.220 - - [20/Jul/2026:21:40:58 +0200] "GET /.env.bak HTTP/1.1" 404 83152 "-" "Mozilla/5.0 AppleWebKit/537.36 (KHTML, like Gecko); compatible; Perplexity-User/1.0; +https://perplexity.ai/perplexity-user"
34.32.5.220 - - [20/Jul/2026:21:40:58 +0200] "GET /.aws/credentials HTTP/1.1" 404 83167 "-" "Mozilla/5.0 AppleWebKit/537.36 (KHTML, like Gecko); compatible; Perplexity-User/1.0; +https://perplexity.ai/perplexity-user"
2001:1690:2:4::1:118 - - [20/Jul/2026:21:40:59 +0200] "POST /wp-cron.php?doing_wp_cron=1784576459.5873088836669921875000 HTTP/1.1" 200 5532 "-" "WordPress/6.9.5; https://cso-deprinsenhof.nl"
34.32.5.220 - - [20/Jul/2026:21:40:58 +0200] "GET /i.php HTTP/1.1" 404 83137 "-" "Mozilla/5.0 (compatible; Applebot/0.1; +http://www.apple.com/go/applebot)"
34.32.5.220 - - [20/Jul/2026:21:40:58 +0200] "GET /.env.local HTTP/1.1" 404 83137 "-" "Mozilla/5.0 (compatible; Applebot-Extended/0.1; +http://www.apple.com/go/applebot)"
34.32.5.220 - - [20/Jul/2026:21:40:58 +0200] "GET /.git/config HTTP/1.1" 404 83137 "-" "Mozilla/5.0 (compatible; Diffbot/1.0; +https://diffbot.com)"
34.32.5.220 - - [20/Jul/2026:21:40:58 +0200] "GET /sw.js HTTP/1.1" 404 83137 "-" "Mozilla/5.0 (compatible; Amzn-SearchBot/1.0; +https://developer.amazon.com/support/amazonbot)"
34.32.5.220 - - [20/Jul/2026:21:40:58 +0200] "GET /.aws/config HTTP/1.1" 404 83122 "-" "Mozilla/5.0 AppleWebKit/537.36 (KHTML, like Gecko); compatible; Claude-SearchBot/1.0; +mailto:support@anthropic.com"
34.32.5.220 - - [20/Jul/2026:21:40:58 +0200] "GET /rclone.conf HTTP/1.1" 404 83137 "-" "Mozilla/5.0 AppleWebKit/537.36 (KHTML, like Gecko); compatible; ChatGPT-User/1.0; +https://openai.com/bot"
34.32.5.220 - - [20/Jul/2026:21:40:58 +0200] "GET /wp-json HTTP/1.1" 200 258530 "-" "Mozilla/5.0 AppleWebKit/537.36 (KHTML, like Gecko; compatible; GPTBot/1.3; +https://openai.com/gptbot)"
34.32.5.220 - - [20/Jul/2026:21:40:58 +0200] "GET /z9x8c7v6b5-debug-trigger-cso-deprinsenhof.nl HTTP/1.1" 404 83137 "-" "Mozilla/5.0 (compatible; Applebot-Extended/0.1; +http://www.apple.com/go/applebot)"
34.32.5.220 - - [20/Jul/2026:21:41:00 +0200] "GET /credentials.json HTTP/1.1" 404 83137 "-" "Mozilla/5.0 AppleWebKit/537.36 (KHTML, like Gecko; compatible; GPTBot/1.3; +https://openai.com/gptbot)"
34.32.5.220 - - [20/Jul/2026:21:41:00 +0200] "GET /service-worker.js HTTP/1.1" 404 83137 "-" "CCBot/2.0 (https://commoncrawl.org/faq/)"
34.32.5.220 - - [20/Jul/2026:21:41:00 +0200] "GET /config.json HTTP/1.1" 404 83137 "-" "Mozilla/5.0 (compatible; Diffbot/1.0; +https://diffbot.com)"
34.32.5.220 - - [20/Jul/2026:21:40:58 +0200] "GET /__/firebase/init.json HTTP/1.1" 404 83167 "-" "Mozilla/5.0 AppleWebKit/537.36 (KHTML, like Gecko); compatible; Perplexity-User/1.0; +https://perplexity.ai/perplexity-user"
34.32.5.220 - - [20/Jul/2026:21:40:59 +0200] "GET /_profiler/latest HTTP/1.1" 404 83137 "-" "Mozilla/5.0 (compatible; GoogleOther; +http://www.google.com/bot.html)"
34.32.5.220 - - [20/Jul/2026:21:41:00 +0200] "GET /secrets.yml HTTP/1.1" 404 83137 "-" "Mozilla/5.0 (compatible; Amzn-SearchBot/1.0; +https://developer.amazon.com/support/amazonbot)"
34.32.5.220 - - [20/Jul/2026:21:41:00 +0200] "GET /openapi.json HTTP/1.1" 404 83137 "-" "Mozilla/5.0 (compatible; Bytespider; spider-feedback@bytedance.com)"
34.32.5.220 - - [20/Jul/2026:21:41:00 +0200] "GET /_profiler/open HTTP/1.1" 404 83137 "-" "Mozilla/5.0 AppleWebKit/537.36 (KHTML, like Gecko); compatible; Claude-SearchBot/1.0; +mailto:support@anthropic.com"
34.32.5.220 - - [20/Jul/2026:21:41:00 +0200] "GET /_ignition/health-check HTTP/1.1" 404 83167 "-" "anthropic-ai"
34.32.5.220 - - [20/Jul/2026:21:41:00 +0200] "GET /.gitconfig HTTP/1.1" 404 83137 "-" "Mozilla/5.0 AppleWebKit/537.36 (KHTML, like Gecko); compatible; ChatGPT-User/1.0; +https://openai.com/bot"
34.32.5.220 - - [20/Jul/2026:21:41:00 +0200] "POST /graphql HTTP/1.1" 404 83167 "-" "Go-http-client/1.1"
34.32.5.220 - - [20/Jul/2026:21:41:02 +0200] "GET /.git/HEAD HTTP/1.1" 404 83167 "-" "Mozilla/5.0 AppleWebKit/537.36 (KHTML, like Gecko); compatible; Perplexity-User/1.0; +https://perplexity.ai/perplexity-user"
34.32.5.220 - - [20/Jul/2026:21:41:00 +0200] "GET /api/openapi.json HTTP/1.1" 404 83137 "-" "Mozilla/5.0 (compatible; Diffbot/1.0; +https://diffbot.com)"
34.32.5.220 - - [20/Jul/2026:21:41:00 +0200] "GET /api/settings HTTP/1.1" 404 83137 "-" "Mozilla/5.0 (compatible; Applebot/0.1; +http://www.apple.com/go/applebot)"
34.32.5.220 - - [20/Jul/2026:21:41:01 +0200] "GET /.openclaw/.env HTTP/1.1" 404 83137 "-" "CCBot/2.0 (https://commoncrawl.org/faq/)"
34.32.5.220 - - [20/Jul/2026:21:41:02 +0200] "GET /.env.old HTTP/1.1" 404 83137 "-" "Mozilla/5.0 (compatible; Bytespider; spider-feedback@bytedance.com)"
34.32.5.220 - - [20/Jul/2026:21:41:02 +0200] "GET /api/v2/settings HTTP/1.1" 404 83137 "-" "Mozilla/5.0 AppleWebKit/537.36 (KHTML, like Gecko); compatible; Claude-SearchBot/1.0; +mailto:support@anthropic.com"
34.32.5.220 - - [20/Jul/2026:21:41:02 +0200] "GET /.cursor/mcp.json HTTP/1.1" 404 83137 "-" "Mozilla/5.0 (compatible; Googlebot/2.1; +http://www.google.com/bot.html)"
34.32.5.220 - - [20/Jul/2026:21:41:03 +0200] "GET /key.json HTTP/1.1" 404 83167 "-" "Mozilla/5.0 AppleWebKit/537.36 (KHTML, like Gecko); compatible; Perplexity-User/1.0; +https://perplexity.ai/perplexity-user"
34.32.5.220 - - [20/Jul/2026:21:41:02 +0200] "GET /app_dev.php HTTP/1.1" 404 83137 "-" "Mozilla/5.0 (compatible; Googlebot/2.1; +http://www.google.com/bot.html)"
34.32.5.220 - - [20/Jul/2026:21:41:02 +0200] "GET /api/health HTTP/1.1" 404 83167 "-" "anthropic-ai"
34.32.5.220 - - [20/Jul/2026:21:41:03 +0200] "GET /api/account HTTP/1.1" 404 83137 "-" "meta-externalagent/1.1 (+https://developers.facebook.com/docs/sharing/webmasters/crawler)"
34.32.5.220 - - [20/Jul/2026:21:41:03 +0200] "GET /.continue/config.json HTTP/1.1" 404 83137 "-" "Mozilla/5.0 (compatible; Bytespider; spider-feedback@bytedance.com)"
34.32.5.220 - - [20/Jul/2026:21:41:03 +0200] "POST /api/graphql HTTP/1.1" 404 83167 "-" "Go-http-client/1.1"
34.32.5.220 - - [20/Jul/2026:21:41:03 +0200] "GET /_debugbar/open HTTP/1.1" 404 83137 "-" "Mozilla/5.0 (compatible; Amazonbot/0.1; +https://developer.amazon.com/support/amazonbot)"
34.32.5.220 - - [20/Jul/2026:21:41:05 +0200] "GET /server-status HTTP/1.1" 403 5626 "-" "Mozilla/5.0 AppleWebKit/537.36 (KHTML, like Gecko); compatible; Claude-SearchBot/1.0; +mailto:support@anthropic.com"
34.32.5.220 - - [20/Jul/2026:21:41:03 +0200] "GET /__debug__/ HTTP/1.1" 404 83167 "-" "Mozilla/5.0 AppleWebKit/537.36 (KHTML, like Gecko); compatible; MistralAI-User/1.0"
34.32.5.220 - - [20/Jul/2026:21:41:04 +0200] "GET /runtime-config.js HTTP/1.1" 404 83137 "-" "Mozilla/5.0 (compatible; Amzn-SearchBot/1.0; +https://developer.amazon.com/support/amazonbot)"
34.32.5.220 - - [20/Jul/2026:21:41:05 +0200] "GET /trace.axd HTTP/1.1" 404 83137 "-" "meta-externalagent/1.1 (+https://developers.facebook.com/docs/sharing/webmasters/crawler)"
34.32.5.220 - - [20/Jul/2026:21:41:04 +0200] "GET /app-config.json HTTP/1.1" 404 83152 "-" "Mozilla/5.0 AppleWebKit/537.36 (KHTML, like Gecko); compatible; Claude-User/1.0; +mailto:support@anthropic.com"
34.32.5.220 - - [20/Jul/2026:21:41:04 +0200] "GET /admin/.env HTTP/1.1" 404 83137 "-" "Mozilla/5.0 AppleWebKit/537.36 (KHTML, like Gecko); compatible; Claude-SearchBot/1.0; +mailto:support@anthropic.com"
34.32.5.220 - - [20/Jul/2026:21:41:05 +0200] "GET /manifest.webmanifest HTTP/1.1" 404 83137 "-" "Mozilla/5.0 AppleWebKit/537.36 (KHTML, like Gecko); compatible; OAI-SearchBot/1.0; +https://openai.com/searchbot"
34.32.5.220 - - [20/Jul/2026:21:41:05 +0200] "GET /.git-credentials HTTP/1.1" 404 83167 "-" "anthropic-ai"
34.32.5.220 - - [20/Jul/2026:21:41:05 +0200] "GET /__env.js HTTP/1.1" 404 83122 "-" "Mozilla/5.0 AppleWebKit/537.36 (KHTML, like Gecko); compatible; Claude-SearchBot/1.0; +mailto:support@anthropic.com"
34.32.5.220 - - [20/Jul/2026:21:41:05 +0200] "GET /secrets.json HTTP/1.1" 404 83167 "-" "Mozilla/5.0 (compatible; cohere-ai/1.0; +https://cohere.com)"
34.32.5.220 - - [20/Jul/2026:21:41:05 +0200] "GET /elmah.axd HTTP/1.1" 404 83137 "-" "Mozilla/5.0 (compatible; Applebot/0.1; +http://www.apple.com/go/applebot)"
34.32.5.220 - - [20/Jul/2026:21:41:05 +0200] "GET /telescope/requests HTTP/1.1" 404 83137 "-" "Mozilla/5.0 AppleWebKit/537.36 (KHTML, like Gecko); compatible; ChatGPT-User/1.0; +https://openai.com/bot"
34.32.5.220 - - [20/Jul/2026:21:41:05 +0200] "GET /api/.env HTTP/1.1" 404 83152 "-" "Mozilla/5.0 AppleWebKit/537.36 (KHTML, like Gecko); compatible; Claude-User/1.0; +mailto:support@anthropic.com"
34.32.5.220 - - [20/Jul/2026:21:41:05 +0200] "POST /v1/graphql HTTP/1.1" 404 83167 "-" "Go-http-client/1.1"
34.32.5.220 - - [20/Jul/2026:21:41:06 +0200] "GET /serviceAccountKey.json HTTP/1.1" 404 83137 "-" "Mozilla/5.0 (compatible; Diffbot/1.0; +https://diffbot.com)"
34.32.5.220 - - [20/Jul/2026:21:41:06 +0200] "GET /.openclaw/openclaw.json HTTP/1.1" 404 83137 "-" "Mozilla/5.0 AppleWebKit/537.36 (KHTML, like Gecko); compatible; PerplexityBot/1.0; +https://perplexity.ai/perplexitybot"
34.32.5.220 - - [20/Jul/2026:21:41:06 +0200] "GET /config.js HTTP/1.1" 404 83137 "-" "Mozilla/5.0 AppleWebKit/537.36 (KHTML, like Gecko; compatible; GPTBot/1.3; +https://openai.com/gptbot)"
34.32.5.220 - - [20/Jul/2026:21:41:07 +0200] "GET /swagger.json HTTP/1.1" 404 83167 "-" "Mozilla/5.0 AppleWebKit/537.36 (KHTML, like Gecko); compatible; Perplexity-User/1.0; +https://perplexity.ai/perplexity-user"
34.32.5.220 - - [20/Jul/2026:21:41:07 +0200] "GET /backend/.env HTTP/1.1" 404 83137 "-" "Mozilla/5.0 AppleWebKit/537.36 (KHTML, like Gecko); compatible; Claude-SearchBot/1.0; +mailto:support@anthropic.com"
34.32.5.220 - - [20/Jul/2026:21:41:07 +0200] "GET /config/.env HTTP/1.1" 404 83137 "-" "Mozilla/5.0 AppleWebKit/537.36 (KHTML, like Gecko); compatible; Claude-SearchBot/1.0; +mailto:support@anthropic.com"
34.32.5.220 - - [20/Jul/2026:21:41:07 +0200] "GET /firebase-adminsdk.json HTTP/1.1" 404 83167 "-" "Mozilla/5.0 AppleWebKit/537.36 (KHTML, like Gecko); compatible; Claude-User/1.0; +mailto:support@anthropic.com"
34.32.5.220 - - [20/Jul/2026:21:41:07 +0200] "GET /api/config HTTP/1.1" 404 83167 "-" "anthropic-ai"
34.32.5.220 - - [20/Jul/2026:21:41:07 +0200] "GET /api/v1/settings HTTP/1.1" 404 83137 "-" "Mozilla/5.0 AppleWebKit/537.36 (KHTML, like Gecko); compatible; ClaudeBot/1.0; +mailto:support@anthropic.com"
34.32.5.220 - - [20/Jul/2026:21:41:10 +0200] "GET /wp-content/uploads/fusion-scripts/409f3d9b6ae5a62f1c2d4456e7952c90.min.js?ver=3.14.2 HTTP/1.1" 200 5591 "-" "Mozilla/5.0 (Linux; Android 14; 23021RAAEG) AppleWebKit/537.36 (KHTML, like Gecko) Chrome/149.0.0.0 Mobile Safari/537.36"
34.32.5.220 - - [20/Jul/2026:21:41:07 +0200] "GET /app_dev.php/_profiler HTTP/1.1" 404 79935 "-" "Mozilla/5.0 (compatible; Bytespider; spider-feedback@bytedance.com)"
34.32.5.220 - - [20/Jul/2026:21:41:08 +0200] "GET /.codex/config.toml HTTP/1.1" 404 79935 "-" "Mozilla/5.0 (compatible; Bytespider; spider-feedback@bytedance.com)"
34.32.5.220 - - [20/Jul/2026:21:41:08 +0200] "GET /api/v2/config HTTP/1.1" 404 79935 "-" "Mozilla/5.0 (compatible; Applebot-Extended/0.1; +http://www.apple.com/go/applebot)"
34.32.5.220 - - [20/Jul/2026:21:41:08 +0200] "GET /.hermes/.env HTTP/1.1" 404 79935 "-" "Mozilla/5.0 AppleWebKit/537.36 (KHTML, like Gecko); compatible; ClaudeBot/1.0; +mailto:support@anthropic.com"
34.32.5.220 - - [20/Jul/2026:21:41:09 +0200] "GET /.svn/entries HTTP/1.1" 404 79935 "-" "Mozilla/5.0 AppleWebKit/537.36 (KHTML, like Gecko); compatible; OAI-SearchBot/1.0; +https://openai.com/searchbot"
34.32.5.220 - - [20/Jul/2026:21:41:08 +0200] "GET /api/v1/config HTTP/1.1" 404 79935 "-" "meta-externalagent/1.1 (+https://developers.facebook.com/docs/sharing/webmasters/crawler)"
34.32.5.220 - - [20/Jul/2026:21:41:09 +0200] "GET /graphql/console HTTP/1.1" 404 67210 "-" "Mozilla/5.0 (compatible; GoogleOther; +http://www.google.com/bot.html)"
34.32.5.220 - - [20/Jul/2026:21:41:10 +0200] "GET /privatekey.key HTTP/1.1" 404 79935 "-" "Mozilla/5.0 (compatible; GoogleOther; +http://www.google.com/bot.html)"
34.32.5.220 - - [20/Jul/2026:21:41:09 +0200] "GET /localhost.key HTTP/1.1" 404 79935 "-" "Mozilla/5.0 AppleWebKit/537.36 (KHTML, like Gecko); compatible; OAI-SearchBot/1.0; +https://openai.com/searchbot"
34.32.5.220 - - [20/Jul/2026:21:41:10 +0200] "GET /.github/workflows/deploy.yml HTTP/1.1" 404 79935 "-" "Mozilla/5.0 AppleWebKit/537.36 (KHTML, like Gecko); compatible; ClaudeBot/1.0; +mailto:support@anthropic.com"
34.32.5.220 - - [20/Jul/2026:21:41:09 +0200] "GET /.hermes/config.yaml HTTP/1.1" 404 79935 "-" "Mozilla/5.0 AppleWebKit/537.36 (KHTML, like Gecko); compatible; ChatGPT-User/1.0; +https://openai.com/bot"
2001:1690:2:4::1:118 - - [20/Jul/2026:21:41:11 +0200] "GET /wp-content/uploads/2025/07/boog-onder.svg HTTP/1.1" 200 6041 "-" "-"
34.32.5.220 - - [20/Jul/2026:21:41:10 +0200] "GET /ngsw.json HTTP/1.1" 404 79965 "-" "Mozilla/5.0 AppleWebKit/537.36 (KHTML, like Gecko); compatible; Perplexity-User/1.0; +https://perplexity.ai/perplexity-user"
34.32.5.220 - - [20/Jul/2026:21:41:10 +0200] "GET /onze-school/ HTTP/1.1" 200 124318 "-" "Mozilla/5.0 (X11; Linux x86_64; rv:152.0) Gecko/20100101 Firefox/152.0"
34.32.5.220 - - [20/Jul/2026:21:41:12 +0200] "GET /ons-onderwijs/ HTTP/1.1" 200 102258 "-" "Mozilla/5.0 (Macintosh; Intel Mac OS X 10_15_7) AppleWebKit/537.36 (KHTML, like Gecko) Chrome/150.0.0.0 Safari/537.36"
34.32.5.220 - - [20/Jul/2026:21:41:12 +0200] "GET /ouders-verzorgers/ HTTP/1.1" 200 117199 "-" "Mozilla/5.0 (Macintosh; Intel Mac OS X 10_15_7) AppleWebKit/605.1.15 (KHTML, like Gecko) Version/18.5 Safari/605.1.15"
34.32.5.220 - - [20/Jul/2026:21:41:12 +0200] "GET /contact/ HTTP/1.1" 200 85589 "-" "Mozilla/5.0 (Windows NT 10.0; Win64; x64) AppleWebKit/537.36 (KHTML, like Gecko) Chrome/148.0.0.0 Safari/537.36"
34.32.5.220 - - [20/Jul/2026:21:41:12 +0200] "GET /author/jsbdesign/ HTTP/1.1" 200 76654 "-" "Mozilla/5.0 (Linux; Android 14; V2309A) AppleWebKit/537.36 (KHTML, like Gecko) Chrome/149.0.0.0 Mobile Safari/537.36"
34.32.5.220 - - [20/Jul/2026:21:41:13 +0200] "GET /wp-content/uploads/fusion-scripts/fe16a7e9815beaee0d6daa830e467322.min.js?ver=3.14.2 HTTP/1.1" 200 5591 "-" "Mozilla/5.0 (Macintosh; Intel Mac OS X 10_15_7) AppleWebKit/605.1.15 (KHTML, like Gecko) Version/18.5 Safari/605.1.15"
34.32.5.220 - - [20/Jul/2026:21:41:13 +0200] "GET /wp-content/uploads/fusion-scripts/8ed04216ed2bad05df3cd0a855b5b3cc.min.js?ver=3.14.2 HTTP/1.1" 200 5591 "-" "Mozilla/5.0 (Linux; Android 14; CPH2557) AppleWebKit/537.36 (KHTML, like Gecko) Chrome/149.0.0.0 Mobile Safari/537.36"
34.32.5.220 - - [20/Jul/2026:21:41:13 +0200] "GET /wp-content/uploads/fusion-scripts/747e0431434c69b818684b1a4ea6b073.min.js?ver=3.14.2 HTTP/1.1" 200 5591 "-" "Mozilla/5.0 (Linux; Android 15; SM-S928B) AppleWebKit/537.36 (KHTML, like Gecko) SamsungBrowser/28.0 Chrome/130.0.0.0 Mobile Safari/537.36"
34.32.5.220 - - [20/Jul/2026:21:41:14 +0200] "GET /login HTTP/1.1" 302 5734 "-" "Mozilla/5.0 (Windows NT 10.0; Win64; x64) AppleWebKit/537.36 (KHTML, like Gecko) Chrome/150.0.0.0 Safari/537.36 Vivaldi/7.2.3620.30"
34.32.5.220 - - [20/Jul/2026:21:41:14 +0200] "GET /admin HTTP/1.1" 302 5731 "-" "Mozilla/5.0 (Linux; Android 10; K) AppleWebKit/537.36 (KHTML, like Gecko) Chrome/150.0.0.0 Mobile Safari/537.36"
34.32.5.220 - - [20/Jul/2026:21:41:14 +0200] "GET /settings HTTP/1.1" 404 83185 "-" "Mozilla/5.0 (iPhone; CPU iPhone OS 18_5 like Mac OS X) AppleWebKit/605.1.15 (KHTML, like Gecko) Version/18.5 Mobile/15E148 Safari/604.1"
34.32.5.220 - - [20/Jul/2026:21:41:14 +0200] "GET /console HTTP/1.1" 404 83167 "-" "Mozilla/5.0 (Macintosh; Intel Mac OS X 10_15_7) AppleWebKit/537.36 (KHTML, like Gecko) Chrome/149.0.0.0 Safari/537.36"
34.32.5.220 - - [20/Jul/2026:21:41:14 +0200] "GET /dashboard HTTP/1.1" 302 5731 "-" "Mozilla/5.0 (Windows NT 10.0; Win64; x64) AppleWebKit/537.36 (KHTML, like Gecko) Chrome/148.0.0.0 YaBrowser/26.6.0.0 Safari/537.36"
34.32.5.220 - - [20/Jul/2026:21:41:14 +0200] "GET /app HTTP/1.1" 404 83167 "-" "Mozilla/5.0 (Macintosh; Intel Mac OS X 10_15_7) AppleWebKit/605.1.15 (KHTML, like Gecko) Version/18.5 Safari/605.1.15"
34.32.5.220 - - [20/Jul/2026:21:41:15 +0200] "GET /wp-login.php HTTP/1.1" 200 16807 "https://cso-deprinsenhof.nl/login" "Mozilla/5.0 (Windows NT 10.0; Win64; x64) AppleWebKit/537.36 (KHTML, like Gecko) Chrome/150.0.0.0 Safari/537.36 Vivaldi/7.2.3620.30"
34.32.5.220 - - [20/Jul/2026:21:41:15 +0200] "GET /wp-includes/js/wp-util.min.js?ver=f314ca68cccfe34ad07f66cce3b84d20 HTTP/1.1" 200 5515 "-" "Mozilla/5.0 (Linux; Android 14; SM-S921B) AppleWebKit/537.36 (KHTML, like Gecko) SamsungBrowser/27.0 Chrome/125.0.0.0 Mobile Safari/537.36"
34.32.5.220 - - [20/Jul/2026:21:41:15 +0200] "GET /wp-includes/js/dist/hooks.min.js?ver=dd5603f07f9220ed27f1 HTTP/1.1" 200 5518 "-" "Mozilla/5.0 (Macintosh; Intel Mac OS X 10_15_7) AppleWebKit/537.36 (KHTML, like Gecko) Chrome/149.0.0.0 Safari/537.36"
34.32.5.220 - - [20/Jul/2026:21:41:15 +0200] "GET /wp-includes/js/dist/i18n.min.js?ver=c26c3dc7bed366793375 HTTP/1.1" 200 5517 "-" "Mozilla/5.0 (Linux; Android 10; K) AppleWebKit/537.36 (KHTML, like Gecko) Chrome/150.0.0.0 Mobile Safari/537.36"
34.32.5.220 - - [20/Jul/2026:21:41:15 +0200] "GET /wp-includes/js/dist/a11y.min.js?ver=cb460b4676c94bd228ed HTTP/1.1" 200 5517 "-" "Mozilla/5.0 (X11; Linux x86_64; rv:152.0) Gecko/20100101 Firefox/152.0"
34.32.5.220 - - [20/Jul/2026:21:41:15 +0200] "GET /wp-admin/js/user-profile.min.js?ver=f314ca68cccfe34ad07f66cce3b84d20 HTTP/1.1" 200 5517 "-" "Mozilla/5.0 (Linux; Android 14; 23021RAAEG) AppleWebKit/537.36 (KHTML, like Gecko) Chrome/149.0.0.0 Mobile Safari/537.36"
34.32.5.220 - - [20/Jul/2026:21:41:15 +0200] "GET /wp-admin/js/password-strength-meter.min.js?ver=f314ca68cccfe34ad07f66cce3b84d20 HTTP/1.1" 200 5528 "-" "Mozilla/5.0 (X11; Linux x86_64) AppleWebKit/537.36 (KHTML, like Gecko) Chrome/149.0.0.0 Safari/537.36"
34.32.5.220 - - [20/Jul/2026:21:41:15 +0200] "GET /wp-includes/js/clipboard.min.js?ver=2.0.11 HTTP/1.1" 200 5517 "-" "Mozilla/5.0 (iPad; CPU OS 26_5 like Mac OS X) AppleWebKit/605.1.15 (KHTML, like Gecko) Version/26.5 Mobile/15E148 Safari/604.1"
34.32.5.220 - - [20/Jul/2026:21:41:15 +0200] "GET /wp-includes/js/dist/dom-ready.min.js?ver=f77871ff7694fffea381 HTTP/1.1" 200 5988 "-" "Mozilla/5.0 (X11; Linux x86_64) AppleWebKit/537.36 (KHTML, like Gecko) Chrome/150.0.0.0 Safari/537.36"
34.32.5.220 - - [20/Jul/2026:21:41:15 +0200] "GET /wp-includes/js/underscore.min.js?ver=1.13.7 HTTP/1.1" 200 5518 "-" "Mozilla/5.0 (Linux; Android 15; SM-S928B) AppleWebKit/537.36 (KHTML, like Gecko) SamsungBrowser/28.0 Chrome/130.0.0.0 Mobile Safari/537.36"
34.32.5.220 - - [20/Jul/2026:21:41:15 +0200] "GET /wp-admin/ HTTP/1.1" 302 5701 "https://cso-deprinsenhof.nl/admin" "Mozilla/5.0 (Linux; Android 10; K) AppleWebKit/537.36 (KHTML, like Gecko) Chrome/150.0.0.0 Mobile Safari/537.36"
34.32.5.220 - - [20/Jul/2026:21:41:15 +0200] "GET /wp-includes/js/zxcvbn-async.min.js?ver=1.0 HTTP/1.1" 200 5882 "-" "Mozilla/5.0 (Linux; Android 10; K) AppleWebKit/537.36 (KHTML, like Gecko) Chrome/150.0.0.0 Mobile Safari/537.36"
34.32.5.220 - - [20/Jul/2026:21:41:15 +0200] "GET /wp-admin/ HTTP/1.1" 302 5701 "https://cso-deprinsenhof.nl/dashboard" "Mozilla/5.0 (Windows NT 10.0; Win64; x64) AppleWebKit/537.36 (KHTML, like Gecko) Chrome/148.0.0.0 YaBrowser/26.6.0.0 Safari/537.36"
34.32.5.220 - - [20/Jul/2026:21:41:15 +0200] "GET /wp-login.php?redirect_to=https%3A%2F%2Fcso-deprinsenhof.nl%2Fwp-admin%2F&reauth=1 HTTP/1.1" 200 18825 "https://cso-deprinsenhof.nl/wp-admin/" "Mozilla/5.0 (Linux; Android 10; K) AppleWebKit/537.36 (KHTML, like Gecko) Chrome/150.0.0.0 Mobile Safari/537.36"
34.32.5.220 - - [20/Jul/2026:21:41:15 +0200] "GET /wp-login.php?redirect_to=https%3A%2F%2Fcso-deprinsenhof.nl%2Fwp-admin%2F&reauth=1 HTTP/1.1" 200 18825 "https://cso-deprinsenhof.nl/wp-admin/" "Mozilla/5.0 (Windows NT 10.0; Win64; x64) AppleWebKit/537.36 (KHTML, like Gecko) Chrome/148.0.0.0 YaBrowser/26.6.0.0 Safari/537.36"
2001:1690:2:4::1:118 - - [20/Jul/2026:21:51:05 +0200] "POST /wp-cron.php?doing_wp_cron=1784577065.9396860599517822265625 HTTP/1.1" 200 5532 "-" "WordPress/6.9.5; https://cso-deprinsenhof.nl"
216.73.216.245 - - [20/Jul/2026:21:51:05 +0200] "GET /robots.txt HTTP/1.1" 200 5740 "-" "Mozilla/5.0 AppleWebKit/537.36 (KHTML, like Gecko; compatible; ClaudeBot/1.0; +claudebot@anthropic.com)"
216.73.216.245 - - [20/Jul/2026:21:51:06 +0200] "GET /sitemap_index.xml HTTP/1.1" 200 6042 "-" "Mozilla/5.0 AppleWebKit/537.36 (KHTML, like Gecko; compatible; ClaudeBot/1.0; +claudebot@anthropic.com)"
43.228.157.148 - - [20/Jul/2026:21:54:52 +0200] "GET /wp-content/themes/seotheme/db.php?u HTTP/1.1" 403 22843 "www.google.com" "Mozlila/5.0 (Linux; Android 7.0; SM-G892A Bulid/NRD90M; wv) AppleWebKit/537.36 (KHTML, like Gecko) Version/4.0 Chrome/60.0.3112.107 Moblie Safari/537.36"
43.228.157.148 - - [20/Jul/2026:21:54:52 +0200] "POST /ALFA_DATA/alfacgiapi/perl.alfa HTTP/1.1" 403 22843 "www.google.com" "Mozlila/5.0 (Linux; Android 7.0; SM-G892A Bulid/NRD90M; wv) AppleWebKit/537.36 (KHTML, like Gecko) Version/4.0 Chrome/60.0.3112.107 Moblie Safari/537.36"
43.228.157.148 - - [20/Jul/2026:21:54:56 +0200] "GET /wp-content/themes/seotheme/db.php?u HTTP/1.1" 403 22843 "www.google.com" "Mozlila/5.0 (Linux; Android 7.0; SM-G892A Bulid/NRD90M; wv) AppleWebKit/537.36 (KHTML, like Gecko) Version/4.0 Chrome/60.0.3112.107 Moblie Safari/537.36"
43.228.157.148 - - [20/Jul/2026:21:54:52 +0200] "GET / HTTP/1.1" 403 22843 "-" "Mozlila/5.0 (Linux; Android 7.0; SM-G892A Bulid/NRD90M; wv) AppleWebKit/537.36 (KHTML, like Gecko) Version/4.0 Chrome/60.0.3112.107 Moblie Safari/537.36"
43.228.157.148 - - [20/Jul/2026:21:54:57 +0200] "POST /alfacgiapi/perl.alfa HTTP/1.1" 403 22843 "www.google.com" "Mozlila/5.0 (Linux; Android 7.0; SM-G892A Bulid/NRD90M; wv) AppleWebKit/537.36 (KHTML, like Gecko) Version/4.0 Chrome/60.0.3112.107 Moblie Safari/537.36"
43.228.157.148 - - [20/Jul/2026:21:54:57 +0200] "GET /wp-content/plugins/apikey/apikey.php?test=hello HTTP/1.1" 403 22843 "-" "Mozlila/5.0 (Linux; Android 7.0; SM-G892A Bulid/NRD90M; wv) AppleWebKit/537.36 (KHTML, like Gecko) Version/4.0 Chrome/60.0.3112.107 Moblie Safari/537.36"
43.228.157.148 - - [20/Jul/2026:21:54:58 +0200] "GET /plugins/content/apismtp/apismtp.php?test=hello HTTP/1.1" 403 22843 "-" "Mozlila/5.0 (Linux; Android 7.0; SM-G892A Bulid/NRD90M; wv) AppleWebKit/537.36 (KHTML, like Gecko) Version/4.0 Chrome/60.0.3112.107 Moblie Safari/537.36"
2001:1690:2:4::1:118 - - [20/Jul/2026:21:54:58 +0200] "POST /?wordfence_syncAttackData=1784577298.3347 HTTP/1.1" 500 8041 "-" "WordPress/6.9.5; https://cso-deprinsenhof.nl"
43.228.157.148 - - [20/Jul/2026:21:54:59 +0200] "GET /wp-content/plugins/apikey/apikey.php.suspected?test=hello HTTP/1.1" 403 22843 "-" "Mozlila/5.0 (Linux; Android 7.0; SM-G892A Bulid/NRD90M; wv) AppleWebKit/537.36 (KHTML, like Gecko) Version/4.0 Chrome/60.0.3112.107 Moblie Safari/537.36"
43.228.157.148 - - [20/Jul/2026:21:55:00 +0200] "GET /wp-content/plugins/fix/up.php HTTP/1.1" 500 8041 "-" "Mozilla/5.0 (Windows NT 10.0; Win64; x64) AppleWebKit/537.36 (KHTML, like Gecko) Chrome/85.0.4183.102 Safari/537.36"
43.228.157.148 - - [20/Jul/2026:21:55:02 +0200] "GET /plugins/content/apismtp/apismtp.php.suspected?test=hello HTTP/1.1" 403 22843 "-" "Mozlila/5.0 (Linux; Android 7.0; SM-G892A Bulid/NRD90M; wv) AppleWebKit/537.36 (KHTML, like Gecko) Version/4.0 Chrome/60.0.3112.107 Moblie Safari/537.36"
2001:1690:2:4::1:118 - - [20/Jul/2026:21:54:58 +0200] "POST /?wordfence_syncAttackData=1784577297.9894 HTTP/1.1" 200 5474 "-" "WordPress/6.9.5; https://cso-deprinsenhof.nl"
43.228.157.148 - - [20/Jul/2026:21:54:52 +0200] "POST /wp-plain.php HTTP/1.1" 404 13474 "www.google.com" "Mozilla/5.0 (Linux; Android 7.0; SM-G892A Bulid/NRD90M; wv) AppleWebKit/537.36 (KHTML, like Gecko) Version/4.0 Chrome/60.0.3112.107 Moblie Safari/537.36"
43.228.157.148 - - [20/Jul/2026:21:54:52 +0200] "GET /wp-content/plugins/fix/up.php HTTP/1.1" 404 79965 "-" "Mozilla/5.0 (Windows NT 10.0; Win64; x64) AppleWebKit/537.36 (KHTML, like Gecko) Chrome/85.0.4183.102 Safari/537.36"
2001:1690:2:4::1:118 - - [20/Jul/2026:22:01:50 +0200] "GET /wp-content/uploads/2025/07/boog-onder.svg HTTP/1.1" 200 6041 "-" "-"
2001:1690:2:4::1:118 - - [20/Jul/2026:22:01:50 +0200] "POST /wp-cron.php?doing_wp_cron=1784577710.9282970428466796875000 HTTP/1.1" 200 5532 "-" "WordPress/6.9.5; https://cso-deprinsenhof.nl"
216.73.216.245 - - [20/Jul/2026:22:01:50 +0200] "GET / HTTP/1.1" 200 128082 "-" "Mozilla/5.0 AppleWebKit/537.36 (KHTML, like Gecko; compatible; ClaudeBot/1.0; +claudebot@anthropic.com)"
51.195.244.167 - - [20/Jul/2026:22:02:29 +0200] "GET /sitemap_index.xml HTTP/1.1" 200 6042 "-" "Mozilla/5.0 (compatible; AhrefsBot/7.0; +http://ahrefs.com/robot/)"
198.244.168.165 - - [20/Jul/2026:22:02:30 +0200] "GET /page-sitemap.xml HTTP/1.1" 200 12155 "-" "Mozilla/5.0 (compatible; AhrefsBot/7.0; +http://ahrefs.com/robot/)"
198.244.168.179 - - [20/Jul/2026:22:02:32 +0200] "GET /fusion_tb_category-sitemap.xml HTTP/1.1" 200 6640 "-" "Mozilla/5.0 (compatible; AhrefsBot/7.0; +http://ahrefs.com/robot/)"
32.193.60.53 - - [20/Jul/2026:22:02:40 +0200] "GET /robots.txt HTTP/1.1" 301 5560 "-" "Mozilla/5.0 (Macintosh; Intel Mac OS X 10_10_1) AppleWebKit/600.2.5 (KHTML, like Gecko) Version/8.0.2 Safari/600.2.5 (Gort)"
44.215.199.25 - - [20/Jul/2026:22:02:40 +0200] "GET /robots.txt HTTP/1.1" 200 5770 "-" "Mozilla/5.0 (Macintosh; Intel Mac OS X 10_10_1) AppleWebKit/600.2.5 (KHTML, like Gecko) Version/8.0.2 Safari/600.2.5 (Gort)"
2001:1690:2:4::1:118 - - [20/Jul/2026:22:05:46 +0200] "GET /wp-content/uploads/2025/07/boog-onder.svg HTTP/1.1" 200 6041 "-" "-"
161.35.159.144 - - [20/Jul/2026:22:05:45 +0200] "GET / HTTP/1.1" 200 128256 "HTTP://cso-deprinsenhof.nl/" "Mozilla/5.0 (Windows NT 6.1; Win64; x64; rv:77.0) Gecko/20100101 Firefox/77.0"
2001:1690:2:4::1:118 - - [20/Jul/2026:22:13:14 +0200] "POST /wp-cron.php?doing_wp_cron=1784578394.3824989795684814453125 HTTP/1.1" 200 5532 "-" "WordPress/6.9.5; https://cso-deprinsenhof.nl"
209.87.164.232 - - [20/Jul/2026:22:13:14 +0200] "GET /.env HTTP/1.1" 404 83167 "-" "Mozilla/5.0 (Macintosh; Intel Mac OS X 10.15; rv:77.0) Gecko/20100101 Firefox/77.0"
43.167.239.66 - - [20/Jul/2026:22:15:16 +0200] "GET / HTTP/1.1" 200 128070 "http://cso-deprinsenhof.nl" "Mozilla/5.0 (iPhone; CPU iPhone OS 13_2_3 like Mac OS X) AppleWebKit/605.1.15 (KHTML, like Gecko) Version/13.0.3 Mobile/15E148 Safari/604.1"
178.16.55.206 - - [20/Jul/2026:22:18:17 +0200] "GET / HTTP/1.1" 200 128070 "-" "-"
178.16.55.206 - - [20/Jul/2026:22:18:18 +0200] "POST /wp-login.php?action=register HTTP/1.1" 302 5864 "-" "-"
2001:1690:2:4::1:118 - - [20/Jul/2026:22:28:25 +0200] "POST /wp-cron.php?doing_wp_cron=1784579304.9792931079864501953125 HTTP/1.1" 200 5532 "-" "WordPress/6.9.5; https://cso-deprinsenhof.nl"
45.130.83.5 - - [20/Jul/2026:22:28:24 +0200] "GET /wp-login.php HTTP/1.1" 200 16807 "https://www.google.com/" "Mozilla/5.0 (X11; Ubuntu; Linux x86_64) AppleWebKit/537.36 (KHTML, like Gecko) Chrome/119.0.0.0 Safari/537.36"
45.130.83.5 - - [20/Jul/2026:22:28:27 +0200] "GET /wp-login.php HTTP/1.1" 200 16665 "-" "Mozilla/5.0 (Macintosh; Intel Mac OS X 13_6_1) AppleWebKit/605.1.15 (KHTML, like Gecko) Version/17.0 Safari/605.1.15"
45.130.83.1 - - [20/Jul/2026:22:28:37 +0200] "GET /wp-admin/ HTTP/1.1" 302 5701 "https://t.co/" "Mozilla/5.0 (Macintosh; Intel Mac OS X 13_6_1) AppleWebKit/537.36 (KHTML, like Gecko) Chrome/118.0.0.0 Safari/537.36"
45.130.83.1 - - [20/Jul/2026:22:28:37 +0200] "GET /wp-login.php?redirect_to=https%3A%2F%2Fcso-deprinsenhof.nl%2Fwp-admin%2F&reauth=1 HTTP/1.1" 200 18825 "https://t.co/" "Mozilla/5.0 (Macintosh; Intel Mac OS X 13_6_1) AppleWebKit/537.36 (KHTML, like Gecko) Chrome/118.0.0.0 Safari/537.36"
2001:1690:2:4::1:118 - - [20/Jul/2026:22:34:39 +0200] "POST /wp-cron.php?doing_wp_cron=1784579679.1039450168609619140625 HTTP/1.1" 200 5532 "-" "WordPress/6.9.5; https://cso-deprinsenhof.nl"
45.148.10.238 - - [20/Jul/2026:22:34:38 +0200] "GET /.git/config HTTP/1.1" 404 83167 "-" "Mozilla/5.0 (X11; Linux x86_64) AppleWebKit/537.36 (KHTML, like Gecko) Chrome/69.0.3497.100 Safari/537.36"
2001:1690:2:4::1:118 - - [20/Jul/2026:22:42:40 +0200] "POST /wp-cron.php?doing_wp_cron=1784580160.0830829143524169921875 HTTP/1.1" 200 5532 "-" "WordPress/6.9.5; https://cso-deprinsenhof.nl"
62.210.127.48 - - [20/Jul/2026:22:42:39 +0200] "GET /?rest_route=/ HTTP/1.1" 200 258547 "-" "cve-2026-63030/1.0"
62.210.127.48 - - [20/Jul/2026:22:42:40 +0200] "POST /?rest_route=/batch/v1 HTTP/1.1" 207 6313 "-" "cve-2026-63030/1.0"
2001:1690:2:4::1:118 - - [20/Jul/2026:22:46:07 +0200] "POST /wp-cron.php?doing_wp_cron=1784580367.2916460037231445312500 HTTP/1.1" 200 5532 "-" "WordPress/6.9.5; https://cso-deprinsenhof.nl"
2a03:2880:f800:2b:: - - [20/Jul/2026:22:46:07 +0200] "GET /fusion_tb_category-sitemap.xml HTTP/1.1" 200 6640 "-" "Mozilla/5.0 (X11; Linux x86_64) AppleWebKit/537.36 (KHTML, like Gecko) Chrome/145.0.0.0 Safari/537.36 (compatible; meta-externalagent/1.1 (+https://developers.facebook.com/docs/sharing/webmasters/crawler))"
2001:1690:2:4::1:118 - - [20/Jul/2026:22:55:36 +0200] "GET /wp-content/uploads/2025/07/boog-onder.svg HTTP/1.1" 200 6041 "-" "-"
2001:1690:2:4::1:118 - - [20/Jul/2026:22:55:36 +0200] "POST /wp-cron.php?doing_wp_cron=1784580936.4494490623474121093750 HTTP/1.1" 200 5532 "-" "WordPress/6.9.5; https://cso-deprinsenhof.nl"
195.96.139.181 - - [20/Jul/2026:22:55:36 +0200] "GET / HTTP/1.1" 200 128247 "http://cso-deprinsenhof.nl" "Mozilla/5.0 (compatible; InternetMeasurement/1.0; +https://internet-measurement.com/)"
185.247.137.41 - - [20/Jul/2026:22:55:37 +0200] "GET /wp-content/uploads/2025/07/de-Prinsenhof_favicon_64px.png HTTP/1.1" 200 5562 "-" "Mozilla/5.0 (compatible; InternetMeasurement/1.0; +https://internet-measurement.com/)"
195.96.139.179 - - [20/Jul/2026:22:55:37 +0200] "GET /favicon.ico HTTP/1.1" 302 5681 "-" "Mozilla/5.0 (compatible; InternetMeasurement/1.0; +https://internet-measurement.com/)"
195.96.139.179 - - [20/Jul/2026:22:55:37 +0200] "GET /wp-content/uploads/2025/07/cropped-de-Prinsenhof_favicon_64px-32x32.png HTTP/1.1" 200 6375 "https://cso-deprinsenhof.nl/favicon.ico" "Mozilla/5.0 (compatible; InternetMeasurement/1.0; +https://internet-measurement.com/)"
43.157.95.131 - - [20/Jul/2026:23:00:00 +0200] "GET / HTTP/1.1" 301 5550 "http://www.cso-deprinsenhof.nl" "Mozilla/5.0 (iPhone; CPU iPhone OS 13_2_3 like Mac OS X) AppleWebKit/605.1.15 (KHTML, like Gecko) Version/13.0.3 Mobile/15E148 Safari/604.1"
43.157.95.131 - - [20/Jul/2026:23:00:01 +0200] "GET / HTTP/1.1" 200 128070 "https://www.cso-deprinsenhof.nl/" "Mozilla/5.0 (iPhone; CPU iPhone OS 13_2_3 like Mac OS X) AppleWebKit/605.1.15 (KHTML, like Gecko) Version/13.0.3 Mobile/15E148 Safari/604.1"
2001:1690:2:4::1:118 - - [20/Jul/2026:23:23:54 +0200] "POST /wp-cron.php?doing_wp_cron=1784582634.2630279064178466796875 HTTP/1.1" 200 5532 "-" "WordPress/6.9.5; https://cso-deprinsenhof.nl"
18.211.39.188 - - [20/Jul/2026:23:23:53 +0200] "GET /onze-school/missie-visie HTTP/1.1" 301 5545 "-" "Mozilla/5.0 AppleWebKit/537.36 (KHTML, like Gecko; compatible; Amazonbot/0.1; +https://developer.amazon.com/support/amazonbot) Chrome/119.0.6045.214 Safari/537.36"
2001:1690:2:4::1:118 - - [20/Jul/2026:23:23:55 +0200] "GET /wp-content/uploads/2025/07/boog-onder.svg HTTP/1.1" 200 6041 "-" "-"
107.20.25.33 - - [20/Jul/2026:23:23:55 +0200] "GET /onze-school/missie-visie/ HTTP/1.1" 200 96587 "-" "Mozilla/5.0 AppleWebKit/537.36 (KHTML, like Gecko; compatible; Amazonbot/0.1; +https://developer.amazon.com/support/amazonbot) Chrome/119.0.6045.214 Safari/537.36"
185.236.20.134 - - [20/Jul/2026:23:24:42 +0200] "POST /wp-admin/admin-ajax.php HTTP/1.1" 400 5784 "-" "Mozilla/5.0 (Windows NT 10.0; Win64; x64) AppleWebKit/537.36"
185.236.20.134 - - [20/Jul/2026:23:24:42 +0200] "GET /wp-admin/admin-ajax.php HTTP/1.1" 400 5622 "http://cso-deprinsenhof.nl/wp-admin/admin-ajax.php" "Mozilla/5.0 (Windows NT 10.0; Win64; x64) AppleWebKit/537.36"
185.236.20.134 - - [20/Jul/2026:23:24:42 +0200] "POST /wp-admin/admin-ajax.php HTTP/1.1" 400 5784 "-" "Mozilla/5.0 (Windows NT 10.0; Win64; x64) AppleWebKit/537.36"
185.236.20.134 - - [20/Jul/2026:23:24:43 +0200] "POST /wp-admin/admin-ajax.php HTTP/1.1" 400 5784 "-" "Mozilla/5.0 (Windows NT 10.0; Win64; x64) AppleWebKit/537.36"
185.236.20.134 - - [20/Jul/2026:23:24:43 +0200] "GET /wp-admin/admin-ajax.php HTTP/1.1" 400 5622 "http://cso-deprinsenhof.nl/wp-admin/admin-ajax.php" "Mozilla/5.0 (Windows NT 10.0; Win64; x64) AppleWebKit/537.36"
185.236.20.134 - - [20/Jul/2026:23:24:43 +0200] "POST /wp-admin/admin-ajax.php HTTP/1.1" 400 5784 "-" "Mozilla/5.0 (Windows NT 10.0; Win64; x64) AppleWebKit/537.36"
34.241.161.26 - - [20/Jul/2026:23:24:51 +0200] "GET /robots.txt HTTP/1.1" 200 5770 "http://cso-deprinsenhof.nl/robots.txt" "Mozilla/5.0 (Macintosh; Intel Mac OS X 10_15_5) AppleWebKit/537.36 (KHTML, like Gecko) Chrome/83.0.4103.61 Safari/537.36"
34.241.161.26 - - [20/Jul/2026:23:24:54 +0200] "GET /sitemap_index.xml HTTP/1.1" 200 6072 "https://cso-deprinsenhof.nl/robots.txt" "Mozilla/5.0 (Macintosh; Intel Mac OS X 10_15_5) AppleWebKit/537.36 (KHTML, like Gecko) Chrome/83.0.4103.61 Safari/537.36"
3.221.209.142 - - [20/Jul/2026:23:25:50 +0200] "GET /onze-school/missie-visie HTTP/1.1" 301 5575 "-" "Mozilla/5.0 AppleWebKit/605.1.15 (KHTML, like Gecko) Chrome/139.0.0.0 Safari/605.1.15"
2001:1690:2:4::1:118 - - [20/Jul/2026:23:25:51 +0200] "GET /wp-content/uploads/2025/07/boog-onder.svg HTTP/1.1" 200 6041 "-" "-"
107.20.127.26 - - [20/Jul/2026:23:25:51 +0200] "GET /onze-school/missie-visie/ HTTP/1.1" 200 96747 "-" "Mozilla/5.0 AppleWebKit/605.1.15 (KHTML, like Gecko) Chrome/139.0.0.0 Safari/605.1.15"
2001:1690:2:4::1:118 - - [20/Jul/2026:23:29:33 +0200] "GET /wp-content/uploads/2025/07/boog-onder.svg HTTP/1.1" 200 6041 "-" "-"
43.172.73.201 - - [20/Jul/2026:23:29:33 +0200] "GET / HTTP/1.1" 200 128256 "https://m.baidu.com/s?word=emdkj.cn" "mozilla/5.0 (iphone; cpu iphone os 11_0 like mac os x) applewebkit/604.1.38 (khtml, like gecko) version/11.0 mobile/15a372 safari/604.1"
51.89.129.142 - - [20/Jul/2026:23:38:37 +0200] "GET /sitemap_index.xml HTTP/1.1" 200 6072 "-" "Mozilla/5.0 (compatible; AhrefsBot/7.0; +http://ahrefs.com/robot/)"
2001:1690:2:4::1:118 - - [20/Jul/2026:23:38:38 +0200] "POST /wp-cron.php?doing_wp_cron=1784583518.7160739898681640625000 HTTP/1.1" 200 5532 "-" "WordPress/6.9.5; https://cso-deprinsenhof.nl"
198.244.183.170 - - [20/Jul/2026:23:38:38 +0200] "GET /page-sitemap.xml HTTP/1.1" 200 12155 "-" "Mozilla/5.0 (compatible; AhrefsBot/7.0; +http://ahrefs.com/robot/)"
51.195.183.142 - - [20/Jul/2026:23:38:39 +0200] "GET /fusion_tb_category-sitemap.xml HTTP/1.1" 200 6640 "-" "Mozilla/5.0 (compatible; AhrefsBot/7.0; +http://ahrefs.com/robot/)"
2001:1690:2:4::1:118 - - [20/Jul/2026:23:42:42 +0200] "POST /wp-cron.php?doing_wp_cron=1784583762.3929638862609863281250 HTTP/1.1" 200 5532 "-" "WordPress/6.9.5; https://cso-deprinsenhof.nl"
94.26.106.46 - - [20/Jul/2026:23:42:41 +0200] "GET /wp-login.php HTTP/1.1" 200 16807 "https://t.co/" "Mozilla/5.0 (X11; Linux x86_64) AppleWebKit/537.36 (KHTML, like Gecko) Chrome/120.0.0.0 Safari/537.36"
94.26.106.46 - - [20/Jul/2026:23:42:59 +0200] "GET /?author=1 HTTP/1.1" 404 38910 "-" "Mozilla/5.0 (Windows NT 10.0; Win64; x64; rv:120.0) Gecko/20100101 Firefox/120.0"
94.26.106.46 - - [20/Jul/2026:23:43:00 +0200] "GET /?author=2 HTTP/1.1" 404 38910 "" "Mozilla/5.0 (Macintosh; Intel Mac OS X 13_6_1) AppleWebKit/605.1.15 (KHTML, like Gecko) Version/17.2 Safari/605.1.15"
