2001:1690:2:4::1:118 - - [19/Jul/2026:23:18:22 +0200] "POST /wp-cron.php?doing_wp_cron=1784495902.0043671131134033203125 HTTP/1.1" 200 5532 "-" "WordPress/6.9.5; https://cso-deprinsenhof.nl"
216.244.66.233 - - [19/Jul/2026:23:18:21 +0200] "GET /resize/800/600/media/photoalbums/52/20170202110804.jpg HTTP/1.1" 301 5686 "-" "Mozilla/5.0 (compatible; DotBot/1.2; +https://opensiteexplorer.org/dotbot; help@moz.com)"
216.244.66.233 - - [19/Jul/2026:23:18:27 +0200] "GET /resize/800/600/media/photoalbums/53/p1070806.JPG HTTP/1.1" 301 5680 "-" "Mozilla/5.0 (compatible; DotBot/1.2; +https://opensiteexplorer.org/dotbot; help@moz.com)"
216.244.66.233 - - [19/Jul/2026:23:18:31 +0200] "GET /resize/800/600/media/photoalbums/53/p1070894.JPG HTTP/1.1" 301 5680 "-" "Mozilla/5.0 (compatible; DotBot/1.2; +https://opensiteexplorer.org/dotbot; help@moz.com)"
216.244.66.233 - - [19/Jul/2026:23:18:35 +0200] "GET /resize/800/600/media/photoalbums/55/img9086.JPG HTTP/1.1" 301 5679 "-" "Mozilla/5.0 (compatible; DotBot/1.2; +https://opensiteexplorer.org/dotbot; help@moz.com)"
216.244.66.233 - - [19/Jul/2026:23:18:38 +0200] "GET /resize/800/600/media/photoalbums/55/img9147.JPG HTTP/1.1" 301 5679 "-" "Mozilla/5.0 (compatible; DotBot/1.2; +https://opensiteexplorer.org/dotbot; help@moz.com)"
2001:1690:2:4::1:118 - - [19/Jul/2026:23:36:54 +0200] "POST /wp-cron.php?doing_wp_cron=1784497014.9539198875427246093750 HTTP/1.1" 200 5532 "-" "WordPress/6.9.5; https://cso-deprinsenhof.nl"
216.73.216.86 - - [19/Jul/2026:23:36:54 +0200] "GET /robots.txt HTTP/1.1" 200 5740 "-" "Mozilla/5.0 AppleWebKit/537.36 (KHTML, like Gecko; compatible; ClaudeBot/1.0; +claudebot@anthropic.com)"
216.73.216.86 - - [19/Jul/2026:23:36:56 +0200] "GET /sitemap_index.xml HTTP/1.1" 200 6042 "-" "Mozilla/5.0 AppleWebKit/537.36 (KHTML, like Gecko; compatible; ClaudeBot/1.0; +claudebot@anthropic.com)"
2001:1690:2:4::1:118 - - [19/Jul/2026:23:47:16 +0200] "GET /wp-content/uploads/2025/07/boog-onder.svg HTTP/1.1" 200 6041 "-" "-"
2001:1690:2:4::1:118 - - [19/Jul/2026:23:47:16 +0200] "POST /wp-cron.php?doing_wp_cron=1784497636.5732240676879882812500 HTTP/1.1" 200 5532 "-" "WordPress/6.9.5; https://cso-deprinsenhof.nl"
176.36.146.80 - - [19/Jul/2026:23:47:16 +0200] "GET / HTTP/1.1" 200 128256 "https://cso-deprinsenhof.nl/" "Mozilla/5.0 (Windows NT 10.0; Win64; x64) AppleWebKit/537.36 (KHTML, like Gecko) Chrome/131.0.0.0 Safari/537.36"
176.36.146.80 - - [19/Jul/2026:23:47:16 +0200] "GET /contact/ HTTP/1.1" 200 85589 "https://cso-deprinsenhof.nl/contact/" "Mozilla/5.0 (Windows NT 10.0; Win64; x64) AppleWebKit/537.36 (KHTML, like Gecko) Chrome/131.0.0.0 Safari/537.36"
2001:1690:2:4::1:118 - - [19/Jul/2026:23:59:52 +0200] "POST /wp-cron.php?doing_wp_cron=1784498392.8428130149841308593750 HTTP/1.1" 200 5532 "-" "WordPress/6.9.5; https://cso-deprinsenhof.nl"
216.244.66.233 - - [19/Jul/2026:23:59:52 +0200] "GET /robots.txt HTTP/1.1" 301 5530 "-" "Mozilla/5.0 (compatible; DotBot/1.2; +https://opensiteexplorer.org/dotbot; help@moz.com)"
216.244.66.233 - - [19/Jul/2026:23:59:53 +0200] "GET /robots.txt HTTP/1.1" 200 5740 "-" "Mozilla/5.0 (compatible; DotBot/1.2; +https://opensiteexplorer.org/dotbot; help@moz.com)"
2a02:a420:21be:848:2502:3517:d2f7:8287 - - [20/Jul/2026:00:00:55 +0200] "GET / HTTP/1.1" 200 128070 "-" "Mozilla/5.0 (Macintosh; Intel Mac OS X 10_11_1) AppleWebKit/601.2.4 (KHTML, like Gecko) Version/9.0.1 Safari/601.2.4 facebookexternalhit/1.1 Facebot Twitterbot/1.0"
2a02:a420:21be:848:2502:3517:d2f7:8287 - - [20/Jul/2026:00:00:55 +0200] "GET /apple-touch-icon-precomposed.png HTTP/1.1" 404 83152 "-" "NetworkingExtension/8624.2.5.10.8 Network/5812.122.1 iOS/26.5.2"
2a02:a420:21be:848:2502:3517:d2f7:8287 - - [20/Jul/2026:00:00:55 +0200] "GET /favicon.ico HTTP/1.1" 302 5681 "-" "NetworkingExtension/8624.2.5.10.8 Network/5812.122.1 iOS/26.5.2"
2a02:a420:21be:848:2502:3517:d2f7:8287 - - [20/Jul/2026:00:00:55 +0200] "GET /apple-touch-icon.png HTTP/1.1" 404 83167 "-" "NetworkingExtension/8624.2.5.10.8 Network/5812.122.1 iOS/26.5.2"
2a02:a420:21be:848:2502:3517:d2f7:8287 - - [20/Jul/2026:00:00:56 +0200] "GET /wp-content/uploads/2025/07/Onze-leerllingen-3.webp HTTP/1.1" 200 5524 "-" "NetworkingExtension/8624.2.5.10.8 Network/5812.122.1 iOS/26.5.2"
2a02:a420:21be:848:2502:3517:d2f7:8287 - - [20/Jul/2026:00:00:56 +0200] "GET /wp-content/uploads/2025/09/PBS-klaslokaal_home-scaled.webp HTTP/1.1" 200 5532 "-" "NetworkingExtension/8624.2.5.10.8 Network/5812.122.1 iOS/26.5.2"
2a02:a420:21be:848:2502:3517:d2f7:8287 - - [20/Jul/2026:00:01:13 +0200] "GET /wp-content/uploads/2025/07/cropped-de-Prinsenhof_favicon_64px-32x32.png HTTP/1.1" 200 6375 "-" "NetworkingExtension/8624.2.5.10.8 Network/5812.122.1 iOS/26.5.2"
2a02:a420:21be:848:2502:3517:d2f7:8287 - - [20/Jul/2026:00:01:23 +0200] "GET / HTTP/1.1" 200 128070 "-" "Mozilla/5.0 (Macintosh; Intel Mac OS X 10_11_1) AppleWebKit/601.2.4 (KHTML, like Gecko) Version/9.0.1 Safari/601.2.4 facebookexternalhit/1.1 Facebot Twitterbot/1.0"
2a02:a420:21be:848:2502:3517:d2f7:8287 - - [20/Jul/2026:00:01:23 +0200] "GET /apple-touch-icon-precomposed.png HTTP/1.1" 404 83167 "-" "NetworkingExtension/8624.2.5.10.8 Network/5812.122.1 iOS/26.5.2"
2a02:a420:21be:848:2502:3517:d2f7:8287 - - [20/Jul/2026:00:01:24 +0200] "GET /wp-content/uploads/2025/09/PBS-klaslokaal_home-scaled.webp HTTP/1.1" 200 5532 "-" "NetworkingExtension/8624.2.5.10.8 Network/5812.122.1 iOS/26.5.2"
2a02:a420:21be:848:2502:3517:d2f7:8287 - - [20/Jul/2026:00:01:23 +0200] "GET /favicon.ico HTTP/1.1" 302 5681 "-" "NetworkingExtension/8624.2.5.10.8 Network/5812.122.1 iOS/26.5.2"
2a02:a420:21be:848:2502:3517:d2f7:8287 - - [20/Jul/2026:00:01:24 +0200] "GET /wp-content/uploads/2025/07/cropped-de-Prinsenhof_favicon_64px-32x32.png HTTP/1.1" 200 6375 "-" "NetworkingExtension/8624.2.5.10.8 Network/5812.122.1 iOS/26.5.2"
2a02:a420:21be:848:2502:3517:d2f7:8287 - - [20/Jul/2026:00:01:23 +0200] "GET /apple-touch-icon.png HTTP/1.1" 404 83167 "-" "NetworkingExtension/8624.2.5.10.8 Network/5812.122.1 iOS/26.5.2"
2a02:a420:21be:848:2502:3517:d2f7:8287 - - [20/Jul/2026:00:01:24 +0200] "GET /wp-content/uploads/2025/07/Ons-onderwijs-2.webp HTTP/1.1" 200 5521 "-" "NetworkingExtension/8624.2.5.10.8 Network/5812.122.1 iOS/26.5.2"
2a02:a420:21be:848:2502:3517:d2f7:8287 - - [20/Jul/2026:00:01:24 +0200] "GET /wp-content/uploads/2025/07/Onze-leerllingen-3.webp HTTP/1.1" 200 5524 "-" "NetworkingExtension/8624.2.5.10.8 Network/5812.122.1 iOS/26.5.2"
2a02:a420:21be:848:2502:3517:d2f7:8287 - - [20/Jul/2026:00:01:24 +0200] "GET /wp-content/uploads/2025/07/de-Prinsenhof_favicon_64px.png HTTP/1.1" 200 5562 "-" "NetworkingExtension/8624.2.5.10.8 Network/5812.122.1 iOS/26.5.2"
216.244.66.233 - - [20/Jul/2026:00:02:59 +0200] "GET /media/pdf/excellente-school-2014-sbo-01fj-sbo-de-prinsenhof-apeldoorn.pdf HTTP/1.1" 301 5705 "-" "Mozilla/5.0 (compatible; DotBot/1.2; +https://opensiteexplorer.org/dotbot; help@moz.com)"
216.244.66.233 - - [20/Jul/2026:00:04:23 +0200] "GET /resize/800/600/media/photoalbums/55/img9214.JPG HTTP/1.1" 301 5679 "-" "Mozilla/5.0 (compatible; DotBot/1.2; +https://opensiteexplorer.org/dotbot; help@moz.com)"
104.28.211.187 - - [20/Jul/2026:00:10:50 +0200] "GET / HTTP/1.1" 200 128070 "http://cso-deprinsenhof.nl" "Mozilla/5.0 (Macintosh; Intel Mac OS X 10_15_7) AppleWebKit/537.36 (KHTML, like Gecko) Chrome/150.0.0.0 Safari/537.36 OPR/118.0.0.0"
2001:1690:2:4::1:118 - - [20/Jul/2026:00:11:07 +0200] "POST /wp-cron.php?doing_wp_cron=1784499067.5016889572143554687500 HTTP/1.1" 200 5532 "-" "WordPress/6.9.5; https://cso-deprinsenhof.nl"
104.28.211.187 - - [20/Jul/2026:00:11:07 +0200] "GET /webpack-stats.json HTTP/1.1" 404 83167 "http://cso-deprinsenhof.nl/webpack-stats.json" "Mozilla/5.0 (Windows NT 10.0; Win64; x64) AppleWebKit/537.36 (KHTML, like Gecko) Chrome/150.0.0.0 Safari/537.36 Vivaldi/7.2.3620.30"
104.28.211.187 - - [20/Jul/2026:00:11:21 +0200] "GET /wp-includes/js/jquery/jquery.min.js?ver=3.7.1 HTTP/1.1" 200 5521 "-" "Mozilla/5.0 (Linux; Android 14; SM-S921B) AppleWebKit/537.36 (KHTML, like Gecko) SamsungBrowser/27.0 Chrome/125.0.0.0 Mobile Safari/537.36"
104.28.211.187 - - [20/Jul/2026:00:11:21 +0200] "GET /graphql HTTP/1.1" 404 79965 "http://cso-deprinsenhof.nl/graphql" "Go-http-client/1.1"
104.28.211.187 - - [20/Jul/2026:00:11:21 +0200] "GET /wp-content/uploads/fusion-scripts/409f3d9b6ae5a62f1c2d4456e7952c90.min.js?ver=3.14.2 HTTP/1.1" 200 5591 "-" "Mozilla/5.0 (iPad; CPU OS 26_5 like Mac OS X) AppleWebKit/605.1.15 (KHTML, like Gecko) Version/26.5 Mobile/15E148 Safari/604.1"
3.214.237.244 - - [20/Jul/2026:00:15:58 +0200] "GET /onze-school/team HTTP/1.1" 301 5567 "-" "Mozilla/5.0 AppleWebKit/605.1.15 (KHTML, like Gecko) Chrome/139.0.0.0 Safari/605.1.15"
2001:1690:2:4::1:118 - - [20/Jul/2026:00:15:59 +0200] "GET /wp-content/uploads/2025/07/boog-onder.svg HTTP/1.1" 200 6041 "-" "-"
54.235.140.55 - - [20/Jul/2026:00:15:59 +0200] "GET /onze-school/team/ HTTP/1.1" 200 118047 "-" "Mozilla/5.0 AppleWebKit/605.1.15 (KHTML, like Gecko) Chrome/139.0.0.0 Safari/605.1.15"
43.163.113.94 - - [20/Jul/2026:00:20:48 +0200] "GET /ip HTTP/1.1" 404 83167 "-" "Mozilla/5.0 (Macintosh; Intel Mac OS X 10_15_7) AppleWebKit/537.36 (KHTML, like Gecko) Chrome/114.0.0.0 Safari/537.36"
43.129.228.234 - - [20/Jul/2026:00:20:48 +0200] "GET /ip HTTP/1.1" 404 83167 "-" "Mozilla/5.0 (Macintosh; Intel Mac OS X 10_15_7) AppleWebKit/537.36 (KHTML, like Gecko) Chrome/114.0.0.0 Safari/537.36"
49.51.252.250 - - [20/Jul/2026:00:20:48 +0200] "GET /ip HTTP/1.1" 404 83167 "-" "Mozilla/5.0 (Macintosh; Intel Mac OS X 10_15_7) AppleWebKit/537.36 (KHTML, like Gecko) Chrome/114.0.0.0 Safari/537.36"
2001:1690:2:4::1:118 - - [20/Jul/2026:00:22:14 +0200] "GET /wp-content/uploads/2025/07/boog-onder.svg HTTP/1.1" 200 6041 "-" "-"
2001:1690:2:4::1:118 - - [20/Jul/2026:00:22:14 +0200] "POST /wp-cron.php?doing_wp_cron=1784499734.3120489120483398437500 HTTP/1.1" 200 5532 "-" "WordPress/6.9.5; https://cso-deprinsenhof.nl"
43.132.214.228 - - [20/Jul/2026:00:22:13 +0200] "GET / HTTP/1.1" 200 128274 "http://cso-deprinsenhof.nl" "Mozilla/5.0 (iPhone; CPU iPhone OS 13_2_3 like Mac OS X) AppleWebKit/605.1.15 (KHTML, like Gecko) Version/13.0.3 Mobile/15E148 Safari/604.1"
92.222.108.114 - - [20/Jul/2026:00:30:29 +0200] "GET /robots.txt HTTP/1.1" 200 5740 "-" "Mozilla/5.0 (compatible; AhrefsBot/7.0; +http://ahrefs.com/robot/)"
198.244.226.74 - - [20/Jul/2026:00:30:30 +0200] "GET /sitemap_index.xml HTTP/1.1" 200 6042 "-" "Mozilla/5.0 (compatible; AhrefsBot/7.0; +http://ahrefs.com/robot/)"
51.195.244.178 - - [20/Jul/2026:00:30:31 +0200] "GET /page-sitemap.xml HTTP/1.1" 200 12155 "-" "Mozilla/5.0 (compatible; AhrefsBot/7.0; +http://ahrefs.com/robot/)"
54.38.147.153 - - [20/Jul/2026:00:30:33 +0200] "GET /fusion_tb_category-sitemap.xml HTTP/1.1" 200 6640 "-" "Mozilla/5.0 (compatible; AhrefsBot/7.0; +http://ahrefs.com/robot/)"
2001:1690:2:4::1:118 - - [20/Jul/2026:00:42:53 +0200] "POST /wp-cron.php?doing_wp_cron=1784500973.9215900897979736328125 HTTP/1.1" 200 5532 "-" "WordPress/6.9.5; https://cso-deprinsenhof.nl"
54.82.145.198 - - [20/Jul/2026:00:42:53 +0200] "GET /onze-school/missie-visie HTTP/1.1" 301 5575 "-" "Mozilla/5.0 AppleWebKit/605.1.15 (KHTML, like Gecko) Chrome/139.0.0.0 Safari/605.1.15"
2001:1690:2:4::1:118 - - [20/Jul/2026:00:42:54 +0200] "GET /wp-content/uploads/2025/07/boog-onder.svg HTTP/1.1" 200 6041 "-" "-"
54.159.156.156 - - [20/Jul/2026:00:42:54 +0200] "GET /onze-school/missie-visie/ HTTP/1.1" 200 96747 "-" "Mozilla/5.0 AppleWebKit/605.1.15 (KHTML, like Gecko) Chrome/139.0.0.0 Safari/605.1.15"
2001:1690:2:4::1:118 - - [20/Jul/2026:00:46:50 +0200] "POST /wp-cron.php?doing_wp_cron=1784501209.9898729324340820312500 HTTP/1.1" 200 5532 "-" "WordPress/6.9.5; https://cso-deprinsenhof.nl"
216.244.66.233 - - [20/Jul/2026:00:46:49 +0200] "GET /robots.txt HTTP/1.1" 200 5740 "-" "Mozilla/5.0 (compatible; DotBot/1.2; +https://opensiteexplorer.org/dotbot; help@moz.com)"
52.204.71.8 - - [20/Jul/2026:00:47:48 +0200] "GET /onze-school/videos HTTP/1.1" 301 5539 "-" "Mozilla/5.0 AppleWebKit/537.36 (KHTML, like Gecko; compatible; Amazonbot/0.1; +https://developer.amazon.com/support/amazonbot) Chrome/119.0.6045.214 Safari/537.36"
2001:1690:2:4::1:118 - - [20/Jul/2026:00:47:49 +0200] "GET /wp-content/uploads/2025/07/boog-onder.svg HTTP/1.1" 200 6041 "-" "-"
34.236.41.241 - - [20/Jul/2026:00:47:49 +0200] "GET /onze-school/videos/ HTTP/1.1" 200 106460 "-" "Mozilla/5.0 AppleWebKit/537.36 (KHTML, like Gecko; compatible; Amazonbot/0.1; +https://developer.amazon.com/support/amazonbot) Chrome/119.0.6045.214 Safari/537.36"
2001:1690:2:4::1:118 - - [20/Jul/2026:00:58:41 +0200] "POST /wp-cron.php?doing_wp_cron=1784501921.1608679294586181640625 HTTP/1.1" 200 5532 "-" "WordPress/6.9.5; https://cso-deprinsenhof.nl"
114.119.130.105 - - [20/Jul/2026:00:58:40 +0200] "GET /category-sitemap.xml HTTP/1.1" 404 83043 "https://cso-deprinsenhof.nl/category-sitemap.xml" "Mozilla/5.0 (Linux; Android 7.0;) AppleWebKit/537.36 (HTML, like Gecko) Mobile Safari/537.36 (compatible; PetalBot;+https://webmaster.petalsearch.com/site/petalbot)"
43.167.157.80 - - [20/Jul/2026:01:05:06 +0200] "GET / HTTP/1.1" 301 5550 "http://www.cso-deprinsenhof.nl" "Mozilla/5.0 (iPhone; CPU iPhone OS 13_2_3 like Mac OS X) AppleWebKit/605.1.15 (KHTML, like Gecko) Version/13.0.3 Mobile/15E148 Safari/604.1"
2001:1690:2:4::1:118 - - [20/Jul/2026:01:05:08 +0200] "GET /wp-content/uploads/2025/07/boog-onder.svg HTTP/1.1" 200 6041 "-" "-"
43.167.157.80 - - [20/Jul/2026:01:05:08 +0200] "GET / HTTP/1.1" 200 128274 "https://www.cso-deprinsenhof.nl/" "Mozilla/5.0 (iPhone; CPU iPhone OS 13_2_3 like Mac OS X) AppleWebKit/605.1.15 (KHTML, like Gecko) Version/13.0.3 Mobile/15E148 Safari/604.1"
217.69.10.182 - - [20/Jul/2026:01:05:56 +0200] "GET /wp-login.php HTTP/1.1" 200 16807 "-" "Mozilla/5.0 (X11; Linux x86_64) AppleWebKit/537.36 (KHTML, like Gecko) Chrome/143.0.0.0 Safari/537.36"
52.6.233.37 - - [20/Jul/2026:01:06:03 +0200] "GET /onze-school/videos HTTP/1.1" 301 5569 "-" "Mozilla/5.0 AppleWebKit/605.1.15 (KHTML, like Gecko) Chrome/139.0.0.0 Safari/605.1.15"
2001:1690:2:4::1:118 - - [20/Jul/2026:01:06:04 +0200] "GET /wp-content/uploads/2025/07/boog-onder.svg HTTP/1.1" 200 6041 "-" "-"
52.6.233.37 - - [20/Jul/2026:01:06:04 +0200] "GET /onze-school/videos/ HTTP/1.1" 200 106634 "-" "Mozilla/5.0 AppleWebKit/605.1.15 (KHTML, like Gecko) Chrome/139.0.0.0 Safari/605.1.15"
2001:1690:2:4::1:118 - - [20/Jul/2026:01:17:55 +0200] "POST /wp-cron.php?doing_wp_cron=1784503075.7460880279541015625000 HTTP/1.1" 200 5532 "-" "WordPress/6.9.5; https://cso-deprinsenhof.nl"
52.4.194.99 - - [20/Jul/2026:01:17:55 +0200] "GET /onze-school/missie-visie HTTP/1.1" 301 5575 "-" "Mozilla/5.0 AppleWebKit/605.1.15 (KHTML, like Gecko) Chrome/139.0.0.0 Safari/605.1.15"
2001:1690:2:4::1:118 - - [20/Jul/2026:01:17:56 +0200] "GET /wp-content/uploads/2025/07/boog-onder.svg HTTP/1.1" 200 6041 "-" "-"
52.45.83.108 - - [20/Jul/2026:01:17:56 +0200] "GET /onze-school/missie-visie/ HTTP/1.1" 200 96762 "-" "Mozilla/5.0 AppleWebKit/605.1.15 (KHTML, like Gecko) Chrome/139.0.0.0 Safari/605.1.15"
34.90.235.227 - - [20/Jul/2026:01:21:54 +0200] "GET / HTTP/1.1" 200 128088 "-" "Scrapy/2.16.0 (+https://scrapy.org)"
82.102.18.222 - - [20/Jul/2026:01:28:48 +0200] "GET / HTTP/1.1" 200 128088 "-" "Mozilla/5.0 (Windows NT 10.0; Win64; x64) AppleWebKit/537.36 (KHTML, like Gecko) Chrome/78.0.3904.108 Safari/537.36"
2001:1690:2:4::1:118 - - [20/Jul/2026:01:28:48 +0200] "POST /wp-cron.php?doing_wp_cron=1784503728.7930490970611572265625 HTTP/1.1" 200 5532 "-" "WordPress/6.9.5; https://cso-deprinsenhof.nl"
82.102.18.222 - - [20/Jul/2026:01:28:48 +0200] "GET //wp-includes/wlwmanifest.xml HTTP/1.1" 301 5689 "-" "Mozilla/5.0 (Windows NT 10.0; Win64; x64) AppleWebKit/537.36 (KHTML, like Gecko) Chrome/78.0.3904.108 Safari/537.36"
82.102.18.222 - - [20/Jul/2026:01:28:48 +0200] "GET //xmlrpc.php?rsd HTTP/1.1" 200 6288 "-" "Mozilla/5.0 (Windows NT 10.0; Win64; x64) AppleWebKit/537.36 (KHTML, like Gecko) Chrome/78.0.3904.108 Safari/537.36"
82.102.18.222 - - [20/Jul/2026:01:28:49 +0200] "GET //?author=1 HTTP/1.1" 404 38910 "-" "Mozilla/5.0 (Windows NT 10.0; Win64; x64) AppleWebKit/537.36 (KHTML, like Gecko) Chrome/78.0.3904.108 Safari/537.36"
82.102.18.222 - - [20/Jul/2026:01:28:49 +0200] "GET //?author=2 HTTP/1.1" 404 38910 "-" "Mozilla/5.0 (Windows NT 10.0; Win64; x64) AppleWebKit/537.36 (KHTML, like Gecko) Chrome/78.0.3904.108 Safari/537.36"
82.102.18.222 - - [20/Jul/2026:01:28:49 +0200] "GET //wp-json/wp/v2/users/ HTTP/1.1" 401 5950 "-" "Mozilla/5.0 (Windows NT 10.0; Win64; x64) AppleWebKit/537.36 (KHTML, like Gecko) Chrome/78.0.3904.108 Safari/537.36"
82.102.18.222 - - [20/Jul/2026:01:28:49 +0200] "GET //wp-json/oembed/1.0/embed?url=https://cso-deprinsenhof.nl/ HTTP/1.1" 200 8316 "-" "Mozilla/5.0 (Windows NT 10.0; Win64; x64) AppleWebKit/537.36 (KHTML, like Gecko) Chrome/78.0.3904.108 Safari/537.36"
82.102.18.222 - - [20/Jul/2026:01:28:49 +0200] "POST //xmlrpc.php HTTP/1.1" 503 24988 "-" "Mozilla/5.0 (Windows NT 10.0; Win64; x64) AppleWebKit/537.36 (KHTML, like Gecko) Chrome/78.0.3904.108 Safari/537.36"
2001:1690:2:4::1:118 - - [20/Jul/2026:01:47:11 +0200] "POST /wp-cron.php?doing_wp_cron=1784504831.4545459747314453125000 HTTP/1.1" 200 5532 "-" "WordPress/6.9.5; https://cso-deprinsenhof.nl"
44.213.36.21 - - [20/Jul/2026:01:47:11 +0200] "GET /videos HTTP/1.1" 301 5651 "-" "Mozilla/5.0 AppleWebKit/537.36 (KHTML, like Gecko; compatible; Amazonbot/0.1; +https://developer.amazon.com/support/amazonbot) Chrome/119.0.6045.214 Safari/537.36"
2001:1690:2:4::1:118 - - [20/Jul/2026:01:47:12 +0200] "GET /wp-content/uploads/2025/07/boog-onder.svg HTTP/1.1" 200 6041 "-" "-"
52.200.93.170 - - [20/Jul/2026:01:47:12 +0200] "GET /onze-school/videos/ HTTP/1.1" 200 106460 "-" "Mozilla/5.0 AppleWebKit/537.36 (KHTML, like Gecko; compatible; Amazonbot/0.1; +https://developer.amazon.com/support/amazonbot) Chrome/119.0.6045.214 Safari/537.36"
2a03:2880:13ff:40:: - - [20/Jul/2026:01:51:05 +0200] "GET /robots.txt HTTP/1.1" 200 5770 "-" "facebookexternalhit/1.1 (+http://www.facebook.com/externalhit_uatext.php)"
2a03:2880:f800:36:: - - [20/Jul/2026:01:51:06 +0200] "GET /sitemap_index.xml HTTP/1.1" 200 6042 "-" "Mozilla/5.0 (Windows NT 10.0; Win64; x64) AppleWebKit/537.36 (KHTML, like Gecko) Chrome/145.0.0.0 Safari/537.36 (compatible; meta-externalagent/1.1 (+https://developers.facebook.com/docs/sharing/webmasters/crawler))"
113.44.105.14 - - [20/Jul/2026:01:54:38 +0200] "GET /ip HTTP/1.1" 404 83167 "-" "Mozilla/5.0 (Macintosh; Intel Mac OS X 10_15_7) AppleWebKit/537.36 (KHTML, like Gecko) Chrome/114.0.0.0 Safari/537.36"
180.153.197.73 - - [20/Jul/2026:01:54:38 +0200] "GET /ip HTTP/1.1" 404 83167 "-" "Mozilla/5.0 (Macintosh; Intel Mac OS X 10_15_7) AppleWebKit/537.36 (KHTML, like Gecko) Chrome/114.0.0.0 Safari/537.36"
140.143.196.240 - - [20/Jul/2026:01:54:38 +0200] "GET /ip HTTP/1.1" 404 83167 "-" "Mozilla/5.0 (Macintosh; Intel Mac OS X 10_15_7) AppleWebKit/537.36 (KHTML, like Gecko) Chrome/114.0.0.0 Safari/537.36"
112.65.211.110 - - [20/Jul/2026:01:54:39 +0200] "GET /ip HTTP/1.1" 404 83167 "-" "Mozilla/5.0 (Macintosh; Intel Mac OS X 10_15_7) AppleWebKit/537.36 (KHTML, like Gecko) Chrome/114.0.0.0 Safari/537.36"
34.147.88.45 - - [20/Jul/2026:02:03:54 +0200] "GET /wp-content/uploads/2025/07/de-Prinsenhof_favicon_64px.png HTTP/1.1" 200 5562 "-" "Scrapy/2.16.0 (+https://scrapy.org)"
2001:1690:2:4::1:118 - - [20/Jul/2026:02:05:10 +0200] "POST /wp-cron.php?doing_wp_cron=1784505910.0397319793701171875000 HTTP/1.1" 200 5532 "-" "WordPress/6.9.5; https://cso-deprinsenhof.nl"
54.84.93.8 - - [20/Jul/2026:02:05:09 +0200] "GET / HTTP/1.1" 301 5520 "-" "Mozilla/5.0 AppleWebKit/537.36 (KHTML, like Gecko; compatible; Amazonbot/0.1; +https://developer.amazon.com/support/amazonbot) Chrome/119.0.6045.214 Safari/537.36"
2001:1690:2:4::1:118 - - [20/Jul/2026:02:05:10 +0200] "GET /wp-content/uploads/2025/07/boog-onder.svg HTTP/1.1" 200 6041 "-" "-"
3.93.211.16 - - [20/Jul/2026:02:05:10 +0200] "GET / HTTP/1.1" 200 128073 "-" "Mozilla/5.0 AppleWebKit/537.36 (KHTML, like Gecko; compatible; Amazonbot/0.1; +https://developer.amazon.com/support/amazonbot) Chrome/119.0.6045.214 Safari/537.36"
51.195.183.139 - - [20/Jul/2026:02:05:20 +0200] "GET /sitemap_index.xml HTTP/1.1" 200 6042 "-" "Mozilla/5.0 (compatible; AhrefsBot/7.0; +http://ahrefs.com/robot/)"
51.195.183.162 - - [20/Jul/2026:02:05:21 +0200] "GET /page-sitemap.xml HTTP/1.1" 200 12155 "-" "Mozilla/5.0 (compatible; AhrefsBot/7.0; +http://ahrefs.com/robot/)"
198.244.242.27 - - [20/Jul/2026:02:05:22 +0200] "GET /fusion_tb_category-sitemap.xml HTTP/1.1" 200 6640 "-" "Mozilla/5.0 (compatible; AhrefsBot/7.0; +http://ahrefs.com/robot/)"
216.73.216.86 - - [20/Jul/2026:02:06:00 +0200] "GET /robots.txt HTTP/1.1" 200 5740 "-" "Mozilla/5.0 AppleWebKit/537.36 (KHTML, like Gecko; compatible; ClaudeBot/1.0; +claudebot@anthropic.com)"
216.73.216.86 - - [20/Jul/2026:02:06:00 +0200] "GET /sitemap_index.xml HTTP/1.1" 200 6042 "-" "Mozilla/5.0 AppleWebKit/537.36 (KHTML, like Gecko; compatible; ClaudeBot/1.0; +claudebot@anthropic.com)"
35.219.228.28 - - [20/Jul/2026:02:12:01 +0200] "GET /robots.txt HTTP/1.1" 200 5770 "-" "Mozilla/5.0 (Windows NT 10.0; Win64; x64) AppleWebKit/537.36 (KHTML, like Gecko; compatible; BuiltWith/1.4; rb.gy/xprgqj) Chrome/124.0.0.0 Safari/537.36"
2001:1690:2:4::1:118 - - [20/Jul/2026:02:12:01 +0200] "GET /wp-content/uploads/2025/07/boog-onder.svg HTTP/1.1" 200 6041 "-" "-"
35.219.228.28 - - [20/Jul/2026:02:12:01 +0200] "GET / HTTP/1.1" 200 128256 "-" "Mozilla/5.0 (Windows NT 10.0; Win64; x64) AppleWebKit/537.36 (KHTML, like Gecko; compatible; BuiltWith/1.4; rb.gy/xprgqj) Chrome/124.0.0.0 Safari/537.36"
35.219.228.28 - - [20/Jul/2026:02:12:01 +0200] "GET /ons-onderwijs/begeleiding-en-ondersteuning/ HTTP/1.1" 200 94944 "-" "Mozilla/5.0 (Windows NT 10.0; Win64; x64) AppleWebKit/537.36 (KHTML, like Gecko; compatible; BuiltWith/1.4; rb.gy/xprgqj) Chrome/124.0.0.0 Safari/537.36"
35.219.228.28 - - [20/Jul/2026:02:12:01 +0200] "GET /onze-school/vakanties-en-vrije-dagen/ HTTP/1.1" 200 95725 "-" "Mozilla/5.0 (Windows NT 10.0; Win64; x64) AppleWebKit/537.36 (KHTML, like Gecko; compatible; BuiltWith/1.4; rb.gy/xprgqj) Chrome/124.0.0.0 Safari/537.36"
35.219.228.28 - - [20/Jul/2026:02:12:02 +0200] "GET /contact/ HTTP/1.1" 200 85574 "-" "Mozilla/5.0 (Windows NT 10.0; Win64; x64) AppleWebKit/537.36 (KHTML, like Gecko; compatible; BuiltWith/1.4; rb.gy/xprgqj) Chrome/124.0.0.0 Safari/537.36"
35.219.228.28 - - [20/Jul/2026:02:12:02 +0200] "GET /privacy/ HTTP/1.1" 200 89262 "-" "Mozilla/5.0 (Windows NT 10.0; Win64; x64) AppleWebKit/537.36 (KHTML, like Gecko; compatible; BuiltWith/1.4; rb.gy/xprgqj) Chrome/124.0.0.0 Safari/537.36"
35.219.228.28 - - [20/Jul/2026:02:12:02 +0200] "GET /ads.txt HTTP/1.1" 404 83167 "-" "Mozilla/5.0 (Windows NT 10.0; Win64; x64) AppleWebKit/537.36 (KHTML, like Gecko; compatible; BuiltWith/1.4; rb.gy/xprgqj) Chrome/124.0.0.0 Safari/537.36"
143.198.6.225 - - [20/Jul/2026:02:14:23 +0200] "GET /.env HTTP/1.1" 301 5666 "-" "Mozilla/5.0 (Macintosh; Intel Mac OS X 10.15; rv:133.0) Gecko/20100101 Firefox/133.0"
143.198.6.225 - - [20/Jul/2026:02:14:24 +0200] "GET /.env HTTP/1.1" 404 83167 "-" "Mozilla/5.0 (Macintosh; Intel Mac OS X 10.15; rv:133.0) Gecko/20100101 Firefox/133.0"
2404:8000:1039:739:b67a:f1ff:fee5:84d9 - - [20/Jul/2026:02:14:24 +0200] "GET /wp-json/gravitysmtp/v1/tests/mock-data?page=gravitysmtp-settings HTTP/1.1" 403 22841 "-" "Mozilla/5.0 (X11; Ubuntu; Linux i686; rv:31.0) Gecko/20100101 Firefox/31.0"
157.55.39.193 - - [20/Jul/2026:02:15:45 +0200] "GET / HTTP/1.1" 200 128070 "-" "Mozilla/5.0 AppleWebKit/537.36 (KHTML, like Gecko; compatible; bingbot/2.0; +http://www.bing.com/bingbot.htm) Chrome/116.0.1938.76 Safari/537.36"
52.167.144.147 - - [20/Jul/2026:02:15:58 +0200] "GET /wp-content/uploads/fusion-styles/4dff08bfd85c24e6fc2e0df4059bb1a7.min.css?ver=3.14.2 HTTP/1.1" 200 5577 "https://cso-deprinsenhof.nl/" "Mozilla/5.0 AppleWebKit/537.36 (KHTML, like Gecko; compatible; bingbot/2.0; +http://www.bing.com/bingbot.htm) Chrome/136.0.0.0 Safari/537.36 AppleWebKit/537.36 (KHTML, like Gecko; compatible; bingbot/2.0; +http://www.bing.com/bingbot.htm) Chrome/116.0.1938.76 Safari/537.36"
52.167.144.147 - - [20/Jul/2026:02:15:58 +0200] "GET /wp-content/uploads/fusion-scripts/409f3d9b6ae5a62f1c2d4456e7952c90.min.js?ver=3.14.2 HTTP/1.1" 200 5591 "https://cso-deprinsenhof.nl/" "Mozilla/5.0 AppleWebKit/537.36 (KHTML, like Gecko; compatible; bingbot/2.0; +http://www.bing.com/bingbot.htm) Chrome/136.0.0.0 Safari/537.36 AppleWebKit/537.36 (KHTML, like Gecko; compatible; bingbot/2.0; +http://www.bing.com/bingbot.htm) Chrome/116.0.1938.76 Safari/537.36"
40.77.167.70 - - [20/Jul/2026:02:16:03 +0200] "GET /wp-includes/js/jquery/jquery.min.js?ver=3.7.1 HTTP/1.1" 200 5521 "https://cso-deprinsenhof.nl/" "Mozilla/5.0 AppleWebKit/537.36 (KHTML, like Gecko; compatible; bingbot/2.0; +http://www.bing.com/bingbot.htm) Chrome/136.0.0.0 Safari/537.36 AppleWebKit/537.36 (KHTML, like Gecko; compatible; bingbot/2.0; +http://www.bing.com/bingbot.htm) Chrome/116.0.1938.76 Safari/537.36"
2001:1690:2:4::1:118 - - [20/Jul/2026:02:22:46 +0200] "POST /wp-cron.php?doing_wp_cron=1784506966.7802588939666748046875 HTTP/1.1" 200 5532 "-" "WordPress/6.9.5; https://cso-deprinsenhof.nl"
2001:1690:2:4::1:118 - - [20/Jul/2026:02:22:46 +0200] "POST /?wordfence_syncAttackData=1784506966.6137 HTTP/1.1" 200 5474 "-" "WordPress/6.9.5; https://cso-deprinsenhof.nl"
5.189.165.142 - - [20/Jul/2026:02:22:46 +0200] "GET / HTTP/1.1" 301 5550 "-" "Mozilla/5.0 (Windows NT 6.3; WOW64) AppleWebKit/537.36 (KHTML, like Gecko) Chrome/40.0.2214.115 Safari/537.36"
5.189.165.142 - - [20/Jul/2026:02:22:47 +0200] "GET / HTTP/1.1" 200 128070 "-" "Mozilla/5.0 (Windows NT 6.3; WOW64) AppleWebKit/537.36 (KHTML, like Gecko) Chrome/40.0.2214.115 Safari/537.36"
5.83.143.118 - - [20/Jul/2026:02:29:36 +0200] "GET / HTTP/1.1" 200 128070 "-" "Mozilla/5.0 (Windows NT 10.0; Win64; x64) AppleWebKit/537.36 (KHTML, like Gecko) Chrome/114.0.0.0 Safari/537.36"
65.55.210.174 - - [20/Jul/2026:02:31:56 +0200] "GET /wp-content/themes/Avada/includes/lib/assets/fonts/fontawesome/webfonts/fa-regular-400.woff2 HTTP/1.1" 200 5597 "https://cso-deprinsenhof.nl/wp-content/uploads/fusion-styles/4dff08bfd85c24e6fc2e0df4059bb1a7.min.css?ver=3.14.2" "Mozilla/5.0 AppleWebKit/537.36 (KHTML, like Gecko; compatible; bingbot/2.0; +http://www.bing.com/bingbot.htm) Chrome/136.0.0.0 Safari/537.36"
40.77.178.226 - - [20/Jul/2026:02:31:56 +0200] "GET /wp-content/themes/Avada/includes/lib/assets/fonts/fontawesome/webfonts/fa-solid-900.woff2 HTTP/1.1" 200 5595 "https://cso-deprinsenhof.nl/wp-content/uploads/fusion-styles/4dff08bfd85c24e6fc2e0df4059bb1a7.min.css?ver=3.14.2" "Mozilla/5.0 AppleWebKit/537.36 (KHTML, like Gecko; compatible; bingbot/2.0; +http://www.bing.com/bingbot.htm) Chrome/136.0.0.0 Safari/537.36"
2001:1690:2:4::1:118 - - [20/Jul/2026:02:40:58 +0200] "POST /wp-cron.php?doing_wp_cron=1784508058.2615020275115966796875 HTTP/1.1" 200 5532 "-" "WordPress/6.9.5; https://cso-deprinsenhof.nl"
54.94.85.83 - - [20/Jul/2026:02:40:57 +0200] "GET /wp-content/uploads/2021/04/Functieomschrijving-leerkracht-L11-L12.pdf HTTP/1.1" 404 83137 "-" "Mozilla/5.0 (compatible; corpus-pdf-collector/0.1; +https://commoncrawl.org)"
74.7.227.149 - - [20/Jul/2026:02:45:38 +0200] "GET /sitemap_index.xml HTTP/1.1" 200 6042 "-" "Mozilla/5.0 AppleWebKit/537.36 (KHTML, like Gecko; compatible; GPTBot/1.4; +https://openai.com/gptbot)"
74.7.228.14 - - [20/Jul/2026:02:45:38 +0200] "GET /robots.txt HTTP/1.1" 200 5740 "-" "Mozilla/5.0 (Macintosh; Intel Mac OS X 10_15_7) AppleWebKit/537.36 (KHTML, like Gecko) Chrome/131.0.0.0 Safari/537.36; compatible; OAI-SearchBot/1.4; robots.txt; +https://openai.com/searchbot"
2001:1690:2:4::1:118 - - [20/Jul/2026:02:46:47 +0200] "POST /wp-cron.php?doing_wp_cron=1784508407.7090950012207031250000 HTTP/1.1" 200 5532 "-" "WordPress/6.9.5; https://cso-deprinsenhof.nl"
8.234.57.179 - - [20/Jul/2026:02:46:47 +0200] "GET /new/ HTTP/1.1" 301 5666 "http://www.cso-deprinsenhof.nl/new/" "Mozilla/5.0 (Windows NT 11.0; Win64; x64) AppleWebKit/537.36 (KHTML, like Gecko) Edg/128.0.2790.25 Chrome/128.0.6540.22 Safari/537.36"
8.234.57.179 - - [20/Jul/2026:02:46:48 +0200] "GET /new/ HTTP/1.1" 404 79965 "https://www.cso-deprinsenhof.nl/new/" "Mozilla/5.0 (Windows NT 11.0; Win64; x64) AppleWebKit/537.36 (KHTML, like Gecko) Edg/128.0.2790.25 Chrome/128.0.6540.22 Safari/537.36"
8.234.57.179 - - [20/Jul/2026:02:46:48 +0200] "GET /old/ HTTP/1.1" 301 5666 "http://www.cso-deprinsenhof.nl/old/" "Mozilla/5.0 (Linux; Android 13; Pixel 7a) AppleWebKit/537.36 (KHTML, like Gecko) Chrome/124.0.6367.82 Mobile Safari/537.36"
8.234.57.179 - - [20/Jul/2026:02:46:48 +0200] "GET /old/ HTTP/1.1" 404 79965 "https://www.cso-deprinsenhof.nl/old/" "Mozilla/5.0 (Linux; Android 13; Pixel 7a) AppleWebKit/537.36 (KHTML, like Gecko) Chrome/124.0.6367.82 Mobile Safari/537.36"
8.234.57.179 - - [20/Jul/2026:02:46:49 +0200] "GET / HTTP/1.1" 301 5550 "http://www.cso-deprinsenhof.nl/" "Mozilla/5.0 (Linux; Android 11; moto g31) AppleWebKit/537.36 (KHTML, like Gecko) Chrome/122.0.6261.96 Mobile Safari/537.36"
2001:1690:2:4::1:118 - - [20/Jul/2026:02:46:49 +0200] "GET /wp-content/uploads/2025/07/boog-onder.svg HTTP/1.1" 200 6041 "-" "-"
8.234.57.179 - - [20/Jul/2026:02:46:49 +0200] "GET / HTTP/1.1" 200 128274 "https://www.cso-deprinsenhof.nl/" "Mozilla/5.0 (Linux; Android 11; moto g31) AppleWebKit/537.36 (KHTML, like Gecko) Chrome/122.0.6261.96 Mobile Safari/537.36"
8.234.57.179 - - [20/Jul/2026:02:46:49 +0200] "GET /wordpress/ HTTP/1.1" 301 5672 "http://www.cso-deprinsenhof.nl/wordpress/" "Mozilla/5.0 (X11; Linux x86_64; rv:127.0) Gecko/20100101 Firefox/127.0"
8.234.57.179 - - [20/Jul/2026:02:46:49 +0200] "GET /wordpress/ HTTP/1.1" 404 79965 "https://www.cso-deprinsenhof.nl/wordpress/" "Mozilla/5.0 (X11; Linux x86_64; rv:127.0) Gecko/20100101 Firefox/127.0"
8.234.57.179 - - [20/Jul/2026:02:46:50 +0200] "GET /blog/ HTTP/1.1" 301 5667 "http://www.cso-deprinsenhof.nl/blog/" "Mozilla/5.0 (Linux; Android 14; OnePlus 12) AppleWebKit/537.36 (KHTML, like Gecko) Chrome/125.0.6422.102 Mobile Safari/537.36"
8.234.57.179 - - [20/Jul/2026:02:46:50 +0200] "GET /blog/ HTTP/1.1" 404 79965 "https://www.cso-deprinsenhof.nl/blog/" "Mozilla/5.0 (Linux; Android 14; OnePlus 12) AppleWebKit/537.36 (KHTML, like Gecko) Chrome/125.0.6422.102 Mobile Safari/537.36"
8.234.57.179 - - [20/Jul/2026:02:46:50 +0200] "GET /backup/ HTTP/1.1" 301 5669 "http://www.cso-deprinsenhof.nl/backup/" "Mozilla/5.0 (Linux; Android 11; RMX2195) AppleWebKit/537.36 (KHTML, like Gecko) Chrome/120.0.6099.210 Mobile Safari/537.36 OPR/75.2.3995.72468"
8.234.57.179 - - [20/Jul/2026:02:46:51 +0200] "GET /backup/ HTTP/1.1" 404 63457 "https://www.cso-deprinsenhof.nl/backup/" "Mozilla/5.0 (Linux; Android 11; RMX2195) AppleWebKit/537.36 (KHTML, like Gecko) Chrome/120.0.6099.210 Mobile Safari/537.36 OPR/75.2.3995.72468"
8.234.57.179 - - [20/Jul/2026:02:46:51 +0200] "GET /wp/ HTTP/1.1" 301 5665 "http://www.cso-deprinsenhof.nl/wp/" "Mozilla/5.0 (Linux; Android 11; moto g31) AppleWebKit/537.36 (KHTML, like Gecko) Chrome/122.0.6261.96 Mobile Safari/537.36"
8.234.57.179 - - [20/Jul/2026:02:46:51 +0200] "GET /wp/ HTTP/1.1" 404 79965 "https://www.cso-deprinsenhof.nl/wp/" "Mozilla/5.0 (Linux; Android 11; moto g31) AppleWebKit/537.36 (KHTML, like Gecko) Chrome/122.0.6261.96 Mobile Safari/537.36"
2600:1f16:743:ac00:b68:952b:2741:a5dc - - [20/Jul/2026:02:57:36 +0200] "GET / HTTP/1.1" 200 128088 "-" "visionheight.com/scan Mozilla/5.0 (Macintosh; Intel Mac OS X 10_15_7) Chrome/126.0.0.0 Safari/537.36"
2001:1690:2:4::1:118 - - [20/Jul/2026:02:59:19 +0200] "POST /wp-cron.php?doing_wp_cron=1784509158.9718580245971679687500 HTTP/1.1" 200 5532 "-" "WordPress/6.9.5; https://cso-deprinsenhof.nl"
147.93.169.102 - - [20/Jul/2026:02:59:16 +0200] "GET /wp-login.php HTTP/1.1" 200 16807 "-" "Mozilla/5.0 (WordPress CMS Scanner)"
34.21.196.110 - - [20/Jul/2026:03:06:56 +0200] "GET / HTTP/1.1" 200 128088 "-" "Mozilla/5.0 (Windows NT 10.0; Win64; x64; rv:152.0) Gecko/20100101 Firefox/152.0"
34.21.196.110 - - [20/Jul/2026:03:06:58 +0200] "GET /manifest.json HTTP/1.1" 404 83185 "-" "Mozilla/5.0 (Linux; Android 10; K) AppleWebKit/537.36 (KHTML, like Gecko) Chrome/150.0.0.0 Mobile Safari/537.36"
34.21.196.110 - - [20/Jul/2026:03:06:59 +0200] "GET /.aws/credentials HTTP/1.1" 404 83137 "-" "Mozilla/5.0 AppleWebKit/537.36 (KHTML, like Gecko); compatible; ChatGPT-User/1.0; +https://openai.com/bot"
34.21.196.110 - - [20/Jul/2026:03:07:00 +0200] "GET /.aws/config HTTP/1.1" 404 83137 "-" "Mozilla/5.0 (compatible; Bytespider; spider-feedback@bytedance.com)"
34.21.196.110 - - [20/Jul/2026:03:07:00 +0200] "GET /wp-json HTTP/1.1" 200 258524 "-" "meta-externalagent/1.1 (+https://developers.facebook.com/docs/sharing/webmasters/crawler)"
34.21.196.110 - - [20/Jul/2026:03:07:00 +0200] "GET /_next/static/buildManifest.js HTTP/1.1" 404 83202 "-" "Mozilla/5.0 (iPad; CPU OS 17_7 like Mac OS X) AppleWebKit/605.1.15 (KHTML, like Gecko) Version/17.7 Mobile/15E148 Safari/604.1"
34.21.196.110 - - [20/Jul/2026:03:07:00 +0200] "GET /_next/build-manifest.json HTTP/1.1" 404 83202 "-" "Mozilla/5.0 (iPad; CPU OS 17_7 like Mac OS X) AppleWebKit/605.1.15 (KHTML, like Gecko) Version/17.7 Mobile/15E148 Safari/604.1"
34.21.196.110 - - [20/Jul/2026:03:07:00 +0200] "GET /rclone.conf HTTP/1.1" 404 83167 "-" "Mozilla/5.0 AppleWebKit/537.36 (KHTML, like Gecko); compatible; Claude-User/1.0; +mailto:support@anthropic.com"
34.21.196.110 - - [20/Jul/2026:03:07:00 +0200] "GET /.git/config HTTP/1.1" 404 83137 "-" "Mozilla/5.0 (compatible; Diffbot/1.0; +https://diffbot.com)"
34.21.196.110 - - [20/Jul/2026:03:07:00 +0200] "GET /z9x8c7v6b5-debug-trigger-cso-deprinsenhof.nl HTTP/1.1" 404 83137 "-" "Mozilla/5.0 (compatible; GoogleOther; +http://www.google.com/bot.html)"
34.21.196.110 - - [20/Jul/2026:03:07:00 +0200] "GET /build-manifest.json HTTP/1.1" 404 83167 "-" "Mozilla/5.0 (Macintosh; Intel Mac OS X 10_15_7) AppleWebKit/537.36 (KHTML, like Gecko) Chrome/150.0.0.0 Safari/537.36 Edg/150.0.0.0"
34.21.196.110 - - [20/Jul/2026:03:07:00 +0200] "GET /asset-manifest.json HTTP/1.1" 404 83185 "-" "Mozilla/5.0 (Linux; Android 14; SM-S921B) AppleWebKit/537.36 (KHTML, like Gecko) SamsungBrowser/27.0 Chrome/125.0.0.0 Mobile Safari/537.36"
34.21.196.110 - - [20/Jul/2026:03:07:01 +0200] "GET /.git-credentials HTTP/1.1" 404 83137 "-" "Mozilla/5.0 (compatible; GoogleOther; +http://www.google.com/bot.html)"
34.21.196.110 - - [20/Jul/2026:03:07:01 +0200] "GET /webpack-stats.json HTTP/1.1" 404 83167 "-" "Mozilla/5.0 (Windows NT 10.0; Win64; x64) AppleWebKit/537.36 (KHTML, like Gecko) Chrome/148.0.0.0 YaBrowser/26.6.0.0 Safari/537.36"
34.21.196.110 - - [20/Jul/2026:03:07:01 +0200] "GET /.gitconfig HTTP/1.1" 404 83137 "-" "Mozilla/5.0 AppleWebKit/537.36 (KHTML, like Gecko); compatible; ClaudeBot/1.0; +mailto:support@anthropic.com"
34.21.196.110 - - [20/Jul/2026:03:07:02 +0200] "GET /.git/HEAD HTTP/1.1" 404 83167 "-" "Mozilla/5.0 AppleWebKit/537.36 (KHTML, like Gecko); compatible; Perplexity-User/1.0; +https://perplexity.ai/perplexity-user"
34.21.196.110 - - [20/Jul/2026:03:07:02 +0200] "GET /.gitlab-ci.yml HTTP/1.1" 404 83137 "-" "Mozilla/5.0 (compatible; Applebot-Extended/0.1; +http://www.apple.com/go/applebot)"
34.21.196.110 - - [20/Jul/2026:03:07:02 +0200] "GET /.github/workflows/deploy.yml HTTP/1.1" 404 83167 "-" "Mozilla/5.0 AppleWebKit/537.36 (KHTML, like Gecko); compatible; MistralAI-User/1.0"
34.21.196.110 - - [20/Jul/2026:03:07:03 +0200] "GET /.env HTTP/1.1" 404 83152 "-" "Mozilla/5.0 AppleWebKit/537.36 (KHTML, like Gecko); compatible; MistralAI-User/1.0"
34.21.196.110 - - [20/Jul/2026:03:07:03 +0200] "GET /.env.example HTTP/1.1" 404 83137 "-" "Mozilla/5.0 (compatible; GoogleOther; +http://www.google.com/bot.html)"
34.21.196.110 - - [20/Jul/2026:03:07:03 +0200] "GET /.env.local HTTP/1.1" 404 83137 "-" "Mozilla/5.0 (compatible; GoogleOther; +http://www.google.com/bot.html)"
34.21.196.110 - - [20/Jul/2026:03:07:03 +0200] "GET /.env.backup HTTP/1.1" 404 83122 "-" "CCBot/2.0 (https://commoncrawl.org/faq/)"
34.21.196.110 - - [20/Jul/2026:03:07:03 +0200] "GET /api/.env HTTP/1.1" 404 83167 "-" "Mozilla/5.0 (compatible; cohere-ai/1.0; +https://cohere.com)"
34.21.196.110 - - [20/Jul/2026:03:07:03 +0200] "GET /.env.bak HTTP/1.1" 404 83137 "-" "Mozilla/5.0 (compatible; Bytespider; spider-feedback@bytedance.com)"
34.21.196.110 - - [20/Jul/2026:03:07:03 +0200] "GET /backend/.env HTTP/1.1" 404 83152 "-" "Mozilla/5.0 (compatible; cohere-ai/1.0; +https://cohere.com)"
34.21.196.110 - - [20/Jul/2026:03:07:04 +0200] "GET /.env.old HTTP/1.1" 404 83137 "-" "Mozilla/5.0 AppleWebKit/537.36 (KHTML, like Gecko; compatible; GPTBot/1.3; +https://openai.com/gptbot)"
34.21.196.110 - - [20/Jul/2026:03:07:04 +0200] "GET /admin/.env HTTP/1.1" 404 83137 "-" "Mozilla/5.0 (compatible; Applebot-Extended/0.1; +http://www.apple.com/go/applebot)"
34.21.196.110 - - [20/Jul/2026:03:07:04 +0200] "GET /config/.env HTTP/1.1" 404 83137 "-" "Mozilla/5.0 (compatible; Amzn-SearchBot/1.0; +https://developer.amazon.com/support/amazonbot)"
34.21.196.110 - - [20/Jul/2026:03:07:03 +0200] "GET /.env.production HTTP/1.1" 404 83137 "-" "Mozilla/5.0 (compatible; Googlebot/2.1; +http://www.google.com/bot.html)"
34.21.196.110 - - [20/Jul/2026:03:07:04 +0200] "POST /graphql HTTP/1.1" 404 83167 "-" "Go-http-client/1.1"
34.21.196.110 - - [20/Jul/2026:03:07:04 +0200] "GET /secrets.yml HTTP/1.1" 404 83167 "-" "anthropic-ai"
34.21.196.110 - - [20/Jul/2026:03:07:04 +0200] "GET /secrets.json HTTP/1.1" 404 83167 "-" "Mozilla/5.0 AppleWebKit/537.36 (KHTML, like Gecko); compatible; MistralAI-User/1.0"
34.21.196.110 - - [20/Jul/2026:03:07:06 +0200] "GET /serviceAccountKey.json HTTP/1.1" 404 83137 "-" "Mozilla/5.0 (compatible; Applebot/0.1; +http://www.apple.com/go/applebot)"
34.21.196.110 - - [20/Jul/2026:03:07:06 +0200] "GET /.htpasswd HTTP/1.1" 403 5626 "-" "Mozilla/5.0 AppleWebKit/537.36 (KHTML, like Gecko); compatible; ClaudeBot/1.0; +mailto:support@anthropic.com"
34.21.196.110 - - [20/Jul/2026:03:07:06 +0200] "GET /credentials.json HTTP/1.1" 404 83137 "-" "Mozilla/5.0 (compatible; Googlebot/2.1; +http://www.google.com/bot.html)"
34.21.196.110 - - [20/Jul/2026:03:07:06 +0200] "GET /service-account.json HTTP/1.1" 404 83167 "-" "Mozilla/5.0 (compatible; cohere-ai/1.0; +https://cohere.com)"
34.21.196.110 - - [20/Jul/2026:03:07:06 +0200] "GET /firebase-adminsdk.json HTTP/1.1" 404 83137 "-" "Mozilla/5.0 (compatible; Bytespider; spider-feedback@bytedance.com)"
34.21.196.110 - - [20/Jul/2026:03:07:06 +0200] "GET /.docker/config.json HTTP/1.1" 404 83122 "-" "Mozilla/5.0 (compatible; Applebot-Extended/0.1; +http://www.apple.com/go/applebot)"
34.21.196.110 - - [20/Jul/2026:03:07:06 +0200] "GET /key.json HTTP/1.1" 404 83137 "-" "CCBot/2.0 (https://commoncrawl.org/faq/)"
34.21.196.110 - - [20/Jul/2026:03:07:06 +0200] "GET /.npmrc HTTP/1.1" 404 83137 "-" "Mozilla/5.0 AppleWebKit/537.36 (KHTML, like Gecko); compatible; ClaudeBot/1.0; +mailto:support@anthropic.com"
34.21.196.110 - - [20/Jul/2026:03:07:06 +0200] "POST /api/graphql HTTP/1.1" 404 83152 "-" "Go-http-client/1.1"
34.21.196.110 - - [20/Jul/2026:03:07:06 +0200] "GET /.svn/entries HTTP/1.1" 404 83137 "-" "Mozilla/5.0 (compatible; Diffbot/1.0; +https://diffbot.com)"
34.21.196.110 - - [20/Jul/2026:03:07:06 +0200] "GET /.s3cfg HTTP/1.1" 404 83137 "-" "Mozilla/5.0 (compatible; Googlebot/2.1; +http://www.google.com/bot.html)"
34.21.196.110 - - [20/Jul/2026:03:07:06 +0200] "GET /.boto HTTP/1.1" 404 83137 "-" "Mozilla/5.0 (compatible; Applebot-Extended/0.1; +http://www.apple.com/go/applebot)"
34.21.196.110 - - [20/Jul/2026:03:07:10 +0200] "GET /docker-compose.yaml HTTP/1.1" 404 83137 "-" "CCBot/2.0 (https://commoncrawl.org/faq/)"
34.21.196.110 - - [20/Jul/2026:03:07:10 +0200] "GET /.vscode/launch.json HTTP/1.1" 404 83167 "-" "Mozilla/5.0 AppleWebKit/537.36 (KHTML, like Gecko); compatible; Claude-User/1.0; +mailto:support@anthropic.com"
34.21.196.110 - - [20/Jul/2026:03:07:10 +0200] "GET /.ssh/id_dsa HTTP/1.1" 404 79935 "-" "Mozilla/5.0 AppleWebKit/537.36 (KHTML, like Gecko); compatible; PerplexityBot/1.0; +https://perplexity.ai/perplexitybot"
34.21.196.110 - - [20/Jul/2026:03:07:10 +0200] "GET /.ssh/config HTTP/1.1" 404 79920 "-" "Mozilla/5.0 (compatible; Googlebot/2.1; +http://www.google.com/bot.html)"
34.21.196.110 - - [20/Jul/2026:03:07:10 +0200] "GET /.ssh/id_ecdsa HTTP/1.1" 404 79935 "-" "Mozilla/5.0 (compatible; Googlebot/2.1; +http://www.google.com/bot.html)"
34.21.196.110 - - [20/Jul/2026:03:07:10 +0200] "GET /.ssh/id_ed25519 HTTP/1.1" 404 79935 "-" "Mozilla/5.0 AppleWebKit/537.36 (KHTML, like Gecko; compatible; GPTBot/1.3; +https://openai.com/gptbot)"
34.21.196.110 - - [20/Jul/2026:03:07:10 +0200] "GET /.ssh/known_hosts HTTP/1.1" 404 79935 "-" "Mozilla/5.0 AppleWebKit/537.36 (KHTML, like Gecko); compatible; PerplexityBot/1.0; +https://perplexity.ai/perplexitybot"
34.21.196.110 - - [20/Jul/2026:03:07:10 +0200] "GET /.ssh/id_rsa HTTP/1.1" 404 79935 "-" "Mozilla/5.0 (compatible; Diffbot/1.0; +https://diffbot.com)"
34.21.196.110 - - [20/Jul/2026:03:07:10 +0200] "GET /.ssh/authorized_keys HTTP/1.1" 404 79965 "-" "anthropic-ai"
34.21.196.110 - - [20/Jul/2026:03:07:10 +0200] "POST /v1/graphql HTTP/1.1" 404 83167 "-" "Go-http-client/1.1"
34.21.196.110 - - [20/Jul/2026:03:07:10 +0200] "GET /terraform.tfstate HTTP/1.1" 404 79965 "-" "Mozilla/5.0 (compatible; cohere-ai/1.0; +https://cohere.com)"
34.21.196.110 - - [20/Jul/2026:03:07:10 +0200] "GET /id_rsa HTTP/1.1" 404 79935 "-" "Mozilla/5.0 AppleWebKit/537.36 (KHTML, like Gecko; compatible; GPTBot/1.3; +https://openai.com/gptbot)"
34.21.196.110 - - [20/Jul/2026:03:07:11 +0200] "GET /id_ed25519 HTTP/1.1" 404 79935 "-" "Mozilla/5.0 AppleWebKit/537.36 (KHTML, like Gecko); compatible; Claude-SearchBot/1.0; +mailto:support@anthropic.com"
2001:1690:2:4::1:118 - - [20/Jul/2026:03:07:12 +0200] "GET /wp-content/uploads/2025/07/boog-onder.svg HTTP/1.1" 200 6041 "-" "-"
34.21.196.110 - - [20/Jul/2026:03:07:12 +0200] "GET /onze-school/ HTTP/1.1" 200 124318 "-" "Mozilla/5.0 (Macintosh; Intel Mac OS X 10.15; rv:152.0) Gecko/20100101 Firefox/152.0"
34.21.196.110 - - [20/Jul/2026:03:07:14 +0200] "GET /ons-onderwijs/ HTTP/1.1" 200 102271 "-" "Mozilla/5.0 (Linux; Android 10; K) AppleWebKit/537.36 (KHTML, like Gecko) Chrome/149.0.0.0 Mobile Safari/537.36"
2001:1690:2:4::1:118 - - [20/Jul/2026:03:07:18 +0200] "GET /wp-content/uploads/2025/07/boog-onder.svg HTTP/1.1" 200 6041 "-" "-"
34.21.196.110 - - [20/Jul/2026:03:07:18 +0200] "GET /ouders-verzorgers/ HTTP/1.1" 200 117199 "-" "Mozilla/5.0 (Macintosh; Intel Mac OS X 10_15_7) AppleWebKit/537.36 (KHTML, like Gecko) Chrome/150.0.0.0 Safari/537.36 OPR/118.0.0.0"
34.21.196.110 - - [20/Jul/2026:03:07:20 +0200] "GET /contact/ HTTP/1.1" 200 85589 "-" "Mozilla/5.0 (Macintosh; Intel Mac OS X 10_15_7) AppleWebKit/537.36 (KHTML, like Gecko) Chrome/150.0.0.0 Safari/537.36"
34.21.196.110 - - [20/Jul/2026:03:07:22 +0200] "GET /author/jsbdesign/ HTTP/1.1" 200 76641 "-" "Mozilla/5.0 (Windows NT 10.0; Win64; x64) AppleWebKit/537.36 (KHTML, like Gecko) Chrome/149.0.0.0 Safari/537.36"
34.21.196.110 - - [20/Jul/2026:03:07:25 +0200] "GET /wp-content/uploads/fusion-scripts/747e0431434c69b818684b1a4ea6b073.min.js?ver=3.14.2 HTTP/1.1" 200 5591 "-" "Mozilla/5.0 (iPhone; CPU iPhone OS 26_5 like Mac OS X) AppleWebKit/605.1.15 (KHTML, like Gecko) Version/26.5 Mobile/15E148 Safari/604.1"
34.21.196.110 - - [20/Jul/2026:03:07:25 +0200] "GET /wp-content/uploads/fusion-scripts/fe16a7e9815beaee0d6daa830e467322.min.js?ver=3.14.2 HTTP/1.1" 200 5591 "-" "Mozilla/5.0 (Macintosh; Intel Mac OS X 10_15_7) AppleWebKit/537.36 (KHTML, like Gecko) Chrome/150.0.0.0 Safari/537.36 Edg/150.0.0.0"
34.21.196.110 - - [20/Jul/2026:03:07:26 +0200] "GET /wp-content/uploads/fusion-scripts/8ed04216ed2bad05df3cd0a855b5b3cc.min.js?ver=3.14.2 HTTP/1.1" 200 5591 "-" "Mozilla/5.0 (Windows NT 10.0; Win64; x64) AppleWebKit/537.36 (KHTML, like Gecko) Chrome/150.0.0.0 Safari/537.36"
216.244.66.233 - - [20/Jul/2026:03:07:37 +0200] "GET /robots.txt HTTP/1.1" 301 5530 "-" "Mozilla/5.0 (compatible; DotBot/1.2; +https://opensiteexplorer.org/dotbot; help@moz.com)"
216.244.66.233 - - [20/Jul/2026:03:07:37 +0200] "GET /robots.txt HTTP/1.1" 200 5740 "-" "Mozilla/5.0 (compatible; DotBot/1.2; +https://opensiteexplorer.org/dotbot; help@moz.com)"
100.50.227.41 - - [20/Jul/2026:03:08:26 +0200] "GET /robots.txt HTTP/1.1" 301 5560 "-" "Mozilla/5.0 (Macintosh; Intel Mac OS X 10_10_1) AppleWebKit/600.2.5 (KHTML, like Gecko) Version/8.0.2 Safari/600.2.5 (Gort)"
98.84.64.180 - - [20/Jul/2026:03:08:27 +0200] "GET /robots.txt HTTP/1.1" 200 5770 "-" "Mozilla/5.0 (Macintosh; Intel Mac OS X 10_10_1) AppleWebKit/600.2.5 (KHTML, like Gecko) Version/8.0.2 Safari/600.2.5 (Gort)"
2001:1690:2:4::1:118 - - [20/Jul/2026:03:10:36 +0200] "POST /wp-cron.php?doing_wp_cron=1784509835.9870889186859130859375 HTTP/1.1" 200 5532 "-" "WordPress/6.9.5; https://cso-deprinsenhof.nl"
216.244.66.233 - - [20/Jul/2026:03:10:35 +0200] "GET /nieuwsbrieven/5df0f4f64799b4_Nieuwsbrief_6_december_2019.pdf HTTP/1.1" 301 5692 "-" "Mozilla/5.0 (compatible; DotBot/1.2; +https://opensiteexplorer.org/dotbot; help@moz.com)"
198.244.240.122 - - [20/Jul/2026:03:10:37 +0200] "GET /sitemap_index.xml HTTP/1.1" 200 6042 "-" "Mozilla/5.0 (compatible; AhrefsBot/7.0; +http://ahrefs.com/robot/)"
198.244.242.145 - - [20/Jul/2026:03:10:38 +0200] "GET /page-sitemap.xml HTTP/1.1" 200 12155 "-" "Mozilla/5.0 (compatible; AhrefsBot/7.0; +http://ahrefs.com/robot/)"
198.244.183.49 - - [20/Jul/2026:03:10:39 +0200] "GET /fusion_tb_category-sitemap.xml HTTP/1.1" 200 6640 "-" "Mozilla/5.0 (compatible; AhrefsBot/7.0; +http://ahrefs.com/robot/)"
216.244.66.233 - - [20/Jul/2026:03:13:08 +0200] "GET /resize/800/600/media/photoalbums/53/p1070828.JPG HTTP/1.1" 301 5680 "-" "Mozilla/5.0 (compatible; DotBot/1.2; +https://opensiteexplorer.org/dotbot; help@moz.com)"
2001:1690:2:4::1:118 - - [20/Jul/2026:03:13:45 +0200] "GET /wp-content/uploads/2025/07/boog-onder.svg HTTP/1.1" 200 6041 "-" "-"
51.89.129.156 - - [20/Jul/2026:03:13:44 +0200] "GET /onze-school/videos/ HTTP/1.1" 200 106460 "-" "Mozilla/5.0 (compatible; AhrefsBot/7.0; +http://ahrefs.com/robot/)"
2001:1690:2:4::1:118 - - [20/Jul/2026:03:16:56 +0200] "GET /wp-content/uploads/2025/07/boog-onder.svg HTTP/1.1" 200 6041 "-" "-"
54.38.147.182 - - [20/Jul/2026:03:16:56 +0200] "GET /onze-school/hoorrecht-opp/ HTTP/1.1" 200 94781 "-" "Mozilla/5.0 (compatible; AhrefsBot/7.0; +http://ahrefs.com/robot/)"
2001:1690:2:4::1:118 - - [20/Jul/2026:03:21:52 +0200] "POST /wp-cron.php?doing_wp_cron=1784510512.9390330314636230468750 HTTP/1.1" 200 5532 "-" "WordPress/6.9.5; https://cso-deprinsenhof.nl"
2a03:2880:2ff:4a:: - - [20/Jul/2026:03:21:52 +0200] "GET /robots.txt HTTP/1.1" 200 5770 "-" "facebookexternalhit/1.1 (+http://www.facebook.com/externalhit_uatext.php)"
2a03:2880:f800:13:: - - [20/Jul/2026:03:21:54 +0200] "GET /fusion_tb_category/header/ HTTP/1.1" 301 5520 "-" "Mozilla/5.0 (Windows NT 10.0; Win64; x64) AppleWebKit/537.36 (KHTML, like Gecko) Chrome/145.0.0.0 Safari/537.36 (compatible; meta-externalagent/1.1 (+https://developers.facebook.com/docs/sharing/webmasters/crawler))"
198.244.168.202 - - [19/Jul/2026:05:33:00 +0200] "GET /wp-content/uploads/fusion-styles/0c98158a85331315eace9d3bf67accb9.min.css?ver=3.14.2 HTTP/1.1" 200 101220 "-" "Mozilla/5.0 (compatible; AhrefsBot/7.0; +http://ahrefs.com/robot/)"
198.244.240.220 - - [19/Jul/2026:06:38:35 +0200] "GET /wp-content/uploads/2025/07/Bewegingsonderwijs.webp HTTP/1.1" 200 769130 "-" "Mozilla/5.0 (compatible; AhrefsBot/7.0; +http://ahrefs.com/robot/)"
51.195.183.183 - - [19/Jul/2026:06:38:37 +0200] "GET /wp-content/uploads/fusion-scripts/747e0431434c69b818684b1a4ea6b073.min.js?ver=3.14.2 HTTP/1.1" 200 175776 "-" "Mozilla/5.0 (compatible; AhrefsBot/7.0; +http://ahrefs.com/robot/)"
51.195.215.162 - - [19/Jul/2026:06:38:40 +0200] "GET /wp-content/uploads/fusion-styles/7f2dacbaa3e10bd591d6d7513d1b1a6b.min.css?ver=3.14.2 HTTP/1.1" 200 101196 "-" "Mozilla/5.0 (compatible; AhrefsBot/7.0; +http://ahrefs.com/robot/)"
51.89.129.45 - - [19/Jul/2026:06:38:41 +0200] "GET /wp-content/uploads/2025/07/Speelplein.webp HTTP/1.1" 200 454150 "-" "Mozilla/5.0 (compatible; AhrefsBot/7.0; +http://ahrefs.com/robot/)"
45.148.10.62 - - [19/Jul/2026:07:17:40 +0200] "GET /wp-includes/js/jquery/jquery.min.js?ver=3.7.1 HTTP/1.1" 200 87553 "-" "Mozilla/5.0 (Windows NT 10.0; Win64; x64; rv:133.0) Gecko/20100101 Firefox/133.0"
45.148.10.62 - - [19/Jul/2026:07:17:40 +0200] "GET /wp-content/uploads/fusion-scripts/409f3d9b6ae5a62f1c2d4456e7952c90.min.js?ver=3.14.2 HTTP/1.1" 200 632951 "-" "Mozilla/5.0 (Windows NT 10.0; Win64; x64; rv:133.0) Gecko/20100101 Firefox/133.0"
45.148.10.62 - - [19/Jul/2026:07:17:46 +0200] "GET /wp-config.php HTTP/1.1" 403 146 "-" "Mozilla/5.0 (Windows NT 10.0; Win64; x64; rv:133.0) Gecko/20100101 Firefox/133.0"
45.148.10.62 - - [19/Jul/2026:07:17:46 +0200] "GET /wp-config.php.old HTTP/1.1" 403 548 "-" "Mozilla/5.0 (X11; Linux x86_64) AppleWebKit/537.36 (KHTML, like Gecko) Chrome/131.0.0.0 Safari/537.36"
2a03:2880:30ff:3:: - - [19/Jul/2026:08:20:25 +0200] "GET /wp-content/uploads/2020/03/De-Prinsenhof_logo.png HTTP/1.1" 200 4310 "-" "facebookexternalhit/1.1 (+http://www.facebook.com/externalhit_uatext.php)"
216.244.66.233 - - [19/Jul/2026:08:54:01 +0200] "GET /wp-content/uploads/2025/09/De_Prinsenhof_2025_2026_digitaal.pdf HTTP/1.1" 200 1002486 "-" "Mozilla/5.0 (compatible; DotBot/1.2; +https://opensiteexplorer.org/dotbot; help@moz.com)"
185.50.209.106 - - [19/Jul/2026:08:56:45 +0200] "GET /wp-content/uploads/2025/09/PBS-klaslokaal_home-scaled.webp HTTP/1.1" 200 51124 "-" "NetworkingExtension/8624.2.5.10.8 Network/5812.122.1 iOS/26.5.2"
