27.153.246.119 - - [22/Jul/2026:04:46:14 +0200] "GET /wp-login.php?redirect_to=https%3A%2F%2Fcso-deprinsenhof.nl%2Fwp-admin%2Fprofile.php&reauth=1 HTTP/1.1" 503 24165 "https://cso-deprinsenhof.nl/wp-login.php" "Mozilla/5.0 (Windows NT 10.0; Win64; x64) AppleWebKit/537.36 (KHTML, like Gecko) Chrome/121.0.0.0 Safari/537.36"
27.153.246.119 - - [22/Jul/2026:04:46:15 +0200] "GET /wp-admin/edit.php HTTP/1.1" 302 5709 "https://cso-deprinsenhof.nl/wp-login.php" "Mozilla/5.0 (Windows NT 10.0; Win64; x64) AppleWebKit/537.36 (KHTML, like Gecko) Chrome/121.0.0.0 Safari/537.36"
27.153.246.119 - - [22/Jul/2026:04:46:16 +0200] "GET /wp-login.php?redirect_to=https%3A%2F%2Fcso-deprinsenhof.nl%2Fwp-admin%2Fedit.php&reauth=1 HTTP/1.1" 503 24165 "https://cso-deprinsenhof.nl/wp-login.php" "Mozilla/5.0 (Windows NT 10.0; Win64; x64) AppleWebKit/537.36 (KHTML, like Gecko) Chrome/121.0.0.0 Safari/537.36"
27.153.246.119 - - [22/Jul/2026:04:46:16 +0200] "GET /wp-admin/plugins.php HTTP/1.1" 302 5712 "https://cso-deprinsenhof.nl/wp-login.php" "Mozilla/5.0 (Windows NT 10.0; Win64; x64) AppleWebKit/537.36 (KHTML, like Gecko) Chrome/121.0.0.0 Safari/537.36"
27.153.246.119 - - [22/Jul/2026:04:46:17 +0200] "GET /wp-login.php?redirect_to=https%3A%2F%2Fcso-deprinsenhof.nl%2Fwp-admin%2Fplugins.php&reauth=1 HTTP/1.1" 503 24165 "https://cso-deprinsenhof.nl/wp-login.php" "Mozilla/5.0 (Windows NT 10.0; Win64; x64) AppleWebKit/537.36 (KHTML, like Gecko) Chrome/121.0.0.0 Safari/537.36"
27.153.246.119 - - [22/Jul/2026:04:46:18 +0200] "POST /wp-login.php HTTP/1.1" 503 24165 "https://cso-deprinsenhof.nl/wp-login.php" "Mozilla/5.0 (X11; Linux x86_64) AppleWebKit/537.36 (KHTML, like Gecko) Chrome/118.0.0.0 Safari/537.36"
27.153.246.119 - - [22/Jul/2026:04:46:18 +0200] "GET /wp-admin/index.php HTTP/1.1" 302 5710 "https://cso-deprinsenhof.nl/wp-login.php" "Mozilla/5.0 (Macintosh; Intel Mac OS X 10_15_7) AppleWebKit/605.1.15 (KHTML, like Gecko) Version/17.2 Safari/605.1.15"
27.153.246.119 - - [22/Jul/2026:04:46:19 +0200] "GET /wp-login.php?redirect_to=https%3A%2F%2Fcso-deprinsenhof.nl%2Fwp-admin%2Findex.php&reauth=1 HTTP/1.1" 503 24165 "https://cso-deprinsenhof.nl/wp-login.php" "Mozilla/5.0 (Macintosh; Intel Mac OS X 10_15_7) AppleWebKit/605.1.15 (KHTML, like Gecko) Version/17.2 Safari/605.1.15"
27.153.246.119 - - [22/Jul/2026:04:46:19 +0200] "GET /wp-admin/profile.php HTTP/1.1" 302 5712 "https://cso-deprinsenhof.nl/wp-login.php" "Mozilla/5.0 (Macintosh; Intel Mac OS X 10_15_7) AppleWebKit/605.1.15 (KHTML, like Gecko) Version/17.2 Safari/605.1.15"
27.153.246.119 - - [22/Jul/2026:04:46:20 +0200] "GET /wp-login.php?redirect_to=https%3A%2F%2Fcso-deprinsenhof.nl%2Fwp-admin%2Fprofile.php&reauth=1 HTTP/1.1" 503 24165 "https://cso-deprinsenhof.nl/wp-login.php" "Mozilla/5.0 (Macintosh; Intel Mac OS X 10_15_7) AppleWebKit/605.1.15 (KHTML, like Gecko) Version/17.2 Safari/605.1.15"
27.153.246.119 - - [22/Jul/2026:04:46:20 +0200] "GET /wp-admin/edit.php HTTP/1.1" 302 5709 "https://cso-deprinsenhof.nl/wp-login.php" "Mozilla/5.0 (Macintosh; Intel Mac OS X 10_15_7) AppleWebKit/605.1.15 (KHTML, like Gecko) Version/17.2 Safari/605.1.15"
27.153.246.119 - - [22/Jul/2026:04:46:21 +0200] "GET /wp-login.php?redirect_to=https%3A%2F%2Fcso-deprinsenhof.nl%2Fwp-admin%2Fedit.php&reauth=1 HTTP/1.1" 503 24165 "https://cso-deprinsenhof.nl/wp-login.php" "Mozilla/5.0 (Macintosh; Intel Mac OS X 10_15_7) AppleWebKit/605.1.15 (KHTML, like Gecko) Version/17.2 Safari/605.1.15"
27.153.246.119 - - [22/Jul/2026:04:46:21 +0200] "GET /wp-admin/plugins.php HTTP/1.1" 302 5712 "https://cso-deprinsenhof.nl/wp-login.php" "Mozilla/5.0 (Macintosh; Intel Mac OS X 10_15_7) AppleWebKit/605.1.15 (KHTML, like Gecko) Version/17.2 Safari/605.1.15"
27.153.246.119 - - [22/Jul/2026:04:46:21 +0200] "GET /wp-login.php?redirect_to=https%3A%2F%2Fcso-deprinsenhof.nl%2Fwp-admin%2Fplugins.php&reauth=1 HTTP/1.1" 503 24165 "https://cso-deprinsenhof.nl/wp-login.php" "Mozilla/5.0 (Macintosh; Intel Mac OS X 10_15_7) AppleWebKit/605.1.15 (KHTML, like Gecko) Version/17.2 Safari/605.1.15"
27.153.246.119 - - [22/Jul/2026:04:46:22 +0200] "POST /wp-login.php HTTP/1.1" 503 24165 "https://cso-deprinsenhof.nl/wp-login.php" "Mozilla/5.0 (X11; Linux x86_64) AppleWebKit/537.36 (KHTML, like Gecko) Chrome/121.0.0.0 Safari/537.36"
2001:1690:2:4::1:118 - - [22/Jul/2026:04:46:23 +0200] "POST /?wordfence_syncAttackData=1784688383.0172 HTTP/1.1" 200 5474 "-" "WordPress/6.9.5; https://cso-deprinsenhof.nl"
27.153.246.119 - - [22/Jul/2026:04:46:22 +0200] "GET /wp-admin/index.php HTTP/1.1" 302 5710 "https://cso-deprinsenhof.nl/wp-login.php" "Mozilla/5.0 (X11; Ubuntu; Linux x86_64) AppleWebKit/537.36 (KHTML, like Gecko) Chrome/120.0.0.0 Safari/537.36"
27.153.246.119 - - [22/Jul/2026:04:46:23 +0200] "GET /wp-login.php?redirect_to=https%3A%2F%2Fcso-deprinsenhof.nl%2Fwp-admin%2Findex.php&reauth=1 HTTP/1.1" 503 24165 "https://cso-deprinsenhof.nl/wp-login.php" "Mozilla/5.0 (X11; Ubuntu; Linux x86_64) AppleWebKit/537.36 (KHTML, like Gecko) Chrome/120.0.0.0 Safari/537.36"
2001:1690:2:4::1:118 - - [22/Jul/2026:04:46:24 +0200] "POST /wp-cron.php?doing_wp_cron=1784688384.4222860336303710937500 HTTP/1.1" 200 5532 "-" "WordPress/6.9.5; https://cso-deprinsenhof.nl"
27.153.246.119 - - [22/Jul/2026:04:46:24 +0200] "GET /wp-admin/profile.php HTTP/1.1" 302 5712 "https://cso-deprinsenhof.nl/wp-login.php" "Mozilla/5.0 (X11; Ubuntu; Linux x86_64) AppleWebKit/537.36 (KHTML, like Gecko) Chrome/120.0.0.0 Safari/537.36"
27.153.246.119 - - [22/Jul/2026:04:46:25 +0200] "GET /wp-login.php?redirect_to=https%3A%2F%2Fcso-deprinsenhof.nl%2Fwp-admin%2Fprofile.php&reauth=1 HTTP/1.1" 503 24165 "https://cso-deprinsenhof.nl/wp-login.php" "Mozilla/5.0 (X11; Ubuntu; Linux x86_64) AppleWebKit/537.36 (KHTML, like Gecko) Chrome/120.0.0.0 Safari/537.36"
27.153.246.119 - - [22/Jul/2026:04:46:26 +0200] "GET /wp-admin/edit.php HTTP/1.1" 302 5709 "https://cso-deprinsenhof.nl/wp-login.php" "Mozilla/5.0 (X11; Ubuntu; Linux x86_64) AppleWebKit/537.36 (KHTML, like Gecko) Chrome/120.0.0.0 Safari/537.36"
27.153.246.119 - - [22/Jul/2026:04:46:27 +0200] "GET /wp-login.php?redirect_to=https%3A%2F%2Fcso-deprinsenhof.nl%2Fwp-admin%2Fedit.php&reauth=1 HTTP/1.1" 503 24165 "https://cso-deprinsenhof.nl/wp-login.php" "Mozilla/5.0 (X11; Ubuntu; Linux x86_64) AppleWebKit/537.36 (KHTML, like Gecko) Chrome/120.0.0.0 Safari/537.36"
27.153.246.119 - - [22/Jul/2026:04:46:27 +0200] "GET /wp-admin/plugins.php HTTP/1.1" 302 5712 "https://cso-deprinsenhof.nl/wp-login.php" "Mozilla/5.0 (X11; Ubuntu; Linux x86_64) AppleWebKit/537.36 (KHTML, like Gecko) Chrome/120.0.0.0 Safari/537.36"
27.153.246.119 - - [22/Jul/2026:04:46:28 +0200] "GET /wp-login.php?redirect_to=https%3A%2F%2Fcso-deprinsenhof.nl%2Fwp-admin%2Fplugins.php&reauth=1 HTTP/1.1" 503 24165 "https://cso-deprinsenhof.nl/wp-login.php" "Mozilla/5.0 (X11; Ubuntu; Linux x86_64) AppleWebKit/537.36 (KHTML, like Gecko) Chrome/120.0.0.0 Safari/537.36"
27.153.246.119 - - [22/Jul/2026:04:46:28 +0200] "POST /wp-login.php HTTP/1.1" 503 24165 "https://cso-deprinsenhof.nl/wp-login.php" "Mozilla/5.0 (X11; Ubuntu; Linux x86_64) AppleWebKit/537.36 (KHTML, like Gecko) Chrome/120.0.0.0 Safari/537.36"
27.153.246.119 - - [22/Jul/2026:04:46:29 +0200] "GET /wp-admin/index.php HTTP/1.1" 302 5710 "https://cso-deprinsenhof.nl/wp-login.php" "Mozilla/5.0 (Windows NT 10.0; Win64; x64) AppleWebKit/537.36 (KHTML, like Gecko) Chrome/120.0.0.0 Safari/537.36"
27.153.246.119 - - [22/Jul/2026:04:46:30 +0200] "GET /wp-login.php?redirect_to=https%3A%2F%2Fcso-deprinsenhof.nl%2Fwp-admin%2Findex.php&reauth=1 HTTP/1.1" 503 24165 "https://cso-deprinsenhof.nl/wp-login.php" "Mozilla/5.0 (Windows NT 10.0; Win64; x64) AppleWebKit/537.36 (KHTML, like Gecko) Chrome/120.0.0.0 Safari/537.36"
27.153.246.119 - - [22/Jul/2026:04:46:30 +0200] "GET /wp-admin/profile.php HTTP/1.1" 302 5712 "https://cso-deprinsenhof.nl/wp-login.php" "Mozilla/5.0 (Windows NT 10.0; Win64; x64) AppleWebKit/537.36 (KHTML, like Gecko) Chrome/120.0.0.0 Safari/537.36"
27.153.246.119 - - [22/Jul/2026:04:46:31 +0200] "GET /wp-login.php?redirect_to=https%3A%2F%2Fcso-deprinsenhof.nl%2Fwp-admin%2Fprofile.php&reauth=1 HTTP/1.1" 503 24165 "https://cso-deprinsenhof.nl/wp-login.php" "Mozilla/5.0 (Windows NT 10.0; Win64; x64) AppleWebKit/537.36 (KHTML, like Gecko) Chrome/120.0.0.0 Safari/537.36"
2001:1690:2:4::1:118 - - [22/Jul/2026:04:46:32 +0200] "POST /?wordfence_syncAttackData=1784688392.2664 HTTP/1.1" 200 5474 "-" "WordPress/6.9.5; https://cso-deprinsenhof.nl"
27.153.246.119 - - [22/Jul/2026:04:46:32 +0200] "GET /wp-admin/edit.php HTTP/1.1" 302 5709 "https://cso-deprinsenhof.nl/wp-login.php" "Mozilla/5.0 (Windows NT 10.0; Win64; x64) AppleWebKit/537.36 (KHTML, like Gecko) Chrome/120.0.0.0 Safari/537.36"
27.153.246.119 - - [22/Jul/2026:04:46:33 +0200] "GET /wp-login.php?redirect_to=https%3A%2F%2Fcso-deprinsenhof.nl%2Fwp-admin%2Fedit.php&reauth=1 HTTP/1.1" 503 24165 "https://cso-deprinsenhof.nl/wp-login.php" "Mozilla/5.0 (Windows NT 10.0; Win64; x64) AppleWebKit/537.36 (KHTML, like Gecko) Chrome/120.0.0.0 Safari/537.36"
27.153.246.119 - - [22/Jul/2026:04:46:33 +0200] "GET /wp-admin/plugins.php HTTP/1.1" 302 5712 "https://cso-deprinsenhof.nl/wp-login.php" "Mozilla/5.0 (Windows NT 10.0; Win64; x64) AppleWebKit/537.36 (KHTML, like Gecko) Chrome/120.0.0.0 Safari/537.36"
27.153.246.119 - - [22/Jul/2026:04:46:34 +0200] "GET /wp-login.php?redirect_to=https%3A%2F%2Fcso-deprinsenhof.nl%2Fwp-admin%2Fplugins.php&reauth=1 HTTP/1.1" 503 24165 "https://cso-deprinsenhof.nl/wp-login.php" "Mozilla/5.0 (Windows NT 10.0; Win64; x64) AppleWebKit/537.36 (KHTML, like Gecko) Chrome/120.0.0.0 Safari/537.36"
27.153.246.119 - - [22/Jul/2026:04:46:35 +0200] "POST /wp-login.php HTTP/1.1" 503 24165 "https://cso-deprinsenhof.nl/wp-login.php" "Mozilla/5.0 (Windows NT 11.0; Win64; x64; rv:119.0) Gecko/20100101 Firefox/119.0"
27.153.246.119 - - [22/Jul/2026:04:46:35 +0200] "GET /wp-admin/index.php HTTP/1.1" 302 5710 "https://cso-deprinsenhof.nl/wp-login.php" "Mozilla/5.0 (X11; Linux x86_64) AppleWebKit/537.36 (KHTML, like Gecko) Chrome/118.0.0.0 Safari/537.36"
27.153.246.119 - - [22/Jul/2026:04:46:36 +0200] "GET /wp-login.php?redirect_to=https%3A%2F%2Fcso-deprinsenhof.nl%2Fwp-admin%2Findex.php&reauth=1 HTTP/1.1" 503 24165 "https://cso-deprinsenhof.nl/wp-login.php" "Mozilla/5.0 (X11; Linux x86_64) AppleWebKit/537.36 (KHTML, like Gecko) Chrome/118.0.0.0 Safari/537.36"
27.153.246.119 - - [22/Jul/2026:04:46:36 +0200] "GET /wp-admin/profile.php HTTP/1.1" 302 5712 "https://cso-deprinsenhof.nl/wp-login.php" "Mozilla/5.0 (X11; Linux x86_64) AppleWebKit/537.36 (KHTML, like Gecko) Chrome/118.0.0.0 Safari/537.36"
27.153.246.119 - - [22/Jul/2026:04:46:37 +0200] "GET /wp-login.php?redirect_to=https%3A%2F%2Fcso-deprinsenhof.nl%2Fwp-admin%2Fprofile.php&reauth=1 HTTP/1.1" 503 24165 "https://cso-deprinsenhof.nl/wp-login.php" "Mozilla/5.0 (X11; Linux x86_64) AppleWebKit/537.36 (KHTML, like Gecko) Chrome/118.0.0.0 Safari/537.36"
27.153.246.119 - - [22/Jul/2026:04:46:37 +0200] "GET /wp-admin/edit.php HTTP/1.1" 302 5709 "https://cso-deprinsenhof.nl/wp-login.php" "Mozilla/5.0 (X11; Linux x86_64) AppleWebKit/537.36 (KHTML, like Gecko) Chrome/118.0.0.0 Safari/537.36"
27.153.246.119 - - [22/Jul/2026:04:46:38 +0200] "GET /wp-login.php?redirect_to=https%3A%2F%2Fcso-deprinsenhof.nl%2Fwp-admin%2Fedit.php&reauth=1 HTTP/1.1" 503 24165 "https://cso-deprinsenhof.nl/wp-login.php" "Mozilla/5.0 (X11; Linux x86_64) AppleWebKit/537.36 (KHTML, like Gecko) Chrome/118.0.0.0 Safari/537.36"
27.153.246.119 - - [22/Jul/2026:04:46:38 +0200] "GET /wp-admin/plugins.php HTTP/1.1" 302 5712 "https://cso-deprinsenhof.nl/wp-login.php" "Mozilla/5.0 (X11; Linux x86_64) AppleWebKit/537.36 (KHTML, like Gecko) Chrome/118.0.0.0 Safari/537.36"
27.153.246.119 - - [22/Jul/2026:04:46:39 +0200] "GET /wp-login.php?redirect_to=https%3A%2F%2Fcso-deprinsenhof.nl%2Fwp-admin%2Fplugins.php&reauth=1 HTTP/1.1" 503 24165 "https://cso-deprinsenhof.nl/wp-login.php" "Mozilla/5.0 (X11; Linux x86_64) AppleWebKit/537.36 (KHTML, like Gecko) Chrome/118.0.0.0 Safari/537.36"
27.153.246.119 - - [22/Jul/2026:04:46:39 +0200] "POST /wp-login.php HTTP/1.1" 503 24165 "https://cso-deprinsenhof.nl/wp-login.php" "Mozilla/5.0 (Windows NT 11.0; Win64; x64) AppleWebKit/537.36 (KHTML, like Gecko) Chrome/120.0.0.0 Safari/537.36"
27.153.246.119 - - [22/Jul/2026:04:46:40 +0200] "GET /wp-admin/index.php HTTP/1.1" 302 5710 "https://cso-deprinsenhof.nl/wp-login.php" "Mozilla/5.0 (Macintosh; Intel Mac OS X 10_15_7; rv:118.0) Gecko/20100101 Firefox/118.0"
27.153.246.119 - - [22/Jul/2026:04:46:40 +0200] "GET /wp-login.php?redirect_to=https%3A%2F%2Fcso-deprinsenhof.nl%2Fwp-admin%2Findex.php&reauth=1 HTTP/1.1" 503 24165 "https://cso-deprinsenhof.nl/wp-login.php" "Mozilla/5.0 (Macintosh; Intel Mac OS X 10_15_7; rv:118.0) Gecko/20100101 Firefox/118.0"
2001:1690:2:4::1:118 - - [22/Jul/2026:04:46:41 +0200] "POST /?wordfence_syncAttackData=1784688401.3639 HTTP/1.1" 200 5474 "-" "WordPress/6.9.5; https://cso-deprinsenhof.nl"
27.153.246.119 - - [22/Jul/2026:04:46:41 +0200] "GET /wp-admin/profile.php HTTP/1.1" 302 5712 "https://cso-deprinsenhof.nl/wp-login.php" "Mozilla/5.0 (Macintosh; Intel Mac OS X 10_15_7; rv:118.0) Gecko/20100101 Firefox/118.0"
27.153.246.119 - - [22/Jul/2026:04:46:41 +0200] "GET /wp-login.php?redirect_to=https%3A%2F%2Fcso-deprinsenhof.nl%2Fwp-admin%2Fprofile.php&reauth=1 HTTP/1.1" 503 24165 "https://cso-deprinsenhof.nl/wp-login.php" "Mozilla/5.0 (Macintosh; Intel Mac OS X 10_15_7; rv:118.0) Gecko/20100101 Firefox/118.0"
27.153.246.119 - - [22/Jul/2026:04:46:42 +0200] "GET /wp-admin/edit.php HTTP/1.1" 302 5709 "https://cso-deprinsenhof.nl/wp-login.php" "Mozilla/5.0 (Macintosh; Intel Mac OS X 10_15_7; rv:118.0) Gecko/20100101 Firefox/118.0"
27.153.246.119 - - [22/Jul/2026:04:46:42 +0200] "GET /wp-login.php?redirect_to=https%3A%2F%2Fcso-deprinsenhof.nl%2Fwp-admin%2Fedit.php&reauth=1 HTTP/1.1" 503 24165 "https://cso-deprinsenhof.nl/wp-login.php" "Mozilla/5.0 (Macintosh; Intel Mac OS X 10_15_7; rv:118.0) Gecko/20100101 Firefox/118.0"
27.153.246.119 - - [22/Jul/2026:04:46:43 +0200] "GET /wp-admin/plugins.php HTTP/1.1" 302 5712 "https://cso-deprinsenhof.nl/wp-login.php" "Mozilla/5.0 (Macintosh; Intel Mac OS X 10_15_7; rv:118.0) Gecko/20100101 Firefox/118.0"
27.153.246.119 - - [22/Jul/2026:04:46:44 +0200] "GET /wp-login.php?redirect_to=https%3A%2F%2Fcso-deprinsenhof.nl%2Fwp-admin%2Fplugins.php&reauth=1 HTTP/1.1" 503 24165 "https://cso-deprinsenhof.nl/wp-login.php" "Mozilla/5.0 (Macintosh; Intel Mac OS X 10_15_7; rv:118.0) Gecko/20100101 Firefox/118.0"
27.153.246.119 - - [22/Jul/2026:04:46:44 +0200] "POST /wp-login.php HTTP/1.1" 503 24165 "https://cso-deprinsenhof.nl/wp-login.php" "Mozilla/5.0 (Windows NT 11.0; Win64; x64; rv:120.0) Gecko/20100101 Firefox/120.0"
27.153.246.119 - - [22/Jul/2026:04:46:45 +0200] "GET /wp-admin/index.php HTTP/1.1" 302 5710 "https://cso-deprinsenhof.nl/wp-login.php" "Mozilla/5.0 (Macintosh; Intel Mac OS X 10_15_7) AppleWebKit/605.1.15 (KHTML, like Gecko) Version/16.6 Safari/605.1.15"
27.153.246.119 - - [22/Jul/2026:04:46:46 +0200] "GET /wp-login.php?redirect_to=https%3A%2F%2Fcso-deprinsenhof.nl%2Fwp-admin%2Findex.php&reauth=1 HTTP/1.1" 503 24165 "https://cso-deprinsenhof.nl/wp-login.php" "Mozilla/5.0 (Macintosh; Intel Mac OS X 10_15_7) AppleWebKit/605.1.15 (KHTML, like Gecko) Version/16.6 Safari/605.1.15"
27.153.246.119 - - [22/Jul/2026:04:46:46 +0200] "GET /wp-admin/profile.php HTTP/1.1" 302 5712 "https://cso-deprinsenhof.nl/wp-login.php" "Mozilla/5.0 (Macintosh; Intel Mac OS X 10_15_7) AppleWebKit/605.1.15 (KHTML, like Gecko) Version/16.6 Safari/605.1.15"
27.153.246.119 - - [22/Jul/2026:04:46:47 +0200] "GET /wp-login.php?redirect_to=https%3A%2F%2Fcso-deprinsenhof.nl%2Fwp-admin%2Fprofile.php&reauth=1 HTTP/1.1" 503 24165 "https://cso-deprinsenhof.nl/wp-login.php" "Mozilla/5.0 (Macintosh; Intel Mac OS X 10_15_7) AppleWebKit/605.1.15 (KHTML, like Gecko) Version/16.6 Safari/605.1.15"
27.153.246.119 - - [22/Jul/2026:04:46:48 +0200] "GET /wp-admin/edit.php HTTP/1.1" 302 5709 "https://cso-deprinsenhof.nl/wp-login.php" "Mozilla/5.0 (Macintosh; Intel Mac OS X 10_15_7) AppleWebKit/605.1.15 (KHTML, like Gecko) Version/16.6 Safari/605.1.15"
27.153.246.119 - - [22/Jul/2026:04:46:48 +0200] "GET /wp-login.php?redirect_to=https%3A%2F%2Fcso-deprinsenhof.nl%2Fwp-admin%2Fedit.php&reauth=1 HTTP/1.1" 503 24165 "https://cso-deprinsenhof.nl/wp-login.php" "Mozilla/5.0 (Macintosh; Intel Mac OS X 10_15_7) AppleWebKit/605.1.15 (KHTML, like Gecko) Version/16.6 Safari/605.1.15"
27.153.246.119 - - [22/Jul/2026:04:46:49 +0200] "GET /wp-admin/plugins.php HTTP/1.1" 302 5712 "https://cso-deprinsenhof.nl/wp-login.php" "Mozilla/5.0 (Macintosh; Intel Mac OS X 10_15_7) AppleWebKit/605.1.15 (KHTML, like Gecko) Version/16.6 Safari/605.1.15"
27.153.246.119 - - [22/Jul/2026:04:46:50 +0200] "GET /wp-login.php?redirect_to=https%3A%2F%2Fcso-deprinsenhof.nl%2Fwp-admin%2Fplugins.php&reauth=1 HTTP/1.1" 503 24165 "https://cso-deprinsenhof.nl/wp-login.php" "Mozilla/5.0 (Macintosh; Intel Mac OS X 10_15_7) AppleWebKit/605.1.15 (KHTML, like Gecko) Version/16.6 Safari/605.1.15"
27.153.246.119 - - [22/Jul/2026:04:46:52 +0200] "POST /wp-login.php HTTP/1.1" 503 24165 "https://cso-deprinsenhof.nl/wp-login.php" "Mozilla/5.0 (Macintosh; Intel Mac OS X 10_15_7) AppleWebKit/605.1.15 (KHTML, like Gecko) Version/17.0 Safari/605.1.15"
2001:1690:2:4::1:118 - - [22/Jul/2026:04:46:52 +0200] "POST /?wordfence_syncAttackData=1784688412.788 HTTP/1.1" 200 5474 "-" "WordPress/6.9.5; https://cso-deprinsenhof.nl"
27.153.246.119 - - [22/Jul/2026:04:46:52 +0200] "GET /wp-admin/index.php HTTP/1.1" 302 5710 "https://cso-deprinsenhof.nl/wp-login.php" "Mozilla/5.0 (Macintosh; Intel Mac OS X 13_6_1; rv:121.0) Gecko/20100101 Firefox/121.0"
27.153.246.119 - - [22/Jul/2026:04:46:53 +0200] "GET /wp-login.php?redirect_to=https%3A%2F%2Fcso-deprinsenhof.nl%2Fwp-admin%2Findex.php&reauth=1 HTTP/1.1" 503 24165 "https://cso-deprinsenhof.nl/wp-login.php" "Mozilla/5.0 (Macintosh; Intel Mac OS X 13_6_1; rv:121.0) Gecko/20100101 Firefox/121.0"
2001:1690:2:4::1:118 - - [22/Jul/2026:04:46:54 +0200] "POST /wp-cron.php?doing_wp_cron=1784688414.3600618839263916015625 HTTP/1.1" 200 5532 "-" "WordPress/6.9.5; https://cso-deprinsenhof.nl"
27.153.246.119 - - [22/Jul/2026:04:46:54 +0200] "GET /wp-admin/profile.php HTTP/1.1" 302 5712 "https://cso-deprinsenhof.nl/wp-login.php" "Mozilla/5.0 (Macintosh; Intel Mac OS X 13_6_1; rv:121.0) Gecko/20100101 Firefox/121.0"
27.153.246.119 - - [22/Jul/2026:04:46:54 +0200] "GET /wp-login.php?redirect_to=https%3A%2F%2Fcso-deprinsenhof.nl%2Fwp-admin%2Fprofile.php&reauth=1 HTTP/1.1" 503 24165 "https://cso-deprinsenhof.nl/wp-login.php" "Mozilla/5.0 (Macintosh; Intel Mac OS X 13_6_1; rv:121.0) Gecko/20100101 Firefox/121.0"
27.153.246.119 - - [22/Jul/2026:04:46:55 +0200] "GET /wp-admin/edit.php HTTP/1.1" 302 5709 "https://cso-deprinsenhof.nl/wp-login.php" "Mozilla/5.0 (Macintosh; Intel Mac OS X 13_6_1; rv:121.0) Gecko/20100101 Firefox/121.0"
27.153.246.119 - - [22/Jul/2026:04:46:56 +0200] "GET /wp-login.php?redirect_to=https%3A%2F%2Fcso-deprinsenhof.nl%2Fwp-admin%2Fedit.php&reauth=1 HTTP/1.1" 503 24165 "https://cso-deprinsenhof.nl/wp-login.php" "Mozilla/5.0 (Macintosh; Intel Mac OS X 13_6_1; rv:121.0) Gecko/20100101 Firefox/121.0"
27.153.246.119 - - [22/Jul/2026:04:46:56 +0200] "GET /wp-admin/plugins.php HTTP/1.1" 302 5712 "https://cso-deprinsenhof.nl/wp-login.php" "Mozilla/5.0 (Macintosh; Intel Mac OS X 13_6_1; rv:121.0) Gecko/20100101 Firefox/121.0"
27.153.246.119 - - [22/Jul/2026:04:46:57 +0200] "GET /wp-login.php?redirect_to=https%3A%2F%2Fcso-deprinsenhof.nl%2Fwp-admin%2Fplugins.php&reauth=1 HTTP/1.1" 503 24165 "https://cso-deprinsenhof.nl/wp-login.php" "Mozilla/5.0 (Macintosh; Intel Mac OS X 13_6_1; rv:121.0) Gecko/20100101 Firefox/121.0"
27.153.246.119 - - [22/Jul/2026:04:46:57 +0200] "POST /wp-login.php HTTP/1.1" 503 24165 "https://cso-deprinsenhof.nl/wp-login.php" "Mozilla/5.0 (Macintosh; Intel Mac OS X 10_15_7) AppleWebKit/537.36 (KHTML, like Gecko) Chrome/121.0.0.0 Safari/537.36"
27.153.246.119 - - [22/Jul/2026:04:46:58 +0200] "GET /wp-admin/index.php HTTP/1.1" 302 5710 "https://cso-deprinsenhof.nl/wp-login.php" "Mozilla/5.0 (Windows NT 10.0; Win64; x64) AppleWebKit/537.36 (KHTML, like Gecko) Chrome/118.0.0.0 Safari/537.36"
27.153.246.119 - - [22/Jul/2026:04:46:58 +0200] "GET /wp-login.php?redirect_to=https%3A%2F%2Fcso-deprinsenhof.nl%2Fwp-admin%2Findex.php&reauth=1 HTTP/1.1" 503 24165 "https://cso-deprinsenhof.nl/wp-login.php" "Mozilla/5.0 (Windows NT 10.0; Win64; x64) AppleWebKit/537.36 (KHTML, like Gecko) Chrome/118.0.0.0 Safari/537.36"
27.153.246.119 - - [22/Jul/2026:04:46:59 +0200] "GET /wp-admin/profile.php HTTP/1.1" 302 5712 "https://cso-deprinsenhof.nl/wp-login.php" "Mozilla/5.0 (Windows NT 10.0; Win64; x64) AppleWebKit/537.36 (KHTML, like Gecko) Chrome/118.0.0.0 Safari/537.36"
27.153.246.119 - - [22/Jul/2026:04:46:59 +0200] "GET /wp-login.php?redirect_to=https%3A%2F%2Fcso-deprinsenhof.nl%2Fwp-admin%2Fprofile.php&reauth=1 HTTP/1.1" 503 24165 "https://cso-deprinsenhof.nl/wp-login.php" "Mozilla/5.0 (Windows NT 10.0; Win64; x64) AppleWebKit/537.36 (KHTML, like Gecko) Chrome/118.0.0.0 Safari/537.36"
27.153.246.119 - - [22/Jul/2026:04:46:59 +0200] "GET /wp-admin/edit.php HTTP/1.1" 302 5709 "https://cso-deprinsenhof.nl/wp-login.php" "Mozilla/5.0 (Windows NT 10.0; Win64; x64) AppleWebKit/537.36 (KHTML, like Gecko) Chrome/118.0.0.0 Safari/537.36"
27.153.246.119 - - [22/Jul/2026:04:47:00 +0200] "GET /wp-login.php?redirect_to=https%3A%2F%2Fcso-deprinsenhof.nl%2Fwp-admin%2Fedit.php&reauth=1 HTTP/1.1" 503 24165 "https://cso-deprinsenhof.nl/wp-login.php" "Mozilla/5.0 (Windows NT 10.0; Win64; x64) AppleWebKit/537.36 (KHTML, like Gecko) Chrome/118.0.0.0 Safari/537.36"
27.153.246.119 - - [22/Jul/2026:04:47:00 +0200] "GET /wp-admin/plugins.php HTTP/1.1" 302 5712 "https://cso-deprinsenhof.nl/wp-login.php" "Mozilla/5.0 (Windows NT 10.0; Win64; x64) AppleWebKit/537.36 (KHTML, like Gecko) Chrome/118.0.0.0 Safari/537.36"
27.153.246.119 - - [22/Jul/2026:04:47:01 +0200] "GET /wp-login.php?redirect_to=https%3A%2F%2Fcso-deprinsenhof.nl%2Fwp-admin%2Fplugins.php&reauth=1 HTTP/1.1" 503 24165 "https://cso-deprinsenhof.nl/wp-login.php" "Mozilla/5.0 (Windows NT 10.0; Win64; x64) AppleWebKit/537.36 (KHTML, like Gecko) Chrome/118.0.0.0 Safari/537.36"
27.153.246.119 - - [22/Jul/2026:04:47:01 +0200] "POST /wp-login.php HTTP/1.1" 503 24165 "https://cso-deprinsenhof.nl/wp-login.php" "Mozilla/5.0 (Macintosh; Intel Mac OS X 13_6_1) AppleWebKit/537.36 (KHTML, like Gecko) Chrome/120.0.0.0 Safari/537.36"
2001:1690:2:4::1:118 - - [22/Jul/2026:04:47:02 +0200] "POST /?wordfence_syncAttackData=1784688422.276 HTTP/1.1" 200 5474 "-" "WordPress/6.9.5; https://cso-deprinsenhof.nl"
27.153.246.119 - - [22/Jul/2026:04:47:02 +0200] "GET /wp-admin/index.php HTTP/1.1" 302 5710 "https://cso-deprinsenhof.nl/wp-login.php" "Mozilla/5.0 (Windows NT 11.0; Win64; x64; rv:120.0) Gecko/20100101 Firefox/120.0"
27.153.246.119 - - [22/Jul/2026:04:47:02 +0200] "GET /wp-login.php?redirect_to=https%3A%2F%2Fcso-deprinsenhof.nl%2Fwp-admin%2Findex.php&reauth=1 HTTP/1.1" 503 24165 "https://cso-deprinsenhof.nl/wp-login.php" "Mozilla/5.0 (Windows NT 11.0; Win64; x64; rv:120.0) Gecko/20100101 Firefox/120.0"
27.153.246.119 - - [22/Jul/2026:04:47:03 +0200] "GET /wp-admin/profile.php HTTP/1.1" 302 5712 "https://cso-deprinsenhof.nl/wp-login.php" "Mozilla/5.0 (Windows NT 11.0; Win64; x64; rv:120.0) Gecko/20100101 Firefox/120.0"
27.153.246.119 - - [22/Jul/2026:04:47:03 +0200] "GET /wp-login.php?redirect_to=https%3A%2F%2Fcso-deprinsenhof.nl%2Fwp-admin%2Fprofile.php&reauth=1 HTTP/1.1" 503 24165 "https://cso-deprinsenhof.nl/wp-login.php" "Mozilla/5.0 (Windows NT 11.0; Win64; x64; rv:120.0) Gecko/20100101 Firefox/120.0"
27.153.246.119 - - [22/Jul/2026:04:47:04 +0200] "GET /wp-admin/edit.php HTTP/1.1" 302 5709 "https://cso-deprinsenhof.nl/wp-login.php" "Mozilla/5.0 (Windows NT 11.0; Win64; x64; rv:120.0) Gecko/20100101 Firefox/120.0"
27.153.246.119 - - [22/Jul/2026:04:47:05 +0200] "GET /wp-login.php?redirect_to=https%3A%2F%2Fcso-deprinsenhof.nl%2Fwp-admin%2Fedit.php&reauth=1 HTTP/1.1" 503 24165 "https://cso-deprinsenhof.nl/wp-login.php" "Mozilla/5.0 (Windows NT 11.0; Win64; x64; rv:120.0) Gecko/20100101 Firefox/120.0"
27.153.246.119 - - [22/Jul/2026:04:47:05 +0200] "GET /wp-admin/plugins.php HTTP/1.1" 302 5712 "https://cso-deprinsenhof.nl/wp-login.php" "Mozilla/5.0 (Windows NT 11.0; Win64; x64; rv:120.0) Gecko/20100101 Firefox/120.0"
27.153.246.119 - - [22/Jul/2026:04:47:06 +0200] "GET /wp-login.php?redirect_to=https%3A%2F%2Fcso-deprinsenhof.nl%2Fwp-admin%2Fplugins.php&reauth=1 HTTP/1.1" 503 24165 "https://cso-deprinsenhof.nl/wp-login.php" "Mozilla/5.0 (Windows NT 11.0; Win64; x64; rv:120.0) Gecko/20100101 Firefox/120.0"
27.153.246.119 - - [22/Jul/2026:04:47:06 +0200] "POST /wp-login.php HTTP/1.1" 503 24165 "https://cso-deprinsenhof.nl/wp-login.php" "Mozilla/5.0 (Windows NT 10.0; Win64; x64; rv:121.0) Gecko/20100101 Firefox/121.0"
27.153.246.119 - - [22/Jul/2026:04:47:07 +0200] "GET /wp-admin/index.php HTTP/1.1" 302 5710 "https://cso-deprinsenhof.nl/wp-login.php" "Mozilla/5.0 (Macintosh; Intel Mac OS X 13_6_1) AppleWebKit/537.36 (KHTML, like Gecko) Chrome/121.0.0.0 Safari/537.36"
27.153.246.119 - - [22/Jul/2026:04:47:07 +0200] "GET /wp-login.php?redirect_to=https%3A%2F%2Fcso-deprinsenhof.nl%2Fwp-admin%2Findex.php&reauth=1 HTTP/1.1" 503 24165 "https://cso-deprinsenhof.nl/wp-login.php" "Mozilla/5.0 (Macintosh; Intel Mac OS X 13_6_1) AppleWebKit/537.36 (KHTML, like Gecko) Chrome/121.0.0.0 Safari/537.36"
27.153.246.119 - - [22/Jul/2026:04:47:08 +0200] "GET /wp-admin/profile.php HTTP/1.1" 302 5712 "https://cso-deprinsenhof.nl/wp-login.php" "Mozilla/5.0 (Macintosh; Intel Mac OS X 13_6_1) AppleWebKit/537.36 (KHTML, like Gecko) Chrome/121.0.0.0 Safari/537.36"
27.153.246.119 - - [22/Jul/2026:04:47:08 +0200] "GET /wp-login.php?redirect_to=https%3A%2F%2Fcso-deprinsenhof.nl%2Fwp-admin%2Fprofile.php&reauth=1 HTTP/1.1" 503 24165 "https://cso-deprinsenhof.nl/wp-login.php" "Mozilla/5.0 (Macintosh; Intel Mac OS X 13_6_1) AppleWebKit/537.36 (KHTML, like Gecko) Chrome/121.0.0.0 Safari/537.36"
27.153.246.119 - - [22/Jul/2026:04:47:09 +0200] "GET /wp-admin/edit.php HTTP/1.1" 302 5709 "https://cso-deprinsenhof.nl/wp-login.php" "Mozilla/5.0 (Macintosh; Intel Mac OS X 13_6_1) AppleWebKit/537.36 (KHTML, like Gecko) Chrome/121.0.0.0 Safari/537.36"
27.153.246.119 - - [22/Jul/2026:04:47:09 +0200] "GET /wp-login.php?redirect_to=https%3A%2F%2Fcso-deprinsenhof.nl%2Fwp-admin%2Fedit.php&reauth=1 HTTP/1.1" 503 24165 "https://cso-deprinsenhof.nl/wp-login.php" "Mozilla/5.0 (Macintosh; Intel Mac OS X 13_6_1) AppleWebKit/537.36 (KHTML, like Gecko) Chrome/121.0.0.0 Safari/537.36"
27.153.246.119 - - [22/Jul/2026:04:47:10 +0200] "GET /wp-admin/plugins.php HTTP/1.1" 302 5712 "https://cso-deprinsenhof.nl/wp-login.php" "Mozilla/5.0 (Macintosh; Intel Mac OS X 13_6_1) AppleWebKit/537.36 (KHTML, like Gecko) Chrome/121.0.0.0 Safari/537.36"
27.153.246.119 - - [22/Jul/2026:04:47:11 +0200] "GET /wp-login.php?redirect_to=https%3A%2F%2Fcso-deprinsenhof.nl%2Fwp-admin%2Fplugins.php&reauth=1 HTTP/1.1" 503 24165 "https://cso-deprinsenhof.nl/wp-login.php" "Mozilla/5.0 (Macintosh; Intel Mac OS X 13_6_1) AppleWebKit/537.36 (KHTML, like Gecko) Chrome/121.0.0.0 Safari/537.36"
27.153.246.119 - - [22/Jul/2026:04:47:12 +0200] "POST /wp-login.php HTTP/1.1" 503 24165 "https://cso-deprinsenhof.nl/wp-login.php" "Mozilla/5.0 (Macintosh; Intel Mac OS X 10_15_7; rv:118.0) Gecko/20100101 Firefox/118.0"
2001:1690:2:4::1:118 - - [22/Jul/2026:04:47:13 +0200] "POST /?wordfence_syncAttackData=1784688433.0564 HTTP/1.1" 200 5474 "-" "WordPress/6.9.5; https://cso-deprinsenhof.nl"
27.153.246.119 - - [22/Jul/2026:04:47:13 +0200] "GET /wp-admin/index.php HTTP/1.1" 302 5710 "https://cso-deprinsenhof.nl/wp-login.php" "Mozilla/5.0 (Macintosh; Intel Mac OS X 10_15_7; rv:121.0) Gecko/20100101 Firefox/121.0"
27.153.246.119 - - [22/Jul/2026:04:47:13 +0200] "GET /wp-login.php?redirect_to=https%3A%2F%2Fcso-deprinsenhof.nl%2Fwp-admin%2Findex.php&reauth=1 HTTP/1.1" 503 24165 "https://cso-deprinsenhof.nl/wp-login.php" "Mozilla/5.0 (Macintosh; Intel Mac OS X 10_15_7; rv:121.0) Gecko/20100101 Firefox/121.0"
27.153.246.119 - - [22/Jul/2026:04:47:14 +0200] "GET /wp-admin/profile.php HTTP/1.1" 302 5712 "https://cso-deprinsenhof.nl/wp-login.php" "Mozilla/5.0 (Macintosh; Intel Mac OS X 10_15_7; rv:121.0) Gecko/20100101 Firefox/121.0"
27.153.246.119 - - [22/Jul/2026:04:47:14 +0200] "GET /wp-login.php?redirect_to=https%3A%2F%2Fcso-deprinsenhof.nl%2Fwp-admin%2Fprofile.php&reauth=1 HTTP/1.1" 503 24165 "https://cso-deprinsenhof.nl/wp-login.php" "Mozilla/5.0 (Macintosh; Intel Mac OS X 10_15_7; rv:121.0) Gecko/20100101 Firefox/121.0"
27.153.246.119 - - [22/Jul/2026:04:47:15 +0200] "GET /wp-admin/edit.php HTTP/1.1" 302 5709 "https://cso-deprinsenhof.nl/wp-login.php" "Mozilla/5.0 (Macintosh; Intel Mac OS X 10_15_7; rv:121.0) Gecko/20100101 Firefox/121.0"
27.153.246.119 - - [22/Jul/2026:04:47:15 +0200] "GET /wp-login.php?redirect_to=https%3A%2F%2Fcso-deprinsenhof.nl%2Fwp-admin%2Fedit.php&reauth=1 HTTP/1.1" 503 24165 "https://cso-deprinsenhof.nl/wp-login.php" "Mozilla/5.0 (Macintosh; Intel Mac OS X 10_15_7; rv:121.0) Gecko/20100101 Firefox/121.0"
27.153.246.119 - - [22/Jul/2026:04:47:16 +0200] "GET /wp-admin/plugins.php HTTP/1.1" 302 5712 "https://cso-deprinsenhof.nl/wp-login.php" "Mozilla/5.0 (Macintosh; Intel Mac OS X 10_15_7; rv:121.0) Gecko/20100101 Firefox/121.0"
27.153.246.119 - - [22/Jul/2026:04:47:16 +0200] "GET /wp-login.php?redirect_to=https%3A%2F%2Fcso-deprinsenhof.nl%2Fwp-admin%2Fplugins.php&reauth=1 HTTP/1.1" 503 24165 "https://cso-deprinsenhof.nl/wp-login.php" "Mozilla/5.0 (Macintosh; Intel Mac OS X 10_15_7; rv:121.0) Gecko/20100101 Firefox/121.0"
27.153.246.119 - - [22/Jul/2026:04:47:17 +0200] "POST /wp-login.php HTTP/1.1" 503 24165 "https://cso-deprinsenhof.nl/wp-login.php" "Mozilla/5.0 (Windows NT 11.0; Win64; x64) AppleWebKit/537.36 (KHTML, like Gecko) Chrome/118.0.0.0 Safari/537.36"
27.153.246.119 - - [22/Jul/2026:04:47:17 +0200] "GET /wp-admin/index.php HTTP/1.1" 302 5710 "https://cso-deprinsenhof.nl/wp-login.php" "Mozilla/5.0 (Windows NT 11.0; Win64; x64; rv:119.0) Gecko/20100101 Firefox/119.0"
27.153.246.119 - - [22/Jul/2026:04:47:18 +0200] "GET /wp-login.php?redirect_to=https%3A%2F%2Fcso-deprinsenhof.nl%2Fwp-admin%2Findex.php&reauth=1 HTTP/1.1" 503 24165 "https://cso-deprinsenhof.nl/wp-login.php" "Mozilla/5.0 (Windows NT 11.0; Win64; x64; rv:119.0) Gecko/20100101 Firefox/119.0"
27.153.246.119 - - [22/Jul/2026:04:47:18 +0200] "GET /wp-admin/profile.php HTTP/1.1" 302 5712 "https://cso-deprinsenhof.nl/wp-login.php" "Mozilla/5.0 (Windows NT 11.0; Win64; x64; rv:119.0) Gecko/20100101 Firefox/119.0"
27.153.246.119 - - [22/Jul/2026:04:47:18 +0200] "GET /wp-login.php?redirect_to=https%3A%2F%2Fcso-deprinsenhof.nl%2Fwp-admin%2Fprofile.php&reauth=1 HTTP/1.1" 503 24165 "https://cso-deprinsenhof.nl/wp-login.php" "Mozilla/5.0 (Windows NT 11.0; Win64; x64; rv:119.0) Gecko/20100101 Firefox/119.0"
27.153.246.119 - - [22/Jul/2026:04:47:19 +0200] "GET /wp-admin/edit.php HTTP/1.1" 302 5709 "https://cso-deprinsenhof.nl/wp-login.php" "Mozilla/5.0 (Windows NT 11.0; Win64; x64; rv:119.0) Gecko/20100101 Firefox/119.0"
27.153.246.119 - - [22/Jul/2026:04:47:19 +0200] "GET /wp-login.php?redirect_to=https%3A%2F%2Fcso-deprinsenhof.nl%2Fwp-admin%2Fedit.php&reauth=1 HTTP/1.1" 503 24165 "https://cso-deprinsenhof.nl/wp-login.php" "Mozilla/5.0 (Windows NT 11.0; Win64; x64; rv:119.0) Gecko/20100101 Firefox/119.0"
27.153.246.119 - - [22/Jul/2026:04:47:20 +0200] "GET /wp-admin/plugins.php HTTP/1.1" 302 5712 "https://cso-deprinsenhof.nl/wp-login.php" "Mozilla/5.0 (Windows NT 11.0; Win64; x64; rv:119.0) Gecko/20100101 Firefox/119.0"
27.153.246.119 - - [22/Jul/2026:04:47:20 +0200] "GET /wp-login.php?redirect_to=https%3A%2F%2Fcso-deprinsenhof.nl%2Fwp-admin%2Fplugins.php&reauth=1 HTTP/1.1" 503 24165 "https://cso-deprinsenhof.nl/wp-login.php" "Mozilla/5.0 (Windows NT 11.0; Win64; x64; rv:119.0) Gecko/20100101 Firefox/119.0"
27.153.246.119 - - [22/Jul/2026:04:47:21 +0200] "POST /wp-login.php HTTP/1.1" 503 24165 "https://cso-deprinsenhof.nl/wp-login.php" "Mozilla/5.0 (Windows NT 11.0; Win64; x64; rv:120.0) Gecko/20100101 Firefox/120.0"
2001:1690:2:4::1:118 - - [22/Jul/2026:04:47:22 +0200] "POST /?wordfence_syncAttackData=1784688442.2741 HTTP/1.1" 200 5474 "-" "WordPress/6.9.5; https://cso-deprinsenhof.nl"
27.153.246.119 - - [22/Jul/2026:04:47:22 +0200] "GET /wp-admin/index.php HTTP/1.1" 302 5710 "https://cso-deprinsenhof.nl/wp-login.php" "Mozilla/5.0 (Macintosh; Intel Mac OS X 10_15_7) AppleWebKit/605.1.15 (KHTML, like Gecko) Version/17.1 Safari/605.1.15"
27.153.246.119 - - [22/Jul/2026:04:47:22 +0200] "GET /wp-login.php?redirect_to=https%3A%2F%2Fcso-deprinsenhof.nl%2Fwp-admin%2Findex.php&reauth=1 HTTP/1.1" 503 24165 "https://cso-deprinsenhof.nl/wp-login.php" "Mozilla/5.0 (Macintosh; Intel Mac OS X 10_15_7) AppleWebKit/605.1.15 (KHTML, like Gecko) Version/17.1 Safari/605.1.15"
27.153.246.119 - - [22/Jul/2026:04:47:23 +0200] "GET /wp-admin/profile.php HTTP/1.1" 302 5712 "https://cso-deprinsenhof.nl/wp-login.php" "Mozilla/5.0 (Macintosh; Intel Mac OS X 10_15_7) AppleWebKit/605.1.15 (KHTML, like Gecko) Version/17.1 Safari/605.1.15"
27.153.246.119 - - [22/Jul/2026:04:47:23 +0200] "GET /wp-login.php?redirect_to=https%3A%2F%2Fcso-deprinsenhof.nl%2Fwp-admin%2Fprofile.php&reauth=1 HTTP/1.1" 503 24165 "https://cso-deprinsenhof.nl/wp-login.php" "Mozilla/5.0 (Macintosh; Intel Mac OS X 10_15_7) AppleWebKit/605.1.15 (KHTML, like Gecko) Version/17.1 Safari/605.1.15"
27.153.246.119 - - [22/Jul/2026:04:47:24 +0200] "GET /wp-admin/edit.php HTTP/1.1" 302 5709 "https://cso-deprinsenhof.nl/wp-login.php" "Mozilla/5.0 (Macintosh; Intel Mac OS X 10_15_7) AppleWebKit/605.1.15 (KHTML, like Gecko) Version/17.1 Safari/605.1.15"
27.153.246.119 - - [22/Jul/2026:04:47:25 +0200] "GET /wp-login.php?redirect_to=https%3A%2F%2Fcso-deprinsenhof.nl%2Fwp-admin%2Fedit.php&reauth=1 HTTP/1.1" 503 24165 "https://cso-deprinsenhof.nl/wp-login.php" "Mozilla/5.0 (Macintosh; Intel Mac OS X 10_15_7) AppleWebKit/605.1.15 (KHTML, like Gecko) Version/17.1 Safari/605.1.15"
27.153.246.119 - - [22/Jul/2026:04:47:26 +0200] "GET /wp-admin/plugins.php HTTP/1.1" 302 5712 "https://cso-deprinsenhof.nl/wp-login.php" "Mozilla/5.0 (Macintosh; Intel Mac OS X 10_15_7) AppleWebKit/605.1.15 (KHTML, like Gecko) Version/17.1 Safari/605.1.15"
27.153.246.119 - - [22/Jul/2026:04:47:26 +0200] "GET /wp-login.php?redirect_to=https%3A%2F%2Fcso-deprinsenhof.nl%2Fwp-admin%2Fplugins.php&reauth=1 HTTP/1.1" 503 24165 "https://cso-deprinsenhof.nl/wp-login.php" "Mozilla/5.0 (Macintosh; Intel Mac OS X 10_15_7) AppleWebKit/605.1.15 (KHTML, like Gecko) Version/17.1 Safari/605.1.15"
2001:1690:2:4::1:118 - - [22/Jul/2026:04:56:22 +0200] "POST /wp-cron.php?doing_wp_cron=1784688982.1351690292358398437500 HTTP/1.1" 200 5532 "-" "WordPress/6.9.5; https://cso-deprinsenhof.nl"
2001:1690:2:4::1:118 - - [22/Jul/2026:04:56:21 +0200] "POST /?wordfence_syncAttackData=1784688981.9408 HTTP/1.1" 200 5474 "-" "WordPress/6.9.5; https://cso-deprinsenhof.nl"
124.55.178.99 - - [22/Jul/2026:04:56:21 +0200] "GET /feed/ HTTP/1.1" 200 6759 "-" "Mozilla/5.0 (Windows NT 10.0; Win64; x64) AppleWebKit/537.36 (KHTML, like Gecko) Chrome/133.0.0.0 Safari/537.36, Mozilla/5.0 (Windows NT 10.0; Win64; x64) AppleWebKit/537.36 (KHTML, like Gecko) Chrome/133.0.0.0 Safari/537.36"
119.195.102.159 - - [22/Jul/2026:04:56:32 +0200] "GET /feed/atom/ HTTP/1.1" 200 6306 "-" "Mozilla/5.0 (Windows NT 10.0; Win64; x64) AppleWebKit/537.36 (KHTML, like Gecko) Chrome/133.0.0.0 Safari/537.36, Mozilla/5.0 (Windows NT 10.0; Win64; x64) AppleWebKit/537.36 (KHTML, like Gecko) Chrome/133.0.0.0 Safari/537.36"
188.164.197.230 - - [22/Jul/2026:04:56:33 +0200] "GET /author-sitemap.xml HTTP/1.1" 404 83055 "-" "Mozilla/5.0 (Windows NT 10.0; Win64; x64) AppleWebKit/537.36 (KHTML, like Gecko) Chrome/133.0.0.0 Safari/537.36, Mozilla/5.0 (X11; Linux x86_64) AppleWebKit/537.36 (KHTML, like Gecko) Chrome/133.0.0.0 Safari/537.36"
103.90.234.13 - - [22/Jul/2026:04:56:39 +0200] "GET /wp-sitemap-users-1.xml HTTP/1.1" 301 5568 "-" "Mozilla/5.0 (Windows NT 10.0; Win64; x64) AppleWebKit/537.36 (KHTML, like Gecko) Chrome/133.0.0.0 Safari/537.36, Mozilla/5.0 (Macintosh; Intel Mac OS X 10_15_7) AppleWebKit/537.36 (KHTML, like Gecko) Chrome/133.0.0.0 Safari/537.36"
103.90.234.13 - - [22/Jul/2026:04:56:42 +0200] "GET /author-sitemap.xml HTTP/1.1" 404 83055 "-" "Mozilla/5.0 (Windows NT 10.0; Win64; x64) AppleWebKit/537.36 (KHTML, like Gecko) Chrome/133.0.0.0 Safari/537.36, Mozilla/5.0 (Macintosh; Intel Mac OS X 10_15_7) AppleWebKit/537.36 (KHTML, like Gecko) Chrome/133.0.0.0 Safari/537.36"
120.72.98.5 - - [22/Jul/2026:04:56:46 +0200] "GET /sitemap_index.xml HTTP/1.1" 200 6072 "-" "Mozilla/5.0 (Windows NT 10.0; Win64; x64) AppleWebKit/537.36 (KHTML, like Gecko) Chrome/133.0.0.0 Safari/537.36, Mozilla/5.0 (X11; Linux x86_64) AppleWebKit/537.36 (KHTML, like Gecko) Chrome/133.0.0.0 Safari/537.36"
103.82.22.235 - - [22/Jul/2026:04:56:46 +0200] "GET /sitemap.xml HTTP/1.1" 301 5567 "-" "Mozilla/5.0 (Windows NT 10.0; Win64; x64) AppleWebKit/537.36 (KHTML, like Gecko) Chrome/133.0.0.0 Safari/537.36, Mozilla/5.0 (X11; Linux x86_64) AppleWebKit/537.36 (KHTML, like Gecko) Chrome/133.0.0.0 Safari/537.36"
5.252.52.249 - - [22/Jul/2026:04:56:47 +0200] "GET /wp-sitemap-users-1.xml HTTP/1.1" 301 5568 "-" "Mozilla/5.0 (Windows NT 10.0; Win64; x64) AppleWebKit/537.36 (KHTML, like Gecko) Chrome/133.0.0.0 Safari/537.36, Mozilla/5.0 (Windows NT 10.0; Win64; x64) AppleWebKit/537.36 (KHTML, like Gecko) Chrome/133.0.0.0 Safari/537.36"
5.252.52.249 - - [22/Jul/2026:04:56:48 +0200] "GET /author-sitemap.xml HTTP/1.1" 404 83055 "-" "Mozilla/5.0 (Windows NT 10.0; Win64; x64) AppleWebKit/537.36 (KHTML, like Gecko) Chrome/133.0.0.0 Safari/537.36, Mozilla/5.0 (Windows NT 10.0; Win64; x64) AppleWebKit/537.36 (KHTML, like Gecko) Chrome/133.0.0.0 Safari/537.36"
157.66.47.83 - - [22/Jul/2026:04:56:48 +0200] "GET /wp-json/rankmath/v1/getHead?url=https://cso-deprinsenhof.nl HTTP/1.1" 404 5934 "-" "Mozilla/5.0 (Windows NT 10.0; Win64; x64) AppleWebKit/537.36 (KHTML, like Gecko) Chrome/133.0.0.0 Safari/537.36, Mozilla/5.0 (Windows NT 10.0; Win64; x64) AppleWebKit/537.36 (KHTML, like Gecko) Chrome/133.0.0.0 Safari/537.36"
209.42.18.223 - - [22/Jul/2026:04:56:49 +0200] "GET / HTTP/1.1" 200 128070 "-" "Mozilla/5.0 (Windows NT 10.0; Win64; x64) AppleWebKit/537.36 (KHTML, like Gecko) Chrome/133.0.0.0 Safari/537.36, Mozilla/5.0 (Windows NT 10.0; Win64; x64) AppleWebKit/537.36 (KHTML, like Gecko) Chrome/133.0.0.0 Safari/537.36"
188.164.197.230 - - [22/Jul/2026:04:56:53 +0200] "GET /wp-json/wp/v2/posts?per_page=20&_embed=author&_fields=_embedded HTTP/1.1" 200 5850 "-" "Mozilla/5.0 (Windows NT 10.0; Win64; x64) AppleWebKit/537.36 (KHTML, like Gecko) Chrome/133.0.0.0 Safari/537.36, Mozilla/5.0 (X11; Linux x86_64) AppleWebKit/537.36 (KHTML, like Gecko) Chrome/133.0.0.0 Safari/537.36"
42.200.84.61 - - [22/Jul/2026:04:56:54 +0200] "GET /?author=2&feed=rss2 HTTP/1.1" 404 38910 "-" "Mozilla/5.0 (Windows NT 10.0; Win64; x64) AppleWebKit/537.36 (KHTML, like Gecko) Chrome/133.0.0.0 Safari/537.36, Mozilla/5.0 (X11; Linux x86_64) AppleWebKit/537.36 (KHTML, like Gecko) Chrome/133.0.0.0 Safari/537.36"
188.164.197.230 - - [22/Jul/2026:04:56:55 +0200] "GET /?author=3&feed=rss2 HTTP/1.1" 404 38910 "-" "Mozilla/5.0 (Windows NT 10.0; Win64; x64) AppleWebKit/537.36 (KHTML, like Gecko) Chrome/133.0.0.0 Safari/537.36, Mozilla/5.0 (Windows NT 10.0; Win64; x64) AppleWebKit/537.36 (KHTML, like Gecko) Chrome/133.0.0.0 Safari/537.36"
160.187.68.132 - - [22/Jul/2026:04:56:59 +0200] "GET /wp-json/wp/v2/users?per_page=50&_embed&_fields=id,slug,name HTTP/1.1" 401 5950 "-" "Mozilla/5.0 (Windows NT 10.0; Win64; x64) AppleWebKit/537.36 (KHTML, like Gecko) Chrome/133.0.0.0 Safari/537.36, Mozilla/5.0 (Macintosh; Intel Mac OS X 10_15_7) AppleWebKit/537.36 (KHTML, like Gecko) Chrome/133.0.0.0 Safari/537.36"
160.187.68.132 - - [22/Jul/2026:04:56:59 +0200] "GET /?author=4&feed=rss2 HTTP/1.1" 404 38910 "-" "Mozilla/5.0 (Windows NT 10.0; Win64; x64) AppleWebKit/537.36 (KHTML, like Gecko) Chrome/133.0.0.0 Safari/537.36, Mozilla/5.0 (Windows NT 10.0; Win64; x64) AppleWebKit/537.36 (KHTML, like Gecko) Chrome/133.0.0.0 Safari/537.36"
68.178.165.65 - - [22/Jul/2026:04:57:09 +0200] "GET /?author=5&feed=rss2 HTTP/1.1" 404 38910 "-" "Mozilla/5.0 (Windows NT 10.0; Win64; x64) AppleWebKit/537.36 (KHTML, like Gecko) Chrome/133.0.0.0 Safari/537.36, Mozilla/5.0 (X11; Linux x86_64) AppleWebKit/537.36 (KHTML, like Gecko) Chrome/133.0.0.0 Safari/537.36"
131.72.236.158 - - [22/Jul/2026:04:57:13 +0200] "GET /?author=1 HTTP/1.1" 404 38910 "-" "Mozilla/5.0 (Windows NT 10.0; Win64; x64) AppleWebKit/537.36 (KHTML, like Gecko) Chrome/133.0.0.0 Safari/537.36, Mozilla/5.0 (Macintosh; Intel Mac OS X 10_15_7) AppleWebKit/537.36 (KHTML, like Gecko) Chrome/133.0.0.0 Safari/537.36"
42.200.84.61 - - [22/Jul/2026:04:57:13 +0200] "GET /wp-json/webmention/1.0 HTTP/1.1" 404 5934 "-" "Mozilla/5.0 (Windows NT 10.0; Win64; x64) AppleWebKit/537.36 (KHTML, like Gecko) Chrome/133.0.0.0 Safari/537.36, Mozilla/5.0 (Macintosh; Intel Mac OS X 10_15_7) AppleWebKit/537.36 (KHTML, like Gecko) Chrome/133.0.0.0 Safari/537.36"
188.166.241.141 - - [22/Jul/2026:04:57:18 +0200] "GET /?rest_route=/wp/v2/users&_fields=slug&per_page=100&page=1 HTTP/1.1" 401 5950 "-" "Mozilla/5.0 (Windows NT 10.0; Win64; x64) AppleWebKit/537.36 (KHTML, like Gecko) Chrome/133.0.0.0 Safari/537.36, Mozilla/5.0 (Windows NT 10.0; Win64; x64) AppleWebKit/537.36 (KHTML, like Gecko) Chrome/133.0.0.0 Safari/537.36"
20.89.80.94 - - [22/Jul/2026:04:57:24 +0200] "GET /?author=2 HTTP/1.1" 404 38910 "-" "Mozilla/5.0 (Windows NT 10.0; Win64; x64) AppleWebKit/537.36 (KHTML, like Gecko) Chrome/133.0.0.0 Safari/537.36, Mozilla/5.0 (Macintosh; Intel Mac OS X 10_15_7) AppleWebKit/537.36 (KHTML, like Gecko) Chrome/133.0.0.0 Safari/537.36"
216.73.216.70 - - [22/Jul/2026:04:57:35 +0200] "GET /robots.txt HTTP/1.1" 200 5740 "-" "Mozilla/5.0 AppleWebKit/537.36 (KHTML, like Gecko; compatible; ClaudeBot/1.0; +claudebot@anthropic.com)"
216.73.216.70 - - [22/Jul/2026:04:57:36 +0200] "GET /sitemap_index.xml HTTP/1.1" 200 6072 "-" "Mozilla/5.0 AppleWebKit/537.36 (KHTML, like Gecko; compatible; ClaudeBot/1.0; +claudebot@anthropic.com)"
4.205.168.44 - - [22/Jul/2026:04:57:46 +0200] "GET /?rest_route=/wp/v2/block-renderer/core/latest-posts&postsToShow=5 HTTP/1.1" 400 6066 "-" "Mozilla/5.0 (Windows NT 10.0; Win64; x64) AppleWebKit/537.36 (KHTML, like Gecko) Chrome/133.0.0.0 Safari/537.36, Mozilla/5.0 (Macintosh; Intel Mac OS X 10_15_7) AppleWebKit/537.36 (KHTML, like Gecko) Chrome/133.0.0.0 Safari/537.36"
120.72.98.5 - - [22/Jul/2026:04:57:47 +0200] "GET /?author=2 HTTP/1.1" 404 38910 "-" "Mozilla/5.0 (Windows NT 10.0; Win64; x64) AppleWebKit/537.36 (KHTML, like Gecko) Chrome/133.0.0.0 Safari/537.36, Mozilla/5.0 (Macintosh; Intel Mac OS X 10_15_7) AppleWebKit/537.36 (KHTML, like Gecko) Chrome/133.0.0.0 Safari/537.36"
119.195.102.159 - - [22/Jul/2026:04:57:48 +0200] "GET /?rest_route=/wp/v2/users&_jsonp=callback&per_page=100&_fields=id,slug HTTP/1.1" 401 5970 "-" "Mozilla/5.0 (Windows NT 10.0; Win64; x64) AppleWebKit/537.36 (KHTML, like Gecko) Chrome/133.0.0.0 Safari/537.36, Mozilla/5.0 (Windows NT 10.0; Win64; x64) AppleWebKit/537.36 (KHTML, like Gecko) Chrome/133.0.0.0 Safari/537.36"
74.235.96.117 - - [22/Jul/2026:04:57:49 +0200] "GET /wp-json/wp/v2/users?_jsonp=callback&per_page=100&_fields=id,slug HTTP/1.1" 401 5970 "-" "Mozilla/5.0 (Windows NT 10.0; Win64; x64) AppleWebKit/537.36 (KHTML, like Gecko) Chrome/133.0.0.0 Safari/537.36, Mozilla/5.0 (Windows NT 10.0; Win64; x64) AppleWebKit/537.36 (KHTML, like Gecko) Chrome/133.0.0.0 Safari/537.36"
97.74.87.194 - - [22/Jul/2026:04:57:51 +0200] "GET /?author=4 HTTP/1.1" 404 38910 "-" "Mozilla/5.0 (Windows NT 10.0; Win64; x64) AppleWebKit/537.36 (KHTML, like Gecko) Chrome/133.0.0.0 Safari/537.36, Mozilla/5.0 (Macintosh; Intel Mac OS X 10_15_7) AppleWebKit/537.36 (KHTML, like Gecko) Chrome/133.0.0.0 Safari/537.36"
124.55.178.99 - - [22/Jul/2026:04:57:51 +0200] "GET /wp-json/wp/v2/users?per_page=100&_fields=slug HTTP/1.1" 401 5950 "-" "Mozilla/5.0 (Windows NT 10.0; Win64; x64) AppleWebKit/537.36 (KHTML, like Gecko) Chrome/133.0.0.0 Safari/537.36, Mozilla/5.0 (Windows NT 10.0; Win64; x64) AppleWebKit/537.36 (KHTML, like Gecko) Chrome/133.0.0.0 Safari/537.36"
152.53.111.131 - - [22/Jul/2026:04:57:51 +0200] "GET /?author=5 HTTP/1.1" 404 38910 "-" "Mozilla/5.0 (Windows NT 10.0; Win64; x64) AppleWebKit/537.36 (KHTML, like Gecko) Chrome/133.0.0.0 Safari/537.36, Mozilla/5.0 (Windows NT 10.0; Win64; x64) AppleWebKit/537.36 (KHTML, like Gecko) Chrome/133.0.0.0 Safari/537.36"
131.72.236.158 - - [22/Jul/2026:04:57:51 +0200] "GET /index.php?rest_route=/wp/v2/users&per_page=100&_fields=slug HTTP/1.1" 401 5950 "-" "Mozilla/5.0 (Windows NT 10.0; Win64; x64) AppleWebKit/537.36 (KHTML, like Gecko) Chrome/133.0.0.0 Safari/537.36, Mozilla/5.0 (Macintosh; Intel Mac OS X 10_15_7) AppleWebKit/537.36 (KHTML, like Gecko) Chrome/133.0.0.0 Safari/537.36"
152.228.213.32 - - [22/Jul/2026:04:57:52 +0200] "POST /xmlrpc.php HTTP/1.1" 503 24986 "-" "Mozilla/5.0 (Windows NT 10.0; Win64; x64) AppleWebKit/537.36 (KHTML, like Gecko) Chrome/133.0.0.0 Safari/537.36, Mozilla/5.0 (X11; Linux x86_64) AppleWebKit/537.36 (KHTML, like Gecko) Chrome/133.0.0.0 Safari/537.36"
97.74.87.194 - - [22/Jul/2026:04:57:54 +0200] "POST /api/graphql HTTP/1.1" 403 22841 "-" "Mozilla/5.0 (Windows NT 10.0; Win64; x64) AppleWebKit/537.36 (KHTML, like Gecko) Chrome/133.0.0.0 Safari/537.36, Mozilla/5.0 (X11; Linux x86_64) AppleWebKit/537.36 (KHTML, like Gecko) Chrome/133.0.0.0 Safari/537.36"
2001:1690:2:4::1:118 - - [22/Jul/2026:04:58:24 +0200] "POST /wp-cron.php?doing_wp_cron=1784689104.0821850299835205078125 HTTP/1.1" 200 5532 "-" "WordPress/6.9.5; https://cso-deprinsenhof.nl"
2001:1690:2:4::1:118 - - [22/Jul/2026:04:58:23 +0200] "POST /?wordfence_syncAttackData=1784689103.9138 HTTP/1.1" 200 5474 "-" "WordPress/6.9.5; https://cso-deprinsenhof.nl"
98.70.32.248 - - [22/Jul/2026:04:58:23 +0200] "GET /index.php?rest_route=/wp/v2/users&per_page=50 HTTP/1.1" 401 5950 "-" "Mozilla/5.0 (Windows NT 10.0; Win64; x64) AppleWebKit/537.36 (KHTML, like Gecko) Chrome/133.0.0.0 Safari/537.36, Mozilla/5.0 (Macintosh; Intel Mac OS X 10_15_7) AppleWebKit/537.36 (KHTML, like Gecko) Chrome/133.0.0.0 Safari/537.36"
97.74.87.194 - - [22/Jul/2026:04:58:25 +0200] "GET /wp/wp-json/wp/v2/users?per_page=100&_fields=slug HTTP/1.1" 404 83167 "-" "Mozilla/5.0 (Windows NT 10.0; Win64; x64) AppleWebKit/537.36 (KHTML, like Gecko) Chrome/133.0.0.0 Safari/537.36, Mozilla/5.0 (Windows NT 10.0; Win64; x64) AppleWebKit/537.36 (KHTML, like Gecko) Chrome/133.0.0.0 Safari/537.36"
2001:1690:2:4::1:118 - - [22/Jul/2026:05:26:18 +0200] "GET /wp-content/uploads/2025/07/boog-onder.svg HTTP/1.1" 200 6041 "-" "-"
2001:1690:2:4::1:118 - - [22/Jul/2026:05:26:18 +0200] "POST /wp-cron.php?doing_wp_cron=1784690778.7088649272918701171875 HTTP/1.1" 200 5532 "-" "WordPress/6.9.5; https://cso-deprinsenhof.nl"
106.52.171.40 - - [22/Jul/2026:05:26:18 +0200] "GET / HTTP/1.1" 200 128274 "https://m.baidu.com/s?word=www.jiebq.cn" "Mozilla/5.0 (iPhone; CPU iPhone OS 26_0 like Mac OS X) AppleWebKit/605.1.15 (KHTML, like Gecko) Version/26.0 Mobile/15E148 Safari/604.1"
51.68.247.192 - - [22/Jul/2026:05:26:41 +0200] "GET /robots.txt HTTP/1.1" 200 5740 "-" "Mozilla/5.0 (compatible; AhrefsBot/7.0; +http://ahrefs.com/robot/)"
37.59.204.141 - - [22/Jul/2026:05:26:43 +0200] "GET /sitemap_index.xml HTTP/1.1" 200 6072 "-" "Mozilla/5.0 (compatible; AhrefsBot/7.0; +http://ahrefs.com/robot/)"
176.31.139.10 - - [22/Jul/2026:05:26:44 +0200] "GET /page-sitemap.xml HTTP/1.1" 200 12155 "-" "Mozilla/5.0 (compatible; AhrefsBot/7.0; +http://ahrefs.com/robot/)"
5.39.1.236 - - [22/Jul/2026:05:26:45 +0200] "GET /fusion_tb_category-sitemap.xml HTTP/1.1" 200 6640 "-" "Mozilla/5.0 (compatible; AhrefsBot/7.0; +http://ahrefs.com/robot/)"
82.102.18.118 - - [22/Jul/2026:05:33:03 +0200] "GET /wp-content/uploads/ HTTP/1.1" 403 5626 "-" "-"
82.102.18.118 - - [22/Jul/2026:05:33:03 +0200] "GET /wp-includes/ HTTP/1.1" 403 5626 "-" "-"
2001:1690:2:4::1:118 - - [22/Jul/2026:05:42:44 +0200] "POST /wp-cron.php?doing_wp_cron=1784691764.1237850189208984375000 HTTP/1.1" 200 5532 "-" "WordPress/6.9.5; https://cso-deprinsenhof.nl"
2404:c0:ba03:2ea9:bcf1:da3c:e5c5:538 - - [22/Jul/2026:05:42:43 +0200] "GET /robots.txt HTTP/1.1" 200 5770 "-" "Mozilla/5.0 (Macintosh; Intel Mac OS X 10_15_7) AppleWebKit/537.36 (KHTML, like Gecko) Chrome/133.0.0.0 Safari/537.36"
2001:1690:2:4::1:118 - - [22/Jul/2026:05:42:49 +0200] "GET /wp-content/uploads/2025/07/boog-onder.svg HTTP/1.1" 200 6041 "-" "-"
2806:2f0:4001:d1b4:c9af:8bca:f73c:6388 - - [22/Jul/2026:05:42:48 +0200] "GET /onze-school/praktische-informatie/ HTTP/1.1" 200 95383 "-" "Mozilla/5.0 (Macintosh; Intel Mac OS X 10_15_7) AppleWebKit/537.36 (KHTML, like Gecko) Chrome/133.0.0.0 Safari/537.36"
82.102.18.118 - - [22/Jul/2026:05:43:03 +0200] "GET /wp-includes/js/ HTTP/1.1" 403 5626 "-" "-"
82.102.18.118 - - [22/Jul/2026:05:43:03 +0200] "GET /wp-includes/php-compat/ HTTP/1.1" 403 5626 "-" "-"
82.102.18.118 - - [22/Jul/2026:05:43:03 +0200] "GET /wp-includes/PHPMailer/ HTTP/1.1" 403 5626 "-" "-"
82.102.18.118 - - [22/Jul/2026:05:43:03 +0200] "GET /wp-includes/pomo/ HTTP/1.1" 403 5626 "-" "-"
82.102.18.118 - - [22/Jul/2026:05:43:03 +0200] "GET /wp-includes/random_compat/ HTTP/1.1" 404 83167 "-" "-"
82.102.18.118 - - [22/Jul/2026:05:43:04 +0200] "GET /wp-includes/rest-api/ HTTP/1.1" 403 5626 "-" "-"
82.102.18.118 - - [22/Jul/2026:05:43:04 +0200] "GET /wp-includes/sitemaps/ HTTP/1.1" 403 5626 "-" "-"
82.102.18.118 - - [22/Jul/2026:05:43:04 +0200] "GET /wp-includes/sodium_compat/ HTTP/1.1" 403 5626 "-" "-"
