171.25.193.234 - - [21/Jul/2026:04:09:40 +0200] "GET /ouders-verzorgers HTTP/1.1" 301 5568 "https://cso-deprinsenhof.nl/ouders-verzorgers" "Mozilla/5.0 (Linux; Android 6.0.1; SM-A700H) AppleWebKit/537.36 (KHTML, like Gecko) Chrome/81.0.4044.138 Mobile Safari/537.36"
171.25.193.234 - - [21/Jul/2026:04:09:40 +0200] "GET /ouders-verzorgers/ HTTP/1.1" 200 117212 "https://cso-deprinsenhof.nl/ouders-verzorgers" "Mozilla/5.0 (Linux; Android 6.0.1; SM-A700H) AppleWebKit/537.36 (KHTML, like Gecko) Chrome/81.0.4044.138 Mobile Safari/537.36"
171.25.193.234 - - [21/Jul/2026:04:09:41 +0200] "GET /privacy HTTP/1.1" 301 5558 "https://cso-deprinsenhof.nl/privacy" "Mozilla/5.0 (Linux; Android 6.0.1; SM-A700H) AppleWebKit/537.36 (KHTML, like Gecko) Chrome/81.0.4044.138 Mobile Safari/537.36"
171.25.193.234 - - [21/Jul/2026:04:09:41 +0200] "GET /privacy/ HTTP/1.1" 200 89270 "https://cso-deprinsenhof.nl/privacy" "Mozilla/5.0 (Linux; Android 6.0.1; SM-A700H) AppleWebKit/537.36 (KHTML, like Gecko) Chrome/81.0.4044.138 Mobile Safari/537.36"
171.25.193.234 - - [21/Jul/2026:04:09:42 +0200] "GET /vacatures HTTP/1.1" 301 5560 "https://cso-deprinsenhof.nl/vacatures" "Mozilla/5.0 (Linux; Android 6.0.1; SM-A700H) AppleWebKit/537.36 (KHTML, like Gecko) Chrome/81.0.4044.138 Mobile Safari/537.36"
2001:1690:2:4::1:118 - - [21/Jul/2026:04:09:44 +0200] "GET /wp-content/uploads/2025/07/boog-onder.svg HTTP/1.1" 200 6041 "-" "-"
171.25.193.234 - - [21/Jul/2026:04:09:43 +0200] "GET /vacatures/ HTTP/1.1" 200 87495 "https://cso-deprinsenhof.nl/vacatures" "Mozilla/5.0 (Linux; Android 6.0.1; SM-A700H) AppleWebKit/537.36 (KHTML, like Gecko) Chrome/81.0.4044.138 Mobile Safari/537.36"
171.25.193.234 - - [21/Jul/2026:04:09:44 +0200] "GET /videos HTTP/1.1" 301 5681 "https://cso-deprinsenhof.nl/videos" "Mozilla/5.0 (Linux; Android 6.0.1; SM-A700H) AppleWebKit/537.36 (KHTML, like Gecko) Chrome/81.0.4044.138 Mobile Safari/537.36"
171.25.193.234 - - [21/Jul/2026:04:09:45 +0200] "GET /onze-school/videos/ HTTP/1.1" 200 106459 "https://cso-deprinsenhof.nl/videos" "Mozilla/5.0 (Linux; Android 6.0.1; SM-A700H) AppleWebKit/537.36 (KHTML, like Gecko) Chrome/81.0.4044.138 Mobile Safari/537.36"
171.25.193.234 - - [21/Jul/2026:04:09:46 +0200] "GET /wp-json HTTP/1.1" 200 258547 "https://cso-deprinsenhof.nl/wp-json" "Mozilla/5.0 (Linux; Android 6.0.1; SM-A700H) AppleWebKit/537.36 (KHTML, like Gecko) Chrome/81.0.4044.138 Mobile Safari/537.36"
171.25.193.234 - - [21/Jul/2026:04:09:47 +0200] "GET /wp-json/oembed/1.0/embed?url=https%3A%2F%2Fcso-deprinsenhof.nl%2F HTTP/1.1" 200 8316 "https://cso-deprinsenhof.nl/wp-json/oembed/1.0/embed?url=https%3A%2F%2Fcso-deprinsenhof.nl%2F" "Mozilla/5.0 (Linux; Android 6.0.1; SM-A700H) AppleWebKit/537.36 (KHTML, like Gecko) Chrome/81.0.4044.138 Mobile Safari/537.36"
171.25.193.234 - - [21/Jul/2026:04:09:47 +0200] "GET /wp-json/oembed/1.0/embed?url=https%3A%2F%2Fcso-deprinsenhof.nl%2F&format=xml HTTP/1.1" 200 8493 "https://cso-deprinsenhof.nl/wp-json/oembed/1.0/embed?url=https%3A%2F%2Fcso-deprinsenhof.nl%2F&format=xml" "Mozilla/5.0 (Linux; Android 6.0.1; SM-A700H) AppleWebKit/537.36 (KHTML, like Gecko) Chrome/81.0.4044.138 Mobile Safari/537.36"
45.84.107.54 - - [21/Jul/2026:04:09:48 +0200] "GET /wp-json/wp/v2/pages/33 HTTP/1.1" 200 65783 "https://cso-deprinsenhof.nl/wp-json/wp/v2/pages/33" "Mozilla/5.0 (Linux; Android 6.0.1; SM-A700H) AppleWebKit/537.36 (KHTML, like Gecko) Chrome/81.0.4044.138 Mobile Safari/537.36"
45.84.107.54 - - [21/Jul/2026:04:09:49 +0200] "GET /xmlrpc.php?rsd HTTP/1.1" 200 6288 "https://cso-deprinsenhof.nl/xmlrpc.php?rsd" "Mozilla/5.0 (Linux; Android 6.0.1; SM-A700H) AppleWebKit/537.36 (KHTML, like Gecko) Chrome/81.0.4044.138 Mobile Safari/537.36"
52.167.144.25 - - [21/Jul/2026:04:10:46 +0200] "GET /vacatures/ HTTP/1.1" 200 87302 "-" "Mozilla/5.0 AppleWebKit/537.36 (KHTML, like Gecko; compatible; bingbot/2.0; +http://www.bing.com/bingbot.htm) Chrome/116.0.1938.76 Safari/537.36"
216.73.216.245 - - [21/Jul/2026:04:12:25 +0200] "GET /robots.txt HTTP/1.1" 200 5740 "-" "Mozilla/5.0 AppleWebKit/537.36 (KHTML, like Gecko; compatible; ClaudeBot/1.0; +claudebot@anthropic.com)"
216.73.216.245 - - [21/Jul/2026:04:12:25 +0200] "GET /sitemap_index.xml HTTP/1.1" 200 6042 "-" "Mozilla/5.0 AppleWebKit/537.36 (KHTML, like Gecko; compatible; ClaudeBot/1.0; +claudebot@anthropic.com)"
167.71.211.64 - - [21/Jul/2026:04:12:36 +0200] "GET /wp-admin/css/ HTTP/1.1" 403 5626 "binance.com" "Mozilla/5.0 (Windows NT 10.0; Win64; x64) AppleWebKit/537.36 (KHTML, like Gecko) Chrome/90.0.4430.85 Safari/537.36"
5.189.171.121 - - [21/Jul/2026:04:22:52 +0200] "GET / HTTP/1.1" 200 128070 "-" "Mozilla/5.0 (Windows NT 10.0; Win64; x64; rv:142.0) Gecko/20100101 Firefox/142.0"
2001:1690:2:4::1:118 - - [21/Jul/2026:04:43:41 +0200] "POST /wp-cron.php?doing_wp_cron=1784601821.5948009490966796875000 HTTP/1.1" 200 5532 "-" "WordPress/6.9.5; https://cso-deprinsenhof.nl"
40.77.167.67 - - [21/Jul/2026:04:43:41 +0200] "GET /sitemap_index.xml HTTP/1.1" 200 6042 "-" "Mozilla/5.0 AppleWebKit/537.36 (KHTML, like Gecko; compatible; bingbot/2.0; +http://www.bing.com/bingbot.htm) Chrome/116.0.1938.76 Safari/537.36"
2001:1690:2:4::1:118 - - [21/Jul/2026:04:56:31 +0200] "POST /wp-cron.php?doing_wp_cron=1784602591.3063418865203857421875 HTTP/1.1" 200 5532 "-" "WordPress/6.9.5; https://cso-deprinsenhof.nl"
2001:41d0:303:1ee1::1 - - [21/Jul/2026:04:56:31 +0200] "GET /robots.txt HTTP/1.1" 301 5530 "-" "Mozilla/5.0 (compatible; MJ12bot/v1.4.8; http://mj12bot.com/)"
2001:41d0:303:1ee1::1 - - [21/Jul/2026:04:56:31 +0200] "GET /robots.txt HTTP/1.1" 200 5740 "-" "Mozilla/5.0 (compatible; MJ12bot/v1.4.8; http://mj12bot.com/)"
2001:41d0:303:1ee1::1 - - [21/Jul/2026:04:56:35 +0200] "GET / HTTP/1.1" 301 5520 "-" "Mozilla/5.0 (compatible; MJ12bot/v1.4.8; http://mj12bot.com/)"
2001:1690:2:4::1:118 - - [21/Jul/2026:04:56:36 +0200] "GET /wp-content/uploads/2025/07/boog-onder.svg HTTP/1.1" 200 6041 "-" "-"
2001:41d0:303:1ee1::1 - - [21/Jul/2026:04:56:36 +0200] "GET / HTTP/1.1" 200 128082 "-" "Mozilla/5.0 (compatible; MJ12bot/v1.4.8; http://mj12bot.com/)"
2001:1690:2:4::1:118 - - [21/Jul/2026:05:13:26 +0200] "POST /wp-cron.php?doing_wp_cron=1784603606.1270020008087158203125 HTTP/1.1" 200 5532 "-" "WordPress/6.9.5; https://cso-deprinsenhof.nl"
3.210.158.180 - - [21/Jul/2026:05:13:25 +0200] "GET /onze-school/videos HTTP/1.1" 301 5569 "-" "Mozilla/5.0 AppleWebKit/605.1.15 (KHTML, like Gecko) Chrome/139.0.0.0 Safari/605.1.15"
2001:1690:2:4::1:118 - - [21/Jul/2026:05:13:26 +0200] "GET /wp-content/uploads/2025/07/boog-onder.svg HTTP/1.1" 200 6041 "-" "-"
54.162.92.127 - - [21/Jul/2026:05:13:26 +0200] "GET /onze-school/videos/ HTTP/1.1" 200 106634 "-" "Mozilla/5.0 AppleWebKit/605.1.15 (KHTML, like Gecko) Chrome/139.0.0.0 Safari/605.1.15"
168.199.244.253 - - [21/Jul/2026:05:15:40 +0200] "GET /robots.txt HTTP/1.1" 301 5530 "-" "Googlebot"
168.199.244.253 - - [21/Jul/2026:05:15:40 +0200] "GET /robots.txt HTTP/1.1" 200 5740 "https://www.cso-deprinsenhof.nl/robots.txt" "Googlebot"
185.101.252.2 - - [21/Jul/2026:05:16:09 +0200] "GET /privacy HTTP/1.1" 301 5528 "-" "Mozilla/5.0 (compatible; Googlebot/2.1; +http://www.google.com/bot.html)"
185.171.254.12 - - [21/Jul/2026:05:16:31 +0200] "GET /ons-onderwijs/begeleiding-en-ondersteuning/ HTTP/1.1" 301 5563 "-" "Mozilla/5.0 (compatible; Googlebot/2.1; +http://www.google.com/bot.html)"
185.171.254.13 - - [21/Jul/2026:05:16:52 +0200] "GET /ouders-verzorgers/ HTTP/1.1" 301 5538 "-" "Mozilla/5.0 (compatible; Googlebot/2.1; +http://www.google.com/bot.html)"
185.101.252.3 - - [21/Jul/2026:05:17:14 +0200] "GET /ons-onderwijs/ HTTP/1.1" 301 5534 "-" "Mozilla/5.0 (compatible; Googlebot/2.1; +http://www.google.com/bot.html)"
185.171.254.14 - - [21/Jul/2026:05:17:35 +0200] "GET /onze-school/ HTTP/1.1" 301 5532 "-" "Mozilla/5.0 (compatible; Googlebot/2.1; +http://www.google.com/bot.html)"
185.171.254.15 - - [21/Jul/2026:05:17:56 +0200] "GET /videos HTTP/1.1" 301 5651 "-" "Mozilla/5.0 (compatible; Googlebot/2.1; +http://www.google.com/bot.html)"
185.171.254.16 - - [21/Jul/2026:05:18:18 +0200] "GET /contact HTTP/1.1" 301 5528 "-" "Mozilla/5.0 (compatible; Googlebot/2.1; +http://www.google.com/bot.html)"
18.203.61.96 - - [21/Jul/2026:05:18:23 +0200] "GET /vacatures HTTP/1.1" 301 5560 "-" "Mozilla/5.0 (Windows NT 10.0; Win64; x64) AppleWebKit/537.36 (KHTML, like Gecko) Chrome/87.0.4280.88 Safari/537.36 Edg/87.0.664.60"
98.84.64.180 - - [21/Jul/2026:05:18:47 +0200] "GET /robots.txt HTTP/1.1" 200 5770 "-" "Mozilla/5.0 (Macintosh; Intel Mac OS X 10_10_1) AppleWebKit/600.2.5 (KHTML, like Gecko) Version/8.0.2 Safari/600.2.5 (Gort)"
2001:1690:2:4::1:118 - - [21/Jul/2026:05:18:58 +0200] "GET /wp-content/uploads/2025/07/boog-onder.svg HTTP/1.1" 200 6041 "-" "-"
18.203.61.96 - - [21/Jul/2026:05:18:58 +0200] "GET /vacatures/ HTTP/1.1" 200 87477 "https://cso-deprinsenhof.nl/vacatures" "Mozilla/5.0 (Windows NT 10.0; Win64; x64) AppleWebKit/537.36 (KHTML, like Gecko) Chrome/87.0.4280.88 Safari/537.36"
18.203.61.96 - - [21/Jul/2026:05:19:07 +0200] "GET /wp-content/uploads/2026/06/Vacature-groepsleerkracht-Prinsenhof-zomer-2026.pdf HTTP/1.1" 200 5557 "https://cso-deprinsenhof.nl/vacatures/" "Mozilla/5.0 (Macintosh; Intel Mac OS X 10_15_7) AppleWebKit/537.36 (KHTML, like Gecko) Chrome/86.0.4240.198 Safari/537.36"
2001:1690:2:4::1:118 - - [21/Jul/2026:05:19:29 +0200] "GET /wp-content/uploads/2025/07/boog-onder.svg HTTP/1.1" 200 6041 "-" "-"
18.203.61.96 - - [21/Jul/2026:05:19:28 +0200] "GET /onze-school/schoolgids/ HTTP/1.1" 200 94867 "https://cso-deprinsenhof.nl/vacatures/" "Mozilla/5.0 (Windows NT 10.0) AppleWebKit/537.36 (KHTML, like Gecko) Chrome/87.0.4280.88 Safari/537.36"
18.203.61.96 - - [21/Jul/2026:05:19:38 +0200] "GET /?s=&post_type[]=post&post_type[]=page&post_type[]=avada_faq&search_limit_to_post_titles=0&add_woo_product_skus=0&live_min_character=4&live_posts_per_page=100&live_search_display_featured_image=0&live_search_display_post_type=0&fs=1 HTTP/1.1" 200 77714 "https://cso-deprinsenhof.nl/vacatures/" "Mozilla/5.0 (Macintosh; Intel Mac OS X 11_1) AppleWebKit/605.1.15 (KHTML, like Gecko) Version/14.0.1 Safari/605.1.15"
18.203.61.96 - - [21/Jul/2026:05:19:45 +0200] "GET /contact/ HTTP/1.1" 200 85589 "https://cso-deprinsenhof.nl/vacatures/" "Mozilla/5.0 (Windows NT 10.0; Win64; x64) AppleWebKit/537.36 (KHTML, like Gecko) Chrome/87.0.4280.88 Safari/537.36"
2001:1690:2:4::1:118 - - [21/Jul/2026:05:20:17 +0200] "GET /wp-content/uploads/2025/07/boog-onder.svg HTTP/1.1" 200 6041 "-" "-"
18.203.61.96 - - [21/Jul/2026:05:20:17 +0200] "GET /onze-school/praktische-informatie/ HTTP/1.1" 200 95383 "https://cso-deprinsenhof.nl/vacatures/" "Mozilla/5.0 (X11; CrOS x86_64 13505.63.0) AppleWebKit/537.36 (KHTML, like Gecko)"
18.203.61.96 - - [21/Jul/2026:05:20:36 +0200] "GET /author/jsbdesign/ HTTP/1.1" 200 76641 "https://cso-deprinsenhof.nl/vacatures/" "Mozilla/5.0 (X11; Linux x86_64) AppleWebKit/537.36 (KHTML, like Gecko) Chrome/87.0.4280.88 Safari/537.36"
2001:1690:2:4::1:118 - - [21/Jul/2026:05:20:42 +0200] "GET /wp-content/uploads/2025/07/boog-onder.svg HTTP/1.1" 200 6041 "-" "-"
18.203.61.96 - - [21/Jul/2026:05:20:42 +0200] "GET /privacy/ HTTP/1.1" 200 89262 "https://cso-deprinsenhof.nl/vacatures/" "Mozilla/5.0 (Macintosh; Intel Mac OS X 10_15_7) AppleWebKit/537.36 (KHTML, like Gecko) Chrome/86.0.4240.198 Safari/537.36"
2001:1690:2:4::1:118 - - [21/Jul/2026:05:20:49 +0200] "GET /wp-content/uploads/2025/07/boog-onder.svg HTTP/1.1" 200 6041 "-" "-"
18.203.61.96 - - [21/Jul/2026:05:20:49 +0200] "GET /ons-onderwijs/ HTTP/1.1" 200 102258 "https://cso-deprinsenhof.nl/vacatures/" "Mozilla/5.0 (Windows NT 10.0; Win64; x64) AppleWebKit/537.36 (KHTML, like Gecko) Chrome/87.0.4280.88 Safari/537.36 Edg/87.0.664.60"
2001:1690:2:4::1:118 - - [21/Jul/2026:05:20:56 +0200] "GET /wp-content/uploads/2025/07/boog-onder.svg HTTP/1.1" 200 6041 "-" "-"
18.203.61.96 - - [21/Jul/2026:05:20:56 +0200] "GET /onze-school/ HTTP/1.1" 200 124318 "https://cso-deprinsenhof.nl/vacatures/" "Mozilla/5.0 (X11; Linux x86_64) AppleWebKit/537.36 (KHTML, like Gecko) Chrome/87.0.4280.88 Safari/537.36"
2001:1690:2:4::1:118 - - [21/Jul/2026:05:21:06 +0200] "GET /wp-content/uploads/2025/07/boog-onder.svg HTTP/1.1" 200 6041 "-" "-"
18.203.61.96 - - [21/Jul/2026:05:21:06 +0200] "GET /onze-school/vakanties-en-vrije-dagen/ HTTP/1.1" 200 95725 "https://cso-deprinsenhof.nl/vacatures/" "Mozilla/5.0 (Windows NT 10.0; Win64; x64) AppleWebKit/537.36 (KHTML, like Gecko) Chrome/87.0.4280.88 Safari/537.36 Edg/87.0.664.60"
2001:1690:2:4::1:118 - - [21/Jul/2026:05:21:16 +0200] "GET /wp-content/uploads/2025/07/boog-onder.svg HTTP/1.1" 200 6041 "-" "-"
18.203.61.96 - - [21/Jul/2026:05:21:16 +0200] "GET /ouders-verzorgers/ HTTP/1.1" 200 117199 "https://cso-deprinsenhof.nl/vacatures/" "Mozilla/5.0 (Windows NT 10.0; Win64; x64; rv:83.0) Gecko/20100101 Firefox/83.0"
18.203.61.96 - - [21/Jul/2026:05:21:24 +0200] "GET /onze-school/videos/ HTTP/1.1" 200 106441 "https://cso-deprinsenhof.nl/vacatures/" "Mozilla/5.0 (Windows NT 10.0) AppleWebKit/537.36 (KHTML, like Gecko) Chrome/87.0.4280.88 Safari/537.36"
18.203.61.96 - - [21/Jul/2026:05:21:36 +0200] "GET /sitemap_index.xml HTTP/1.1" 200 6072 "https://cso-deprinsenhof.nl/vacatures/" "Mozilla/5.0 (Windows NT 10.0; Win64; x64) AppleWebKit/537.36 (KHTML, like Gecko) Chrome/87.0.4280.88 Safari/537.36"
18.203.61.96 - - [21/Jul/2026:05:21:43 +0200] "GET /fusion_tb_category-sitemap.xml HTTP/1.1" 200 6670 "https://cso-deprinsenhof.nl/sitemap_index.xml" "Mozilla/5.0 (Windows NT 10.0; Win64; x64) AppleWebKit/537.36 (KHTML, like Gecko) Chrome/87.0.4280.88 Safari/537.36"
18.203.61.96 - - [21/Jul/2026:05:21:50 +0200] "GET /page-sitemap.xml HTTP/1.1" 200 12185 "https://cso-deprinsenhof.nl/sitemap_index.xml" "Mozilla/5.0 (Windows NT 10.0; Win64; x64) AppleWebKit/537.36 (KHTML, like Gecko) Chrome/87.0.4280.88 Safari/537.36"
18.203.61.96 - - [21/Jul/2026:05:22:16 +0200] "GET /onze-school/videos HTTP/1.1" 301 5569 "https://cso-deprinsenhof.nl/onze-school/schoolgids/" "Mozilla/5.0 (Macintosh; Intel Mac OS X 11_1) AppleWebKit/537.36 (KHTML, like Gecko) Chrome/87.0.4280.88 Safari/537.36"
54.38.147.185 - - [21/Jul/2026:05:22:28 +0200] "GET /sitemap_index.xml HTTP/1.1" 200 6072 "-" "Mozilla/5.0 (compatible; AhrefsBot/7.0; +http://ahrefs.com/robot/)"
198.244.226.68 - - [21/Jul/2026:05:22:29 +0200] "GET /page-sitemap.xml HTTP/1.1" 200 12185 "-" "Mozilla/5.0 (compatible; AhrefsBot/7.0; +http://ahrefs.com/robot/)"
198.244.226.51 - - [21/Jul/2026:05:22:30 +0200] "GET /fusion_tb_category-sitemap.xml HTTP/1.1" 200 6670 "-" "Mozilla/5.0 (compatible; AhrefsBot/7.0; +http://ahrefs.com/robot/)"
2001:1690:2:4::1:118 - - [21/Jul/2026:05:26:33 +0200] "POST /wp-cron.php?doing_wp_cron=1784604393.2593550682067871093750 HTTP/1.1" 200 5532 "-" "WordPress/6.9.5; https://cso-deprinsenhof.nl"
47.128.60.131 - - [21/Jul/2026:05:26:32 +0200] "GET /faq-items/hoe-houden-we-contact-met-u/ HTTP/1.1" 404 83137 "-" "Mozilla/5.0 (compatible; Bytespider; spider-feedback@bytedance.com) AppleWebKit/537.36 (KHTML, like Gecko) Chrome/70.0.0.0 Safari/537.36"
78.142.18.40 - - [21/Jul/2026:05:26:51 +0200] "POST /wp-admin/admin-ajax.php HTTP/1.1" 400 5622 "-" "Python/3.14 aiohttp/3.14.1"
2001:1690:2:4::1:118 - - [21/Jul/2026:05:26:52 +0200] "GET /wp-content/uploads/2025/07/boog-onder.svg HTTP/1.1" 200 6041 "-" "-"
78.142.18.40 - - [21/Jul/2026:05:26:52 +0200] "POST / HTTP/1.1" 200 128112 "-" "Python/3.14 aiohttp/3.14.1"
78.142.18.40 - - [21/Jul/2026:05:26:52 +0200] "POST /wp-admin/admin-ajax.php HTTP/1.1" 400 5622 "-" "Python/3.14 aiohttp/3.14.1"
78.142.18.40 - - [21/Jul/2026:05:26:52 +0200] "POST / HTTP/1.1" 200 128112 "-" "Python/3.14 aiohttp/3.14.1"
78.142.18.40 - - [21/Jul/2026:05:26:52 +0200] "POST /wp-admin/admin-ajax.php HTTP/1.1" 400 5622 "-" "Python/3.14 aiohttp/3.14.1"
78.142.18.40 - - [21/Jul/2026:05:26:52 +0200] "POST / HTTP/1.1" 200 128112 "-" "Python/3.14 aiohttp/3.14.1"
78.142.18.40 - - [21/Jul/2026:05:26:53 +0200] "POST /wp-admin/admin-ajax.php HTTP/1.1" 400 5622 "-" "Python/3.14 aiohttp/3.14.1"
78.142.18.40 - - [21/Jul/2026:05:26:53 +0200] "POST / HTTP/1.1" 200 128112 "-" "Python/3.14 aiohttp/3.14.1"
2001:1690:2:4::1:118 - - [21/Jul/2026:05:30:22 +0200] "GET /wp-content/uploads/2025/07/boog-onder.svg HTTP/1.1" 200 6041 "-" "-"
2604:2dc0:303::4:0:163 - - [21/Jul/2026:05:30:22 +0200] "GET / HTTP/1.1" 200 128256 "-" "Mozilla/5.0 (Windows NT 10.0; Win64; x64) AppleWebKit/537.36 (KHTML, like Gecko) Chrome/131.0.0.0 Safari/537.36"
2604:2dc0:303::4:0:163 - - [21/Jul/2026:05:30:24 +0200] "GET /wp-json/ HTTP/1.1" 200 258547 "-" "Mozilla/5.0 (Windows NT 10.0; Win64; x64) AppleWebKit/537.36 (KHTML, like Gecko) Chrome/131.0.0.0 Safari/537.36"
2604:2dc0:303::4:0:163 - - [21/Jul/2026:05:30:24 +0200] "GET /robots.txt HTTP/1.1" 200 5770 "-" "Mozilla/5.0 (Windows NT 10.0; Win64; x64) AppleWebKit/537.36 (KHTML, like Gecko) Chrome/131.0.0.0 Safari/537.36"
2604:2dc0:303::4:0:163 - - [21/Jul/2026:05:30:24 +0200] "GET /.well-known/security.txt HTTP/1.1" 404 55191 "-" "Mozilla/5.0 (Windows NT 10.0; Win64; x64) AppleWebKit/537.36 (KHTML, like Gecko) Chrome/131.0.0.0 Safari/537.36"
2604:2dc0:303::4:0:163 - - [21/Jul/2026:05:30:24 +0200] "GET /sitemap.xml HTTP/1.1" 301 5567 "-" "Mozilla/5.0 (Windows NT 10.0; Win64; x64) AppleWebKit/537.36 (KHTML, like Gecko) Chrome/131.0.0.0 Safari/537.36"
2001:1690:2:4::1:118 - - [21/Jul/2026:05:36:15 +0200] "POST /wp-cron.php?doing_wp_cron=1784604975.2030038833618164062500 HTTP/1.1" 200 5532 "-" "WordPress/6.9.5; https://cso-deprinsenhof.nl"
51.195.39.149 - - [21/Jul/2026:05:36:14 +0200] "GET /blog-verify HTTP/1.1" 404 83167 "-" "Mozilla/5.0 (Windows NT 10.0; Win64; x64) AppleWebKit/537.36 (KHTML, like Gecko) Chrome/148.0.0.0 Safari/537.36"
43.130.57.76 - - [21/Jul/2026:05:41:46 +0200] "GET / HTTP/1.1" 200 128070 "http://cso-deprinsenhof.nl" "Mozilla/5.0 (iPhone; CPU iPhone OS 13_2_3 like Mac OS X) AppleWebKit/605.1.15 (KHTML, like Gecko) Version/13.0.3 Mobile/15E148 Safari/604.1"
2001:1690:2:4::1:118 - - [21/Jul/2026:05:46:38 +0200] "POST /wp-cron.php?doing_wp_cron=1784605598.9363250732421875000000 HTTP/1.1" 200 5532 "-" "WordPress/6.9.5; https://cso-deprinsenhof.nl"
93.152.221.118 - - [21/Jul/2026:05:46:38 +0200] "GET /wp-login.php HTTP/1.1" 200 16807 "https://wordpress.org/" "Mozilla/5.0 (Macintosh; Intel Mac OS X 10_15_7) AppleWebKit/537.36 (KHTML, like Gecko) Chrome/119.0.0.0 Safari/537.36"
93.152.221.118 - - [21/Jul/2026:05:46:39 +0200] "GET /wp-login.php HTTP/1.1" 200 16665 "https://wordpress.org/" "Mozilla/5.0 (Macintosh; Intel Mac OS X 10_15_7) AppleWebKit/605.1.15 (KHTML, like Gecko) Version/17.0 Safari/605.1.15"
93.152.221.118 - - [21/Jul/2026:05:46:39 +0200] "GET /wp-admin/ HTTP/1.1" 302 5705 "https://www.facebook.com/" "Mozilla/5.0 (X11; Ubuntu; Linux x86_64) AppleWebKit/537.36 (KHTML, like Gecko) Chrome/120.0.0.0 Safari/537.36"
93.152.221.118 - - [21/Jul/2026:05:46:39 +0200] "GET /wp-login.php?redirect_to=https%3A%2F%2Fwww.cso-deprinsenhof.nl%2Fwp-admin%2F&reauth=1 HTTP/1.1" 200 18975 "https://www.facebook.com/" "Mozilla/5.0 (X11; Ubuntu; Linux x86_64) AppleWebKit/537.36 (KHTML, like Gecko) Chrome/120.0.0.0 Safari/537.36"
2a03:2880:f800:22:: - - [21/Jul/2026:05:46:41 +0200] "GET /fusion_tb_category/footer/ HTTP/1.1" 301 5520 "-" "Mozilla/5.0 (Windows NT 10.0; Win64; x64) AppleWebKit/537.36 (KHTML, like Gecko) Chrome/145.0.0.0 Safari/537.36 (compatible; meta-externalagent/1.1 (+https://developers.facebook.com/docs/sharing/webmasters/crawler))"
2001:1690:2:4::1:118 - - [21/Jul/2026:05:56:42 +0200] "POST /wp-cron.php?doing_wp_cron=1784606202.3208420276641845703125 HTTP/1.1" 200 5532 "-" "WordPress/6.9.5; https://cso-deprinsenhof.nl"
154.92.130.89 - - [21/Jul/2026:05:56:42 +0200] "POST /?rest_route=/batch/v1 HTTP/1.1" 207 6472 "-" "Mozilla/5.0 (Macintosh; Intel Mac OS X 10_15_7) AppleWebKit/537.36 (KHTML, like Gecko) Chrome/137.0.0.0 Safari/537.36"
146.56.199.139 - - [21/Jul/2026:06:04:35 +0200] "GET / HTTP/1.1" 301 5550 "http://www.cso-deprinsenhof.nl" "Mozilla/5.0 (iPhone; CPU iPhone OS 13_2_3 like Mac OS X) AppleWebKit/605.1.15 (KHTML, like Gecko) Version/13.0.3 Mobile/15E148 Safari/604.1"
2001:1690:2:4::1:118 - - [21/Jul/2026:06:12:00 +0200] "POST /wp-cron.php?doing_wp_cron=1784607120.8222210407257080078125 HTTP/1.1" 200 5532 "-" "WordPress/6.9.5; https://cso-deprinsenhof.nl"
54.208.78.6 - - [21/Jul/2026:06:12:00 +0200] "GET /onze-school/team HTTP/1.1" 301 5567 "-" "Mozilla/5.0 AppleWebKit/605.1.15 (KHTML, like Gecko) Chrome/139.0.0.0 Safari/605.1.15"
2001:1690:2:4::1:118 - - [21/Jul/2026:06:12:01 +0200] "GET /wp-content/uploads/2025/07/boog-onder.svg HTTP/1.1" 200 6041 "-" "-"
54.208.78.6 - - [21/Jul/2026:06:12:01 +0200] "GET /onze-school/team/ HTTP/1.1" 200 118038 "-" "Mozilla/5.0 AppleWebKit/605.1.15 (KHTML, like Gecko) Chrome/139.0.0.0 Safari/605.1.15"
43.159.149.56 - - [21/Jul/2026:06:20:40 +0200] "GET / HTTP/1.1" 301 5550 "http://www.cso-deprinsenhof.nl" "Mozilla/5.0 (iPhone; CPU iPhone OS 13_2_3 like Mac OS X) AppleWebKit/605.1.15 (KHTML, like Gecko) Version/13.0.3 Mobile/15E148 Safari/604.1"
2001:1690:2:4::1:118 - - [21/Jul/2026:06:20:42 +0200] "GET /wp-content/uploads/2025/07/boog-onder.svg HTTP/1.1" 200 6041 "-" "-"
43.159.149.56 - - [21/Jul/2026:06:20:42 +0200] "GET / HTTP/1.1" 200 128274 "https://www.cso-deprinsenhof.nl/" "Mozilla/5.0 (iPhone; CPU iPhone OS 13_2_3 like Mac OS X) AppleWebKit/605.1.15 (KHTML, like Gecko) Version/13.0.3 Mobile/15E148 Safari/604.1"
2001:1690:2:4::1:118 - - [21/Jul/2026:06:23:53 +0200] "POST /wp-cron.php?doing_wp_cron=1784607833.4486360549926757812500 HTTP/1.1" 200 5532 "-" "WordPress/6.9.5; https://cso-deprinsenhof.nl"
172.71.147.2 - - [21/Jul/2026:06:23:53 +0200] "GET /robots.txt HTTP/1.1" 200 5770 "-" "-"
108.162.245.123 - - [21/Jul/2026:06:25:05 +0200] "GET / HTTP/1.1" 200 128088 "-" "Mozilla/5.0 (Macintosh; Intel Mac OS X 10_15_7) AppleWebKit/537.36 (KHTML, like Gecko) Chrome/147.0.0.0 Safari/537.36 CloudflareWebScanner/1.0"
2001:1690:2:4::1:118 - - [21/Jul/2026:06:43:30 +0200] "POST /wp-cron.php?doing_wp_cron=1784609010.7499189376831054687500 HTTP/1.1" 200 5532 "-" "WordPress/6.9.5; https://cso-deprinsenhof.nl"
106.8.139.237 - - [21/Jul/2026:06:43:30 +0200] "GET /robots.txt HTTP/1.1" 200 5740 "-" "YisouSpider"
49.86.64.35 - - [21/Jul/2026:06:43:44 +0200] "GET / HTTP/1.1" 200 128088 "-" "Mozilla/5.0 (Windows NT 5.1; rv:5.0) Gecko/20100101 Firefox/5.0"
193.36.225.137 - - [21/Jul/2026:06:44:23 +0200] "GET /wp-login.php HTTP/1.1" 200 16807 "-" "Mozilla/5.0 (Macintosh; U; Intel Mac OS X 10_6_0; en-US) AppleWebKit/532.0 (KHTML, like Gecko) Chrome/4.0.206.1 Safari/532.0"
193.36.225.137 - - [21/Jul/2026:06:44:28 +0200] "GET /?author=1 HTTP/1.1" 404 38923 "-" "Opera/9.80 (J2ME/MIDP; Opera Mini/9.80 (J2ME/23.377; U; en) Presto/2.5.25 Version/10.54"
193.36.225.137 - - [21/Jul/2026:06:44:29 +0200] "GET /?rest_route=/wp/v2/users HTTP/1.1" 401 5950 "-" "iphone|Mozilla/5.0 (iPhone; CPU iPhone OS 8_5_6; like Mac OS X) AppleWebKit/537.48 (KHTML, like Gecko) Chrome/52.0.1163.361 Mobile Safari/602.4"
193.36.225.137 - - [21/Jul/2026:06:44:29 +0200] "GET /feed HTTP/1.1" 301 5653 "-" "firefox|Mozilla/5.0 (U; Linux i643 ; en-US) Gecko/20130401 Firefox/55.5"
193.36.225.137 - - [21/Jul/2026:06:44:29 +0200] "GET /feed/ HTTP/1.1" 200 6759 "-" "firefox|Mozilla/5.0 (U; Linux i643 ; en-US) Gecko/20130401 Firefox/55.5"
2001:1690:2:4::1:118 - - [21/Jul/2026:06:52:37 +0200] "POST /wp-cron.php?doing_wp_cron=1784609557.2463119029998779296875 HTTP/1.1" 200 5532 "-" "WordPress/6.9.5; https://cso-deprinsenhof.nl"
198.244.168.193 - - [21/Jul/2026:06:52:36 +0200] "GET /sitemap_index.xml HTTP/1.1" 200 6042 "-" "Mozilla/5.0 (compatible; AhrefsBot/7.0; +http://ahrefs.com/robot/)"
198.244.226.39 - - [21/Jul/2026:06:52:38 +0200] "GET /page-sitemap.xml HTTP/1.1" 200 12155 "-" "Mozilla/5.0 (compatible; AhrefsBot/7.0; +http://ahrefs.com/robot/)"
198.244.226.37 - - [21/Jul/2026:06:52:39 +0200] "GET /fusion_tb_category-sitemap.xml HTTP/1.1" 200 6640 "-" "Mozilla/5.0 (compatible; AhrefsBot/7.0; +http://ahrefs.com/robot/)"
2001:1690:2:4::1:118 - - [21/Jul/2026:07:00:51 +0200] "GET /wp-content/uploads/2025/07/boog-onder.svg HTTP/1.1" 200 6041 "-" "-"
2001:1690:2:4::1:118 - - [21/Jul/2026:07:00:52 +0200] "POST /wp-cron.php?doing_wp_cron=1784610052.0305960178375244140625 HTTP/1.1" 200 5532 "-" "WordPress/6.9.5; https://cso-deprinsenhof.nl"
51.195.39.149 - - [21/Jul/2026:07:00:51 +0200] "GET / HTTP/1.1" 200 128256 "-" "Mozilla/5.0 (Macintosh; Intel Mac OS X 10_15_7) AppleWebKit/537.36 (KHTML, like Gecko) Chrome/149.0.0.0 Safari/537.36"
51.195.39.149 - - [21/Jul/2026:07:00:52 +0200] "POST /?rest_route=/batch/v1 HTTP/1.1" 400 5965 "-" "Mozilla/5.0 (Windows NT 10.0; Win64; x64) AppleWebKit/537.36 (KHTML, like Gecko) Chrome/147.0.0.0 Safari/537.36"
94.103.93.19 - - [21/Jul/2026:07:03:16 +0200] "GET / HTTP/1.1" 200 128070 "http://CSO-DEPRINSENHOF.NL" "Mozilla/5.0 (Windows NT 10.0; Win64; x64) AppleWebKit/537.36 (KHTML, like Gecko) Chrome/120.0.0.0 Safari/537.36"
185.220.101.130 - - [21/Jul/2026:07:06:33 +0200] "GET / HTTP/1.1" 200 128070 "-" "\"Mozilla/5.0 (Macintosh; Intel Mac OS X 10_15_7) AppleWebKit/537.36 (KHTML, like Gecko) Chrome/142.0.0.0 Safari/537.36\""
185.220.101.130 - - [21/Jul/2026:07:06:33 +0200] "GET /wp-includes/js/jquery/jquery.min.js?ver=3.7.1 HTTP/1.1" 200 5521 "https://cso-deprinsenhof.nl/" "\"Mozilla/5.0 (Macintosh; Intel Mac OS X 10_15_7) AppleWebKit/537.36 (KHTML, like Gecko) Chrome/142.0.0.0 Safari/537.36\""
185.220.101.130 - - [21/Jul/2026:07:06:34 +0200] "GET /wp-content/uploads/fusion-scripts/409f3d9b6ae5a62f1c2d4456e7952c90.min.js?ver=3.14.2 HTTP/1.1" 200 5591 "https://cso-deprinsenhof.nl/" "\"Mozilla/5.0 (Macintosh; Intel Mac OS X 10_15_7) AppleWebKit/537.36 (KHTML, like Gecko) Chrome/142.0.0.0 Safari/537.36\""
185.220.101.130 - - [21/Jul/2026:07:06:34 +0200] "GET /wp-includes/js/wp-emoji-release.min.js?ver=f314ca68cccfe34ad07f66cce3b84d20 HTTP/1.1" 200 5524 "https://cso-deprinsenhof.nl/" "\"Mozilla/5.0 (Macintosh; Intel Mac OS X 10_15_7) AppleWebKit/537.36 (KHTML, like Gecko) Chrome/142.0.0.0 Safari/537.36\""
185.220.101.130 - - [21/Jul/2026:07:06:34 +0200] "GET /contact/ HTTP/1.1" 200 85589 "-" "\"Mozilla/5.0 (Macintosh; Intel Mac OS X 10_15_7) AppleWebKit/537.36 (KHTML, like Gecko) Chrome/142.0.0.0 Safari/537.36\""
185.220.101.130 - - [21/Jul/2026:07:06:35 +0200] "GET /wp-content/uploads/fusion-scripts/fe16a7e9815beaee0d6daa830e467322.min.js?ver=3.14.2 HTTP/1.1" 200 5591 "https://cso-deprinsenhof.nl/contact/" "\"Mozilla/5.0 (Macintosh; Intel Mac OS X 10_15_7) AppleWebKit/537.36 (KHTML, like Gecko) Chrome/142.0.0.0 Safari/537.36\""
185.220.101.130 - - [21/Jul/2026:07:06:41 +0200] "GET /contact HTTP/1.1" 301 5558 "-" "\"Mozilla/5.0 (Macintosh; Intel Mac OS X 10_15_7) AppleWebKit/537.36 (KHTML, like Gecko) Chrome/142.0.0.0 Safari/537.36\""
185.220.101.130 - - [21/Jul/2026:07:06:41 +0200] "GET /contact/ HTTP/1.1" 200 85396 "-" "\"Mozilla/5.0 (Macintosh; Intel Mac OS X 10_15_7) AppleWebKit/537.36 (KHTML, like Gecko) Chrome/142.0.0.0 Safari/537.36\""
2001:1690:2:4::1:118 - - [21/Jul/2026:07:06:45 +0200] "GET /wp-content/uploads/2025/07/boog-onder.svg HTTP/1.1" 200 6041 "-" "-"
185.220.101.130 - - [21/Jul/2026:07:06:45 +0200] "GET /onze-school/schoolgids/ HTTP/1.1" 200 94867 "-" "\"Mozilla/5.0 (Macintosh; Intel Mac OS X 10_15_7) AppleWebKit/537.36 (KHTML, like Gecko) Chrome/142.0.0.0 Safari/537.36\""
2001:1690:2:4::1:118 - - [21/Jul/2026:07:07:27 +0200] "GET /wp-content/uploads/2025/07/boog-onder.svg HTTP/1.1" 200 6041 "-" "-"
184.107.161.55 - - [21/Jul/2026:07:07:26 +0200] "GET /onze-school/praktische-informatie/ HTTP/1.1" 200 95383 "-" "\"Mozilla/5.0 (Macintosh; Intel Mac OS X 10_15_7) AppleWebKit/537.36 (KHTML, like Gecko) Chrome/142.0.0.0 Safari/537.36\""
184.107.161.55 - - [21/Jul/2026:07:07:27 +0200] "GET /wp-content/uploads/fusion-scripts/747e0431434c69b818684b1a4ea6b073.min.js?ver=3.14.2 HTTP/1.1" 200 5591 "https://cso-deprinsenhof.nl/onze-school/praktische-informatie/" "\"Mozilla/5.0 (Macintosh; Intel Mac OS X 10_15_7) AppleWebKit/537.36 (KHTML, like Gecko) Chrome/142.0.0.0 Safari/537.36\""
184.107.161.55 - - [21/Jul/2026:07:07:31 +0200] "GET /sitemap_index.xml HTTP/1.1" 200 6072 "-" "\"Mozilla/5.0 (Macintosh; Intel Mac OS X 10_15_7) AppleWebKit/537.36 (KHTML, like Gecko) Chrome/142.0.0.0 Safari/537.36\""
2001:1690:2:4::1:118 - - [21/Jul/2026:07:07:57 +0200] "GET /wp-content/uploads/2025/07/boog-onder.svg HTTP/1.1" 200 6041 "-" "-"
184.107.161.55 - - [21/Jul/2026:07:07:56 +0200] "GET /onze-school/ HTTP/1.1" 200 124318 "-" "\"Mozilla/5.0 (Macintosh; Intel Mac OS X 10_15_7) AppleWebKit/537.36 (KHTML, like Gecko) Chrome/142.0.0.0 Safari/537.36\""
184.107.161.55 - - [21/Jul/2026:07:08:02 +0200] "GET /onze-school/vakanties-en-vrije-dagen/ HTTP/1.1" 200 95710 "-" "\"Mozilla/5.0 (Macintosh; Intel Mac OS X 10_15_7) AppleWebKit/537.36 (KHTML, like Gecko) Chrome/142.0.0.0 Safari/537.36\""
2001:1690:2:4::1:118 - - [21/Jul/2026:07:08:06 +0200] "GET /wp-content/uploads/2025/07/boog-onder.svg HTTP/1.1" 200 6041 "-" "-"
184.107.161.55 - - [21/Jul/2026:07:08:06 +0200] "GET /vacatures/ HTTP/1.1" 200 87477 "-" "\"Mozilla/5.0 (Macintosh; Intel Mac OS X 10_15_7) AppleWebKit/537.36 (KHTML, like Gecko) Chrome/142.0.0.0 Safari/537.36\""
184.107.161.55 - - [21/Jul/2026:07:08:12 +0200] "GET /author/jsbdesign/ HTTP/1.1" 200 76641 "-" "\"Mozilla/5.0 (Macintosh; Intel Mac OS X 10_15_7) AppleWebKit/537.36 (KHTML, like Gecko) Chrome/142.0.0.0 Safari/537.36\""
184.107.161.55 - - [21/Jul/2026:07:08:12 +0200] "GET /wp-content/uploads/fusion-scripts/8ed04216ed2bad05df3cd0a855b5b3cc.min.js?ver=3.14.2 HTTP/1.1" 200 5591 "https://cso-deprinsenhof.nl/author/jsbdesign/" "\"Mozilla/5.0 (Macintosh; Intel Mac OS X 10_15_7) AppleWebKit/537.36 (KHTML, like Gecko) Chrome/142.0.0.0 Safari/537.36\""
184.107.161.55 - - [21/Jul/2026:07:08:17 +0200] "GET /videos HTTP/1.1" 301 5681 "-" "\"Mozilla/5.0 (Macintosh; Intel Mac OS X 10_15_7) AppleWebKit/537.36 (KHTML, like Gecko) Chrome/142.0.0.0 Safari/537.36\""
2001:1690:2:4::1:118 - - [21/Jul/2026:07:08:17 +0200] "GET /wp-content/uploads/2025/07/boog-onder.svg HTTP/1.1" 200 6041 "-" "-"
184.107.161.55 - - [21/Jul/2026:07:08:17 +0200] "GET /onze-school/videos/ HTTP/1.1" 200 106634 "-" "\"Mozilla/5.0 (Macintosh; Intel Mac OS X 10_15_7) AppleWebKit/537.36 (KHTML, like Gecko) Chrome/142.0.0.0 Safari/537.36\""
184.107.161.55 - - [21/Jul/2026:07:08:21 +0200] "GET / HTTP/1.1" 200 128070 "-" "\"Mozilla/5.0 (Macintosh; Intel Mac OS X 10_15_7) AppleWebKit/537.36 (KHTML, like Gecko) Chrome/142.0.0.0 Safari/537.36\""
2001:1690:2:4::1:118 - - [21/Jul/2026:07:24:58 +0200] "POST /wp-cron.php?doing_wp_cron=1784611498.2511019706726074218750 HTTP/1.1" 200 5532 "-" "WordPress/6.9.5; https://cso-deprinsenhof.nl"
203.122.45.246 - - [21/Jul/2026:07:24:57 +0200] "POST /xmlrpc.php HTTP/1.1" 503 24986 "-" "Jetpack/12.1; WordPress/6.2; http://site84691130.com"
203.122.45.246 - - [21/Jul/2026:07:25:06 +0200] "POST /xmlrpc.php HTTP/1.1" 503 23911 "-" "Jetpack/12.1; WordPress/6.4; http://site10988488.com"
203.122.45.246 - - [21/Jul/2026:07:25:17 +0200] "POST /xmlrpc.php HTTP/1.1" 503 23911 "-" "Jetpack by WordPress.com (Jetpack 12.0; WordPress 6.1)"
203.122.45.246 - - [21/Jul/2026:07:25:27 +0200] "POST /xmlrpc.php HTTP/1.1" 503 23911 "-" "WordPress.com; https://wordpress.com"
203.122.45.246 - - [21/Jul/2026:07:25:38 +0200] "POST /xmlrpc.php HTTP/1.1" 503 23911 "-" "Jetpack by WordPress.com"
203.122.45.246 - - [21/Jul/2026:07:25:48 +0200] "POST /xmlrpc.php HTTP/1.1" 503 23911 "-" "Jetpack/12.0; WordPress/6.2; http://site76911078.com"
203.122.45.246 - - [21/Jul/2026:07:25:59 +0200] "POST /xmlrpc.php HTTP/1.1" 503 23911 "-" "WordPress.com; https://wordpress.com"
2001:1690:2:4::1:118 - - [21/Jul/2026:07:26:08 +0200] "POST /wp-cron.php?doing_wp_cron=1784611568.1834390163421630859375 HTTP/1.1" 200 5532 "-" "WordPress/6.9.5; https://cso-deprinsenhof.nl"
2001:1690:2:4::1:118 - - [21/Jul/2026:07:26:08 +0200] "POST /?wordfence_syncAttackData=1784611568.0163 HTTP/1.1" 200 5474 "-" "WordPress/6.9.5; https://cso-deprinsenhof.nl"
78.46.157.202 - - [21/Jul/2026:07:26:07 +0200] "POST /xmlrpc.php HTTP/1.1" 200 6066 "-" "Mozilla/5.0 (Windows NT 10.0; Win64; x64) AppleWebKit/537.36 (KHTML, like Gecko) Chrome/147.0.0.0 Safari/537.36"
203.122.45.246 - - [21/Jul/2026:07:26:09 +0200] "POST /xmlrpc.php HTTP/1.1" 503 23911 "-" "Jetpack/12.0; WordPress/6.2; http://site90994060.com"
203.122.45.246 - - [21/Jul/2026:07:26:20 +0200] "POST /xmlrpc.php HTTP/1.1" 503 23911 "-" "Jetpack/12.0; WordPress/6.2; http://site11853750.com"
203.122.45.246 - - [21/Jul/2026:07:26:30 +0200] "POST /xmlrpc.php HTTP/1.1" 503 23911 "-" "WordPress.com; https://wordpress.com"
2001:1690:2:4::1:118 - - [21/Jul/2026:07:26:32 +0200] "POST /?wordfence_syncAttackData=1784611592.3793 HTTP/1.1" 200 5474 "-" "WordPress/6.9.5; https://cso-deprinsenhof.nl"
2001:1690:2:4::1:118 - - [21/Jul/2026:07:26:32 +0200] "GET /wp-content/uploads/2025/07/boog-onder.svg HTTP/1.1" 200 6041 "-" "-"
51.195.215.1 - - [21/Jul/2026:07:26:32 +0200] "GET /ons-onderwijs/speciale-activiteiten/ HTTP/1.1" 200 92811 "-" "Mozilla/5.0 (compatible; AhrefsBot/7.0; +http://ahrefs.com/robot/)"
203.122.45.246 - - [21/Jul/2026:07:26:41 +0200] "POST /xmlrpc.php HTTP/1.1" 503 23911 "-" "Jetpack by WordPress.com (Jetpack 13.0; WordPress 6.2)"
203.122.45.246 - - [21/Jul/2026:07:26:51 +0200] "POST /xmlrpc.php HTTP/1.1" 503 23911 "-" "Jetpack by WordPress.com"
203.122.45.246 - - [21/Jul/2026:07:27:02 +0200] "POST /xmlrpc.php HTTP/1.1" 503 23911 "-" "Jetpack by WordPress.com"
203.122.45.246 - - [21/Jul/2026:07:27:12 +0200] "POST /xmlrpc.php HTTP/1.1" 503 23911 "-" "Jetpack by WordPress.com"
203.122.45.246 - - [21/Jul/2026:07:27:23 +0200] "POST /xmlrpc.php HTTP/1.1" 503 23911 "-" "Jetpack/13.0; WordPress/6.4; http://site81288085.com"
203.122.45.246 - - [21/Jul/2026:07:27:33 +0200] "POST /xmlrpc.php HTTP/1.1" 503 23911 "-" "Jetpack/12.0; WordPress/6.1; http://site47119391.com"
203.122.45.246 - - [21/Jul/2026:07:27:44 +0200] "POST /xmlrpc.php HTTP/1.1" 503 23911 "-" "Jetpack by WordPress.com (Jetpack 12.1; WordPress 6.2)"
203.122.45.246 - - [21/Jul/2026:07:27:54 +0200] "POST /xmlrpc.php HTTP/1.1" 503 23911 "-" "Jetpack by WordPress.com (Jetpack 12.0; WordPress 6.2)"
203.122.45.246 - - [21/Jul/2026:07:28:05 +0200] "POST /xmlrpc.php HTTP/1.1" 503 23911 "-" "Jetpack by WordPress.com (Jetpack 12.0; WordPress 6.1)"
203.122.45.246 - - [21/Jul/2026:07:28:15 +0200] "POST /xmlrpc.php HTTP/1.1" 503 23911 "-" "WordPress.com; https://wordpress.com"
203.122.45.246 - - [21/Jul/2026:07:28:26 +0200] "POST /xmlrpc.php HTTP/1.1" 503 23911 "-" "Jetpack by WordPress.com"
203.122.45.246 - - [21/Jul/2026:07:28:36 +0200] "POST /xmlrpc.php HTTP/1.1" 503 23911 "-" "Jetpack/12.0; WordPress/6.3; http://site85236296.com"
203.122.45.246 - - [21/Jul/2026:07:28:47 +0200] "POST /xmlrpc.php HTTP/1.1" 503 23911 "-" "Jetpack by WordPress.com (Jetpack 12.1; WordPress 6.2)"
203.122.45.246 - - [21/Jul/2026:07:28:57 +0200] "POST /xmlrpc.php HTTP/1.1" 503 23911 "-" "Jetpack/13.0; WordPress/6.2; http://site70477215.com"
203.122.45.246 - - [21/Jul/2026:07:29:08 +0200] "POST /xmlrpc.php HTTP/1.1" 503 23911 "-" "Jetpack/12.0; WordPress/6.1; http://site24417510.com"
203.122.45.246 - - [21/Jul/2026:07:29:18 +0200] "POST /xmlrpc.php HTTP/1.1" 503 23911 "-" "Jetpack by WordPress.com"
203.122.45.246 - - [21/Jul/2026:07:29:29 +0200] "POST /xmlrpc.php HTTP/1.1" 503 23911 "-" "Jetpack by WordPress.com (Jetpack 12.0; WordPress 6.2)"
203.122.45.246 - - [21/Jul/2026:07:29:39 +0200] "POST /xmlrpc.php HTTP/1.1" 503 23911 "-" "Jetpack by WordPress.com"
203.122.45.246 - - [21/Jul/2026:07:29:50 +0200] "POST /xmlrpc.php HTTP/1.1" 503 23911 "-" "WordPress.com; https://wordpress.com"
203.122.45.246 - - [21/Jul/2026:07:30:00 +0200] "POST /xmlrpc.php HTTP/1.1" 503 23911 "-" "Jetpack/12.1; WordPress/6.2; http://site77654893.com"
203.122.45.246 - - [21/Jul/2026:07:30:11 +0200] "POST /xmlrpc.php HTTP/1.1" 503 23911 "-" "Jetpack/13.0; WordPress/6.1; http://site89501202.com"
203.122.45.246 - - [21/Jul/2026:07:30:21 +0200] "POST /xmlrpc.php HTTP/1.1" 503 23911 "-" "Jetpack by WordPress.com (Jetpack 13.0; WordPress 6.4)"
203.122.45.246 - - [21/Jul/2026:07:30:32 +0200] "POST /xmlrpc.php HTTP/1.1" 503 23911 "-" "Jetpack by WordPress.com (Jetpack 12.5; WordPress 6.3)"
203.122.45.246 - - [21/Jul/2026:07:30:42 +0200] "POST /xmlrpc.php HTTP/1.1" 503 23911 "-" "Jetpack/12.5; WordPress/6.1; http://site29954567.com"
203.122.45.246 - - [21/Jul/2026:07:30:53 +0200] "POST /xmlrpc.php HTTP/1.1" 503 23911 "-" "Jetpack by WordPress.com (Jetpack 12.1; WordPress 6.4)"
203.122.45.246 - - [21/Jul/2026:07:31:03 +0200] "POST /xmlrpc.php HTTP/1.1" 503 23911 "-" "Jetpack by WordPress.com"
203.122.45.246 - - [21/Jul/2026:07:31:14 +0200] "POST /xmlrpc.php HTTP/1.1" 503 23911 "-" "Jetpack/12.0; WordPress/6.1; http://site42281567.com"
203.122.45.246 - - [21/Jul/2026:07:31:24 +0200] "POST /xmlrpc.php HTTP/1.1" 503 23911 "-" "WordPress.com; https://wordpress.com"
203.122.45.246 - - [21/Jul/2026:07:31:35 +0200] "POST /xmlrpc.php HTTP/1.1" 503 23911 "-" "WordPress.com; https://wordpress.com"
203.122.45.246 - - [21/Jul/2026:07:31:45 +0200] "POST /xmlrpc.php HTTP/1.1" 503 23911 "-" "WordPress.com; https://wordpress.com"
203.122.45.246 - - [21/Jul/2026:07:31:56 +0200] "POST /xmlrpc.php HTTP/1.1" 503 23911 "-" "Jetpack by WordPress.com"
203.122.45.246 - - [21/Jul/2026:07:32:06 +0200] "POST /xmlrpc.php HTTP/1.1" 503 23911 "-" "Jetpack/12.1; WordPress/6.3; http://site56812487.com"
203.122.45.246 - - [21/Jul/2026:07:32:17 +0200] "POST /xmlrpc.php HTTP/1.1" 503 23911 "-" "WordPress.com; https://wordpress.com"
203.122.45.246 - - [21/Jul/2026:07:32:27 +0200] "POST /xmlrpc.php HTTP/1.1" 503 23911 "-" "Jetpack by WordPress.com"
203.122.45.246 - - [21/Jul/2026:07:32:38 +0200] "POST /xmlrpc.php HTTP/1.1" 503 23911 "-" "WordPress.com; https://wordpress.com"
203.122.45.246 - - [21/Jul/2026:07:32:48 +0200] "POST /xmlrpc.php HTTP/1.1" 503 23911 "-" "WordPress.com; https://wordpress.com"
203.122.45.246 - - [21/Jul/2026:07:32:59 +0200] "POST /xmlrpc.php HTTP/1.1" 503 23911 "-" "Jetpack by WordPress.com"
203.122.45.246 - - [21/Jul/2026:07:33:09 +0200] "POST /xmlrpc.php HTTP/1.1" 503 23911 "-" "Jetpack by WordPress.com"
203.122.45.246 - - [21/Jul/2026:07:33:20 +0200] "POST /xmlrpc.php HTTP/1.1" 503 23911 "-" "Jetpack by WordPress.com (Jetpack 12.0; WordPress 6.3)"
203.122.45.246 - - [21/Jul/2026:07:33:30 +0200] "POST /xmlrpc.php HTTP/1.1" 503 23911 "-" "Jetpack by WordPress.com"
203.122.45.246 - - [21/Jul/2026:07:33:41 +0200] "POST /xmlrpc.php HTTP/1.1" 503 23911 "-" "Jetpack by WordPress.com (Jetpack 12.0; WordPress 6.2)"
203.122.45.246 - - [21/Jul/2026:07:33:51 +0200] "POST /xmlrpc.php HTTP/1.1" 503 23911 "-" "Jetpack by WordPress.com"
203.122.45.246 - - [21/Jul/2026:07:34:02 +0200] "POST /xmlrpc.php HTTP/1.1" 503 23911 "-" "Jetpack/13.0; WordPress/6.3; http://site50755247.com"
203.122.45.246 - - [21/Jul/2026:07:34:12 +0200] "POST /xmlrpc.php HTTP/1.1" 503 23911 "-" "Jetpack/12.0; WordPress/6.1; http://site11399467.com"
203.122.45.246 - - [21/Jul/2026:07:34:23 +0200] "POST /xmlrpc.php HTTP/1.1" 503 23911 "-" "Jetpack/12.5; WordPress/6.2; http://site79706474.com"
203.122.45.246 - - [21/Jul/2026:07:34:33 +0200] "POST /xmlrpc.php HTTP/1.1" 503 23911 "-" "Jetpack by WordPress.com (Jetpack 12.5; WordPress 6.3)"
203.122.45.246 - - [21/Jul/2026:07:34:44 +0200] "POST /xmlrpc.php HTTP/1.1" 503 23911 "-" "Jetpack by WordPress.com"
203.122.45.246 - - [21/Jul/2026:07:34:54 +0200] "POST /xmlrpc.php HTTP/1.1" 503 23911 "-" "WordPress.com; https://wordpress.com"
2001:1690:2:4::1:118 - - [21/Jul/2026:07:35:05 +0200] "POST /wp-cron.php?doing_wp_cron=1784612105.4504110813140869140625 HTTP/1.1" 200 5532 "-" "WordPress/6.9.5; https://cso-deprinsenhof.nl"
2001:1690:2:4::1:118 - - [21/Jul/2026:07:35:05 +0200] "POST /?wordfence_syncAttackData=1784612105.1689 HTTP/1.1" 200 5474 "-" "WordPress/6.9.5; https://cso-deprinsenhof.nl"
203.122.45.246 - - [21/Jul/2026:07:35:05 +0200] "POST /xmlrpc.php HTTP/1.1" 503 24986 "-" "Jetpack by WordPress.com (Jetpack 12.5; WordPress 6.3)"
203.122.45.246 - - [21/Jul/2026:07:35:15 +0200] "POST /xmlrpc.php HTTP/1.1" 503 23911 "-" "WordPress.com; https://wordpress.com"
203.122.45.246 - - [21/Jul/2026:07:35:26 +0200] "POST /xmlrpc.php HTTP/1.1" 503 23911 "-" "Jetpack/12.0; WordPress/6.4; http://site46324716.com"
203.122.45.246 - - [21/Jul/2026:07:35:36 +0200] "POST /xmlrpc.php HTTP/1.1" 503 23911 "-" "Jetpack by WordPress.com"
203.122.45.246 - - [21/Jul/2026:07:35:47 +0200] "POST /xmlrpc.php HTTP/1.1" 503 23911 "-" "Jetpack by WordPress.com (Jetpack 12.0; WordPress 6.3)"
203.122.45.246 - - [21/Jul/2026:07:35:57 +0200] "POST /xmlrpc.php HTTP/1.1" 503 23911 "-" "Jetpack by WordPress.com (Jetpack 13.0; WordPress 6.4)"
203.122.45.246 - - [21/Jul/2026:07:36:07 +0200] "POST /xmlrpc.php HTTP/1.1" 503 23911 "-" "Jetpack by WordPress.com"
203.122.45.246 - - [21/Jul/2026:07:36:18 +0200] "POST /xmlrpc.php HTTP/1.1" 503 23911 "-" "Jetpack by WordPress.com"
203.122.45.246 - - [21/Jul/2026:07:36:29 +0200] "POST /xmlrpc.php HTTP/1.1" 503 23911 "-" "Jetpack/13.0; WordPress/6.3; http://site84381695.com"
203.122.45.246 - - [21/Jul/2026:07:36:39 +0200] "POST /xmlrpc.php HTTP/1.1" 503 23911 "-" "Jetpack by WordPress.com"
203.122.45.246 - - [21/Jul/2026:07:36:50 +0200] "POST /xmlrpc.php HTTP/1.1" 503 23911 "-" "WordPress.com; https://wordpress.com"
203.122.45.246 - - [21/Jul/2026:07:37:01 +0200] "POST /xmlrpc.php HTTP/1.1" 503 23911 "-" "Jetpack/12.0; WordPress/6.3; http://site64888600.com"
203.122.45.246 - - [21/Jul/2026:07:37:11 +0200] "POST /xmlrpc.php HTTP/1.1" 503 23911 "-" "WordPress.com; https://wordpress.com"
203.122.45.246 - - [21/Jul/2026:07:37:22 +0200] "POST /xmlrpc.php HTTP/1.1" 503 23911 "-" "Jetpack/12.1; WordPress/6.3; http://site77315347.com"
203.122.45.246 - - [21/Jul/2026:07:37:33 +0200] "POST /xmlrpc.php HTTP/1.1" 503 23911 "-" "Jetpack by WordPress.com"
203.122.45.246 - - [21/Jul/2026:07:37:44 +0200] "POST /xmlrpc.php HTTP/1.1" 503 23911 "-" "Jetpack/12.1; WordPress/6.1; http://site34935268.com"
203.122.45.246 - - [21/Jul/2026:07:37:54 +0200] "POST /xmlrpc.php HTTP/1.1" 503 23911 "-" "Jetpack by WordPress.com (Jetpack 12.1; WordPress 6.3)"
203.122.45.246 - - [21/Jul/2026:07:38:05 +0200] "POST /xmlrpc.php HTTP/1.1" 503 23911 "-" "WordPress.com; https://wordpress.com"
203.122.45.246 - - [21/Jul/2026:07:38:16 +0200] "POST /xmlrpc.php HTTP/1.1" 503 23911 "-" "WordPress.com; https://wordpress.com"
203.122.45.246 - - [21/Jul/2026:07:38:26 +0200] "POST /xmlrpc.php HTTP/1.1" 503 23911 "-" "Jetpack/12.5; WordPress/6.1; http://site54843637.com"
203.122.45.246 - - [21/Jul/2026:07:38:37 +0200] "POST /xmlrpc.php HTTP/1.1" 503 23911 "-" "Jetpack/12.1; WordPress/6.2; http://site64618322.com"
203.122.45.246 - - [21/Jul/2026:07:38:48 +0200] "POST /xmlrpc.php HTTP/1.1" 503 23911 "-" "Jetpack by WordPress.com (Jetpack 13.0; WordPress 6.4)"
203.122.45.246 - - [21/Jul/2026:07:38:58 +0200] "POST /xmlrpc.php HTTP/1.1" 503 23911 "-" "Jetpack by WordPress.com"
203.122.45.246 - - [21/Jul/2026:07:39:09 +0200] "POST /xmlrpc.php HTTP/1.1" 503 23911 "-" "Jetpack by WordPress.com"
203.122.45.246 - - [21/Jul/2026:07:39:20 +0200] "POST /xmlrpc.php HTTP/1.1" 503 23911 "-" "Jetpack by WordPress.com (Jetpack 12.0; WordPress 6.2)"
203.122.45.246 - - [21/Jul/2026:07:39:31 +0200] "POST /xmlrpc.php HTTP/1.1" 503 23911 "-" "Jetpack by WordPress.com (Jetpack 12.5; WordPress 6.3)"
203.122.45.246 - - [21/Jul/2026:07:39:41 +0200] "POST /xmlrpc.php HTTP/1.1" 503 23911 "-" "Jetpack by WordPress.com (Jetpack 12.5; WordPress 6.3)"
203.122.45.246 - - [21/Jul/2026:07:39:52 +0200] "POST /xmlrpc.php HTTP/1.1" 503 23911 "-" "Jetpack by WordPress.com (Jetpack 12.0; WordPress 6.2)"
2001:1690:2:4::1:118 - - [21/Jul/2026:07:40:01 +0200] "POST /?wordfence_syncAttackData=1784612401.4098 HTTP/1.1" 200 5474 "-" "WordPress/6.9.5; https://cso-deprinsenhof.nl"
2001:1690:2:4::1:118 - - [21/Jul/2026:07:40:01 +0200] "GET /wp-content/uploads/2025/07/boog-onder.svg HTTP/1.1" 200 6041 "-" "-"
180.153.236.121 - - [21/Jul/2026:07:40:01 +0200] "GET / HTTP/1.1" 200 128082 "https://cso-deprinsenhof.nl/" "Mozilla/5.0 (Windows NT 10.0; Win64; x64) AppleWebKit/537.36 (KHTML, like Gecko) Chrome/140.0.0.0 Safari/537.36 Edg/140.0.0.0; 360Spider"
203.122.45.246 - - [21/Jul/2026:07:40:03 +0200] "POST /xmlrpc.php HTTP/1.1" 503 23911 "-" "Jetpack by WordPress.com (Jetpack 12.0; WordPress 6.3)"
2001:1690:2:4::1:118 - - [21/Jul/2026:07:40:12 +0200] "POST /?wordfence_syncAttackData=1784612412.808 HTTP/1.1" 200 5474 "-" "WordPress/6.9.5; https://cso-deprinsenhof.nl"
2001:1690:2:4::1:118 - - [21/Jul/2026:07:40:13 +0200] "GET /wp-content/uploads/2025/07/boog-onder.svg HTTP/1.1" 200 6041 "-" "-"
180.153.236.216 - - [21/Jul/2026:07:40:12 +0200] "GET / HTTP/1.1" 200 128082 "https://cso-deprinsenhof.nl/" "Mozilla/5.0 (Windows NT 10.0; Win64; x64) AppleWebKit/537.36 (KHTML, like Gecko) Chrome/140.0.0.0 Safari/537.36 Edg/140.0.0.0; 360Spider"
203.122.45.246 - - [21/Jul/2026:07:40:13 +0200] "POST /xmlrpc.php HTTP/1.1" 503 23911 "-" "WordPress.com; https://wordpress.com"
203.122.45.246 - - [21/Jul/2026:07:40:24 +0200] "POST /xmlrpc.php HTTP/1.1" 503 23911 "-" "Jetpack by WordPress.com (Jetpack 12.0; WordPress 6.2)"
203.122.45.246 - - [21/Jul/2026:07:40:35 +0200] "POST /xmlrpc.php HTTP/1.1" 503 23911 "-" "Jetpack/13.0; WordPress/6.1; http://site33037453.com"
203.122.45.246 - - [21/Jul/2026:07:40:45 +0200] "POST /xmlrpc.php HTTP/1.1" 503 23911 "-" "Jetpack by WordPress.com (Jetpack 12.5; WordPress 6.3)"
203.122.45.246 - - [21/Jul/2026:07:40:56 +0200] "POST /xmlrpc.php HTTP/1.1" 503 23911 "-" "Jetpack by WordPress.com (Jetpack 13.0; WordPress 6.3)"
203.122.45.246 - - [21/Jul/2026:07:41:07 +0200] "POST /xmlrpc.php HTTP/1.1" 503 23911 "-" "Jetpack/13.0; WordPress/6.4; http://site26326549.com"
203.122.45.246 - - [21/Jul/2026:07:41:17 +0200] "POST /xmlrpc.php HTTP/1.1" 503 23911 "-" "Jetpack by WordPress.com (Jetpack 12.5; WordPress 6.4)"
203.122.45.246 - - [21/Jul/2026:07:41:28 +0200] "POST /xmlrpc.php HTTP/1.1" 503 23911 "-" "Jetpack/12.0; WordPress/6.2; http://site91017854.com"
203.122.45.246 - - [21/Jul/2026:07:41:39 +0200] "POST /xmlrpc.php HTTP/1.1" 503 23911 "-" "Jetpack by WordPress.com (Jetpack 12.1; WordPress 6.3)"
203.122.45.246 - - [21/Jul/2026:07:41:49 +0200] "POST /xmlrpc.php HTTP/1.1" 503 23911 "-" "Jetpack/12.0; WordPress/6.3; http://site16469852.com"
203.122.45.246 - - [21/Jul/2026:07:42:00 +0200] "POST /xmlrpc.php HTTP/1.1" 503 23911 "-" "Jetpack/12.1; WordPress/6.1; http://site67372011.com"
203.122.45.246 - - [21/Jul/2026:07:42:11 +0200] "POST /xmlrpc.php HTTP/1.1" 503 23911 "-" "Jetpack by WordPress.com (Jetpack 12.1; WordPress 6.3)"
203.122.45.246 - - [21/Jul/2026:07:42:21 +0200] "POST /xmlrpc.php HTTP/1.1" 503 23911 "-" "Jetpack/12.0; WordPress/6.1; http://site79361314.com"
203.122.45.246 - - [21/Jul/2026:07:42:32 +0200] "POST /xmlrpc.php HTTP/1.1" 503 23911 "-" "Jetpack/12.1; WordPress/6.2; http://site34379399.com"
203.122.45.246 - - [21/Jul/2026:07:42:43 +0200] "POST /xmlrpc.php HTTP/1.1" 503 23911 "-" "WordPress.com; https://wordpress.com"
203.122.45.246 - - [21/Jul/2026:07:42:53 +0200] "POST /xmlrpc.php HTTP/1.1" 503 23911 "-" "WordPress.com; https://wordpress.com"
203.122.45.246 - - [21/Jul/2026:07:43:04 +0200] "POST /xmlrpc.php HTTP/1.1" 503 23911 "-" "WordPress.com; https://wordpress.com"
203.122.45.246 - - [21/Jul/2026:07:43:15 +0200] "POST /xmlrpc.php HTTP/1.1" 503 23911 "-" "WordPress.com; https://wordpress.com"
203.122.45.246 - - [21/Jul/2026:07:43:26 +0200] "POST /xmlrpc.php HTTP/1.1" 503 23911 "-" "Jetpack/12.5; WordPress/6.3; http://site11713967.com"
203.122.45.246 - - [21/Jul/2026:07:43:36 +0200] "POST /xmlrpc.php HTTP/1.1" 503 23911 "-" "Jetpack by WordPress.com (Jetpack 12.0; WordPress 6.2)"
203.122.45.246 - - [21/Jul/2026:07:43:47 +0200] "POST /xmlrpc.php HTTP/1.1" 503 23911 "-" "Jetpack by WordPress.com"
203.122.45.246 - - [21/Jul/2026:07:43:57 +0200] "POST /xmlrpc.php HTTP/1.1" 503 23911 "-" "WordPress.com; https://wordpress.com"
203.122.45.246 - - [21/Jul/2026:07:44:08 +0200] "POST /xmlrpc.php HTTP/1.1" 503 23911 "-" "WordPress.com; https://wordpress.com"
203.122.45.246 - - [21/Jul/2026:07:44:19 +0200] "POST /xmlrpc.php HTTP/1.1" 503 23911 "-" "WordPress.com; https://wordpress.com"
203.122.45.246 - - [21/Jul/2026:07:44:29 +0200] "POST /xmlrpc.php HTTP/1.1" 503 23911 "-" "Jetpack by WordPress.com"
203.122.45.246 - - [21/Jul/2026:07:44:40 +0200] "POST /xmlrpc.php HTTP/1.1" 503 23911 "-" "Jetpack by WordPress.com"
203.122.45.246 - - [21/Jul/2026:07:44:51 +0200] "POST /xmlrpc.php HTTP/1.1" 503 23911 "-" "Jetpack by WordPress.com"
2001:1690:2:4::1:118 - - [21/Jul/2026:07:44:51 +0200] "POST /wp-cron.php?doing_wp_cron=1784612691.5521891117095947265625 HTTP/1.1" 200 5532 "-" "WordPress/6.9.5; https://cso-deprinsenhof.nl"
2001:1690:2:4::1:118 - - [21/Jul/2026:07:44:51 +0200] "POST /?wordfence_syncAttackData=1784612691.3452 HTTP/1.1" 200 5474 "-" "WordPress/6.9.5; https://cso-deprinsenhof.nl"
188.213.202.43 - - [21/Jul/2026:07:44:51 +0200] "GET /wp-login.php HTTP/1.1" 200 16807 "-" "Mozilla/5.0 (Windows NT 10.0; Win64; rv:143.0) Gecko/20100101 Firefox/143.0"
188.213.202.43 - - [21/Jul/2026:07:44:53 +0200] "GET /?author=1 HTTP/1.1" 404 38910 "-" "Mozilla/5.0 (Macintosh; Intel Mac OS X 10_15_7) AppleWebKit/605.1.15 Version/17.0 Safari/605.1.15"
188.213.202.43 - - [21/Jul/2026:07:44:53 +0200] "GET /?rest_route=/wp/v2/users HTTP/1.1" 401 5950 "-" "Mozilla/5.0 (Windows NT 10.0; Win64; x64) AppleWebKit/537.36 Chrome/129.0.0.0 Safari/537.36"
188.213.202.43 - - [21/Jul/2026:07:44:53 +0200] "GET /feed HTTP/1.1" 301 5653 "-" "Mozilla/5.0 (Windows NT 10.0; Win64; x64) AppleWebKit/537.36 Chrome/129.0.0.0 Safari/537.36"
