62.131.103.179 - - [21/Jul/2026:20:06:29 +0200] "GET /wp-content/uploads/2025/07/Ons-onderwijs-2-800x532.webp HTTP/1.1" 200 5529 "https://cso-deprinsenhof.nl/" "Mozilla/5.0 (iPhone; CPU iPhone OS 18_7 like Mac OS X) AppleWebKit/605.1.15 (KHTML, like Gecko) Version/26.5.2 Mobile/15E148 Safari/604.1"
62.131.103.179 - - [21/Jul/2026:20:06:29 +0200] "GET /wp-content/uploads/2025/07/taxibaan-scaled.webp HTTP/1.1" 200 5521 "https://cso-deprinsenhof.nl/" "Mozilla/5.0 (iPhone; CPU iPhone OS 18_7 like Mac OS X) AppleWebKit/605.1.15 (KHTML, like Gecko) Version/26.5.2 Mobile/15E148 Safari/604.1"
62.131.103.179 - - [21/Jul/2026:20:06:30 +0200] "GET /wp-content/uploads/2025/07/Kernwaarden-scaled-e1752073802858-600x755.jpg HTTP/1.1" 200 5578 "https://cso-deprinsenhof.nl/" "Mozilla/5.0 (iPhone; CPU iPhone OS 18_7 like Mac OS X) AppleWebKit/605.1.15 (KHTML, like Gecko) Version/26.5.2 Mobile/15E148 Safari/604.1"
62.131.103.179 - - [21/Jul/2026:20:06:31 +0200] "GET /wp-content/uploads/2025/07/logo-de-Prinsenhof_wit.svg HTTP/1.1" 200 5562 "https://cso-deprinsenhof.nl/" "Mozilla/5.0 (iPhone; CPU iPhone OS 18_7 like Mac OS X) AppleWebKit/605.1.15 (KHTML, like Gecko) Version/26.5.2 Mobile/15E148 Safari/604.1"
62.131.103.179 - - [21/Jul/2026:20:06:31 +0200] "GET /wp-content/uploads/2025/07/CSO_logo_wit.png HTTP/1.1" 200 5548 "https://cso-deprinsenhof.nl/" "Mozilla/5.0 (iPhone; CPU iPhone OS 18_7 like Mac OS X) AppleWebKit/605.1.15 (KHTML, like Gecko) Version/26.5.2 Mobile/15E148 Safari/604.1"
2001:1690:2:4::1:118 - - [21/Jul/2026:20:06:34 +0200] "GET /wp-content/uploads/2025/07/boog-onder.svg HTTP/1.1" 200 6041 "-" "-"
2001:1690:2:4::1:118 - - [21/Jul/2026:20:06:34 +0200] "POST /wp-cron.php?doing_wp_cron=1784657194.3427150249481201171875 HTTP/1.1" 200 5532 "-" "WordPress/6.9.5; https://cso-deprinsenhof.nl"
62.131.103.179 - - [21/Jul/2026:20:06:34 +0200] "GET /vacatures/ HTTP/1.1" 200 86895 "https://cso-deprinsenhof.nl/" "Mozilla/5.0 (iPhone; CPU iPhone OS 18_7 like Mac OS X) AppleWebKit/605.1.15 (KHTML, like Gecko) Version/26.5.2 Mobile/15E148 Safari/604.1"
62.131.103.179 - - [21/Jul/2026:20:06:34 +0200] "GET /wp-content/uploads/fusion-scripts/747e0431434c69b818684b1a4ea6b073.min.js?ver=3.14.2 HTTP/1.1" 200 5591 "https://cso-deprinsenhof.nl/vacatures/" "Mozilla/5.0 (iPhone; CPU iPhone OS 18_7 like Mac OS X) AppleWebKit/605.1.15 (KHTML, like Gecko) Version/26.5.2 Mobile/15E148 Safari/604.1"
62.131.103.179 - - [21/Jul/2026:20:06:34 +0200] "GET /wp-content/uploads/2025/07/kas-scaled-e1758020081839.jpg HTTP/1.1" 200 5562 "https://cso-deprinsenhof.nl/vacatures/" "Mozilla/5.0 (iPhone; CPU iPhone OS 18_7 like Mac OS X) AppleWebKit/605.1.15 (KHTML, like Gecko) Version/26.5.2 Mobile/15E148 Safari/604.1"
62.131.103.179 - - [21/Jul/2026:20:06:34 +0200] "GET /wp-content/uploads/2025/07/Prins_los-600x701.png HTTP/1.1" 200 5553 "https://cso-deprinsenhof.nl/vacatures/" "Mozilla/5.0 (iPhone; CPU iPhone OS 18_7 like Mac OS X) AppleWebKit/605.1.15 (KHTML, like Gecko) Version/26.5.2 Mobile/15E148 Safari/604.1"
2001:1690:2:4::1:118 - - [21/Jul/2026:20:18:05 +0200] "POST /wp-cron.php?doing_wp_cron=1784657885.6064009666442871093750 HTTP/1.1" 200 5532 "-" "WordPress/6.9.5; https://cso-deprinsenhof.nl"
189.1.223.127 - - [21/Jul/2026:20:18:05 +0200] "GET /ip HTTP/1.1" 404 83167 "-" "Mozilla/5.0 (Macintosh; Intel Mac OS X 10_15_7) AppleWebKit/537.36 (KHTML, like Gecko) Chrome/114.0.0.0 Safari/537.36"
188.239.13.209 - - [21/Jul/2026:20:18:05 +0200] "GET /ip HTTP/1.1" 404 83167 "-" "Mozilla/5.0 (Macintosh; Intel Mac OS X 10_15_7) AppleWebKit/537.36 (KHTML, like Gecko) Chrome/114.0.0.0 Safari/537.36"
149.232.138.133 - - [21/Jul/2026:20:18:05 +0200] "GET /ip HTTP/1.1" 404 83167 "-" "Mozilla/5.0 (Macintosh; Intel Mac OS X 10_15_7) AppleWebKit/537.36 (KHTML, like Gecko) Chrome/114.0.0.0 Safari/537.36"
114.119.136.113 - - [21/Jul/2026:20:26:34 +0200] "GET /robots.txt HTTP/1.1" 200 5740 "http://cso-deprinsenhof.nl/robots.txt" "Mozilla/5.0 (compatible;PetalBot;+https://webmaster.petalsearch.com/site/petalbot)"
198.244.168.174 - - [21/Jul/2026:20:26:37 +0200] "GET /sitemap_index.xml HTTP/1.1" 200 6072 "-" "Mozilla/5.0 (compatible; AhrefsBot/7.0; +http://ahrefs.com/robot/)"
198.244.240.73 - - [21/Jul/2026:20:26:38 +0200] "GET /page-sitemap.xml HTTP/1.1" 200 12155 "-" "Mozilla/5.0 (compatible; AhrefsBot/7.0; +http://ahrefs.com/robot/)"
51.195.244.244 - - [21/Jul/2026:20:26:39 +0200] "GET /fusion_tb_category-sitemap.xml HTTP/1.1" 200 6640 "-" "Mozilla/5.0 (compatible; AhrefsBot/7.0; +http://ahrefs.com/robot/)"
2001:1690:2:4::1:118 - - [21/Jul/2026:20:35:11 +0200] "POST /wp-cron.php?doing_wp_cron=1784658911.5248739719390869140625 HTTP/1.1" 200 5532 "-" "WordPress/6.9.5; https://cso-deprinsenhof.nl"
43.135.130.202 - - [21/Jul/2026:20:35:11 +0200] "GET / HTTP/1.1" 301 5550 "http://www.cso-deprinsenhof.nl" "Mozilla/5.0 (iPhone; CPU iPhone OS 13_2_3 like Mac OS X) AppleWebKit/605.1.15 (KHTML, like Gecko) Version/13.0.3 Mobile/15E148 Safari/604.1"
2001:1690:2:4::1:118 - - [21/Jul/2026:20:35:13 +0200] "GET /wp-content/uploads/2025/07/boog-onder.svg HTTP/1.1" 200 6041 "-" "-"
43.135.130.202 - - [21/Jul/2026:20:35:12 +0200] "GET / HTTP/1.1" 200 128274 "https://www.cso-deprinsenhof.nl/" "Mozilla/5.0 (iPhone; CPU iPhone OS 13_2_3 like Mac OS X) AppleWebKit/605.1.15 (KHTML, like Gecko) Version/13.0.3 Mobile/15E148 Safari/604.1"
2a02:a442:6044:0:e9e9:d6a7:5631:845e - - [21/Jul/2026:20:43:35 +0200] "GET / HTTP/1.1" 200 128088 "https://www.google.com/" "Mozilla/5.0 (iPhone; CPU iPhone OS 18_7 like Mac OS X) AppleWebKit/605.1.15 (KHTML, like Gecko) FxiOS/152.4 Mobile/15E148 Safari/604.1"
2a02:a442:6044:0:e9e9:d6a7:5631:845e - - [21/Jul/2026:20:43:35 +0200] "GET /wp-content/uploads/fusion-styles/4dff08bfd85c24e6fc2e0df4059bb1a7.min.css?ver=3.14.2 HTTP/1.1" 200 5577 "https://cso-deprinsenhof.nl/" "Mozilla/5.0 (iPhone; CPU iPhone OS 18_7 like Mac OS X) AppleWebKit/605.1.15 (KHTML, like Gecko) FxiOS/152.4 Mobile/15E148 Safari/604.1"
2a02:a442:6044:0:e9e9:d6a7:5631:845e - - [21/Jul/2026:20:43:35 +0200] "GET /wp-content/uploads/2025/07/Schermafbeelding-2020-06-19-om-12.45.32.png HTTP/1.1" 200 5575 "https://cso-deprinsenhof.nl/" "Mozilla/5.0 (iPhone; CPU iPhone OS 18_7 like Mac OS X) AppleWebKit/605.1.15 (KHTML, like Gecko) FxiOS/152.4 Mobile/15E148 Safari/604.1"
2a02:a442:6044:0:e9e9:d6a7:5631:845e - - [21/Jul/2026:20:43:35 +0200] "GET /wp-includes/js/jquery/jquery.min.js?ver=3.7.1 HTTP/1.1" 200 5521 "https://cso-deprinsenhof.nl/" "Mozilla/5.0 (iPhone; CPU iPhone OS 18_7 like Mac OS X) AppleWebKit/605.1.15 (KHTML, like Gecko) FxiOS/152.4 Mobile/15E148 Safari/604.1"
2a02:a442:6044:0:e9e9:d6a7:5631:845e - - [21/Jul/2026:20:43:35 +0200] "GET /wp-content/uploads/fusion-scripts/409f3d9b6ae5a62f1c2d4456e7952c90.min.js?ver=3.14.2 HTTP/1.1" 200 5591 "https://cso-deprinsenhof.nl/" "Mozilla/5.0 (iPhone; CPU iPhone OS 18_7 like Mac OS X) AppleWebKit/605.1.15 (KHTML, like Gecko) FxiOS/152.4 Mobile/15E148 Safari/604.1"
2a02:a442:6044:0:e9e9:d6a7:5631:845e - - [21/Jul/2026:20:43:35 +0200] "GET /wp-content/themes/Avada/includes/lib/assets/fonts/fontawesome/webfonts/fa-solid-900.woff2 HTTP/1.1" 200 5595 "https://cso-deprinsenhof.nl/" "Mozilla/5.0 (iPhone; CPU iPhone OS 18_7 like Mac OS X) AppleWebKit/605.1.15 (KHTML, like Gecko) FxiOS/152.4 Mobile/15E148 Safari/604.1"
2a02:a442:6044:0:e9e9:d6a7:5631:845e - - [21/Jul/2026:20:43:35 +0200] "GET /wp-content/themes/Avada/includes/lib/assets/fonts/fontawesome/webfonts/fa-regular-400.woff2 HTTP/1.1" 200 5597 "https://cso-deprinsenhof.nl/" "Mozilla/5.0 (iPhone; CPU iPhone OS 18_7 like Mac OS X) AppleWebKit/605.1.15 (KHTML, like Gecko) FxiOS/152.4 Mobile/15E148 Safari/604.1"
2a02:a442:6044:0:e9e9:d6a7:5631:845e - - [21/Jul/2026:20:43:35 +0200] "GET /wp-content/uploads/2020/06/De-Prinsenhof_final_web-2.mp4 HTTP/1.1" 200 5529 "https://cso-deprinsenhof.nl/" "Mozilla/5.0 (iPhone; CPU iPhone OS 18_7 like Mac OS X) AppleWebKit/605.1.15 (KHTML, like Gecko) FxiOS/152.4 Mobile/15E148 Safari/604.1"
2a02:a442:6044:0:e9e9:d6a7:5631:845e - - [21/Jul/2026:20:43:35 +0200] "GET /wp-content/uploads/2025/09/PBS-klaslokaal_home-scaled.webp HTTP/1.1" 200 5532 "https://cso-deprinsenhof.nl/" "Mozilla/5.0 (iPhone; CPU iPhone OS 18_7 like Mac OS X) AppleWebKit/605.1.15 (KHTML, like Gecko) FxiOS/152.4 Mobile/15E148 Safari/604.1"
2a02:a442:6044:0:e9e9:d6a7:5631:845e - - [21/Jul/2026:20:43:35 +0200] "GET /wp-content/uploads/2025/07/logo-de-Prinsenhof.svg HTTP/1.1" 200 5558 "https://cso-deprinsenhof.nl/" "Mozilla/5.0 (iPhone; CPU iPhone OS 18_7 like Mac OS X) AppleWebKit/605.1.15 (KHTML, like Gecko) FxiOS/152.4 Mobile/15E148 Safari/604.1"
2a02:a442:6044:0:e9e9:d6a7:5631:845e - - [21/Jul/2026:20:43:35 +0200] "GET /wp-content/uploads/2020/06/De-Prinsenhof_final_web-2.mp4 HTTP/1.1" 200 5529 "https://cso-deprinsenhof.nl/" "Mozilla/5.0 (iPhone; CPU iPhone OS 18_7 like Mac OS X) AppleWebKit/605.1.15 (KHTML, like Gecko) FxiOS/152.4 Mobile/15E148 Safari/604.1"
2a02:a442:6044:0:e9e9:d6a7:5631:845e - - [21/Jul/2026:20:43:35 +0200] "GET /wp-includes/js/wp-emoji-release.min.js?ver=f314ca68cccfe34ad07f66cce3b84d20 HTTP/1.1" 200 5524 "https://cso-deprinsenhof.nl/" "Mozilla/5.0 (iPhone; CPU iPhone OS 18_7 like Mac OS X) AppleWebKit/605.1.15 (KHTML, like Gecko) FxiOS/152.4 Mobile/15E148 Safari/604.1"
2a02:a442:6044:0:e9e9:d6a7:5631:845e - - [21/Jul/2026:20:43:35 +0200] "GET /wp-content/uploads/2020/06/De-Prinsenhof_final_web-2.mp4 HTTP/1.1" 200 5529 "https://cso-deprinsenhof.nl/" "Mozilla/5.0 (iPhone; CPU iPhone OS 18_7 like Mac OS X) AppleWebKit/605.1.15 (KHTML, like Gecko) FxiOS/152.4 Mobile/15E148 Safari/604.1"
2a02:a442:6044:0:e9e9:d6a7:5631:845e - - [21/Jul/2026:20:43:37 +0200] "GET /wp-content/uploads/2025/07/de-Prinsenhof_favicon_64px.png HTTP/1.1" 200 5562 "https://cso-deprinsenhof.nl/" "Mozilla/5.0 (iPhone; CPU iPhone OS 18_7 like Mac OS X) AppleWebKit/605.1.15 (KHTML, like Gecko) FxiOS/152.4 Mobile/15E148 Safari/604.1"
2a02:a442:6044:0:e9e9:d6a7:5631:845e - - [21/Jul/2026:20:43:38 +0200] "GET /wp-content/uploads/2025/07/Onze-leerllingen-3-1200x799.webp HTTP/1.1" 200 5533 "https://cso-deprinsenhof.nl/" "Mozilla/5.0 (iPhone; CPU iPhone OS 18_7 like Mac OS X) AppleWebKit/605.1.15 (KHTML, like Gecko) FxiOS/152.4 Mobile/15E148 Safari/604.1"
2a02:a442:6044:0:e9e9:d6a7:5631:845e - - [21/Jul/2026:20:43:45 +0200] "GET /wp-content/uploads/2025/07/Ons-onderwijs-2-1200x799.webp HTTP/1.1" 200 5530 "https://cso-deprinsenhof.nl/" "Mozilla/5.0 (iPhone; CPU iPhone OS 18_7 like Mac OS X) AppleWebKit/605.1.15 (KHTML, like Gecko) FxiOS/152.4 Mobile/15E148 Safari/604.1"
2a02:a442:6044:0:e9e9:d6a7:5631:845e - - [21/Jul/2026:20:43:47 +0200] "GET /wp-content/uploads/2025/07/taxibaan-scaled.webp HTTP/1.1" 200 5521 "https://cso-deprinsenhof.nl/" "Mozilla/5.0 (iPhone; CPU iPhone OS 18_7 like Mac OS X) AppleWebKit/605.1.15 (KHTML, like Gecko) FxiOS/152.4 Mobile/15E148 Safari/604.1"
2a02:a442:6044:0:e9e9:d6a7:5631:845e - - [21/Jul/2026:20:43:51 +0200] "GET /wp-content/uploads/2025/07/Kernwaarden-scaled-e1752073802858-800x1006.jpg HTTP/1.1" 200 5579 "https://cso-deprinsenhof.nl/" "Mozilla/5.0 (iPhone; CPU iPhone OS 18_7 like Mac OS X) AppleWebKit/605.1.15 (KHTML, like Gecko) FxiOS/152.4 Mobile/15E148 Safari/604.1"
2001:1690:2:4::1:118 - - [21/Jul/2026:20:43:58 +0200] "GET /wp-content/uploads/2025/07/boog-onder.svg HTTP/1.1" 200 6041 "-" "-"
2001:1690:2:4::1:118 - - [21/Jul/2026:20:43:58 +0200] "POST /wp-cron.php?doing_wp_cron=1784659438.1580369472503662109375 HTTP/1.1" 200 5532 "-" "WordPress/6.9.5; https://cso-deprinsenhof.nl"
2a02:a442:6044:0:e9e9:d6a7:5631:845e - - [21/Jul/2026:20:43:57 +0200] "GET /onze-school/ HTTP/1.1" 200 123736 "https://cso-deprinsenhof.nl/" "Mozilla/5.0 (iPhone; CPU iPhone OS 18_7 like Mac OS X) AppleWebKit/605.1.15 (KHTML, like Gecko) FxiOS/152.4 Mobile/15E148 Safari/604.1"
2a02:a442:6044:0:e9e9:d6a7:5631:845e - - [21/Jul/2026:20:43:58 +0200] "GET /wp-content/uploads/fusion-styles/7f2dacbaa3e10bd591d6d7513d1b1a6b.min.css?ver=3.14.2 HTTP/1.1" 200 5577 "https://cso-deprinsenhof.nl/onze-school/" "Mozilla/5.0 (iPhone; CPU iPhone OS 18_7 like Mac OS X) AppleWebKit/605.1.15 (KHTML, like Gecko) FxiOS/152.4 Mobile/15E148 Safari/604.1"
2a02:a442:6044:0:e9e9:d6a7:5631:845e - - [21/Jul/2026:20:43:58 +0200] "GET /wp-content/uploads/fusion-scripts/747e0431434c69b818684b1a4ea6b073.min.js?ver=3.14.2 HTTP/1.1" 200 5591 "https://cso-deprinsenhof.nl/onze-school/" "Mozilla/5.0 (iPhone; CPU iPhone OS 18_7 like Mac OS X) AppleWebKit/605.1.15 (KHTML, like Gecko) FxiOS/152.4 Mobile/15E148 Safari/604.1"
2a02:a442:6044:0:e9e9:d6a7:5631:845e - - [21/Jul/2026:20:43:58 +0200] "GET /wp-content/uploads/2020/06/De-Prinsenhof_final_web-2.mp4 HTTP/1.1" 200 5529 "https://cso-deprinsenhof.nl/onze-school/" "Mozilla/5.0 (iPhone; CPU iPhone OS 18_7 like Mac OS X) AppleWebKit/605.1.15 (KHTML, like Gecko) FxiOS/152.4 Mobile/15E148 Safari/604.1"
2a02:a442:6044:0:e9e9:d6a7:5631:845e - - [21/Jul/2026:20:43:58 +0200] "GET /wp-content/uploads/2025/07/bibliotheek-scaled-e1758020305275.webp HTTP/1.1" 200 5539 "https://cso-deprinsenhof.nl/onze-school/" "Mozilla/5.0 (iPhone; CPU iPhone OS 18_7 like Mac OS X) AppleWebKit/605.1.15 (KHTML, like Gecko) FxiOS/152.4 Mobile/15E148 Safari/604.1"
2a02:a442:6044:0:e9e9:d6a7:5631:845e - - [21/Jul/2026:20:43:58 +0200] "GET /wp-content/uploads/2020/06/De-Prinsenhof_final_web-2.mp4 HTTP/1.1" 200 5529 "https://cso-deprinsenhof.nl/onze-school/" "Mozilla/5.0 (iPhone; CPU iPhone OS 18_7 like Mac OS X) AppleWebKit/605.1.15 (KHTML, like Gecko) FxiOS/152.4 Mobile/15E148 Safari/604.1"
2a02:a442:6044:0:e9e9:d6a7:5631:845e - - [21/Jul/2026:20:43:58 +0200] "GET /wp-content/uploads/2020/06/De-Prinsenhof_final_web-2.mp4 HTTP/1.1" 200 5529 "https://cso-deprinsenhof.nl/onze-school/" "Mozilla/5.0 (iPhone; CPU iPhone OS 18_7 like Mac OS X) AppleWebKit/605.1.15 (KHTML, like Gecko) FxiOS/152.4 Mobile/15E148 Safari/604.1"
2a02:a442:6044:0:e9e9:d6a7:5631:845e - - [21/Jul/2026:20:43:59 +0200] "GET /wp-content/uploads/2025/09/een-plek-waar-je-je-thuis-voelt.webp HTTP/1.1" 200 5537 "https://cso-deprinsenhof.nl/onze-school/" "Mozilla/5.0 (iPhone; CPU iPhone OS 18_7 like Mac OS X) AppleWebKit/605.1.15 (KHTML, like Gecko) FxiOS/152.4 Mobile/15E148 Safari/604.1"
2a02:a442:6044:0:e9e9:d6a7:5631:845e - - [21/Jul/2026:20:44:03 +0200] "GET /wp-content/uploads/2025/07/Onze-leerllingen-2-1200x799.webp HTTP/1.1" 200 5533 "https://cso-deprinsenhof.nl/onze-school/" "Mozilla/5.0 (iPhone; CPU iPhone OS 18_7 like Mac OS X) AppleWebKit/605.1.15 (KHTML, like Gecko) FxiOS/152.4 Mobile/15E148 Safari/604.1"
2a02:a442:6044:0:e9e9:d6a7:5631:845e - - [21/Jul/2026:20:44:06 +0200] "GET /wp-content/uploads/2025/07/zaal-1200x800.jpg HTTP/1.1" 200 5550 "https://cso-deprinsenhof.nl/onze-school/" "Mozilla/5.0 (iPhone; CPU iPhone OS 18_7 like Mac OS X) AppleWebKit/605.1.15 (KHTML, like Gecko) FxiOS/152.4 Mobile/15E148 Safari/604.1"
2a02:a442:6044:0:e9e9:d6a7:5631:845e - - [21/Jul/2026:20:44:08 +0200] "GET /wp-content/uploads/2025/07/trap-1200x800.webp HTTP/1.1" 200 5519 "https://cso-deprinsenhof.nl/onze-school/" "Mozilla/5.0 (iPhone; CPU iPhone OS 18_7 like Mac OS X) AppleWebKit/605.1.15 (KHTML, like Gecko) FxiOS/152.4 Mobile/15E148 Safari/604.1"
2a02:a442:6044:0:e9e9:d6a7:5631:845e - - [21/Jul/2026:20:44:18 +0200] "GET /onze-school/missie-visie HTTP/1.1" 301 5575 "https://cso-deprinsenhof.nl/onze-school/" "Mozilla/5.0 (iPhone; CPU iPhone OS 18_7 like Mac OS X) AppleWebKit/605.1.15 (KHTML, like Gecko) FxiOS/152.4 Mobile/15E148 Safari/604.1"
2001:1690:2:4::1:118 - - [21/Jul/2026:20:44:19 +0200] "GET /wp-content/uploads/2025/07/boog-onder.svg HTTP/1.1" 200 6041 "-" "-"
2a02:a442:6044:0:e9e9:d6a7:5631:845e - - [21/Jul/2026:20:44:18 +0200] "GET /onze-school/missie-visie/ HTTP/1.1" 200 96103 "https://cso-deprinsenhof.nl/onze-school/" "Mozilla/5.0 (iPhone; CPU iPhone OS 18_7 like Mac OS X) AppleWebKit/605.1.15 (KHTML, like Gecko) FxiOS/152.4 Mobile/15E148 Safari/604.1"
2a02:a442:6044:0:e9e9:d6a7:5631:845e - - [21/Jul/2026:20:44:26 +0200] "GET /wp-content/uploads/2025/07/de-Prinsenhof_favicon_64px.png HTTP/1.1" 200 5562 "-" "Client/74210 CFNetwork/3860.600.12 Darwin/25.5.0"
2001:1690:2:4::1:118 - - [21/Jul/2026:20:54:12 +0200] "POST /wp-cron.php?doing_wp_cron=1784660052.5619249343872070312500 HTTP/1.1" 200 5532 "-" "WordPress/6.9.5; https://cso-deprinsenhof.nl"
15.235.140.141 - - [21/Jul/2026:20:54:12 +0200] "GET /rss/ HTTP/1.1" 301 5653 "-" "Mozilla/5.0 (Windows NT 10.0; Win64; x64) AppleWebKit/537.36 (KHTML, like Gecko) Chrome/133.0.0.0 Safari/537.36, Mozilla/5.0 (Macintosh; Intel Mac OS X 10_15_7) AppleWebKit/537.36 (KHTML, like Gecko) Chrome/133.0.0.0 Safari/537.36"
119.195.102.159 - - [21/Jul/2026:20:54:13 +0200] "GET /feed/ HTTP/1.1" 200 6759 "-" "Mozilla/5.0 (Windows NT 10.0; Win64; x64) AppleWebKit/537.36 (KHTML, like Gecko) Chrome/133.0.0.0 Safari/537.36, Mozilla/5.0 (X11; Linux x86_64) AppleWebKit/537.36 (KHTML, like Gecko) Chrome/133.0.0.0 Safari/537.36"
5.161.117.42 - - [21/Jul/2026:20:54:18 +0200] "GET /wp-sitemap-users-1.xml HTTP/1.1" 301 5568 "-" "Mozilla/5.0 (Windows NT 10.0; Win64; x64) AppleWebKit/537.36 (KHTML, like Gecko) Chrome/133.0.0.0 Safari/537.36, Mozilla/5.0 (X11; Linux x86_64) AppleWebKit/537.36 (KHTML, like Gecko) Chrome/133.0.0.0 Safari/537.36"
5.161.117.42 - - [21/Jul/2026:20:54:18 +0200] "GET /author-sitemap.xml HTTP/1.1" 404 83055 "-" "Mozilla/5.0 (Windows NT 10.0; Win64; x64) AppleWebKit/537.36 (KHTML, like Gecko) Chrome/133.0.0.0 Safari/537.36, Mozilla/5.0 (X11; Linux x86_64) AppleWebKit/537.36 (KHTML, like Gecko) Chrome/133.0.0.0 Safari/537.36"
81.173.115.7 - - [21/Jul/2026:20:54:20 +0200] "GET /author-sitemap.xml HTTP/1.1" 404 83040 "-" "Mozilla/5.0 (Windows NT 10.0; Win64; x64) AppleWebKit/537.36 (KHTML, like Gecko) Chrome/133.0.0.0 Safari/537.36, Mozilla/5.0 (X11; Linux x86_64) AppleWebKit/537.36 (KHTML, like Gecko) Chrome/133.0.0.0 Safari/537.36"
34.162.179.105 - - [21/Jul/2026:20:54:27 +0200] "GET /blog/ HTTP/1.1" 301 5667 "http://www.cso-deprinsenhof.nl/blog/" "Mozilla/5.0 (Macintosh; Intel Mac OS X 14_5) AppleWebKit/605.1.15 (KHTML, like Gecko) Version/17.5 Safari/605.1.15"
34.162.179.105 - - [21/Jul/2026:20:54:28 +0200] "GET /blog/ HTTP/1.1" 404 79965 "https://www.cso-deprinsenhof.nl/blog/" "Mozilla/5.0 (Macintosh; Intel Mac OS X 14_5) AppleWebKit/605.1.15 (KHTML, like Gecko) Version/17.5 Safari/605.1.15"
34.162.179.105 - - [21/Jul/2026:20:54:28 +0200] "GET /wp/ HTTP/1.1" 301 5665 "http://www.cso-deprinsenhof.nl/wp/" "Mozilla/5.0 (iPad; CPU OS 17_4 like Mac OS X) AppleWebKit/605.1.15 (KHTML, like Gecko) Version/17.4 Mobile/15E148 Safari/604.1"
34.162.179.105 - - [21/Jul/2026:20:54:28 +0200] "GET /wp/ HTTP/1.1" 404 79965 "https://www.cso-deprinsenhof.nl/wp/" "Mozilla/5.0 (iPad; CPU OS 17_4 like Mac OS X) AppleWebKit/605.1.15 (KHTML, like Gecko) Version/17.4 Mobile/15E148 Safari/604.1"
34.162.179.105 - - [21/Jul/2026:20:54:29 +0200] "GET /new/ HTTP/1.1" 301 5666 "http://www.cso-deprinsenhof.nl/new/" "Mozilla/5.0 (Windows NT 11.0; Win64; x64) AppleWebKit/537.36 (KHTML, like Gecko) Chrome/128.0.6540.18 Safari/537.36"
34.162.179.105 - - [21/Jul/2026:20:54:29 +0200] "GET /new/ HTTP/1.1" 404 79965 "https://www.cso-deprinsenhof.nl/new/" "Mozilla/5.0 (Windows NT 11.0; Win64; x64) AppleWebKit/537.36 (KHTML, like Gecko) Chrome/128.0.6540.18 Safari/537.36"
34.162.179.105 - - [21/Jul/2026:20:54:29 +0200] "GET / HTTP/1.1" 301 5550 "http://www.cso-deprinsenhof.nl/" "Mozilla/5.0 (Linux; Android 14; RMX3842) AppleWebKit/537.36 (KHTML, like Gecko) Chrome/126.0.6478.44 Mobile Safari/537.36"
34.162.179.105 - - [21/Jul/2026:20:54:29 +0200] "GET / HTTP/1.1" 200 128088 "https://www.cso-deprinsenhof.nl/" "Mozilla/5.0 (Linux; Android 14; RMX3842) AppleWebKit/537.36 (KHTML, like Gecko) Chrome/126.0.6478.44 Mobile Safari/537.36"
34.162.179.105 - - [21/Jul/2026:20:54:30 +0200] "GET /wordpress/ HTTP/1.1" 301 5672 "http://www.cso-deprinsenhof.nl/wordpress/" "Mozilla/5.0 (Linux; Android 14; OnePlus 12) AppleWebKit/537.36 (KHTML, like Gecko) Chrome/125.0.6422.102 Mobile Safari/537.36"
34.162.179.105 - - [21/Jul/2026:20:54:30 +0200] "GET /wordpress/ HTTP/1.1" 404 79965 "https://www.cso-deprinsenhof.nl/wordpress/" "Mozilla/5.0 (Linux; Android 14; OnePlus 12) AppleWebKit/537.36 (KHTML, like Gecko) Chrome/125.0.6422.102 Mobile Safari/537.36"
34.162.179.105 - - [21/Jul/2026:20:54:30 +0200] "GET /backup/ HTTP/1.1" 301 5669 "http://www.cso-deprinsenhof.nl/backup/" "Mozilla/5.0 (Linux; Android 13; Pixel 7a) AppleWebKit/537.36 (KHTML, like Gecko) Chrome/124.0.6367.82 Mobile Safari/537.36"
34.162.179.105 - - [21/Jul/2026:20:54:30 +0200] "GET /backup/ HTTP/1.1" 404 79965 "https://www.cso-deprinsenhof.nl/backup/" "Mozilla/5.0 (Linux; Android 13; Pixel 7a) AppleWebKit/537.36 (KHTML, like Gecko) Chrome/124.0.6367.82 Mobile Safari/537.36"
34.162.179.105 - - [21/Jul/2026:20:54:31 +0200] "GET /old/ HTTP/1.1" 301 5666 "http://www.cso-deprinsenhof.nl/old/" "Mozilla/5.0 (Linux; Android 14; Samsung SM-A546B) AppleWebKit/537.36 (KHTML, like Gecko) Chrome/126.0.6478.14 Mobile Safari/537.36"
34.162.179.105 - - [21/Jul/2026:20:54:31 +0200] "GET /old/ HTTP/1.1" 404 79965 "https://www.cso-deprinsenhof.nl/old/" "Mozilla/5.0 (Linux; Android 14; Samsung SM-A546B) AppleWebKit/537.36 (KHTML, like Gecko) Chrome/126.0.6478.14 Mobile Safari/537.36"
160.187.68.132 - - [21/Jul/2026:20:54:34 +0200] "GET /wp-sitemap-users-1.xml HTTP/1.1" 301 5568 "-" "Mozilla/5.0 (Windows NT 10.0; Win64; x64) AppleWebKit/537.36 (KHTML, like Gecko) Chrome/133.0.0.0 Safari/537.36, Mozilla/5.0 (Windows NT 10.0; Win64; x64) AppleWebKit/537.36 (KHTML, like Gecko) Chrome/133.0.0.0 Safari/537.36"
160.187.68.132 - - [21/Jul/2026:20:54:37 +0200] "GET /author-sitemap.xml HTTP/1.1" 404 83055 "-" "Mozilla/5.0 (Windows NT 10.0; Win64; x64) AppleWebKit/537.36 (KHTML, like Gecko) Chrome/133.0.0.0 Safari/537.36, Mozilla/5.0 (Windows NT 10.0; Win64; x64) AppleWebKit/537.36 (KHTML, like Gecko) Chrome/133.0.0.0 Safari/537.36"
5.252.52.249 - - [21/Jul/2026:20:54:49 +0200] "GET /?rest_route=/wp/v2/block-renderer/core/latest-posts&postsToShow=5 HTTP/1.1" 400 6066 "-" "Mozilla/5.0 (Windows NT 10.0; Win64; x64) AppleWebKit/537.36 (KHTML, like Gecko) Chrome/133.0.0.0 Safari/537.36, Mozilla/5.0 (Windows NT 10.0; Win64; x64) AppleWebKit/537.36 (KHTML, like Gecko) Chrome/133.0.0.0 Safari/537.36"
81.173.115.7 - - [21/Jul/2026:20:54:50 +0200] "GET /wp-json/wp/v2/users?_fields=slug&per_page=100&page=1 HTTP/1.1" 401 5950 "-" "Mozilla/5.0 (Windows NT 10.0; Win64; x64) AppleWebKit/537.36 (KHTML, like Gecko) Chrome/133.0.0.0 Safari/537.36, Mozilla/5.0 (X11; Linux x86_64) AppleWebKit/537.36 (KHTML, like Gecko) Chrome/133.0.0.0 Safari/537.36"
20.75.217.69 - - [21/Jul/2026:20:54:51 +0200] "GET /?author=3 HTTP/1.1" 404 38910 "-" "Mozilla/5.0 (Windows NT 10.0; Win64; x64) AppleWebKit/537.36 (KHTML, like Gecko) Chrome/133.0.0.0 Safari/537.36, Mozilla/5.0 (X11; Linux x86_64) AppleWebKit/537.36 (KHTML, like Gecko) Chrome/133.0.0.0 Safari/537.36"
160.187.68.132 - - [21/Jul/2026:20:54:54 +0200] "GET /?rest_route=/wp/v2/search&search=a&per_page=20&_embed=author HTTP/1.1" 200 14810 "-" "Mozilla/5.0 (Windows NT 10.0; Win64; x64) AppleWebKit/537.36 (KHTML, like Gecko) Chrome/133.0.0.0 Safari/537.36, Mozilla/5.0 (Windows NT 10.0; Win64; x64) AppleWebKit/537.36 (KHTML, like Gecko) Chrome/133.0.0.0 Safari/537.36"
212.80.9.235 - - [21/Jul/2026:20:55:01 +0200] "POST /graphql HTTP/1.1" 404 83167 "-" "Mozilla/5.0 (Windows NT 10.0; Win64; x64) AppleWebKit/537.36 (KHTML, like Gecko) Chrome/133.0.0.0 Safari/537.36, Mozilla/5.0 (Windows NT 10.0; Win64; x64) AppleWebKit/537.36 (KHTML, like Gecko) Chrome/133.0.0.0 Safari/537.36"
5.161.225.162 - - [21/Jul/2026:20:55:03 +0200] "GET /index.php?rest_route=/wp/v2/users&per_page=100&_fields=slug HTTP/1.1" 401 5950 "-" "Mozilla/5.0 (Windows NT 10.0; Win64; x64) AppleWebKit/537.36 (KHTML, like Gecko) Chrome/133.0.0.0 Safari/537.36, Mozilla/5.0 (X11; Linux x86_64) AppleWebKit/537.36 (KHTML, like Gecko) Chrome/133.0.0.0 Safari/537.36"
2001:1690:2:4::1:118 - - [21/Jul/2026:21:07:58 +0200] "POST /wp-cron.php?doing_wp_cron=1784660878.3023149967193603515625 HTTP/1.1" 200 5532 "-" "WordPress/6.9.5; https://cso-deprinsenhof.nl"
2001:41d0:602:2e48::1 - - [21/Jul/2026:21:07:58 +0200] "GET /robots.txt HTTP/1.1" 301 5530 "-" "Mozilla/5.0 (compatible; MJ12bot/v1.4.8; http://mj12bot.com/)"
2001:41d0:602:2e48::1 - - [21/Jul/2026:21:07:58 +0200] "GET /robots.txt HTTP/1.1" 200 5740 "-" "Mozilla/5.0 (compatible; MJ12bot/v1.4.8; http://mj12bot.com/)"
2001:41d0:602:2e48::1 - - [21/Jul/2026:21:08:02 +0200] "GET / HTTP/1.1" 301 5520 "-" "Mozilla/5.0 (compatible; MJ12bot/v1.4.8; http://mj12bot.com/)"
2001:1690:2:4::1:118 - - [21/Jul/2026:21:08:04 +0200] "GET /wp-content/uploads/2025/07/boog-onder.svg HTTP/1.1" 200 6041 "-" "-"
2001:41d0:602:2e48::1 - - [21/Jul/2026:21:08:03 +0200] "GET / HTTP/1.1" 200 128082 "-" "Mozilla/5.0 (compatible; MJ12bot/v1.4.8; http://mj12bot.com/)"
2001:41d0:602:2e48::1 - - [21/Jul/2026:21:10:46 +0200] "GET /robots.txt HTTP/1.1" 301 5530 "-" "Mozilla/5.0 (compatible; MJ12bot/v1.4.8; http://mj12bot.com/)"
2001:41d0:602:2e48::1 - - [21/Jul/2026:21:10:46 +0200] "GET /robots.txt HTTP/1.1" 200 5740 "-" "Mozilla/5.0 (compatible; MJ12bot/v1.4.8; http://mj12bot.com/)"
2001:41d0:602:2e48::1 - - [21/Jul/2026:21:10:49 +0200] "GET / HTTP/1.1" 301 5520 "-" "Mozilla/5.0 (compatible; MJ12bot/v1.4.8; http://mj12bot.com/)"
2001:1690:2:4::1:118 - - [21/Jul/2026:21:10:51 +0200] "GET /wp-content/uploads/2025/07/boog-onder.svg HTTP/1.1" 200 6041 "-" "-"
2001:41d0:602:2e48::1 - - [21/Jul/2026:21:10:51 +0200] "GET / HTTP/1.1" 200 128082 "-" "Mozilla/5.0 (compatible; MJ12bot/v1.4.8; http://mj12bot.com/)"
2001:1690:2:4::1:118 - - [21/Jul/2026:21:14:16 +0200] "GET /wp-content/uploads/2025/07/boog-onder.svg HTTP/1.1" 200 6041 "-" "-"
106.52.171.40 - - [21/Jul/2026:21:14:16 +0200] "GET / HTTP/1.1" 200 128274 "https://m.baidu.com/s?word=www.jiebq.cn" "Mozilla/5.0 (iPhone; CPU iPhone OS 26_0 like Mac OS X) AppleWebKit/605.1.15 (KHTML, like Gecko) Version/26.0 Mobile/15E148 Safari/604.1"
66.249.68.3 - - [21/Jul/2026:21:14:21 +0200] "GET /robots.txt HTTP/1.1" 200 5740 "-" "Mozilla/5.0 (compatible; Googlebot/2.1; +http://www.google.com/bot.html)"
180.153.197.87 - - [21/Jul/2026:21:15:16 +0200] "GET /robots.txt HTTP/1.1" 200 5770 "https://cso-deprinsenhof.nl/robots.txt" "Mozilla/5.0 (Macintosh; Intel Mac OS X 10_15_7) AppleWebKit/537.36 (KHTML, like Gecko) Chrome/119.0.0.0 Safari/537.36"
66.249.68.3 - - [21/Jul/2026:21:16:30 +0200] "GET / HTTP/1.1" 200 128088 "-" "Mozilla/5.0 (compatible; Googlebot/2.1; +http://www.google.com/bot.html)"
66.249.68.4 - - [21/Jul/2026:21:21:23 +0200] "GET / HTTP/1.1" 200 128088 "-" "Mozilla/5.0 (compatible; Googlebot/2.1; +http://www.google.com/bot.html)"
2001:1690:2:4::1:118 - - [21/Jul/2026:21:22:54 +0200] "POST /wp-cron.php?doing_wp_cron=1784661774.9385030269622802734375 HTTP/1.1" 200 5532 "-" "WordPress/6.9.5; https://cso-deprinsenhof.nl"
20.97.227.207 - - [21/Jul/2026:21:22:54 +0200] "GET //wp-content/plugins/fix/up.php HTTP/1.1" 301 5691 "-" "Mozilla/5.0 (Windows NT 10.0; Win64; x64) AppleWebKit/537.36 (KHTML, like Gecko) Chrome/85.0.4183.102 Safari/537.36"
20.97.227.207 - - [21/Jul/2026:21:22:55 +0200] "GET /wp-content/plugins/fix/up.php HTTP/1.1" 404 83167 "-" "Mozilla/5.0 (Windows NT 10.0; Win64; x64) AppleWebKit/537.36 (KHTML, like Gecko) Chrome/85.0.4183.102 Safari/537.36"
52.152.150.151 - - [21/Jul/2026:21:25:40 +0200] "GET //wp-content/plugins/fix/up.php HTTP/1.1" 301 5691 "-" "Mozilla/5.0 (Windows NT 10.0; Win64; x64) AppleWebKit/537.36 (KHTML, like Gecko) Chrome/85.0.4183.102 Safari/537.36"
52.152.150.151 - - [21/Jul/2026:21:25:41 +0200] "GET /wp-content/plugins/fix/up.php HTTP/1.1" 404 83167 "-" "Mozilla/5.0 (Windows NT 10.0; Win64; x64) AppleWebKit/537.36 (KHTML, like Gecko) Chrome/85.0.4183.102 Safari/537.36"
157.230.36.199 - - [21/Jul/2026:21:27:26 +0200] "GET / HTTP/1.1" 200 128088 "http://cso-deprinsenhof.nl/" "Mozilla/5.0 (Windows NT 10.0; Win64; x64) AppleWebKit/537.36 (KHTML, like Gecko) Chrome/132.0.0.0 Safari/537.36"
157.230.36.199 - - [21/Jul/2026:21:27:27 +0200] "GET /.git/config HTTP/1.1" 404 83167 "-" "Mozilla/5.0 (Windows NT 10.0; Win64; x64) AppleWebKit/537.36 (KHTML, like Gecko) Chrome/132.0.0.0 Safari/537.36"
157.230.36.199 - - [21/Jul/2026:21:27:27 +0200] "GET /.git/config HTTP/1.1" 404 83167 "http://cso-deprinsenhof.nl/.git/config" "Mozilla/5.0 (Windows NT 10.0; Win64; x64) AppleWebKit/537.36 (KHTML, like Gecko) Chrome/132.0.0.0 Safari/537.36"
66.249.68.3 - - [21/Jul/2026:21:29:29 +0200] "GET / HTTP/1.1" 200 128088 "-" "Mozilla/5.0 (compatible; Googlebot/2.1; +http://www.google.com/bot.html)"
2001:1690:2:4::1:118 - - [21/Jul/2026:21:31:30 +0200] "POST /wp-cron.php?doing_wp_cron=1784662290.2136709690093994140625 HTTP/1.1" 200 5532 "-" "WordPress/6.9.5; https://cso-deprinsenhof.nl"
52.167.144.23 - - [21/Jul/2026:21:31:29 +0200] "GET /schoolondersteuningsprofiel HTTP/1.1" 404 83137 "-" "Mozilla/5.0 AppleWebKit/537.36 (KHTML, like Gecko; compatible; bingbot/2.0; +http://www.bing.com/bingbot.htm) Chrome/116.0.1938.76 Safari/537.36"
2001:1690:2:4::1:118 - - [21/Jul/2026:21:40:44 +0200] "POST /wp-cron.php?doing_wp_cron=1784662844.7845430374145507812500 HTTP/1.1" 200 5532 "-" "WordPress/6.9.5; https://cso-deprinsenhof.nl"
54.211.226.193 - - [21/Jul/2026:21:40:44 +0200] "GET /robots.txt HTTP/1.1" 301 5560 "-" "Mozilla/5.0 (Macintosh; Intel Mac OS X 10_10_1) AppleWebKit/600.2.5 (KHTML, like Gecko) Version/8.0.2 Safari/600.2.5 (Gort)"
32.193.37.124 - - [21/Jul/2026:21:40:45 +0200] "GET /robots.txt HTTP/1.1" 200 5770 "-" "Mozilla/5.0 (Macintosh; Intel Mac OS X 10_10_1) AppleWebKit/600.2.5 (KHTML, like Gecko) Version/8.0.2 Safari/600.2.5 (Gort)"
2001:1690:2:4::1:118 - - [21/Jul/2026:21:44:31 +0200] "POST /wp-cron.php?doing_wp_cron=1784663071.9795620441436767578125 HTTP/1.1" 200 5532 "-" "WordPress/6.9.5; https://cso-deprinsenhof.nl"
51.195.244.133 - - [21/Jul/2026:21:44:31 +0200] "GET /sitemap_index.xml HTTP/1.1" 200 6042 "-" "Mozilla/5.0 (compatible; AhrefsBot/7.0; +http://ahrefs.com/robot/)"
51.195.215.28 - - [21/Jul/2026:21:44:33 +0200] "GET /page-sitemap.xml HTTP/1.1" 200 12155 "-" "Mozilla/5.0 (compatible; AhrefsBot/7.0; +http://ahrefs.com/robot/)"
20.97.227.207 - - [21/Jul/2026:21:44:33 +0200] "GET / HTTP/1.1" 403 22843 "-" "Mozlila/5.0 (Linux; Android 7.0; SM-G892A Bulid/NRD90M; wv) AppleWebKit/537.36 (KHTML, like Gecko) Version/4.0 Chrome/60.0.3112.107 Moblie Safari/537.36"
20.97.227.207 - - [21/Jul/2026:21:44:33 +0200] "GET /wp-content/themes/seotheme/db.php?u HTTP/1.1" 403 22843 "www.google.com" "Mozlila/5.0 (Linux; Android 7.0; SM-G892A Bulid/NRD90M; wv) AppleWebKit/537.36 (KHTML, like Gecko) Version/4.0 Chrome/60.0.3112.107 Moblie Safari/537.36"
20.97.227.207 - - [21/Jul/2026:21:44:33 +0200] "POST /ALFA_DATA/alfacgiapi/perl.alfa HTTP/1.1" 403 22843 "www.google.com" "Mozlila/5.0 (Linux; Android 7.0; SM-G892A Bulid/NRD90M; wv) AppleWebKit/537.36 (KHTML, like Gecko) Version/4.0 Chrome/60.0.3112.107 Moblie Safari/537.36"
20.97.227.207 - - [21/Jul/2026:21:44:33 +0200] "GET /wp-content/plugins/apikey/apikey.php?test=hello HTTP/1.1" 403 22843 "-" "Mozlila/5.0 (Linux; Android 7.0; SM-G892A Bulid/NRD90M; wv) AppleWebKit/537.36 (KHTML, like Gecko) Version/4.0 Chrome/60.0.3112.107 Moblie Safari/537.36"
2001:1690:2:4::1:118 - - [21/Jul/2026:21:44:33 +0200] "POST /?wordfence_syncAttackData=1784663073.8542 HTTP/1.1" 200 5474 "-" "WordPress/6.9.5; https://cso-deprinsenhof.nl"
20.97.227.207 - - [21/Jul/2026:21:44:34 +0200] "GET /wp-content/themes/seotheme/db.php?u HTTP/1.1" 403 22843 "www.google.com" "Mozlila/5.0 (Linux; Android 7.0; SM-G892A Bulid/NRD90M; wv) AppleWebKit/537.36 (KHTML, like Gecko) Version/4.0 Chrome/60.0.3112.107 Moblie Safari/537.36"
20.97.227.207 - - [21/Jul/2026:21:44:34 +0200] "GET /plugins/content/apismtp/apismtp.php?test=hello HTTP/1.1" 403 22843 "-" "Mozlila/5.0 (Linux; Android 7.0; SM-G892A Bulid/NRD90M; wv) AppleWebKit/537.36 (KHTML, like Gecko) Version/4.0 Chrome/60.0.3112.107 Moblie Safari/537.36"
20.97.227.207 - - [21/Jul/2026:21:44:33 +0200] "POST /wp-plain.php HTTP/1.1" 404 83185 "www.google.com" "Mozilla/5.0 (Linux; Android 7.0; SM-G892A Bulid/NRD90M; wv) AppleWebKit/537.36 (KHTML, like Gecko) Version/4.0 Chrome/60.0.3112.107 Moblie Safari/537.36"
20.97.227.207 - - [21/Jul/2026:21:44:34 +0200] "POST /alfacgiapi/perl.alfa HTTP/1.1" 403 22843 "www.google.com" "Mozlila/5.0 (Linux; Android 7.0; SM-G892A Bulid/NRD90M; wv) AppleWebKit/537.36 (KHTML, like Gecko) Version/4.0 Chrome/60.0.3112.107 Moblie Safari/537.36"
20.97.227.207 - - [21/Jul/2026:21:44:34 +0200] "GET /wp-content/plugins/apikey/apikey.php.suspected?test=hello HTTP/1.1" 403 22843 "-" "Mozlila/5.0 (Linux; Android 7.0; SM-G892A Bulid/NRD90M; wv) AppleWebKit/537.36 (KHTML, like Gecko) Version/4.0 Chrome/60.0.3112.107 Moblie Safari/537.36"
20.97.227.207 - - [21/Jul/2026:21:44:34 +0200] "GET /plugins/content/apismtp/apismtp.php.suspected?test=hello HTTP/1.1" 403 22843 "-" "Mozlila/5.0 (Linux; Android 7.0; SM-G892A Bulid/NRD90M; wv) AppleWebKit/537.36 (KHTML, like Gecko) Version/4.0 Chrome/60.0.3112.107 Moblie Safari/537.36"
51.89.129.162 - - [21/Jul/2026:21:44:34 +0200] "GET /fusion_tb_category-sitemap.xml HTTP/1.1" 200 6640 "-" "Mozilla/5.0 (compatible; AhrefsBot/7.0; +http://ahrefs.com/robot/)"
20.97.227.207 - - [21/Jul/2026:21:44:34 +0200] "GET /wdqqyhhj.php?Fox=d3wL7 HTTP/1.1" 404 83185 "www.google.com" "Mozilla/5.0 (Linux; Android 7.0; SM-G892A Bulid/NRD90M; wv) AppleWebKit/537.36 (KHTML, like Gecko) Version/4.0 Chrome/60.0.3112.107 Moblie Safari/537.36"
2001:1690:2:4::1:118 - - [21/Jul/2026:21:46:16 +0200] "POST /wp-cron.php?doing_wp_cron=1784663176.2792179584503173828125 HTTP/1.1" 200 5532 "-" "WordPress/6.9.5; https://cso-deprinsenhof.nl"
2001:1690:2:4::1:118 - - [21/Jul/2026:21:46:16 +0200] "POST /?wordfence_syncAttackData=1784663176.1131 HTTP/1.1" 200 5474 "-" "WordPress/6.9.5; https://cso-deprinsenhof.nl"
2001:1690:2:4::1:118 - - [21/Jul/2026:21:46:16 +0200] "POST /wp-cron.php?doing_wp_cron=1784663176.5170741081237792968750 HTTP/1.1" 200 5532 "-" "WordPress/6.9.5; https://cso-deprinsenhof.nl"
3.219.80.71 - - [21/Jul/2026:21:46:16 +0200] "GET /wp-json/wp/v2/pages/279 HTTP/1.1" 200 29836 "-" "Mozilla/5.0 AppleWebKit/537.36 (KHTML, like Gecko; compatible; Amazonbot/0.1; +https://developer.amazon.com/support/amazonbot) Chrome/119.0.6045.214 Safari/537.36"
2401:4900:be89:d4d1:1dd6:a950:1a5e:38e4 - - [21/Jul/2026:21:47:36 +0200] "POST /xmlrpc.php HTTP/1.1" 503 24988 "-" "Jetpack by WordPress.com (Jetpack 12.1; WordPress 6.2)"
2401:4900:be89:d4d1:1dd6:a950:1a5e:38e4 - - [21/Jul/2026:21:47:46 +0200] "POST /xmlrpc.php HTTP/1.1" 503 23918 "-" "Jetpack by WordPress.com"
2401:4900:be89:d4d1:1dd6:a950:1a5e:38e4 - - [21/Jul/2026:21:47:57 +0200] "POST /xmlrpc.php HTTP/1.1" 503 23918 "-" "Jetpack by WordPress.com"
2401:4900:be89:d4d1:1dd6:a950:1a5e:38e4 - - [21/Jul/2026:21:48:08 +0200] "POST /xmlrpc.php HTTP/1.1" 503 23918 "-" "Jetpack/12.0; WordPress/6.1; http://site77514506.com"
2401:4900:be89:d4d1:1dd6:a950:1a5e:38e4 - - [21/Jul/2026:21:48:18 +0200] "POST /xmlrpc.php HTTP/1.1" 503 23918 "-" "Jetpack/13.0; WordPress/6.1; http://site83716203.com"
2401:4900:be89:d4d1:1dd6:a950:1a5e:38e4 - - [21/Jul/2026:21:48:29 +0200] "POST /xmlrpc.php HTTP/1.1" 503 23918 "-" "Jetpack/13.0; WordPress/6.4; http://site20758760.com"
2401:4900:be89:d4d1:1dd6:a950:1a5e:38e4 - - [21/Jul/2026:21:48:39 +0200] "POST /xmlrpc.php HTTP/1.1" 503 23918 "-" "Jetpack/12.0; WordPress/6.3; http://site52396271.com"
2401:4900:be89:d4d1:1dd6:a950:1a5e:38e4 - - [21/Jul/2026:21:48:50 +0200] "POST /xmlrpc.php HTTP/1.1" 503 23918 "-" "WordPress.com; https://wordpress.com"
2401:4900:be89:d4d1:1dd6:a950:1a5e:38e4 - - [21/Jul/2026:21:49:01 +0200] "POST /xmlrpc.php HTTP/1.1" 503 23918 "-" "Jetpack/12.1; WordPress/6.4; http://site32092495.com"
2401:4900:be89:d4d1:1dd6:a950:1a5e:38e4 - - [21/Jul/2026:21:49:11 +0200] "POST /xmlrpc.php HTTP/1.1" 503 23918 "-" "WordPress.com; https://wordpress.com"
2401:4900:be89:d4d1:1dd6:a950:1a5e:38e4 - - [21/Jul/2026:21:49:22 +0200] "POST /xmlrpc.php HTTP/1.1" 503 23918 "-" "Jetpack/12.1; WordPress/6.2; http://site58148988.com"
2401:4900:be89:d4d1:1dd6:a950:1a5e:38e4 - - [21/Jul/2026:21:49:33 +0200] "POST /xmlrpc.php HTTP/1.1" 503 23918 "-" "Jetpack by WordPress.com"
2401:4900:be89:d4d1:1dd6:a950:1a5e:38e4 - - [21/Jul/2026:21:49:43 +0200] "POST /xmlrpc.php HTTP/1.1" 503 23918 "-" "Jetpack/12.1; WordPress/6.2; http://site74953099.com"
2401:4900:be89:d4d1:1dd6:a950:1a5e:38e4 - - [21/Jul/2026:21:49:54 +0200] "POST /xmlrpc.php HTTP/1.1" 503 23918 "-" "Jetpack by WordPress.com (Jetpack 12.1; WordPress 6.3)"
2401:4900:be89:d4d1:1dd6:a950:1a5e:38e4 - - [21/Jul/2026:21:50:04 +0200] "POST /xmlrpc.php HTTP/1.1" 503 23918 "-" "Jetpack by WordPress.com (Jetpack 12.5; WordPress 6.3)"
2001:1690:2:4::1:118 - - [21/Jul/2026:21:50:14 +0200] "POST /wp-cron.php?doing_wp_cron=1784663414.9630510807037353515625 HTTP/1.1" 200 5532 "-" "WordPress/6.9.5; https://cso-deprinsenhof.nl"
2001:1690:2:4::1:118 - - [21/Jul/2026:21:50:14 +0200] "POST /?wordfence_syncAttackData=1784663414.7917 HTTP/1.1" 200 5474 "-" "WordPress/6.9.5; https://cso-deprinsenhof.nl"
2001:1690:2:4::1:118 - - [21/Jul/2026:21:50:15 +0200] "GET /wp-content/uploads/2025/07/boog-onder.svg HTTP/1.1" 200 6041 "-" "-"
2001:1690:2:4::1:118 - - [21/Jul/2026:21:50:15 +0200] "POST /wp-cron.php?doing_wp_cron=1784663415.2688670158386230468750 HTTP/1.1" 200 5532 "-" "WordPress/6.9.5; https://cso-deprinsenhof.nl"
46.182.216.228 - - [21/Jul/2026:21:50:14 +0200] "GET / HTTP/1.1" 200 128256 "-" "Mozilla/5.0 (Windows NT 10.0; Win64; x64) AppleWebKit/537.36 (KHTML, like Gecko) Chrome/142.0.0.0 Safari/537.36"
2401:4900:be89:d4d1:1dd6:a950:1a5e:38e4 - - [21/Jul/2026:21:50:15 +0200] "POST /xmlrpc.php HTTP/1.1" 503 23918 "-" "Jetpack by WordPress.com"
46.182.216.228 - - [21/Jul/2026:21:50:15 +0200] "GET /contact/ HTTP/1.1" 200 85589 "-" "Mozilla/5.0 (Windows NT 10.0; Win64; x64) AppleWebKit/537.36 (KHTML, like Gecko) Chrome/142.0.0.0 Safari/537.36"
46.182.216.228 - - [21/Jul/2026:21:50:17 +0200] "GET / HTTP/1.1" 200 128256 "-" "Mozilla/5.0 (Windows NT 10.0; Win64; x64) AppleWebKit/537.36 (KHTML, like Gecko) Chrome/142.0.0.0 Safari/537.36"
46.182.216.228 - - [21/Jul/2026:21:50:18 +0200] "GET /contact/ HTTP/1.1" 200 85589 "-" "Mozilla/5.0 (Windows NT 10.0; Win64; x64) AppleWebKit/537.36 (KHTML, like Gecko) Chrome/142.0.0.0 Safari/537.36"
2401:4900:be89:d4d1:1dd6:a950:1a5e:38e4 - - [21/Jul/2026:21:50:26 +0200] "POST /xmlrpc.php HTTP/1.1" 503 23918 "-" "WordPress.com; https://wordpress.com"
2401:4900:be89:d4d1:1dd6:a950:1a5e:38e4 - - [21/Jul/2026:21:50:36 +0200] "POST /xmlrpc.php HTTP/1.1" 503 23918 "-" "WordPress.com; https://wordpress.com"
2401:4900:be89:d4d1:1dd6:a950:1a5e:38e4 - - [21/Jul/2026:21:50:47 +0200] "POST /xmlrpc.php HTTP/1.1" 503 23918 "-" "WordPress.com; https://wordpress.com"
2401:4900:be89:d4d1:1dd6:a950:1a5e:38e4 - - [21/Jul/2026:21:50:57 +0200] "POST /xmlrpc.php HTTP/1.1" 503 23918 "-" "Jetpack/13.0; WordPress/6.3; http://site13968807.com"
2401:4900:be89:d4d1:1dd6:a950:1a5e:38e4 - - [21/Jul/2026:21:51:08 +0200] "POST /xmlrpc.php HTTP/1.1" 503 23918 "-" "WordPress.com; https://wordpress.com"
2001:1c00:c283:ab00:19f8:2d75:555d:fd40 - - [21/Jul/2026:21:51:17 +0200] "GET / HTTP/1.1" 200 128070 "-" "Mozilla/5.0 (iPhone; CPU iPhone OS 18_7 like Mac OS X) AppleWebKit/605.1.15 (KHTML, like Gecko) Version/26.5.2 Mobile/15E148 Safari/604.1"
2001:1c00:c283:ab00:19f8:2d75:555d:fd40 - - [21/Jul/2026:21:51:17 +0200] "GET /wp-content/uploads/fusion-styles/4dff08bfd85c24e6fc2e0df4059bb1a7.min.css?ver=3.14.2 HTTP/1.1" 200 5577 "https://cso-deprinsenhof.nl/" "Mozilla/5.0 (iPhone; CPU iPhone OS 18_7 like Mac OS X) AppleWebKit/605.1.15 (KHTML, like Gecko) Version/26.5.2 Mobile/15E148 Safari/604.1"
2001:1c00:c283:ab00:19f8:2d75:555d:fd40 - - [21/Jul/2026:21:51:17 +0200] "GET /wp-content/uploads/2025/07/Schermafbeelding-2020-06-19-om-12.45.32.png HTTP/1.1" 200 5575 "https://cso-deprinsenhof.nl/" "Mozilla/5.0 (iPhone; CPU iPhone OS 18_7 like Mac OS X) AppleWebKit/605.1.15 (KHTML, like Gecko) Version/26.5.2 Mobile/15E148 Safari/604.1"
2001:1c00:c283:ab00:19f8:2d75:555d:fd40 - - [21/Jul/2026:21:51:18 +0200] "GET /wp-includes/js/wp-emoji-release.min.js?ver=f314ca68cccfe34ad07f66cce3b84d20 HTTP/1.1" 200 5524 "https://cso-deprinsenhof.nl/" "Mozilla/5.0 (iPhone; CPU iPhone OS 18_7 like Mac OS X) AppleWebKit/605.1.15 (KHTML, like Gecko) Version/26.5.2 Mobile/15E148 Safari/604.1"
2401:4900:be89:d4d1:1dd6:a950:1a5e:38e4 - - [21/Jul/2026:21:51:18 +0200] "POST /xmlrpc.php HTTP/1.1" 503 23918 "-" "Jetpack by WordPress.com"
2401:4900:be89:d4d1:1dd6:a950:1a5e:38e4 - - [21/Jul/2026:21:51:29 +0200] "POST /xmlrpc.php HTTP/1.1" 503 23918 "-" "Jetpack/12.5; WordPress/6.3; http://site87389470.com"
2401:4900:be89:d4d1:1dd6:a950:1a5e:38e4 - - [21/Jul/2026:21:51:40 +0200] "POST /xmlrpc.php HTTP/1.1" 503 23918 "-" "Jetpack by WordPress.com (Jetpack 13.0; WordPress 6.4)"
2401:4900:be89:d4d1:1dd6:a950:1a5e:38e4 - - [21/Jul/2026:21:51:51 +0200] "POST /xmlrpc.php HTTP/1.1" 503 23918 "-" "Jetpack by WordPress.com (Jetpack 12.0; WordPress 6.4)"
2401:4900:be89:d4d1:1dd6:a950:1a5e:38e4 - - [21/Jul/2026:21:52:01 +0200] "POST /xmlrpc.php HTTP/1.1" 503 23918 "-" "Jetpack/12.5; WordPress/6.4; http://site41807511.com"
2401:4900:be89:d4d1:1dd6:a950:1a5e:38e4 - - [21/Jul/2026:21:52:12 +0200] "POST /xmlrpc.php HTTP/1.1" 503 23918 "-" "Jetpack by WordPress.com"
2401:4900:be89:d4d1:1dd6:a950:1a5e:38e4 - - [21/Jul/2026:21:52:23 +0200] "POST /xmlrpc.php HTTP/1.1" 503 23918 "-" "Jetpack by WordPress.com (Jetpack 13.0; WordPress 6.3)"
2401:4900:be89:d4d1:1dd6:a950:1a5e:38e4 - - [21/Jul/2026:21:52:33 +0200] "POST /xmlrpc.php HTTP/1.1" 503 23918 "-" "Jetpack/12.1; WordPress/6.1; http://site80073800.com"
2401:4900:be89:d4d1:1dd6:a950:1a5e:38e4 - - [21/Jul/2026:21:52:44 +0200] "POST /xmlrpc.php HTTP/1.1" 503 23918 "-" "Jetpack by WordPress.com (Jetpack 12.0; WordPress 6.2)"
2401:4900:be89:d4d1:1dd6:a950:1a5e:38e4 - - [21/Jul/2026:21:52:54 +0200] "POST /xmlrpc.php HTTP/1.1" 503 23918 "-" "Jetpack by WordPress.com (Jetpack 12.0; WordPress 6.3)"
2401:4900:be89:d4d1:1dd6:a950:1a5e:38e4 - - [21/Jul/2026:21:53:05 +0200] "POST /xmlrpc.php HTTP/1.1" 503 23918 "-" "Jetpack/12.1; WordPress/6.3; http://site79754635.com"
2401:4900:be89:d4d1:1dd6:a950:1a5e:38e4 - - [21/Jul/2026:21:53:16 +0200] "POST /xmlrpc.php HTTP/1.1" 503 23918 "-" "WordPress.com; https://wordpress.com"
2401:4900:be89:d4d1:1dd6:a950:1a5e:38e4 - - [21/Jul/2026:21:53:26 +0200] "POST /xmlrpc.php HTTP/1.1" 503 23918 "-" "WordPress.com; https://wordpress.com"
2401:4900:be89:d4d1:1dd6:a950:1a5e:38e4 - - [21/Jul/2026:21:53:37 +0200] "POST /xmlrpc.php HTTP/1.1" 503 23918 "-" "Jetpack by WordPress.com (Jetpack 12.5; WordPress 6.4)"
2401:4900:be89:d4d1:1dd6:a950:1a5e:38e4 - - [21/Jul/2026:21:53:47 +0200] "POST /xmlrpc.php HTTP/1.1" 503 23918 "-" "Jetpack by WordPress.com (Jetpack 12.1; WordPress 6.2)"
2401:4900:be89:d4d1:1dd6:a950:1a5e:38e4 - - [21/Jul/2026:21:53:58 +0200] "POST /xmlrpc.php HTTP/1.1" 503 23918 "-" "Jetpack by WordPress.com"
2401:4900:be89:d4d1:1dd6:a950:1a5e:38e4 - - [21/Jul/2026:21:54:09 +0200] "POST /xmlrpc.php HTTP/1.1" 503 23918 "-" "Jetpack by WordPress.com (Jetpack 12.0; WordPress 6.1)"
2401:4900:be89:d4d1:1dd6:a950:1a5e:38e4 - - [21/Jul/2026:21:54:19 +0200] "POST /xmlrpc.php HTTP/1.1" 503 23918 "-" "WordPress.com; https://wordpress.com"
2401:4900:be89:d4d1:1dd6:a950:1a5e:38e4 - - [21/Jul/2026:21:54:30 +0200] "POST /xmlrpc.php HTTP/1.1" 503 23918 "-" "Jetpack by WordPress.com (Jetpack 12.1; WordPress 6.1)"
2001:1690:2:4::1:118 - - [21/Jul/2026:21:54:35 +0200] "POST /wp-cron.php?doing_wp_cron=1784663675.8947799205780029296875 HTTP/1.1" 200 5532 "-" "WordPress/6.9.5; https://cso-deprinsenhof.nl"
2001:1690:2:4::1:118 - - [21/Jul/2026:21:54:35 +0200] "POST /?wordfence_syncAttackData=1784663675.7041 HTTP/1.1" 200 5474 "-" "WordPress/6.9.5; https://cso-deprinsenhof.nl"
2001:1690:2:4::1:118 - - [21/Jul/2026:21:54:36 +0200] "POST /wp-cron.php?doing_wp_cron=1784663676.0368950366973876953125 HTTP/1.1" 200 5532 "-" "WordPress/6.9.5; https://cso-deprinsenhof.nl"
216.73.216.245 - - [21/Jul/2026:21:54:35 +0200] "GET /robots.txt HTTP/1.1" 301 5530 "-" "Mozilla/5.0 AppleWebKit/537.36 (KHTML, like Gecko; compatible; ClaudeBot/1.0; +claudebot@anthropic.com)"
216.73.216.245 - - [21/Jul/2026:21:54:37 +0200] "GET /robots.txt HTTP/1.1" 200 5740 "https://www.cso-deprinsenhof.nl/robots.txt" "Mozilla/5.0 AppleWebKit/537.36 (KHTML, like Gecko; compatible; ClaudeBot/1.0; +claudebot@anthropic.com)"
216.73.216.245 - - [21/Jul/2026:21:54:37 +0200] "GET / HTTP/1.1" 301 5520 "-" "Mozilla/5.0 AppleWebKit/537.36 (KHTML, like Gecko; compatible; ClaudeBot/1.0; +claudebot@anthropic.com)"
216.73.216.245 - - [21/Jul/2026:21:54:38 +0200] "GET / HTTP/1.1" 200 128070 "https://www.cso-deprinsenhof.nl/" "Mozilla/5.0 AppleWebKit/537.36 (KHTML, like Gecko; compatible; ClaudeBot/1.0; +claudebot@anthropic.com)"
2401:4900:be89:d4d1:1dd6:a950:1a5e:38e4 - - [21/Jul/2026:21:54:41 +0200] "POST /xmlrpc.php HTTP/1.1" 503 23918 "-" "Jetpack by WordPress.com (Jetpack 13.0; WordPress 6.2)"
2401:4900:be89:d4d1:1dd6:a950:1a5e:38e4 - - [21/Jul/2026:21:54:51 +0200] "POST /xmlrpc.php HTTP/1.1" 503 23918 "-" "Jetpack/12.0; WordPress/6.2; http://site88030095.com"
2401:4900:be89:d4d1:1dd6:a950:1a5e:38e4 - - [21/Jul/2026:21:55:02 +0200] "POST /xmlrpc.php HTTP/1.1" 503 23918 "-" "Jetpack/13.0; WordPress/6.2; http://site77420337.com"
2401:4900:be89:d4d1:1dd6:a950:1a5e:38e4 - - [21/Jul/2026:21:55:13 +0200] "POST /xmlrpc.php HTTP/1.1" 503 23918 "-" "WordPress.com; https://wordpress.com"
64.89.163.68 - - [21/Jul/2026:21:55:22 +0200] "POST /ALFA_DATA/alfacgiapi/perl.alfa HTTP/1.1" 403 22843 "www.google.com" "Mozlila/5.0 (Linux; Android 7.0; SM-G892A Bulid/NRD90M; wv) AppleWebKit/537.36 (KHTML, like Gecko) Version/4.0 Chrome/60.0.3112.107 Moblie Safari/537.36"
64.89.163.68 - - [21/Jul/2026:21:55:22 +0200] "GET /wp-content/themes/seotheme/db.php?u HTTP/1.1" 403 22843 "www.google.com" "Mozlila/5.0 (Linux; Android 7.0; SM-G892A Bulid/NRD90M; wv) AppleWebKit/537.36 (KHTML, like Gecko) Version/4.0 Chrome/60.0.3112.107 Moblie Safari/537.36"
64.89.163.68 - - [21/Jul/2026:21:55:22 +0200] "GET / HTTP/1.1" 403 22843 "-" "Mozlila/5.0 (Linux; Android 7.0; SM-G892A Bulid/NRD90M; wv) AppleWebKit/537.36 (KHTML, like Gecko) Version/4.0 Chrome/60.0.3112.107 Moblie Safari/537.36"
64.89.163.68 - - [21/Jul/2026:21:55:23 +0200] "GET /wp-content/plugins/apikey/apikey.php?test=hello HTTP/1.1" 403 22843 "-" "Mozlila/5.0 (Linux; Android 7.0; SM-G892A Bulid/NRD90M; wv) AppleWebKit/537.36 (KHTML, like Gecko) Version/4.0 Chrome/60.0.3112.107 Moblie Safari/537.36"
64.89.163.68 - - [21/Jul/2026:21:55:23 +0200] "GET /wp-content/themes/seotheme/db.php?u HTTP/1.1" 403 22843 "www.google.com" "Mozlila/5.0 (Linux; Android 7.0; SM-G892A Bulid/NRD90M; wv) AppleWebKit/537.36 (KHTML, like Gecko) Version/4.0 Chrome/60.0.3112.107 Moblie Safari/537.36"
64.89.163.68 - - [21/Jul/2026:21:55:23 +0200] "GET /plugins/content/apismtp/apismtp.php?test=hello HTTP/1.1" 403 22843 "-" "Mozlila/5.0 (Linux; Android 7.0; SM-G892A Bulid/NRD90M; wv) AppleWebKit/537.36 (KHTML, like Gecko) Version/4.0 Chrome/60.0.3112.107 Moblie Safari/537.36"
64.89.163.68 - - [21/Jul/2026:21:55:23 +0200] "GET /wp-content/plugins/apikey/apikey.php.suspected?test=hello HTTP/1.1" 403 22843 "-" "Mozlila/5.0 (Linux; Android 7.0; SM-G892A Bulid/NRD90M; wv) AppleWebKit/537.36 (KHTML, like Gecko) Version/4.0 Chrome/60.0.3112.107 Moblie Safari/537.36"
64.89.163.68 - - [21/Jul/2026:21:55:23 +0200] "GET /plugins/content/apismtp/apismtp.php.suspected?test=hello HTTP/1.1" 403 22843 "-" "Mozlila/5.0 (Linux; Android 7.0; SM-G892A Bulid/NRD90M; wv) AppleWebKit/537.36 (KHTML, like Gecko) Version/4.0 Chrome/60.0.3112.107 Moblie Safari/537.36"
2401:4900:be89:d4d1:1dd6:a950:1a5e:38e4 - - [21/Jul/2026:21:55:23 +0200] "POST /xmlrpc.php HTTP/1.1" 503 23918 "-" "Jetpack by WordPress.com"
2001:1690:2:4::1:118 - - [21/Jul/2026:21:55:23 +0200] "POST /?wordfence_syncAttackData=1784663723.6395 HTTP/1.1" 200 5474 "-" "WordPress/6.9.5; https://cso-deprinsenhof.nl"
64.89.163.68 - - [21/Jul/2026:21:55:24 +0200] "POST /alfacgiapi/perl.alfa HTTP/1.1" 403 22843 "www.google.com" "Mozlila/5.0 (Linux; Android 7.0; SM-G892A Bulid/NRD90M; wv) AppleWebKit/537.36 (KHTML, like Gecko) Version/4.0 Chrome/60.0.3112.107 Moblie Safari/537.36"
64.89.163.68 - - [21/Jul/2026:21:55:23 +0200] "POST /wp-plain.php HTTP/1.1" 404 83185 "www.google.com" "Mozilla/5.0 (Linux; Android 7.0; SM-G892A Bulid/NRD90M; wv) AppleWebKit/537.36 (KHTML, like Gecko) Version/4.0 Chrome/60.0.3112.107 Moblie Safari/537.36"
64.89.163.68 - - [21/Jul/2026:21:55:23 +0200] "GET /wp-content/plugins/fix/up.php HTTP/1.1" 404 83167 "-" "Mozilla/5.0 (Windows NT 10.0; Win64; x64) AppleWebKit/537.36 (KHTML, like Gecko) Chrome/85.0.4183.102 Safari/537.36"
64.89.163.68 - - [21/Jul/2026:21:55:25 +0200] "GET /wthuunqx.php?Fox=d3wL7 HTTP/1.1" 404 83185 "www.google.com" "Mozilla/5.0 (Linux; Android 7.0; SM-G892A Bulid/NRD90M; wv) AppleWebKit/537.36 (KHTML, like Gecko) Version/4.0 Chrome/60.0.3112.107 Moblie Safari/537.36"
2401:4900:be89:d4d1:1dd6:a950:1a5e:38e4 - - [21/Jul/2026:21:55:34 +0200] "POST /xmlrpc.php HTTP/1.1" 503 23918 "-" "Jetpack by WordPress.com"
2401:4900:be89:d4d1:1dd6:a950:1a5e:38e4 - - [21/Jul/2026:21:55:44 +0200] "POST /xmlrpc.php HTTP/1.1" 503 23918 "-" "Jetpack by WordPress.com (Jetpack 12.0; WordPress 6.1)"
2401:4900:be89:d4d1:1dd6:a950:1a5e:38e4 - - [21/Jul/2026:21:55:55 +0200] "POST /xmlrpc.php HTTP/1.1" 503 23918 "-" "Jetpack/12.0; WordPress/6.3; http://site96162248.com"
2001:1c00:c40a:fc00:e92c:18fc:2ccf:311 - - [21/Jul/2026:21:56:02 +0200] "GET / HTTP/1.1" 200 128070 "https://www.google.com/" "Mozilla/5.0 (iPhone; CPU iPhone OS 18_7 like Mac OS X) AppleWebKit/605.1.15 (KHTML, like Gecko) Version/26.5 Mobile/15E148 Safari/604.1"
