2001:1690:2:4::1:118 - - [20/Jul/2026:08:40:09 +0200] "POST /wp-cron.php?doing_wp_cron=1784529609.6346158981323242187500 HTTP/1.1" 200 5532 "-" "WordPress/6.9.5; https://cso-deprinsenhof.nl"
216.244.66.233 - - [20/Jul/2026:08:40:09 +0200] "GET /leefregels HTTP/1.1" 301 5642 "-" "Mozilla/5.0 (compatible; DotBot/1.2; +https://opensiteexplorer.org/dotbot; help@moz.com)"
216.244.66.233 - - [20/Jul/2026:08:40:14 +0200] "GET /welkom.html HTTP/1.1" 301 5643 "-" "Mozilla/5.0 (compatible; DotBot/1.2; +https://opensiteexplorer.org/dotbot; help@moz.com)"
2001:1690:2:4::1:118 - - [20/Jul/2026:08:40:19 +0200] "GET /wp-content/uploads/2025/07/boog-onder.svg HTTP/1.1" 200 6041 "-" "-"
216.244.66.233 - - [20/Jul/2026:08:40:19 +0200] "GET /ouders-verzorgers/aanvragen-extra-verlof/ HTTP/1.1" 200 92122 "-" "Mozilla/5.0 (compatible; DotBot/1.2; +https://opensiteexplorer.org/dotbot; help@moz.com)"
2001:1690:2:4::1:118 - - [20/Jul/2026:08:42:20 +0200] "POST /wp-cron.php?doing_wp_cron=1784529739.9890210628509521484375 HTTP/1.1" 200 5532 "-" "WordPress/6.9.5; https://cso-deprinsenhof.nl"
44.208.214.205 - - [20/Jul/2026:08:42:19 +0200] "GET /robots.txt HTTP/1.1" 301 5560 "-" "Mozilla/5.0 (Macintosh; Intel Mac OS X 10_10_1) AppleWebKit/600.2.5 (KHTML, like Gecko) Version/8.0.2 Safari/600.2.5 (Gort)"
44.218.76.9 - - [20/Jul/2026:08:42:20 +0200] "GET /robots.txt HTTP/1.1" 200 5770 "-" "Mozilla/5.0 (Macintosh; Intel Mac OS X 10_10_1) AppleWebKit/600.2.5 (KHTML, like Gecko) Version/8.0.2 Safari/600.2.5 (Gort)"
185.216.20.148 - - [20/Jul/2026:08:42:56 +0200] "GET /contact HTTP/1.1" 301 5558 "-" "Mozilla/5.0 (Windows NT 10.0; Win64; x64) AppleWebKit/537.36 (KHTML, like Gecko) Chrome/149.0.7827.55 Safari/537.36"
185.216.20.148 - - [20/Jul/2026:08:42:56 +0200] "GET /contact/ HTTP/1.1" 200 85589 "-" "Mozilla/5.0 (Windows NT 10.0; Win64; x64) AppleWebKit/537.36 (KHTML, like Gecko) Chrome/149.0.7827.55 Safari/537.36"
185.216.20.148 - - [20/Jul/2026:08:42:57 +0200] "GET /wp-content/uploads/fusion-styles/7f2dacbaa3e10bd591d6d7513d1b1a6b.min.css?ver=3.14.2 HTTP/1.1" 200 5577 "https://cso-deprinsenhof.nl/contact/" "Mozilla/5.0 (Windows NT 10.0; Win64; x64) AppleWebKit/537.36 (KHTML, like Gecko) Chrome/149.0.7827.55 Safari/537.36"
185.216.20.148 - - [20/Jul/2026:08:42:57 +0200] "GET / HTTP/1.1" 200 128088 "-" "Mozilla/5.0 (Windows NT 10.0; Win64; x64) AppleWebKit/537.36 (KHTML, like Gecko) Chrome/149.0.7827.55 Safari/537.36"
185.216.20.148 - - [20/Jul/2026:08:42:59 +0200] "GET /wp-content/uploads/fusion-scripts/fe16a7e9815beaee0d6daa830e467322.min.js?ver=3.14.2 HTTP/1.1" 200 5591 "https://cso-deprinsenhof.nl/contact/" "Mozilla/5.0 (Windows NT 10.0; Win64; x64) AppleWebKit/537.36 (KHTML, like Gecko) Chrome/149.0.7827.55 Safari/537.36"
185.216.20.148 - - [20/Jul/2026:08:42:59 +0200] "GET /wp-includes/js/jquery/jquery.min.js?ver=3.7.1 HTTP/1.1" 200 5521 "https://cso-deprinsenhof.nl/contact/" "Mozilla/5.0 (Windows NT 10.0; Win64; x64) AppleWebKit/537.36 (KHTML, like Gecko) Chrome/149.0.7827.55 Safari/537.36"
185.216.20.148 - - [20/Jul/2026:08:42:59 +0200] "GET /wp-content/uploads/fusion-styles/4dff08bfd85c24e6fc2e0df4059bb1a7.min.css?ver=3.14.2 HTTP/1.1" 200 5577 "https://cso-deprinsenhof.nl/" "Mozilla/5.0 (Windows NT 10.0; Win64; x64) AppleWebKit/537.36 (KHTML, like Gecko) Chrome/149.0.7827.55 Safari/537.36"
185.216.20.148 - - [20/Jul/2026:08:42:59 +0200] "GET /wp-includes/js/jquery/jquery.min.js?ver=3.7.1 HTTP/1.1" 200 5521 "https://cso-deprinsenhof.nl/" "Mozilla/5.0 (Windows NT 10.0; Win64; x64) AppleWebKit/537.36 (KHTML, like Gecko) Chrome/149.0.7827.55 Safari/537.36"
185.216.20.148 - - [20/Jul/2026:08:42:59 +0200] "GET /wp-content/uploads/2025/07/Schermafbeelding-2020-06-19-om-12.45.32.png HTTP/1.1" 200 5575 "https://cso-deprinsenhof.nl/" "Mozilla/5.0 (Windows NT 10.0; Win64; x64) AppleWebKit/537.36 (KHTML, like Gecko) Chrome/149.0.7827.55 Safari/537.36"
185.216.20.148 - - [20/Jul/2026:08:42:59 +0200] "GET /wp-content/uploads/fusion-scripts/409f3d9b6ae5a62f1c2d4456e7952c90.min.js?ver=3.14.2 HTTP/1.1" 200 5591 "https://cso-deprinsenhof.nl/" "Mozilla/5.0 (Windows NT 10.0; Win64; x64) AppleWebKit/537.36 (KHTML, like Gecko) Chrome/149.0.7827.55 Safari/537.36"
185.216.20.148 - - [20/Jul/2026:08:43:03 +0200] "GET /wp-content/themes/Avada/includes/lib/assets/fonts/fontawesome/webfonts/fa-solid-900.woff2 HTTP/1.1" 200 5595 "https://cso-deprinsenhof.nl/wp-content/uploads/fusion-styles/7f2dacbaa3e10bd591d6d7513d1b1a6b.min.css?ver=3.14.2" "Mozilla/5.0 (Windows NT 10.0; Win64; x64) AppleWebKit/537.36 (KHTML, like Gecko) Chrome/149.0.7827.55 Safari/537.36"
185.216.20.148 - - [20/Jul/2026:08:43:03 +0200] "GET /wp-content/themes/Avada/includes/lib/assets/fonts/fontawesome/webfonts/fa-regular-400.woff2 HTTP/1.1" 200 5597 "https://cso-deprinsenhof.nl/wp-content/uploads/fusion-styles/7f2dacbaa3e10bd591d6d7513d1b1a6b.min.css?ver=3.14.2" "Mozilla/5.0 (Windows NT 10.0; Win64; x64) AppleWebKit/537.36 (KHTML, like Gecko) Chrome/149.0.7827.55 Safari/537.36"
185.216.20.148 - - [20/Jul/2026:08:43:03 +0200] "GET /wp-content/themes/Avada/includes/lib/assets/fonts/icomoon/awb-icons.woff HTTP/1.1" 200 5577 "https://cso-deprinsenhof.nl/wp-content/uploads/fusion-styles/7f2dacbaa3e10bd591d6d7513d1b1a6b.min.css?ver=3.14.2" "Mozilla/5.0 (Windows NT 10.0; Win64; x64) AppleWebKit/537.36 (KHTML, like Gecko) Chrome/149.0.7827.55 Safari/537.36"
216.244.66.233 - - [20/Jul/2026:08:43:08 +0200] "GET /resize/800/600/media/photoalbums/52/20170202110637.jpg HTTP/1.1" 301 5686 "-" "Mozilla/5.0 (compatible; DotBot/1.2; +https://opensiteexplorer.org/dotbot; help@moz.com)"
185.216.20.148 - - [20/Jul/2026:08:43:22 +0200] "GET /wp-content/uploads/2020/06/De-Prinsenhof_final_web-2.mp4 HTTP/1.1" 200 5529 "https://cso-deprinsenhof.nl/" "Mozilla/5.0 (Windows NT 10.0; Win64; x64) AppleWebKit/537.36 (KHTML, like Gecko) Chrome/149.0.7827.55 Safari/537.36"
185.216.20.148 - - [20/Jul/2026:08:43:24 +0200] "GET /wp-content/uploads/2025/07/logo-de-Prinsenhof.svg HTTP/1.1" 200 5558 "https://cso-deprinsenhof.nl/contact/" "Mozilla/5.0 (Windows NT 10.0; Win64; x64) AppleWebKit/537.36 (KHTML, like Gecko) Chrome/149.0.7827.55 Safari/537.36"
185.216.20.148 - - [20/Jul/2026:08:43:24 +0200] "GET /wp-content/uploads/2025/07/Kernwaarden-scaled-e1752073802858-400x503.jpg HTTP/1.1" 200 5578 "https://cso-deprinsenhof.nl/contact/" "Mozilla/5.0 (Windows NT 10.0; Win64; x64) AppleWebKit/537.36 (KHTML, like Gecko) Chrome/149.0.7827.55 Safari/537.36"
185.216.20.148 - - [20/Jul/2026:08:43:26 +0200] "GET /wp-includes/js/wp-emoji-release.min.js?ver=f314ca68cccfe34ad07f66cce3b84d20 HTTP/1.1" 200 5524 "https://cso-deprinsenhof.nl/contact/" "Mozilla/5.0 (Windows NT 10.0; Win64; x64) AppleWebKit/537.36 (KHTML, like Gecko) Chrome/149.0.7827.55 Safari/537.36"
185.216.20.148 - - [20/Jul/2026:08:43:26 +0200] "GET /wp-content/themes/Avada/includes/lib/assets/fonts/fontawesome/webfonts/fa-solid-900.woff2 HTTP/1.1" 200 5595 "https://cso-deprinsenhof.nl/wp-content/uploads/fusion-styles/4dff08bfd85c24e6fc2e0df4059bb1a7.min.css?ver=3.14.2" "Mozilla/5.0 (Windows NT 10.0; Win64; x64) AppleWebKit/537.36 (KHTML, like Gecko) Chrome/149.0.7827.55 Safari/537.36"
185.216.20.148 - - [20/Jul/2026:08:43:26 +0200] "GET /wp-content/themes/Avada/includes/lib/assets/fonts/icomoon/awb-icons.woff HTTP/1.1" 200 5577 "https://cso-deprinsenhof.nl/wp-content/uploads/fusion-styles/4dff08bfd85c24e6fc2e0df4059bb1a7.min.css?ver=3.14.2" "Mozilla/5.0 (Windows NT 10.0; Win64; x64) AppleWebKit/537.36 (KHTML, like Gecko) Chrome/149.0.7827.55 Safari/537.36"
185.216.20.148 - - [20/Jul/2026:08:43:30 +0200] "GET /wp-content/themes/Avada/includes/lib/assets/fonts/fontawesome/webfonts/fa-regular-400.woff2 HTTP/1.1" 200 5597 "https://cso-deprinsenhof.nl/wp-content/uploads/fusion-styles/4dff08bfd85c24e6fc2e0df4059bb1a7.min.css?ver=3.14.2" "Mozilla/5.0 (Windows NT 10.0; Win64; x64) AppleWebKit/537.36 (KHTML, like Gecko) Chrome/149.0.7827.55 Safari/537.36"
185.216.20.148 - - [20/Jul/2026:08:43:32 +0200] "GET /wp-content/uploads/2020/06/De-Prinsenhof_final_web-2.mp4 HTTP/1.1" 200 5529 "https://cso-deprinsenhof.nl/" "Mozilla/5.0 (Windows NT 10.0; Win64; x64) AppleWebKit/537.36 (KHTML, like Gecko) Chrome/149.0.7827.55 Safari/537.36"
185.216.20.148 - - [20/Jul/2026:08:43:32 +0200] "GET /wp-content/uploads/2025/07/logo-de-Prinsenhof.svg HTTP/1.1" 200 5558 "https://cso-deprinsenhof.nl/" "Mozilla/5.0 (Windows NT 10.0; Win64; x64) AppleWebKit/537.36 (KHTML, like Gecko) Chrome/149.0.7827.55 Safari/537.36"
185.216.20.148 - - [20/Jul/2026:08:43:32 +0200] "GET /wp-content/uploads/2020/06/De-Prinsenhof_final_web-2.mp4 HTTP/1.1" 200 5529 "https://cso-deprinsenhof.nl/" "Mozilla/5.0 (Windows NT 10.0; Win64; x64) AppleWebKit/537.36 (KHTML, like Gecko) Chrome/149.0.7827.55 Safari/537.36"
185.216.20.148 - - [20/Jul/2026:08:43:35 +0200] "GET /wp-content/uploads/2025/09/PBS-klaslokaal_home-scaled.webp HTTP/1.1" 200 5532 "https://cso-deprinsenhof.nl/" "Mozilla/5.0 (Windows NT 10.0; Win64; x64) AppleWebKit/537.36 (KHTML, like Gecko) Chrome/149.0.7827.55 Safari/537.36"
185.216.20.148 - - [20/Jul/2026:08:43:38 +0200] "GET /wp-includes/js/wp-emoji-release.min.js?ver=f314ca68cccfe34ad07f66cce3b84d20 HTTP/1.1" 200 5524 "https://cso-deprinsenhof.nl/" "Mozilla/5.0 (Windows NT 10.0; Win64; x64) AppleWebKit/537.36 (KHTML, like Gecko) Chrome/149.0.7827.55 Safari/537.36"
185.216.20.148 - - [20/Jul/2026:08:43:46 +0200] "GET /wp-content/uploads/2025/07/Onze-leerllingen-3-600x399.webp HTTP/1.1" 200 5532 "https://cso-deprinsenhof.nl/" "Mozilla/5.0 (Windows NT 10.0; Win64; x64) AppleWebKit/537.36 (KHTML, like Gecko) Chrome/149.0.7827.55 Safari/537.36"
2001:1690:2:4::1:118 - - [20/Jul/2026:08:45:55 +0200] "POST /wp-cron.php?doing_wp_cron=1784529955.7247869968414306640625 HTTP/1.1" 200 5532 "-" "WordPress/6.9.5; https://cso-deprinsenhof.nl"
216.73.216.245 - - [20/Jul/2026:08:45:55 +0200] "GET /robots.txt HTTP/1.1" 200 5740 "-" "Mozilla/5.0 AppleWebKit/537.36 (KHTML, like Gecko; compatible; ClaudeBot/1.0; +claudebot@anthropic.com)"
216.73.216.245 - - [20/Jul/2026:08:45:55 +0200] "GET /sitemap_index.xml HTTP/1.1" 200 6042 "-" "Mozilla/5.0 AppleWebKit/537.36 (KHTML, like Gecko; compatible; ClaudeBot/1.0; +claudebot@anthropic.com)"
216.244.66.233 - - [20/Jul/2026:08:46:05 +0200] "GET /hallo-wereld/feed/ HTTP/1.1" 404 73845 "-" "Mozilla/5.0 (compatible; DotBot/1.2; +https://opensiteexplorer.org/dotbot; help@moz.com)"
82.156.116.86 - - [20/Jul/2026:08:47:30 +0200] "GET / HTTP/1.1" 301 5550 "http://www.cso-deprinsenhof.nl" "Mozilla/5.0 (iPhone; CPU iPhone OS 13_2_3 like Mac OS X) AppleWebKit/605.1.15 (KHTML, like Gecko) Version/13.0.3 Mobile/15E148 Safari/604.1"
82.156.116.86 - - [20/Jul/2026:08:47:32 +0200] "GET / HTTP/1.1" 200 128088 "https://www.cso-deprinsenhof.nl/" "Mozilla/5.0 (iPhone; CPU iPhone OS 13_2_3 like Mac OS X) AppleWebKit/605.1.15 (KHTML, like Gecko) Version/13.0.3 Mobile/15E148 Safari/604.1"
2001:1690:2:4::1:118 - - [20/Jul/2026:09:08:42 +0200] "POST /wp-cron.php?doing_wp_cron=1784531322.0183460712432861328125 HTTP/1.1" 200 5532 "-" "WordPress/6.9.5; https://cso-deprinsenhof.nl"
47.128.60.177 - - [20/Jul/2026:09:08:41 +0200] "GET /faq-items/hoe-houden-we-contact-met-u/ HTTP/1.1" 404 83137 "-" "Mozilla/5.0 (compatible; Bytespider; spider-feedback@bytedance.com) AppleWebKit/537.36 (KHTML, like Gecko) Chrome/70.0.0.0 Safari/537.36"
47.128.60.177 - - [20/Jul/2026:09:08:42 +0200] "GET /wp-content/uploads/fusion-styles/09a75104ae428756fa06c88f720be3d0.min.css?ver=3.14.2 HTTP/1.1" 200 5577 "https://cso-deprinsenhof.nl/faq-items/hoe-houden-we-contact-met-u/" "Mozilla/5.0 (compatible; Bytespider; spider-feedback@bytedance.com) AppleWebKit/537.36 (KHTML, like Gecko) Chrome/70.0.0.0 Safari/537.36"
51.195.183.65 - - [20/Jul/2026:09:12:21 +0200] "GET /robots.txt HTTP/1.1" 200 5740 "-" "Mozilla/5.0 (compatible; AhrefsBot/7.0; +http://ahrefs.com/robot/)"
51.195.244.241 - - [20/Jul/2026:09:12:22 +0200] "GET /sitemap_index.xml HTTP/1.1" 200 6042 "-" "Mozilla/5.0 (compatible; AhrefsBot/7.0; +http://ahrefs.com/robot/)"
51.195.215.107 - - [20/Jul/2026:09:12:24 +0200] "GET /page-sitemap.xml HTTP/1.1" 200 12155 "-" "Mozilla/5.0 (compatible; AhrefsBot/7.0; +http://ahrefs.com/robot/)"
54.38.147.250 - - [20/Jul/2026:09:12:25 +0200] "GET /fusion_tb_category-sitemap.xml HTTP/1.1" 200 6640 "-" "Mozilla/5.0 (compatible; AhrefsBot/7.0; +http://ahrefs.com/robot/)"
91.142.222.105 - - [20/Jul/2026:09:16:05 +0200] "POST /xmlrpc.php HTTP/1.1" 200 6066 "-" "Mozilla/5.0 (Windows NT 10.0; Win64; x64) AppleWebKit/537.36 (KHTML, like Gecko) Chrome/147.0.0.0 Safari/537.36"
109.68.161.68 - - [20/Jul/2026:09:17:32 +0200] "GET /wp-login.php HTTP/1.1" 200 16807 "-" "Mozilla/5.0 (Linux; Android 10; SM-G973F) AppleWebKit/537.36 (KHTML, like Gecko) Chrome/147.0.0.0 Mobile Safari/537.36"
109.68.161.68 - - [20/Jul/2026:09:17:33 +0200] "POST /wp-login.php HTTP/1.1" 503 25023 "https://cso-deprinsenhof.nl/wp-login.php" "Mozilla/5.0 (Linux; Android 10; SM-G973F) AppleWebKit/537.36 (KHTML, like Gecko) Chrome/147.0.0.0 Mobile Safari/537.36"
2001:1690:2:4::1:118 - - [20/Jul/2026:09:20:15 +0200] "POST /wp-cron.php?doing_wp_cron=1784532015.3074469566345214843750 HTTP/1.1" 200 5532 "-" "WordPress/6.9.5; https://cso-deprinsenhof.nl"
52.167.144.67 - - [20/Jul/2026:09:20:15 +0200] "GET /robots.txt HTTP/1.1" 200 5740 "-" "Mozilla/5.0 AppleWebKit/537.36 (KHTML, like Gecko; compatible; bingbot/2.0; +http://www.bing.com/bingbot.htm) Chrome/116.0.1938.76 Safari/537.36"
157.55.39.50 - - [20/Jul/2026:09:20:22 +0200] "GET /sitemap_index.xml HTTP/1.1" 200 6042 "-" "Mozilla/5.0 AppleWebKit/537.36 (KHTML, like Gecko; compatible; bingbot/2.0; +http://www.bing.com/bingbot.htm) Chrome/116.0.1938.76 Safari/537.36"
43.132.141.78 - - [20/Jul/2026:09:21:11 +0200] "GET /wp-content/uploads/2025/07/Onze-leerllingen-3.webp HTTP/1.1" 200 5524 "-" "Mozilla/5.0 (Windows NT 10.0; Win64; x64) AppleWebKit/537.36"
216.244.66.233 - - [20/Jul/2026:09:24:59 +0200] "GET /robots.txt HTTP/1.1" 301 5530 "-" "Mozilla/5.0 (compatible; DotBot/1.2; +https://opensiteexplorer.org/dotbot; help@moz.com)"
216.244.66.233 - - [20/Jul/2026:09:25:00 +0200] "GET /robots.txt HTTP/1.1" 200 5740 "-" "Mozilla/5.0 (compatible; DotBot/1.2; +https://opensiteexplorer.org/dotbot; help@moz.com)"
2001:1690:2:4::1:118 - - [20/Jul/2026:09:27:30 +0200] "GET /wp-content/uploads/2025/07/boog-onder.svg HTTP/1.1" 200 6041 "-" "-"
192.53.165.202 - - [20/Jul/2026:09:27:29 +0200] "GET / HTTP/1.1" 200 128256 "http://cso-deprinsenhof.nl" "Mozilla/5.0 (compatible; Example3/1.0; +https://www.example3.com/domain/cso-deprinsenhof.nl)"
216.244.66.233 - - [20/Jul/2026:09:27:57 +0200] "GET /schoolondersteuningsprofiel HTTP/1.1" 301 5659 "-" "Mozilla/5.0 (compatible; DotBot/1.2; +https://opensiteexplorer.org/dotbot; help@moz.com)"
172.71.154.118 - - [20/Jul/2026:09:28:27 +0200] "GET / HTTP/1.1" 200 128070 "-" "Mozilla/5.0 (Macintosh; Intel Mac OS X 10_15_7) AppleWebKit/537.36 (KHTML, like Gecko) Chrome/147.0.0.0 Safari/537.36 CloudflareWebScanner/1.0"
178.230.159.224 - - [20/Jul/2026:09:30:09 +0200] "GET / HTTP/1.1" 200 128070 "https://www.google.com/" "Mozilla/5.0 (Linux; Android 10; K) AppleWebKit/537.36 (KHTML, like Gecko) Chrome/150.0.0.0 Mobile Safari/537.36"
178.230.159.224 - - [20/Jul/2026:09:30:10 +0200] "GET /wp-content/uploads/fusion-styles/4dff08bfd85c24e6fc2e0df4059bb1a7.min.css?ver=3.14.2 HTTP/1.1" 200 5577 "-" "Mozilla/5.0 (Linux; Android 10; K) AppleWebKit/537.36 (KHTML, like Gecko) Chrome/150.0.0.0 Mobile Safari/537.36"
178.230.159.224 - - [20/Jul/2026:09:30:10 +0200] "GET /wp-content/uploads/2025/07/Schermafbeelding-2020-06-19-om-12.45.32.png HTTP/1.1" 200 5575 "https://cso-deprinsenhof.nl/" "Mozilla/5.0 (Linux; Android 10; K) AppleWebKit/537.36 (KHTML, like Gecko) Chrome/150.0.0.0 Mobile Safari/537.36"
178.230.159.224 - - [20/Jul/2026:09:30:10 +0200] "GET /wp-includes/js/jquery/jquery.min.js?ver=3.7.1 HTTP/1.1" 200 5521 "https://cso-deprinsenhof.nl/" "Mozilla/5.0 (Linux; Android 10; K) AppleWebKit/537.36 (KHTML, like Gecko) Chrome/150.0.0.0 Mobile Safari/537.36"
178.230.159.224 - - [20/Jul/2026:09:30:10 +0200] "GET /wp-content/uploads/fusion-scripts/409f3d9b6ae5a62f1c2d4456e7952c90.min.js?ver=3.14.2 HTTP/1.1" 200 5591 "https://cso-deprinsenhof.nl/" "Mozilla/5.0 (Linux; Android 10; K) AppleWebKit/537.36 (KHTML, like Gecko) Chrome/150.0.0.0 Mobile Safari/537.36"
178.230.159.224 - - [20/Jul/2026:09:30:12 +0200] "GET /wp-content/themes/Avada/includes/lib/assets/fonts/fontawesome/webfonts/fa-solid-900.woff2 HTTP/1.1" 200 5595 "https://cso-deprinsenhof.nl/wp-content/uploads/fusion-styles/4dff08bfd85c24e6fc2e0df4059bb1a7.min.css?ver=3.14.2" "Mozilla/5.0 (Linux; Android 10; K) AppleWebKit/537.36 (KHTML, like Gecko) Chrome/150.0.0.0 Mobile Safari/537.36"
178.230.159.224 - - [20/Jul/2026:09:30:12 +0200] "GET /wp-content/themes/Avada/includes/lib/assets/fonts/fontawesome/webfonts/fa-regular-400.woff2 HTTP/1.1" 200 5597 "https://cso-deprinsenhof.nl/wp-content/uploads/fusion-styles/4dff08bfd85c24e6fc2e0df4059bb1a7.min.css?ver=3.14.2" "Mozilla/5.0 (Linux; Android 10; K) AppleWebKit/537.36 (KHTML, like Gecko) Chrome/150.0.0.0 Mobile Safari/537.36"
178.230.159.224 - - [20/Jul/2026:09:30:12 +0200] "GET /wp-content/uploads/2020/06/De-Prinsenhof_final_web-2.mp4 HTTP/1.1" 200 5529 "https://cso-deprinsenhof.nl/" "Mozilla/5.0 (Linux; Android 10; K) AppleWebKit/537.36 (KHTML, like Gecko) Chrome/150.0.0.0 Mobile Safari/537.36"
178.230.159.224 - - [20/Jul/2026:09:30:12 +0200] "GET /wp-content/uploads/2025/07/logo-de-Prinsenhof.svg HTTP/1.1" 200 5558 "https://cso-deprinsenhof.nl/" "Mozilla/5.0 (Linux; Android 10; K) AppleWebKit/537.36 (KHTML, like Gecko) Chrome/150.0.0.0 Mobile Safari/537.36"
178.230.159.224 - - [20/Jul/2026:09:30:12 +0200] "GET /wp-content/uploads/2025/09/PBS-klaslokaal_home-scaled.webp HTTP/1.1" 200 5532 "https://cso-deprinsenhof.nl/" "Mozilla/5.0 (Linux; Android 10; K) AppleWebKit/537.36 (KHTML, like Gecko) Chrome/150.0.0.0 Mobile Safari/537.36"
178.230.159.224 - - [20/Jul/2026:09:30:12 +0200] "GET /wp-content/uploads/2020/06/De-Prinsenhof_final_web-2.mp4 HTTP/1.1" 200 5529 "https://cso-deprinsenhof.nl/" "Mozilla/5.0 (Linux; Android 10; K) AppleWebKit/537.36 (KHTML, like Gecko) Chrome/150.0.0.0 Mobile Safari/537.36"
178.230.159.224 - - [20/Jul/2026:09:30:12 +0200] "GET /wp-includes/js/wp-emoji-release.min.js?ver=f314ca68cccfe34ad07f66cce3b84d20 HTTP/1.1" 200 5524 "https://cso-deprinsenhof.nl/" "Mozilla/5.0 (Linux; Android 10; K) AppleWebKit/537.36 (KHTML, like Gecko) Chrome/150.0.0.0 Mobile Safari/537.36"
178.230.159.224 - - [20/Jul/2026:09:30:13 +0200] "GET /wp-content/uploads/2020/06/De-Prinsenhof_final_web-2.mp4 HTTP/1.1" 200 5529 "https://cso-deprinsenhof.nl/" "Mozilla/5.0 (Linux; Android 10; K) AppleWebKit/537.36 (KHTML, like Gecko) Chrome/150.0.0.0 Mobile Safari/537.36"
178.230.159.224 - - [20/Jul/2026:09:30:15 +0200] "GET / HTTP/1.1" 200 128070 "https://cso-deprinsenhof.nl/" "Mozilla/5.0 (Linux; Android 10; K) AppleWebKit/537.36 (KHTML, like Gecko) Chrome/150.0.0.0 Mobile Safari/537.36"
178.230.159.224 - - [20/Jul/2026:09:30:15 +0200] "GET /wp-content/uploads/2025/07/Schermafbeelding-2020-06-19-om-12.45.32.png HTTP/1.1" 200 5575 "https://cso-deprinsenhof.nl/" "Mozilla/5.0 (Linux; Android 10; K) AppleWebKit/537.36 (KHTML, like Gecko) Chrome/150.0.0.0 Mobile Safari/537.36"
178.230.159.224 - - [20/Jul/2026:09:30:15 +0200] "GET /wp-content/uploads/2020/06/De-Prinsenhof_final_web-2.mp4 HTTP/1.1" 200 5529 "https://cso-deprinsenhof.nl/" "Mozilla/5.0 (Linux; Android 10; K) AppleWebKit/537.36 (KHTML, like Gecko) Chrome/150.0.0.0 Mobile Safari/537.36"
178.230.159.224 - - [20/Jul/2026:09:30:15 +0200] "GET /wp-content/uploads/2025/07/Schermafbeelding-2020-06-19-om-12.45.32.png HTTP/1.1" 200 5575 "https://cso-deprinsenhof.nl/" "Mozilla/5.0 (Linux; Android 10; K) AppleWebKit/537.36 (KHTML, like Gecko) Chrome/150.0.0.0 Mobile Safari/537.36"
2001:1690:2:4::1:118 - - [20/Jul/2026:09:30:17 +0200] "GET /wp-content/uploads/2025/07/boog-onder.svg HTTP/1.1" 200 6041 "-" "-"
2001:1690:2:4::1:118 - - [20/Jul/2026:09:30:17 +0200] "POST /wp-cron.php?doing_wp_cron=1784532617.2699069976806640625000 HTTP/1.1" 200 5532 "-" "WordPress/6.9.5; https://cso-deprinsenhof.nl"
178.230.159.224 - - [20/Jul/2026:09:30:17 +0200] "GET /onze-school/schoolgids/ HTTP/1.1" 200 94280 "https://cso-deprinsenhof.nl/" "Mozilla/5.0 (Linux; Android 10; K) AppleWebKit/537.36 (KHTML, like Gecko) Chrome/150.0.0.0 Mobile Safari/537.36"
178.230.159.224 - - [20/Jul/2026:09:30:18 +0200] "GET /wp-content/uploads/fusion-styles/0c98158a85331315eace9d3bf67accb9.min.css?ver=3.14.2 HTTP/1.1" 200 5577 "https://cso-deprinsenhof.nl/onze-school/schoolgids/" "Mozilla/5.0 (Linux; Android 10; K) AppleWebKit/537.36 (KHTML, like Gecko) Chrome/150.0.0.0 Mobile Safari/537.36"
178.230.159.224 - - [20/Jul/2026:09:30:20 +0200] "GET /wp-content/uploads/2025/07/bibliotheek-scaled-e1758020305275.webp HTTP/1.1" 200 5539 "https://cso-deprinsenhof.nl/onze-school/schoolgids/" "Mozilla/5.0 (Linux; Android 10; K) AppleWebKit/537.36 (KHTML, like Gecko) Chrome/150.0.0.0 Mobile Safari/537.36"
178.230.159.224 - - [20/Jul/2026:09:30:25 +0200] "GET /onze-school/team HTTP/1.1" 301 5567 "https://cso-deprinsenhof.nl/onze-school/schoolgids/" "Mozilla/5.0 (Linux; Android 10; K) AppleWebKit/537.36 (KHTML, like Gecko) Chrome/150.0.0.0 Mobile Safari/537.36"
2001:1690:2:4::1:118 - - [20/Jul/2026:09:30:25 +0200] "GET /wp-content/uploads/2025/07/boog-onder.svg HTTP/1.1" 200 6041 "-" "-"
178.230.159.224 - - [20/Jul/2026:09:30:25 +0200] "GET /onze-school/team/ HTTP/1.1" 200 117460 "https://cso-deprinsenhof.nl/onze-school/schoolgids/" "Mozilla/5.0 (Linux; Android 10; K) AppleWebKit/537.36 (KHTML, like Gecko) Chrome/150.0.0.0 Mobile Safari/537.36"
178.230.159.224 - - [20/Jul/2026:09:30:26 +0200] "GET /wp-content/uploads/fusion-styles/7f2dacbaa3e10bd591d6d7513d1b1a6b.min.css?ver=3.14.2 HTTP/1.1" 200 5577 "https://cso-deprinsenhof.nl/onze-school/team/" "Mozilla/5.0 (Linux; Android 10; K) AppleWebKit/537.36 (KHTML, like Gecko) Chrome/150.0.0.0 Mobile Safari/537.36"
178.230.159.224 - - [20/Jul/2026:09:30:26 +0200] "GET /wp-content/uploads/fusion-scripts/747e0431434c69b818684b1a4ea6b073.min.js?ver=3.14.2 HTTP/1.1" 200 5591 "https://cso-deprinsenhof.nl/onze-school/team/" "Mozilla/5.0 (Linux; Android 10; K) AppleWebKit/537.36 (KHTML, like Gecko) Chrome/150.0.0.0 Mobile Safari/537.36"
178.230.159.224 - - [20/Jul/2026:09:30:30 +0200] "GET /wp-content/uploads/2025/07/de-Prinsenhof_favicon_64px.png HTTP/1.1" 200 5562 "https://cso-deprinsenhof.nl/onze-school/team/" "Mozilla/5.0 (Linux; Android 10; K) AppleWebKit/537.36 (KHTML, like Gecko) Chrome/150.0.0.0 Mobile Safari/537.36"
178.230.159.224 - - [20/Jul/2026:09:30:30 +0200] "GET /wp-content/uploads/2025/07/zaal-1200x800.jpg HTTP/1.1" 200 5550 "https://cso-deprinsenhof.nl/onze-school/team/" "Mozilla/5.0 (Linux; Android 10; K) AppleWebKit/537.36 (KHTML, like Gecko) Chrome/150.0.0.0 Mobile Safari/537.36"
178.230.159.224 - - [20/Jul/2026:09:30:33 +0200] "GET /wp-content/uploads/2025/07/Onderwijskundig-personeel-2-1200x798.webp HTTP/1.1" 200 5542 "https://cso-deprinsenhof.nl/onze-school/team/" "Mozilla/5.0 (Linux; Android 10; K) AppleWebKit/537.36 (KHTML, like Gecko) Chrome/150.0.0.0 Mobile Safari/537.36"
178.230.159.224 - - [20/Jul/2026:09:30:35 +0200] "GET /wp-content/uploads/2025/09/Groepsleerkracht-1200x966.webp HTTP/1.1" 200 5531 "https://cso-deprinsenhof.nl/onze-school/team/" "Mozilla/5.0 (Linux; Android 10; K) AppleWebKit/537.36 (KHTML, like Gecko) Chrome/150.0.0.0 Mobile Safari/537.36"
2001:1690:2:4::1:118 - - [20/Jul/2026:09:30:42 +0200] "GET /wp-content/uploads/2025/07/boog-onder.svg HTTP/1.1" 200 6041 "-" "-"
178.230.159.224 - - [20/Jul/2026:09:30:42 +0200] "GET /onze-school/ HTTP/1.1" 200 123736 "https://cso-deprinsenhof.nl/onze-school/team/" "Mozilla/5.0 (Linux; Android 10; K) AppleWebKit/537.36 (KHTML, like Gecko) Chrome/150.0.0.0 Mobile Safari/537.36"
35.198.15.248 - - [20/Jul/2026:09:34:13 +0200] "GET / HTTP/1.1" 200 128070 "-" "Mozilla/5.0 (Windows NT 10.0; Win64; x64) AppleWebKit/537.36 (KHTML, like Gecko) Brave Chrome/150.0.0.0 Safari/537.36"
2001:1690:2:4::1:118 - - [20/Jul/2026:09:34:15 +0200] "POST /wp-cron.php?doing_wp_cron=1784532855.3496379852294921875000 HTTP/1.1" 200 5532 "-" "WordPress/6.9.5; https://cso-deprinsenhof.nl"
35.198.15.248 - - [20/Jul/2026:09:34:15 +0200] "GET /wp-json HTTP/1.1" 200 258524 "-" "Mozilla/5.0 AppleWebKit/537.36 (KHTML, like Gecko; compatible; GPTBot/1.3; +https://openai.com/gptbot)"
35.198.15.248 - - [20/Jul/2026:09:34:16 +0200] "GET /.gitconfig HTTP/1.1" 404 83137 "-" "Mozilla/5.0 AppleWebKit/537.36 (KHTML, like Gecko); compatible; ChatGPT-User/1.0; +https://openai.com/bot"
35.198.15.248 - - [20/Jul/2026:09:34:16 +0200] "GET /webpack-stats.json HTTP/1.1" 404 83167 "-" "Mozilla/5.0 (X11; Linux x86_64) AppleWebKit/537.36 (KHTML, like Gecko) Chrome/149.0.0.0 Safari/537.36"
35.198.15.248 - - [20/Jul/2026:09:34:16 +0200] "GET /.gitlab-ci.yml HTTP/1.1" 404 83137 "-" "Mozilla/5.0 (compatible; Applebot-Extended/0.1; +http://www.apple.com/go/applebot)"
35.198.15.248 - - [20/Jul/2026:09:34:16 +0200] "GET /.aws/config HTTP/1.1" 404 83137 "-" "meta-externalagent/1.1 (+https://developers.facebook.com/docs/sharing/webmasters/crawler)"
35.198.15.248 - - [20/Jul/2026:09:34:16 +0200] "GET /.git-credentials HTTP/1.1" 404 83137 "-" "Mozilla/5.0 AppleWebKit/537.36 (KHTML, like Gecko); compatible; ChatGPT-User/1.0; +https://openai.com/bot"
35.198.15.248 - - [20/Jul/2026:09:34:16 +0200] "GET /.git/HEAD HTTP/1.1" 404 83167 "-" "Mozilla/5.0 AppleWebKit/537.36 (KHTML, like Gecko); compatible; Perplexity-User/1.0; +https://perplexity.ai/perplexity-user"
35.198.15.248 - - [20/Jul/2026:09:34:17 +0200] "GET /.env HTTP/1.1" 404 83137 "-" "Mozilla/5.0 (compatible; Amzn-SearchBot/1.0; +https://developer.amazon.com/support/amazonbot)"
35.198.15.248 - - [20/Jul/2026:09:34:17 +0200] "GET /.aws/credentials HTTP/1.1" 404 83137 "-" "Mozilla/5.0 (compatible; Bytespider; spider-feedback@bytedance.com)"
35.198.15.248 - - [20/Jul/2026:09:34:17 +0200] "GET /z9x8c7v6b5-debug-trigger-cso-deprinsenhof.nl HTTP/1.1" 404 83137 "-" "Mozilla/5.0 AppleWebKit/537.36 (KHTML, like Gecko); compatible; ClaudeBot/1.0; +mailto:support@anthropic.com"
35.198.15.248 - - [20/Jul/2026:09:34:16 +0200] "GET /.git/config HTTP/1.1" 404 83137 "-" "Mozilla/5.0 (compatible; GoogleOther; +http://www.google.com/bot.html)"
35.198.15.248 - - [20/Jul/2026:09:34:17 +0200] "GET /rclone.conf HTTP/1.1" 404 83137 "-" "Mozilla/5.0 AppleWebKit/537.36 (KHTML, like Gecko); compatible; PerplexityBot/1.0; +https://perplexity.ai/perplexitybot"
35.198.15.248 - - [20/Jul/2026:09:34:17 +0200] "GET /.github/workflows/deploy.yml HTTP/1.1" 404 83137 "-" "Mozilla/5.0 AppleWebKit/537.36 (KHTML, like Gecko); compatible; PerplexityBot/1.0; +https://perplexity.ai/perplexitybot"
35.198.15.248 - - [20/Jul/2026:09:34:17 +0200] "GET /.env.example HTTP/1.1" 404 83137 "-" "meta-externalagent/1.1 (+https://developers.facebook.com/docs/sharing/webmasters/crawler)"
35.198.15.248 - - [20/Jul/2026:09:34:19 +0200] "GET /.env.production HTTP/1.1" 404 83167 "-" "Mozilla/5.0 AppleWebKit/537.36 (KHTML, like Gecko); compatible; Claude-User/1.0; +mailto:support@anthropic.com"
35.198.15.248 - - [20/Jul/2026:09:34:19 +0200] "GET /.env.backup HTTP/1.1" 404 83137 "-" "Mozilla/5.0 AppleWebKit/537.36 (KHTML, like Gecko; compatible; GPTBot/1.3; +https://openai.com/gptbot)"
35.198.15.248 - - [20/Jul/2026:09:34:19 +0200] "GET /.env.local HTTP/1.1" 404 83137 "-" "Mozilla/5.0 (compatible; Applebot/0.1; +http://www.apple.com/go/applebot)"
35.198.15.248 - - [20/Jul/2026:09:34:19 +0200] "GET /.env.bak HTTP/1.1" 404 83137 "-" "Mozilla/5.0 AppleWebKit/537.36 (KHTML, like Gecko); compatible; PerplexityBot/1.0; +https://perplexity.ai/perplexitybot"
35.198.15.248 - - [20/Jul/2026:09:34:19 +0200] "GET /admin/.env HTTP/1.1" 404 83137 "-" "Mozilla/5.0 AppleWebKit/537.36 (KHTML, like Gecko); compatible; ClaudeBot/1.0; +mailto:support@anthropic.com"
35.198.15.248 - - [20/Jul/2026:09:34:19 +0200] "GET /.env.old HTTP/1.1" 404 83167 "-" "anthropic-ai"
35.198.15.248 - - [20/Jul/2026:09:34:19 +0200] "GET /config/.env HTTP/1.1" 404 83137 "-" "Mozilla/5.0 (compatible; GoogleOther; +http://www.google.com/bot.html)"
35.198.15.248 - - [20/Jul/2026:09:34:19 +0200] "GET /secrets.yml HTTP/1.1" 404 83137 "-" "Mozilla/5.0 (compatible; Applebot/0.1; +http://www.apple.com/go/applebot)"
35.198.15.248 - - [20/Jul/2026:09:34:19 +0200] "GET /api/.env HTTP/1.1" 404 83137 "-" "Mozilla/5.0 AppleWebKit/537.36 (KHTML, like Gecko); compatible; Claude-SearchBot/1.0; +mailto:support@anthropic.com"
35.198.15.248 - - [20/Jul/2026:09:34:19 +0200] "GET /backend/.env HTTP/1.1" 404 83137 "-" "CCBot/2.0 (https://commoncrawl.org/faq/)"
35.198.15.248 - - [20/Jul/2026:09:34:20 +0200] "GET /service-account.json HTTP/1.1" 404 83167 "-" "anthropic-ai"
35.198.15.248 - - [20/Jul/2026:09:34:20 +0200] "GET /secrets.json HTTP/1.1" 404 83137 "-" "Mozilla/5.0 (compatible; GoogleOther; +http://www.google.com/bot.html)"
35.198.15.248 - - [20/Jul/2026:09:34:21 +0200] "POST /graphql HTTP/1.1" 404 83167 "-" "Go-http-client/1.1"
35.198.15.248 - - [20/Jul/2026:09:34:21 +0200] "GET /credentials.json HTTP/1.1" 404 83152 "-" "Mozilla/5.0 AppleWebKit/537.36 (KHTML, like Gecko); compatible; Claude-User/1.0; +mailto:support@anthropic.com"
35.198.15.248 - - [20/Jul/2026:09:34:21 +0200] "GET /serviceAccountKey.json HTTP/1.1" 404 83137 "-" "Mozilla/5.0 (compatible; Amazonbot/0.1; +https://developer.amazon.com/support/amazonbot)"
35.198.15.248 - - [20/Jul/2026:09:34:21 +0200] "GET /key.json HTTP/1.1" 404 83167 "-" "anthropic-ai"
35.198.15.248 - - [20/Jul/2026:09:34:21 +0200] "GET /firebase-adminsdk.json HTTP/1.1" 404 83167 "-" "anthropic-ai"
35.198.15.248 - - [20/Jul/2026:09:34:22 +0200] "GET /.htpasswd HTTP/1.1" 403 5626 "-" "Mozilla/5.0 AppleWebKit/537.36 (KHTML, like Gecko); compatible; PerplexityBot/1.0; +https://perplexity.ai/perplexitybot"
35.198.15.248 - - [20/Jul/2026:09:34:22 +0200] "GET /.docker/config.json HTTP/1.1" 404 83122 "-" "CCBot/2.0 (https://commoncrawl.org/faq/)"
35.198.15.248 - - [20/Jul/2026:09:34:22 +0200] "GET /.s3cfg HTTP/1.1" 404 83137 "-" "Mozilla/5.0 AppleWebKit/537.36 (KHTML, like Gecko; compatible; GPTBot/1.3; +https://openai.com/gptbot)"
35.198.15.248 - - [20/Jul/2026:09:34:22 +0200] "GET /.npmrc HTTP/1.1" 404 83137 "-" "Mozilla/5.0 (compatible; Googlebot/2.1; +http://www.google.com/bot.html)"
35.198.15.248 - - [20/Jul/2026:09:34:22 +0200] "GET /.boto HTTP/1.1" 404 83137 "-" "Mozilla/5.0 (compatible; GoogleOther; +http://www.google.com/bot.html)"
35.198.15.248 - - [20/Jul/2026:09:34:22 +0200] "GET /docker-compose.yaml HTTP/1.1" 404 83137 "-" "Mozilla/5.0 (compatible; Amazonbot/0.1; +https://developer.amazon.com/support/amazonbot)"
35.198.15.248 - - [20/Jul/2026:09:34:22 +0200] "POST /api/graphql HTTP/1.1" 404 83167 "-" "Go-http-client/1.1"
35.198.15.248 - - [20/Jul/2026:09:34:22 +0200] "GET /.svn/entries HTTP/1.1" 404 83137 "-" "Mozilla/5.0 AppleWebKit/537.36 (KHTML, like Gecko; compatible; GPTBot/1.3; +https://openai.com/gptbot)"
35.198.15.248 - - [20/Jul/2026:09:34:22 +0200] "GET /terraform.tfstate HTTP/1.1" 404 83137 "-" "Mozilla/5.0 (compatible; Amazonbot/0.1; +https://developer.amazon.com/support/amazonbot)"
35.198.15.248 - - [20/Jul/2026:09:34:23 +0200] "GET /.ssh/id_rsa HTTP/1.1" 404 83137 "-" "Mozilla/5.0 (compatible; Applebot-Extended/0.1; +http://www.apple.com/go/applebot)"
35.198.15.248 - - [20/Jul/2026:09:34:23 +0200] "GET /.ssh/id_ed25519 HTTP/1.1" 404 83137 "-" "meta-externalagent/1.1 (+https://developers.facebook.com/docs/sharing/webmasters/crawler)"
35.198.15.248 - - [20/Jul/2026:09:34:24 +0200] "GET /id_rsa HTTP/1.1" 404 83137 "-" "Mozilla/5.0 AppleWebKit/537.36 (KHTML, like Gecko); compatible; ClaudeBot/1.0; +mailto:support@anthropic.com"
35.198.15.248 - - [20/Jul/2026:09:34:25 +0200] "POST /v1/graphql HTTP/1.1" 404 83167 "-" "Go-http-client/1.1"
35.198.15.248 - - [20/Jul/2026:09:34:25 +0200] "GET /id_dsa HTTP/1.1" 404 83137 "-" "Mozilla/5.0 (compatible; Amazonbot/0.1; +https://developer.amazon.com/support/amazonbot)"
35.198.15.248 - - [20/Jul/2026:09:34:25 +0200] "GET /key.pem HTTP/1.1" 404 83167 "-" "anthropic-ai"
35.198.15.248 - - [20/Jul/2026:09:34:27 +0200] "GET /wp-includes/js/jquery/jquery.min.js?ver=3.7.1 HTTP/1.1" 200 5521 "-" "Mozilla/5.0 (Macintosh; Intel Mac OS X 10_15_7) AppleWebKit/605.1.15 (KHTML, like Gecko) Version/26.2 Safari/605.1.15"
35.198.15.248 - - [20/Jul/2026:09:34:26 +0200] "GET /.ssh/known_hosts HTTP/1.1" 404 79935 "-" "Mozilla/5.0 (compatible; GoogleOther; +http://www.google.com/bot.html)"
35.198.15.248 - - [20/Jul/2026:09:34:26 +0200] "GET /.ssh/id_ecdsa HTTP/1.1" 404 79935 "-" "Mozilla/5.0 AppleWebKit/537.36 (KHTML, like Gecko); compatible; ChatGPT-User/1.0; +https://openai.com/bot"
35.198.15.248 - - [20/Jul/2026:09:34:26 +0200] "GET /id_ed25519 HTTP/1.1" 404 79965 "-" "anthropic-ai"
35.198.15.248 - - [20/Jul/2026:09:34:26 +0200] "GET /.ssh/authorized_keys HTTP/1.1" 404 79935 "-" "Mozilla/5.0 (compatible; Bytespider; spider-feedback@bytedance.com)"
35.198.15.248 - - [20/Jul/2026:09:34:26 +0200] "GET /server.key HTTP/1.1" 404 79935 "-" "Mozilla/5.0 AppleWebKit/537.36 (KHTML, like Gecko; compatible; GPTBot/1.3; +https://openai.com/gptbot)"
35.198.15.248 - - [20/Jul/2026:09:34:26 +0200] "GET /.ssh/config HTTP/1.1" 404 79965 "-" "Mozilla/5.0 AppleWebKit/537.36 (KHTML, like Gecko); compatible; Perplexity-User/1.0; +https://perplexity.ai/perplexity-user"
35.198.15.248 - - [20/Jul/2026:09:34:26 +0200] "GET /.ssh/id_dsa HTTP/1.1" 404 63457 "-" "Mozilla/5.0 AppleWebKit/537.36 (KHTML, like Gecko); compatible; Claude-User/1.0; +mailto:support@anthropic.com"
35.198.15.248 - - [20/Jul/2026:09:34:26 +0200] "GET /privatekey.key HTTP/1.1" 404 79965 "-" "Mozilla/5.0 AppleWebKit/537.36 (KHTML, like Gecko); compatible; Perplexity-User/1.0; +https://perplexity.ai/perplexity-user"
35.198.15.248 - - [20/Jul/2026:09:34:26 +0200] "GET /.vscode/launch.json HTTP/1.1" 404 79935 "-" "Mozilla/5.0 (compatible; Applebot-Extended/0.1; +http://www.apple.com/go/applebot)"
35.198.15.248 - - [20/Jul/2026:09:34:26 +0200] "GET /id_ecdsa HTTP/1.1" 404 79965 "-" "Mozilla/5.0 AppleWebKit/537.36 (KHTML, like Gecko); compatible; Perplexity-User/1.0; +https://perplexity.ai/perplexity-user"
35.198.15.248 - - [20/Jul/2026:09:34:26 +0200] "GET /private-key HTTP/1.1" 404 79935 "-" "Mozilla/5.0 AppleWebKit/537.36 (KHTML, like Gecko); compatible; PerplexityBot/1.0; +https://perplexity.ai/perplexitybot"
35.198.15.248 - - [20/Jul/2026:09:34:27 +0200] "GET /actuator/mappings HTTP/1.1" 404 79935 "-" "meta-externalagent/1.1 (+https://developers.facebook.com/docs/sharing/webmasters/crawler)"
35.198.15.248 - - [20/Jul/2026:09:34:28 +0200] "GET /onze-school/ HTTP/1.1" 200 123543 "-" "Mozilla/5.0 (Windows NT 10.0; Win64; x64) AppleWebKit/537.36 (KHTML, like Gecko) Chrome/150.0.0.0 Safari/537.36"
2001:1690:2:4::1:118 - - [20/Jul/2026:09:34:31 +0200] "GET /wp-content/uploads/2025/07/boog-onder.svg HTTP/1.1" 200 6041 "-" "-"
35.198.15.248 - - [20/Jul/2026:09:34:31 +0200] "GET /ons-onderwijs/ HTTP/1.1" 200 102271 "-" "Mozilla/5.0 (Linux; Android 15; Pixel 9) AppleWebKit/537.36 (KHTML, like Gecko) Chrome/150.0.0.0 Mobile Safari/537.36"
35.198.15.248 - - [20/Jul/2026:09:34:32 +0200] "GET /ouders-verzorgers/ HTTP/1.1" 200 117199 "-" "Mozilla/5.0 (Windows NT 10.0; Win64; x64) AppleWebKit/537.36 (KHTML, like Gecko) Chrome/149.0.0.0 Safari/537.36"
35.198.15.248 - - [20/Jul/2026:09:34:34 +0200] "GET /contact/ HTTP/1.1" 200 85589 "-" "Mozilla/5.0 (Windows NT 10.0; Win64; x64) AppleWebKit/537.36 (KHTML, like Gecko) Chrome/148.0.0.0 Safari/537.36"
35.198.15.248 - - [20/Jul/2026:09:34:35 +0200] "GET /author/jsbdesign/ HTTP/1.1" 200 76641 "-" "Mozilla/5.0 (Windows NT 10.0; Win64; x64) AppleWebKit/537.36 (KHTML, like Gecko) Chrome/148.0.0.0 Safari/537.36"
35.198.15.248 - - [20/Jul/2026:09:34:37 +0200] "GET /wp-content/uploads/fusion-scripts/fe16a7e9815beaee0d6daa830e467322.min.js?ver=3.14.2 HTTP/1.1" 200 5591 "-" "Mozilla/5.0 (Windows NT 10.0; Win64; x64) AppleWebKit/537.36 (KHTML, like Gecko) Chrome/150.0.0.0 Safari/537.36"
35.198.15.248 - - [20/Jul/2026:09:34:37 +0200] "GET /wp-content/uploads/fusion-scripts/8ed04216ed2bad05df3cd0a855b5b3cc.min.js?ver=3.14.2 HTTP/1.1" 200 5591 "-" "Mozilla/5.0 (Macintosh; Intel Mac OS X 10_15_7) AppleWebKit/605.1.15 (KHTML, like Gecko) Version/26.5 Safari/605.1.15"
35.198.15.248 - - [20/Jul/2026:09:34:39 +0200] "GET /wp-content/uploads/fusion-scripts/747e0431434c69b818684b1a4ea6b073.min.js?ver=3.14.2 HTTP/1.1" 200 5591 "-" "Mozilla/5.0 (X11; Linux x86_64) AppleWebKit/537.36 (KHTML, like Gecko) Chrome/150.0.0.0 Safari/537.36"
2a02:2479:2:7000::1 - - [20/Jul/2026:09:37:03 +0200] "GET / HTTP/1.1" 200 128070 "-" "Mozilla/5.0 (Windows NT 10.0; Win64; x64) AppleWebKit/537.36 (KHTML, like Gecko) Chrome/91.0.4472.114 Safari/537.36 Edg/91.0.864.54"
98.91.173.173 - - [20/Jul/2026:09:40:07 +0200] "GET / HTTP/1.1" 301 5550 "-" "Mozilla/5.0 (Windows NT 10.0; Win64; x64) AppleWebKit/537.36 (KHTML, like Gecko) Chrome/103.0.0.0 Safari/537.36"
98.91.173.173 - - [20/Jul/2026:09:40:08 +0200] "GET / HTTP/1.1" 200 128070 "-" "Mozilla/5.0 (Windows NT 10.0; Win64; x64) AppleWebKit/537.36 (KHTML, like Gecko) Chrome/103.0.0.0 Safari/537.36"
2001:1690:2:4::1:118 - - [20/Jul/2026:09:41:27 +0200] "POST /wp-cron.php?doing_wp_cron=1784533287.3214740753173828125000 HTTP/1.1" 200 5532 "-" "WordPress/6.9.5; https://cso-deprinsenhof.nl"
209.42.18.223 - - [20/Jul/2026:09:41:26 +0200] "GET /wp-login.php HTTP/1.1" 200 16807 "-" "Mozilla/5.0 (Linux; Android 13; Pixel 7 Pro) AppleWebKit/537.36 (KHTML, like Gecko) Chrome/147.0.0.0 Mobile Safari/537.36"
209.42.18.223 - - [20/Jul/2026:09:41:27 +0200] "POST /wp-login.php HTTP/1.1" 503 25023 "https://cso-deprinsenhof.nl/wp-login.php" "Mozilla/5.0 (Linux; Android 13; Pixel 7 Pro) AppleWebKit/537.36 (KHTML, like Gecko) Chrome/147.0.0.0 Mobile Safari/537.36"
2001:1690:2:4::1:118 - - [20/Jul/2026:09:43:41 +0200] "POST /wp-cron.php?doing_wp_cron=1784533421.7421100139617919921875 HTTP/1.1" 200 5532 "-" "WordPress/6.9.5; https://cso-deprinsenhof.nl"
114.119.136.113 - - [20/Jul/2026:09:43:41 +0200] "GET /robots.txt HTTP/1.1" 200 5740 "http://cso-deprinsenhof.nl/robots.txt" "Mozilla/5.0 (compatible;PetalBot;+https://webmaster.petalsearch.com/site/petalbot)"
2001:1690:2:4::1:118 - - [20/Jul/2026:09:47:26 +0200] "GET /wp-content/uploads/2025/07/boog-onder.svg HTTP/1.1" 200 6041 "-" "-"
2001:1690:2:4::1:118 - - [20/Jul/2026:09:47:26 +0200] "POST /wp-cron.php?doing_wp_cron=1784533646.1893780231475830078125 HTTP/1.1" 200 5532 "-" "WordPress/6.9.5; https://cso-deprinsenhof.nl"
40.77.167.26 - - [20/Jul/2026:09:47:25 +0200] "GET /privacy/ HTTP/1.1" 200 89088 "-" "Mozilla/5.0 AppleWebKit/537.36 (KHTML, like Gecko; compatible; bingbot/2.0; +http://www.bing.com/bingbot.htm) Chrome/116.0.1938.76 Safari/537.36"
94.154.43.183 - - [20/Jul/2026:09:53:45 +0200] "GET / HTTP/1.1" 200 128070 "-" "Mozilla/5.0 (Windows NT 10.0; Win64; x64) AppleWebKit/537.36 (KHTML, like Gecko) Chrome/147.0.0.0 Safari/537.36"
2a02:a45d:cdc8:0:68ad:d5be:3d5e:f208 - - [20/Jul/2026:09:56:36 +0200] "GET /contact/ HTTP/1.1" 200 85396 "https://www.google.com/" "Mozilla/5.0 (Windows NT 10.0; Win64; x64) AppleWebKit/537.36 (KHTML, like Gecko) Chrome/150.0.0.0 Safari/537.36 Edg/150.0.0.0"
2a02:a45d:cdc8:0:68ad:d5be:3d5e:f208 - - [20/Jul/2026:09:56:41 +0200] "GET /wp-content/uploads/fusion-styles/7f2dacbaa3e10bd591d6d7513d1b1a6b.min.css?ver=3.14.2 HTTP/1.1" 200 5577 "https://cso-deprinsenhof.nl/contact/" "Mozilla/5.0 (Windows NT 10.0; Win64; x64) AppleWebKit/537.36 (KHTML, like Gecko) Chrome/150.0.0.0 Safari/537.36 Edg/150.0.0.0"
2a02:a45d:cdc8:0:68ad:d5be:3d5e:f208 - - [20/Jul/2026:09:56:41 +0200] "GET /wp-includes/js/jquery/jquery.min.js?ver=3.7.1 HTTP/1.1" 200 5521 "https://cso-deprinsenhof.nl/contact/" "Mozilla/5.0 (Windows NT 10.0; Win64; x64) AppleWebKit/537.36 (KHTML, like Gecko) Chrome/150.0.0.0 Safari/537.36 Edg/150.0.0.0"
2a02:a45d:cdc8:0:68ad:d5be:3d5e:f208 - - [20/Jul/2026:09:56:41 +0200] "GET /wp-content/uploads/fusion-scripts/fe16a7e9815beaee0d6daa830e467322.min.js?ver=3.14.2 HTTP/1.1" 200 5591 "https://cso-deprinsenhof.nl/contact/" "Mozilla/5.0 (Windows NT 10.0; Win64; x64) AppleWebKit/537.36 (KHTML, like Gecko) Chrome/150.0.0.0 Safari/537.36 Edg/150.0.0.0"
2a02:a45d:cdc8:0:68ad:d5be:3d5e:f208 - - [20/Jul/2026:09:56:44 +0200] "GET /wp-content/themes/Avada/includes/lib/assets/fonts/icomoon/awb-icons.woff HTTP/1.1" 200 5577 "https://cso-deprinsenhof.nl/wp-content/uploads/fusion-styles/7f2dacbaa3e10bd591d6d7513d1b1a6b.min.css?ver=3.14.2" "Mozilla/5.0 (Windows NT 10.0; Win64; x64) AppleWebKit/537.36 (KHTML, like Gecko) Chrome/150.0.0.0 Safari/537.36 Edg/150.0.0.0"
2a02:a45d:cdc8:0:68ad:d5be:3d5e:f208 - - [20/Jul/2026:09:56:48 +0200] "GET /wp-content/themes/Avada/includes/lib/assets/fonts/fontawesome/webfonts/fa-solid-900.woff2 HTTP/1.1" 200 5595 "https://cso-deprinsenhof.nl/wp-content/uploads/fusion-styles/7f2dacbaa3e10bd591d6d7513d1b1a6b.min.css?ver=3.14.2" "Mozilla/5.0 (Windows NT 10.0; Win64; x64) AppleWebKit/537.36 (KHTML, like Gecko) Chrome/150.0.0.0 Safari/537.36 Edg/150.0.0.0"
2a02:a45d:cdc8:0:68ad:d5be:3d5e:f208 - - [20/Jul/2026:09:56:52 +0200] "GET /wp-content/themes/Avada/includes/lib/assets/fonts/fontawesome/webfonts/fa-regular-400.woff2 HTTP/1.1" 200 5597 "https://cso-deprinsenhof.nl/wp-content/uploads/fusion-styles/7f2dacbaa3e10bd591d6d7513d1b1a6b.min.css?ver=3.14.2" "Mozilla/5.0 (Windows NT 10.0; Win64; x64) AppleWebKit/537.36 (KHTML, like Gecko) Chrome/150.0.0.0 Safari/537.36 Edg/150.0.0.0"
2a02:a45d:cdc8:0:68ad:d5be:3d5e:f208 - - [20/Jul/2026:09:56:52 +0200] "GET /wp-content/uploads/2025/07/Kernwaarden-scaled-e1752073802858-400x503.jpg HTTP/1.1" 200 5578 "https://cso-deprinsenhof.nl/contact/" "Mozilla/5.0 (Windows NT 10.0; Win64; x64) AppleWebKit/537.36 (KHTML, like Gecko) Chrome/150.0.0.0 Safari/537.36 Edg/150.0.0.0"
2a02:a45d:cdc8:0:68ad:d5be:3d5e:f208 - - [20/Jul/2026:09:56:56 +0200] "GET /wp-content/uploads/2025/07/logo-de-Prinsenhof.svg HTTP/1.1" 200 5558 "https://cso-deprinsenhof.nl/contact/" "Mozilla/5.0 (Windows NT 10.0; Win64; x64) AppleWebKit/537.36 (KHTML, like Gecko) Chrome/150.0.0.0 Safari/537.36 Edg/150.0.0.0"
2001:1690:2:4::1:118 - - [20/Jul/2026:10:00:03 +0200] "POST /wp-cron.php?doing_wp_cron=1784534403.9271678924560546875000 HTTP/1.1" 200 5532 "-" "WordPress/6.9.5; https://cso-deprinsenhof.nl"
34.248.254.153 - - [20/Jul/2026:10:00:03 +0200] "GET /robots.txt HTTP/1.1" 200 5770 "https://cso-deprinsenhof.nl/" "Mozilla/5.0 (Windows NT 10.0) AppleWebKit/537.36 (KHTML, like Gecko) Chrome/87.0.4280.88 Safari/537.36"
64.225.121.94 - - [20/Jul/2026:10:01:33 +0200] "POST /xmlrpc.php HTTP/1.1" 200 6066 "-" "Mozilla/5.0 (Windows NT 10.0; Win64; x64) AppleWebKit/537.36 (KHTML, like Gecko) Chrome/147.0.0.0 Safari/537.36"
2001:1690:2:4::1:118 - - [20/Jul/2026:10:05:35 +0200] "GET /wp-content/uploads/2025/07/boog-onder.svg HTTP/1.1" 200 6041 "-" "-"
52.200.58.199 - - [20/Jul/2026:10:05:35 +0200] "GET /onze-school/sop/ HTTP/1.1" 200 96792 "-" "Mozilla/5.0 AppleWebKit/537.36 (KHTML, like Gecko; compatible; Amazonbot/0.1; +https://developer.amazon.com/support/amazonbot) Chrome/119.0.6045.214 Safari/537.36"
2001:1690:2:4::1:118 - - [20/Jul/2026:10:12:51 +0200] "GET /wp-content/uploads/2025/07/boog-onder.svg HTTP/1.1" 200 6041 "-" "-"
2001:1690:2:4::1:118 - - [20/Jul/2026:10:12:51 +0200] "POST /wp-cron.php?doing_wp_cron=1784535171.0424699783325195312500 HTTP/1.1" 200 5532 "-" "WordPress/6.9.5; https://cso-deprinsenhof.nl"
44.252.177.102 - - [20/Jul/2026:10:12:50 +0200] "GET / HTTP/1.1" 200 128256 "-" "Mozilla/5.0 (X11; Linux x86_64) AppleWebKit/537.36 (KHTML, like Gecko) Chrome/87.0.4280.66 Safari/537.36"
2001:1690:2:4::1:118 - - [20/Jul/2026:10:31:00 +0200] "POST /wp-cron.php?doing_wp_cron=1784536260.7486948966979980468750 HTTP/1.1" 200 5532 "-" "WordPress/6.9.5; https://cso-deprinsenhof.nl"
51.195.244.147 - - [20/Jul/2026:10:31:00 +0200] "GET /sitemap_index.xml HTTP/1.1" 200 6042 "-" "Mozilla/5.0 (compatible; AhrefsBot/7.0; +http://ahrefs.com/robot/)"
51.89.129.129 - - [20/Jul/2026:10:31:01 +0200] "GET /page-sitemap.xml HTTP/1.1" 200 12155 "-" "Mozilla/5.0 (compatible; AhrefsBot/7.0; +http://ahrefs.com/robot/)"
51.195.183.80 - - [20/Jul/2026:10:31:03 +0200] "GET /fusion_tb_category-sitemap.xml HTTP/1.1" 200 6640 "-" "Mozilla/5.0 (compatible; AhrefsBot/7.0; +http://ahrefs.com/robot/)"
2a02:a45d:cdc8:0:68ad:d5be:3d5e:f208 - - [20/Jul/2026:10:38:55 +0200] "GET /contact/ HTTP/1.1" 200 85589 "https://www.google.com/" "Mozilla/5.0 (Windows NT 10.0; Win64; x64) AppleWebKit/537.36 (KHTML, like Gecko) Chrome/150.0.0.0 Safari/537.36 Edg/150.0.0.0"
2a02:a45d:cdc8:0:68ad:d5be:3d5e:f208 - - [20/Jul/2026:10:38:57 +0200] "GET /wp-includes/js/wp-emoji-release.min.js?ver=f314ca68cccfe34ad07f66cce3b84d20 HTTP/1.1" 200 5524 "https://cso-deprinsenhof.nl/contact/" "Mozilla/5.0 (Windows NT 10.0; Win64; x64) AppleWebKit/537.36 (KHTML, like Gecko) Chrome/150.0.0.0 Safari/537.36 Edg/150.0.0.0"
2001:1690:2:4::1:118 - - [20/Jul/2026:10:52:07 +0200] "POST /wp-cron.php?doing_wp_cron=1784537527.5119791030883789062500 HTTP/1.1" 200 5532 "-" "WordPress/6.9.5; https://cso-deprinsenhof.nl"
216.73.216.245 - - [20/Jul/2026:10:52:07 +0200] "GET /robots.txt HTTP/1.1" 200 5740 "-" "Mozilla/5.0 AppleWebKit/537.36 (KHTML, like Gecko; compatible; ClaudeBot/1.0; +claudebot@anthropic.com)"
216.73.216.245 - - [20/Jul/2026:10:52:07 +0200] "GET /sitemap_index.xml HTTP/1.1" 200 6042 "-" "Mozilla/5.0 AppleWebKit/537.36 (KHTML, like Gecko; compatible; ClaudeBot/1.0; +claudebot@anthropic.com)"
4.194.24.143 - - [20/Jul/2026:10:58:14 +0200] "GET /nine2code.php HTTP/1.1" 404 83167 "-" "Mozilla/5.0 (Windows NT 10.0; Win64; x64) AppleWebKit/537.36 (KHTML, like Gecko) Chrome/120.0.0.0 Safari/537.36"
4.194.24.143 - - [20/Jul/2026:10:58:14 +0200] "GET /num.php HTTP/1.1" 404 83167 "-" "Mozilla/5.0 (Windows NT 10.0; Win64; x64) AppleWebKit/537.36 (KHTML, like Gecko) Chrome/120.0.0.0 Safari/537.36"
4.194.24.143 - - [20/Jul/2026:10:58:15 +0200] "GET /odf7udtspqtpxzyxmw2rccdefault.php HTTP/1.1" 404 83152 "-" "Mozilla/5.0 (Windows NT 10.0; Win64; x64) AppleWebKit/537.36 (KHTML, like Gecko) Chrome/120.0.0.0 Safari/537.36"
4.194.24.143 - - [20/Jul/2026:10:58:15 +0200] "GET /option.php HTTP/1.1" 404 83152 "-" "Mozilla/5.0 (Windows NT 10.0; Win64; x64) AppleWebKit/537.36 (KHTML, like Gecko) Chrome/120.0.0.0 Safari/537.36"
4.194.24.143 - - [20/Jul/2026:10:58:15 +0200] "GET /p.php HTTP/1.1" 404 83167 "-" "Mozilla/5.0 (Windows NT 10.0; Win64; x64) AppleWebKit/537.36 (KHTML, like Gecko) Chrome/120.0.0.0 Safari/537.36"
4.194.24.143 - - [20/Jul/2026:10:58:16 +0200] "GET /past.php HTTP/1.1" 404 83167 "-" "Mozilla/5.0 (Windows NT 10.0; Win64; x64) AppleWebKit/537.36 (KHTML, like Gecko) Chrome/120.0.0.0 Safari/537.36"
4.194.24.143 - - [20/Jul/2026:10:58:16 +0200] "GET /php.php HTTP/1.1" 404 83167 "-" "Mozilla/5.0 (Windows NT 10.0; Win64; x64) AppleWebKit/537.36 (KHTML, like Gecko) Chrome/120.0.0.0 Safari/537.36"
4.194.24.143 - - [20/Jul/2026:10:58:16 +0200] "GET /php8.php HTTP/1.1" 404 83167 "-" "Mozilla/5.0 (Windows NT 10.0; Win64; x64) AppleWebKit/537.36 (KHTML, like Gecko) Chrome/120.0.0.0 Safari/537.36"
4.194.24.143 - - [20/Jul/2026:10:58:17 +0200] "GET /phpinfo.php HTTP/1.1" 404 83167 "-" "Mozilla/5.0 (Windows NT 10.0; Win64; x64) AppleWebKit/537.36 (KHTML, like Gecko) Chrome/120.0.0.0 Safari/537.36"
4.194.24.143 - - [20/Jul/2026:10:58:17 +0200] "GET /plugins/ HTTP/1.1" 404 83167 "-" "Mozilla/5.0 (Windows NT 10.0; Win64; x64) AppleWebKit/537.36 (KHTML, like Gecko) Chrome/120.0.0.0 Safari/537.36"
4.194.24.143 - - [20/Jul/2026:10:58:17 +0200] "GET /post.php HTTP/1.1" 404 83152 "-" "Mozilla/5.0 (Windows NT 10.0; Win64; x64) AppleWebKit/537.36 (KHTML, like Gecko) Chrome/120.0.0.0 Safari/537.36"
4.194.24.143 - - [20/Jul/2026:10:58:18 +0200] "GET /public/assets/design_1/css/parts/course_cards/grid_card_1.min.php HTTP/1.1" 404 83167 "-" "Mozilla/5.0 (Windows NT 10.0; Win64; x64) AppleWebKit/537.36 (KHTML, like Gecko) Chrome/120.0.0.0 Safari/537.36"
4.194.24.143 - - [20/Jul/2026:10:58:18 +0200] "GET /public/css.php HTTP/1.1" 404 83152 "-" "Mozilla/5.0 (Windows NT 10.0; Win64; x64) AppleWebKit/537.36 (KHTML, like Gecko) Chrome/120.0.0.0 Safari/537.36"
4.194.24.143 - - [20/Jul/2026:10:58:19 +0200] "GET /r.php HTTP/1.1" 404 83167 "-" "Mozilla/5.0 (Windows NT 10.0; Win64; x64) AppleWebKit/537.36 (KHTML, like Gecko) Chrome/120.0.0.0 Safari/537.36"
4.194.24.143 - - [20/Jul/2026:10:58:19 +0200] "GET /radio.php HTTP/1.1" 404 83167 "-" "Mozilla/5.0 (Windows NT 10.0; Win64; x64) AppleWebKit/537.36 (KHTML, like Gecko) Chrome/120.0.0.0 Safari/537.36"
4.194.24.143 - - [20/Jul/2026:10:58:19 +0200] "GET /randkeyword.php7 HTTP/1.1" 404 83167 "-" "Mozilla/5.0 (Windows NT 10.0; Win64; x64) AppleWebKit/537.36 (KHTML, like Gecko) Chrome/120.0.0.0 Safari/537.36"
4.194.24.143 - - [20/Jul/2026:10:58:20 +0200] "GET /reze.php HTTP/1.1" 404 83167 "-" "Mozilla/5.0 (Windows NT 10.0; Win64; x64) AppleWebKit/537.36 (KHTML, like Gecko) Chrome/120.0.0.0 Safari/537.36"
4.194.24.143 - - [20/Jul/2026:10:58:20 +0200] "GET /rh.php HTTP/1.1" 404 83167 "-" "Mozilla/5.0 (Windows NT 10.0; Win64; x64) AppleWebKit/537.36 (KHTML, like Gecko) Chrome/120.0.0.0 Safari/537.36"
4.194.24.143 - - [20/Jul/2026:10:58:21 +0200] "GET /rip.php HTTP/1.1" 404 83167 "-" "Mozilla/5.0 (Windows NT 10.0; Win64; x64) AppleWebKit/537.36 (KHTML, like Gecko) Chrome/120.0.0.0 Safari/537.36"
4.194.24.143 - - [20/Jul/2026:10:58:21 +0200] "GET /root.php HTTP/1.1" 404 83167 "-" "Mozilla/5.0 (Windows NT 10.0; Win64; x64) AppleWebKit/537.36 (KHTML, like Gecko) Chrome/120.0.0.0 Safari/537.36"
4.194.24.143 - - [20/Jul/2026:10:58:21 +0200] "GET /s.php HTTP/1.1" 404 83167 "-" "Mozilla/5.0 (Windows NT 10.0; Win64; x64) AppleWebKit/537.36 (KHTML, like Gecko) Chrome/120.0.0.0 Safari/537.36"
