2a02:a45c:5b8a:0:9175:5651:f320:f38a - - [19/Jul/2026:14:10:49 +0200] "GET /onze-school/missie-visie/ HTTP/1.1" 200 96569 "https://cso-deprinsenhof.nl/onze-school/team/" "Mozilla/5.0 (Linux; Android 10; K) AppleWebKit/537.36 (KHTML, like Gecko) Chrome/150.0.0.0 Mobile Safari/537.36"
2a02:a45c:5b8a:0:9175:5651:f320:f38a - - [19/Jul/2026:14:10:50 +0200] "GET /onze-school/vakanties-en-vrije-dagen/ HTTP/1.1" 200 95532 "https://cso-deprinsenhof.nl/onze-school/team/" "Mozilla/5.0 (Linux; Android 10; K) AppleWebKit/537.36 (KHTML, like Gecko) Chrome/150.0.0.0 Mobile Safari/537.36"
2a02:a45c:5b8a:0:9175:5651:f320:f38a - - [19/Jul/2026:14:10:51 +0200] "GET /onze-school/hoorrecht-opp/ HTTP/1.1" 200 94762 "https://cso-deprinsenhof.nl/onze-school/team/" "Mozilla/5.0 (Linux; Android 10; K) AppleWebKit/537.36 (KHTML, like Gecko) Chrome/150.0.0.0 Mobile Safari/537.36"
2a02:a45c:5b8a:0:9175:5651:f320:f38a - - [19/Jul/2026:14:10:51 +0200] "GET /onze-school/praktische-informatie/ HTTP/1.1" 200 95175 "https://cso-deprinsenhof.nl/onze-school/team/" "Mozilla/5.0 (Linux; Android 10; K) AppleWebKit/537.36 (KHTML, like Gecko) Chrome/150.0.0.0 Mobile Safari/537.36"
113.160.142.119 - - [19/Jul/2026:14:11:17 +0200] "GET /wp-login.php HTTP/1.1" 200 16807 "-" "Mozilla/5.0 (Windows NT 10.0; Win64; x64) AppleWebKit/537.36 (KHTML, like Gecko) Chrome/147.0.0.0 Safari/537.36"
113.160.142.119 - - [19/Jul/2026:14:11:18 +0200] "POST /wp-login.php HTTP/1.1" 503 25025 "https://cso-deprinsenhof.nl/wp-login.php" "Mozilla/5.0 (Windows NT 10.0; Win64; x64) AppleWebKit/537.36 (KHTML, like Gecko) Chrome/147.0.0.0 Safari/537.36"
2001:1690:2:4::1:118 - - [19/Jul/2026:14:17:35 +0200] "POST /wp-cron.php?doing_wp_cron=1784463455.7849330902099609375000 HTTP/1.1" 200 5532 "-" "WordPress/6.9.5; https://cso-deprinsenhof.nl"
2001:1690:2:4::1:118 - - [19/Jul/2026:14:17:35 +0200] "POST /?wordfence_syncAttackData=1784463455.6072 HTTP/1.1" 200 5474 "-" "WordPress/6.9.5; https://cso-deprinsenhof.nl"
2001:1690:2:4::1:118 - - [19/Jul/2026:14:17:36 +0200] "GET /wp-content/uploads/2025/07/boog-onder.svg HTTP/1.1" 200 6041 "-" "-"
2001:1690:2:4::1:118 - - [19/Jul/2026:14:17:36 +0200] "POST /wp-cron.php?doing_wp_cron=1784463456.1090428829193115234375 HTTP/1.1" 200 5532 "-" "WordPress/6.9.5; https://cso-deprinsenhof.nl"
141.98.11.34 - - [19/Jul/2026:14:17:35 +0200] "POST /index.php?option=com_sppagebuilder&task=asset.uploadCustomIcon HTTP/1.1" 200 128112 "-" "Mozilla/5.0 (X11; Linux x86_64) sppb-rce-poc"
2001:1690:2:4::1:118 - - [19/Jul/2026:14:25:30 +0200] "POST /wp-cron.php?doing_wp_cron=1784463930.0017089843750000000000 HTTP/1.1" 200 5532 "-" "WordPress/6.9.5; https://cso-deprinsenhof.nl"
17.22.245.202 - - [19/Jul/2026:14:25:29 +0200] "GET /robots.txt HTTP/1.1" 301 5530 "-" "Mozilla/5.0 (Macintosh; Intel Mac OS X 10_15_7) AppleWebKit/605.1.15 (KHTML, like Gecko) Version/17.4 Safari/605.1.15 (Applebot/0.1; +http://www.apple.com/go/applebot)"
17.22.237.70 - - [19/Jul/2026:14:25:30 +0200] "GET /robots.txt HTTP/1.1" 200 5740 "-" "Mozilla/5.0 (Macintosh; Intel Mac OS X 10_15_7) AppleWebKit/605.1.15 (KHTML, like Gecko) Version/17.4 Safari/605.1.15 (Applebot/0.1; +http://www.apple.com/go/applebot)"
17.22.245.202 - - [19/Jul/2026:14:25:31 +0200] "GET / HTTP/1.1" 301 5520 "-" "Mozilla/5.0 (Macintosh; Intel Mac OS X 10_15_7) AppleWebKit/605.1.15 (KHTML, like Gecko) Version/17.4 Safari/605.1.15 (Applebot/0.1; +http://www.apple.com/go/applebot)"
2001:1690:2:4::1:118 - - [19/Jul/2026:14:25:32 +0200] "GET /wp-content/uploads/2025/07/boog-onder.svg HTTP/1.1" 200 6041 "-" "-"
17.22.237.70 - - [19/Jul/2026:14:25:32 +0200] "GET / HTTP/1.1" 200 128082 "-" "Mozilla/5.0 (Macintosh; Intel Mac OS X 10_15_7) AppleWebKit/605.1.15 (KHTML, like Gecko) Version/17.4 Safari/605.1.15 (Applebot/0.1; +http://www.apple.com/go/applebot)"
203.145.38.23 - - [19/Jul/2026:14:26:05 +0200] "POST /xmlrpc.php HTTP/1.1" 200 6066 "-" "Mozilla/5.0 (Windows NT 6.3; arm64) AppleWebKit/537.36 (KHTML, like Gecko) Chrome/109.0.0.0 Safari/537.36"
2001:1690:2:4::1:118 - - [19/Jul/2026:14:27:22 +0200] "POST /wp-cron.php?doing_wp_cron=1784464042.6473560333251953125000 HTTP/1.1" 200 5532 "-" "WordPress/6.9.5; https://cso-deprinsenhof.nl"
203.145.38.23 - - [19/Jul/2026:14:27:22 +0200] "GET /wp-json/wp/v2/users HTTP/1.1" 401 5950 "-" "Mozilla/4.0 (compatible; Win32; WinHttp.WinHttpRequest.5)"
2001:1690:2:4::1:118 - - [19/Jul/2026:14:28:02 +0200] "POST /wp-cron.php?doing_wp_cron=1784464082.2615299224853515625000 HTTP/1.1" 200 5532 "-" "WordPress/6.9.5; https://cso-deprinsenhof.nl"
34.60.167.10 - - [19/Jul/2026:14:28:02 +0200] "GET / HTTP/1.1" 301 5550 "http://www.cso-deprinsenhof.nl" "Mozilla/5.0 (compatible; CMS-Checker/1.0; +https://example.com)"
2001:1690:2:4::1:118 - - [19/Jul/2026:14:28:04 +0200] "GET /wp-content/uploads/2025/07/boog-onder.svg HTTP/1.1" 200 6041 "-" "-"
34.60.167.10 - - [19/Jul/2026:14:28:04 +0200] "GET / HTTP/1.1" 200 128256 "https://www.cso-deprinsenhof.nl/" "Mozilla/5.0 (compatible; CMS-Checker/1.0; +https://example.com)"
203.145.38.23 - - [19/Jul/2026:14:28:09 +0200] "POST /xmlrpc.php HTTP/1.1" 200 6066 "-" "Mozilla/5.0 (Linux; Android 10; x86) AppleWebKit/537.36 (KHTML, like Gecko) Safari/13.0.0.0 Safari/537.36"
209.133.204.250 - - [19/Jul/2026:14:28:15 +0200] "GET /wp-login.php HTTP/1.1" 200 16807 "-" "Mozilla/5.0 (Windows NT 10.0; Win64; x64) AppleWebKit/537.36 (KHTML, like Gecko) Chrome/147.0.0.0 Safari/537.36"
209.133.204.250 - - [19/Jul/2026:14:28:15 +0200] "POST /wp-login.php HTTP/1.1" 503 25025 "https://cso-deprinsenhof.nl/wp-login.php" "Mozilla/5.0 (Windows NT 10.0; Win64; x64) AppleWebKit/537.36 (KHTML, like Gecko) Chrome/147.0.0.0 Safari/537.36"
2001:1690:2:4::1:118 - - [19/Jul/2026:14:28:50 +0200] "POST /wp-cron.php?doing_wp_cron=1784464130.4446680545806884765625 HTTP/1.1" 200 5532 "-" "WordPress/6.9.5; https://cso-deprinsenhof.nl"
203.145.38.23 - - [19/Jul/2026:14:28:49 +0200] "POST /xmlrpc.php HTTP/1.1" 200 6066 "-" "Mozilla/5.0 (Windows NT 6.3; x64) AppleWebKit/537.36 (KHTML, like Gecko) Opera/79.0.0.0 Safari/537.36"
2001:1690:2:4::1:118 - - [19/Jul/2026:14:29:30 +0200] "POST /wp-cron.php?doing_wp_cron=1784464170.2672560214996337890625 HTTP/1.1" 200 5532 "-" "WordPress/6.9.5; https://cso-deprinsenhof.nl"
203.145.38.23 - - [19/Jul/2026:14:29:29 +0200] "POST /xmlrpc.php HTTP/1.1" 200 6099 "-" "Mozilla/5.0 (Linux; Android 10; x86) AppleWebKit/537.36 (KHTML, like Gecko) Safari/15.0.0.0 Safari/537.36"
2001:1690:2:4::1:118 - - [19/Jul/2026:14:30:10 +0200] "POST /wp-cron.php?doing_wp_cron=1784464210.3066430091857910156250 HTTP/1.1" 200 5532 "-" "WordPress/6.9.5; https://cso-deprinsenhof.nl"
203.145.38.23 - - [19/Jul/2026:14:30:09 +0200] "POST /xmlrpc.php HTTP/1.1" 200 6099 "-" "Mozilla/5.0 (Windows NT 6.2; arm64) AppleWebKit/537.36 (KHTML, like Gecko) Chrome/85.0.0.0 Safari/537.36"
34.55.226.62 - - [19/Jul/2026:14:30:26 +0200] "GET / HTTP/1.1" 200 128070 "http://cso-deprinsenhof.nl" "Mozilla/5.0 (compatible; CMS-Checker/1.0; +https://example.com)"
2001:1690:2:4::1:118 - - [19/Jul/2026:14:30:42 +0200] "POST /wp-cron.php?doing_wp_cron=1784464242.4648399353027343750000 HTTP/1.1" 200 5532 "-" "WordPress/6.9.5; https://cso-deprinsenhof.nl"
203.145.38.23 - - [19/Jul/2026:14:30:41 +0200] "POST /xmlrpc.php HTTP/1.1" 200 6099 "-" "Mozilla/5.0 (Linux; Android 10; x64) AppleWebKit/537.36 (KHTML, like Gecko) Opera/77.0.0.0 Safari/537.36"
2001:1690:2:4::1:118 - - [19/Jul/2026:14:31:18 +0200] "POST /wp-cron.php?doing_wp_cron=1784464278.3720180988311767578125 HTTP/1.1" 200 5532 "-" "WordPress/6.9.5; https://cso-deprinsenhof.nl"
203.145.38.23 - - [19/Jul/2026:14:31:17 +0200] "POST /xmlrpc.php HTTP/1.1" 200 6099 "-" "Mozilla/5.0 (Linux; Android 10; x64) AppleWebKit/537.36 (KHTML, like Gecko) Opera/80.0.0.0 Safari/537.36"
2001:1690:2:4::1:118 - - [19/Jul/2026:14:31:50 +0200] "POST /wp-cron.php?doing_wp_cron=1784464310.4899299144744873046875 HTTP/1.1" 200 5532 "-" "WordPress/6.9.5; https://cso-deprinsenhof.nl"
203.145.38.23 - - [19/Jul/2026:14:31:49 +0200] "POST /xmlrpc.php HTTP/1.1" 200 6099 "-" "Mozilla/5.0 (X11; Ubuntu; Linux x86_64; x86) AppleWebKit/537.36 (KHTML, like Gecko) Chrome/87.0.0.0 Safari/537.36"
2001:1690:2:4::1:118 - - [19/Jul/2026:14:32:26 +0200] "POST /wp-cron.php?doing_wp_cron=1784464346.3732430934906005859375 HTTP/1.1" 200 5532 "-" "WordPress/6.9.5; https://cso-deprinsenhof.nl"
203.145.38.23 - - [19/Jul/2026:14:32:25 +0200] "POST /xmlrpc.php HTTP/1.1" 200 6099 "-" "Mozilla/5.0 (Windows NT 6.3; x86) AppleWebKit/537.36 (KHTML, like Gecko) Firefox/89.0.0.0 Safari/537.36"
2001:1690:2:4::1:118 - - [19/Jul/2026:14:32:58 +0200] "POST /wp-cron.php?doing_wp_cron=1784464378.5283579826354980468750 HTTP/1.1" 200 5532 "-" "WordPress/6.9.5; https://cso-deprinsenhof.nl"
203.145.38.23 - - [19/Jul/2026:14:32:57 +0200] "POST /xmlrpc.php HTTP/1.1" 200 6099 "-" "Mozilla/5.0 (Windows NT 6.3; x86) AppleWebKit/537.36 (KHTML, like Gecko) Edge/100.0.0.0 Safari/537.36"
2001:1690:2:4::1:118 - - [19/Jul/2026:14:33:34 +0200] "POST /wp-cron.php?doing_wp_cron=1784464414.3728020191192626953125 HTTP/1.1" 200 5532 "-" "WordPress/6.9.5; https://cso-deprinsenhof.nl"
203.145.38.23 - - [19/Jul/2026:14:33:33 +0200] "POST /xmlrpc.php HTTP/1.1" 200 6099 "-" "Mozilla/5.0 (Windows NT 10.0; arm64) AppleWebKit/537.36 (KHTML, like Gecko) Chrome/111.0.0.0 Safari/537.36"
2001:1690:2:4::1:118 - - [19/Jul/2026:14:34:06 +0200] "POST /wp-cron.php?doing_wp_cron=1784464446.5389530658721923828125 HTTP/1.1" 200 5532 "-" "WordPress/6.9.5; https://cso-deprinsenhof.nl"
203.145.38.23 - - [19/Jul/2026:14:34:05 +0200] "POST /xmlrpc.php HTTP/1.1" 200 6099 "-" "Mozilla/5.0 (Linux; Android 10; x64) AppleWebKit/537.36 (KHTML, like Gecko) Safari/14.0.0.0 Safari/537.36"
17.22.245.128 - - [19/Jul/2026:14:34:18 +0200] "GET /wp-content/uploads/fusion-styles/4dff08bfd85c24e6fc2e0df4059bb1a7.min.css?ver=3.14.2 HTTP/1.1" 200 5577 "https://cso-deprinsenhof.nl/" "Mozilla/5.0 (Macintosh; Intel Mac OS X 10_15_7) AppleWebKit/605.1.15 (KHTML, like Gecko) Version/17.4 Safari/605.1.15 (Applebot/0.1; +http://www.apple.com/go/applebot)"
17.22.245.128 - - [19/Jul/2026:14:34:19 +0200] "GET /wp-content/uploads/fusion-scripts/409f3d9b6ae5a62f1c2d4456e7952c90.min.js?ver=3.14.2 HTTP/1.1" 200 5591 "https://cso-deprinsenhof.nl/" "Mozilla/5.0 (Macintosh; Intel Mac OS X 10_15_7) AppleWebKit/605.1.15 (KHTML, like Gecko) Version/17.4 Safari/605.1.15 (Applebot/0.1; +http://www.apple.com/go/applebot)"
17.22.245.128 - - [19/Jul/2026:14:34:21 +0200] "GET /wp-includes/js/jquery/jquery.min.js?ver=3.7.1 HTTP/1.1" 200 5521 "https://cso-deprinsenhof.nl/" "Mozilla/5.0 (Macintosh; Intel Mac OS X 10_15_7) AppleWebKit/605.1.15 (KHTML, like Gecko) Version/17.4 Safari/605.1.15 (Applebot/0.1; +http://www.apple.com/go/applebot)"
17.22.245.128 - - [19/Jul/2026:14:34:22 +0200] "GET /wp-includes/js/wp-emoji-release.min.js?ver=f314ca68cccfe34ad07f66cce3b84d20 HTTP/1.1" 200 5524 "https://cso-deprinsenhof.nl/" "Mozilla/5.0 (Macintosh; Intel Mac OS X 10_15_7) AppleWebKit/605.1.15 (KHTML, like Gecko) Version/17.4 Safari/605.1.15 (Applebot/0.1; +http://www.apple.com/go/applebot)"
203.145.38.23 - - [19/Jul/2026:14:34:29 +0200] "POST /xmlrpc.php HTTP/1.1" 200 6099 "-" "Mozilla/5.0 (X11; Ubuntu; Linux x86_64; arm64) AppleWebKit/537.36 (KHTML, like Gecko) Safari/14.0.0.0 Safari/537.36"
2001:1690:2:4::1:118 - - [19/Jul/2026:14:34:49 +0200] "POST /wp-cron.php?doing_wp_cron=1784464489.2955191135406494140625 HTTP/1.1" 200 5532 "-" "WordPress/6.9.5; https://cso-deprinsenhof.nl"
203.145.38.23 - - [19/Jul/2026:14:34:48 +0200] "POST /xmlrpc.php HTTP/1.1" 200 6099 "-" "Mozilla/5.0 (Linux; Android 10; x86) AppleWebKit/537.36 (KHTML, like Gecko) Firefox/95.0.0.0 Safari/537.36"
203.145.38.23 - - [19/Jul/2026:14:35:10 +0200] "POST /xmlrpc.php HTTP/1.1" 200 6099 "-" "Mozilla/5.0 (Windows NT 6.2; x86) AppleWebKit/537.36 (KHTML, like Gecko) Chrome/90.0.0.0 Safari/537.36"
2001:1690:2:4::1:118 - - [19/Jul/2026:14:35:27 +0200] "POST /wp-cron.php?doing_wp_cron=1784464527.8557438850402832031250 HTTP/1.1" 200 5532 "-" "WordPress/6.9.5; https://cso-deprinsenhof.nl"
203.145.38.23 - - [19/Jul/2026:14:35:27 +0200] "POST /xmlrpc.php HTTP/1.1" 200 6099 "-" "Mozilla/5.0 (Windows NT 10.0; x64) AppleWebKit/537.36 (KHTML, like Gecko) Chrome/99.0.0.0 Safari/537.36"
203.145.38.23 - - [19/Jul/2026:14:35:42 +0200] "POST /xmlrpc.php HTTP/1.1" 200 6099 "-" "Mozilla/5.0 (Windows NT 6.3; arm64) AppleWebKit/537.36 (KHTML, like Gecko) Edge/100.0.0.0 Safari/537.36"
2001:1690:2:4::1:118 - - [19/Jul/2026:14:35:58 +0200] "POST /wp-cron.php?doing_wp_cron=1784464558.4826359748840332031250 HTTP/1.1" 200 5532 "-" "WordPress/6.9.5; https://cso-deprinsenhof.nl"
203.145.38.23 - - [19/Jul/2026:14:35:57 +0200] "POST /xmlrpc.php HTTP/1.1" 200 6099 "-" "Mozilla/5.0 (Linux; Android 10; x86) AppleWebKit/537.36 (KHTML, like Gecko) Chrome/109.0.0.0 Safari/537.36"
203.145.38.23 - - [19/Jul/2026:14:36:15 +0200] "POST /xmlrpc.php HTTP/1.1" 200 6099 "-" "Mozilla/5.0 (Windows NT 6.2; x64) AppleWebKit/537.36 (KHTML, like Gecko) Opera/70.0.0.0 Safari/537.36"
2001:1690:2:4::1:118 - - [19/Jul/2026:14:36:31 +0200] "POST /wp-cron.php?doing_wp_cron=1784464591.2731649875640869140625 HTTP/1.1" 200 5532 "-" "WordPress/6.9.5; https://cso-deprinsenhof.nl"
203.145.38.23 - - [19/Jul/2026:14:36:30 +0200] "POST /xmlrpc.php HTTP/1.1" 503 25009 "-" "Mozilla/5.0 (Windows NT 6.3; arm64) AppleWebKit/537.36 (KHTML, like Gecko) Opera/62.0.0.0 Safari/537.36"
77.245.159.66 - - [19/Jul/2026:14:36:44 +0200] "GET /wp-login.php HTTP/1.1" 200 16807 "-" "Mozilla/5.0 (Windows NT 10.0; Win64; x64) AppleWebKit/537.36 (KHTML, like Gecko) Chrome/147.0.0.0 Safari/537.36"
203.145.38.23 - - [19/Jul/2026:14:36:45 +0200] "POST /xmlrpc.php HTTP/1.1" 503 24167 "-" "Mozilla/5.0 (Windows NT 6.3; arm64) AppleWebKit/537.36 (KHTML, like Gecko) Chrome/82.0.0.0 Safari/537.36"
77.245.159.66 - - [19/Jul/2026:14:36:44 +0200] "POST /wp-login.php HTTP/1.1" 503 25025 "https://cso-deprinsenhof.nl/wp-login.php" "Mozilla/5.0 (Windows NT 10.0; Win64; x64) AppleWebKit/537.36 (KHTML, like Gecko) Chrome/147.0.0.0 Safari/537.36"
203.145.38.23 - - [19/Jul/2026:14:37:00 +0200] "POST /xmlrpc.php HTTP/1.1" 503 24167 "-" "Mozilla/5.0 (Windows NT 10.0; x64) AppleWebKit/537.36 (KHTML, like Gecko) Safari/11.0.0.0 Safari/537.36"
203.145.38.23 - - [19/Jul/2026:14:37:19 +0200] "POST /xmlrpc.php HTTP/1.1" 503 24167 "-" "Mozilla/5.0 (Windows NT 6.3; x64) AppleWebKit/537.36 (KHTML, like Gecko) Edge/92.0.0.0 Safari/537.36"
203.145.38.23 - - [19/Jul/2026:14:37:44 +0200] "POST /xmlrpc.php HTTP/1.1" 503 24167 "-" "Mozilla/5.0 (Windows NT 10.0; arm64) AppleWebKit/537.36 (KHTML, like Gecko) Safari/13.0.0.0 Safari/537.36"
203.145.38.23 - - [19/Jul/2026:14:38:07 +0200] "POST /xmlrpc.php HTTP/1.1" 503 24167 "-" "Mozilla/5.0 (Windows NT 6.3; x86) AppleWebKit/537.36 (KHTML, like Gecko) Firefox/87.0.0.0 Safari/537.36"
203.145.38.23 - - [19/Jul/2026:14:38:22 +0200] "POST /xmlrpc.php HTTP/1.1" 503 24167 "-" "Mozilla/5.0 (X11; Ubuntu; Linux x86_64; x64) AppleWebKit/537.36 (KHTML, like Gecko) Chrome/110.0.0.0 Safari/537.36"
203.145.38.23 - - [19/Jul/2026:14:38:35 +0200] "POST /xmlrpc.php HTTP/1.1" 503 24167 "-" "Mozilla/5.0 (Linux; Android 10; x64) AppleWebKit/537.36 (KHTML, like Gecko) Opera/64.0.0.0 Safari/537.36"
2001:1690:2:4::1:118 - - [19/Jul/2026:14:38:49 +0200] "POST /wp-cron.php?doing_wp_cron=1784464729.1112990379333496093750 HTTP/1.1" 200 5532 "-" "WordPress/6.9.5; https://cso-deprinsenhof.nl"
2001:1690:2:4::1:118 - - [19/Jul/2026:14:38:48 +0200] "POST /?wordfence_syncAttackData=1784464728.9247 HTTP/1.1" 200 5474 "-" "WordPress/6.9.5; https://cso-deprinsenhof.nl"
43.164.3.23 - - [19/Jul/2026:14:38:48 +0200] "GET / HTTP/1.1" 301 5550 "http://www.cso-deprinsenhof.nl" "Mozilla/5.0 (iPhone; CPU iPhone OS 13_2_3 like Mac OS X) AppleWebKit/605.1.15 (KHTML, like Gecko) Version/13.0.3 Mobile/15E148 Safari/604.1"
203.145.38.23 - - [19/Jul/2026:14:38:50 +0200] "POST /xmlrpc.php HTTP/1.1" 503 24167 "-" "Mozilla/5.0 (Windows NT 6.2; arm64) AppleWebKit/537.36 (KHTML, like Gecko) Safari/13.0.0.0 Safari/537.36"
43.164.3.23 - - [19/Jul/2026:14:38:50 +0200] "GET / HTTP/1.1" 200 128070 "https://www.cso-deprinsenhof.nl/" "Mozilla/5.0 (iPhone; CPU iPhone OS 13_2_3 like Mac OS X) AppleWebKit/605.1.15 (KHTML, like Gecko) Version/13.0.3 Mobile/15E148 Safari/604.1"
2602:fa59:10:a3a::1 - - [19/Jul/2026:14:38:54 +0200] "GET /.git/config HTTP/1.1" 301 5673 "-" "Mozilla/5.0 (X11; Linux x86_64)"
203.145.38.23 - - [19/Jul/2026:14:39:04 +0200] "POST /xmlrpc.php HTTP/1.1" 503 24167 "-" "Mozilla/5.0 (X11; Ubuntu; Linux x86_64; arm64) AppleWebKit/537.36 (KHTML, like Gecko) Firefox/74.0.0.0 Safari/537.36"
203.145.38.23 - - [19/Jul/2026:14:39:19 +0200] "POST /xmlrpc.php HTTP/1.1" 503 24167 "-" "Mozilla/5.0 (Linux; Android 10; arm64) AppleWebKit/537.36 (KHTML, like Gecko) Opera/63.0.0.0 Safari/537.36"
2001:1690:2:4::1:118 - - [19/Jul/2026:14:40:22 +0200] "POST /?wordfence_syncAttackData=1784464822.1921 HTTP/1.1" 200 5474 "-" "WordPress/6.9.5; https://cso-deprinsenhof.nl"
104.210.140.135 - - [19/Jul/2026:14:40:21 +0200] "GET /robots.txt HTTP/1.1" 200 5740 "-" "Mozilla/5.0 (Macintosh; Intel Mac OS X 10_15_7) AppleWebKit/537.36 (KHTML, like Gecko) Chrome/131.0.0.0 Safari/537.36; compatible; OAI-SearchBot/1.0; +https://openai.com/searchbot"
2001:1690:2:4::1:118 - - [19/Jul/2026:14:46:41 +0200] "POST /wp-cron.php?doing_wp_cron=1784465200.9939808845520019531250 HTTP/1.1" 200 5532 "-" "WordPress/6.9.5; https://cso-deprinsenhof.nl"
117.0.21.154 - - [19/Jul/2026:14:46:40 +0200] "GET /wp-login.php HTTP/1.1" 200 16807 "-" "Mozilla/5.0 (Windows NT 10.0; Win64; x64) AppleWebKit/537.36 (KHTML, like Gecko) Chrome/147.0.0.0 Safari/537.36"
117.0.21.154 - - [19/Jul/2026:14:46:42 +0200] "POST /wp-login.php HTTP/1.1" 503 25025 "https://cso-deprinsenhof.nl/wp-login.php" "Mozilla/5.0 (Windows NT 10.0; Win64; x64) AppleWebKit/537.36 (KHTML, like Gecko) Chrome/147.0.0.0 Safari/537.36"
2001:1690:2:4::1:118 - - [19/Jul/2026:14:54:47 +0200] "POST /wp-cron.php?doing_wp_cron=1784465687.1012349128723144531250 HTTP/1.1" 200 5532 "-" "WordPress/6.9.5; https://cso-deprinsenhof.nl"
160.187.68.132 - - [19/Jul/2026:14:54:46 +0200] "GET /wp-login.php HTTP/1.1" 200 16807 "-" "Mozilla/5.0 (Windows NT 10.0; Win64; x64) AppleWebKit/537.36 (KHTML, like Gecko) Chrome/147.0.0.0 Safari/537.36"
160.187.68.132 - - [19/Jul/2026:14:54:48 +0200] "POST /wp-login.php HTTP/1.1" 503 25025 "https://cso-deprinsenhof.nl/wp-login.php" "Mozilla/5.0 (Windows NT 10.0; Win64; x64) AppleWebKit/537.36 (KHTML, like Gecko) Chrome/147.0.0.0 Safari/537.36"
2001:1690:2:4::1:118 - - [19/Jul/2026:14:59:08 +0200] "POST /wp-cron.php?doing_wp_cron=1784465948.1353149414062500000000 HTTP/1.1" 200 5532 "-" "WordPress/6.9.5; https://cso-deprinsenhof.nl"
216.73.216.47 - - [19/Jul/2026:14:59:07 +0200] "GET /robots.txt HTTP/1.1" 200 5740 "-" "Mozilla/5.0 AppleWebKit/537.36 (KHTML, like Gecko; compatible; ClaudeBot/1.0; +claudebot@anthropic.com)"
216.73.216.47 - - [19/Jul/2026:14:59:08 +0200] "GET /sitemap_index.xml HTTP/1.1" 200 6042 "-" "Mozilla/5.0 AppleWebKit/537.36 (KHTML, like Gecko; compatible; ClaudeBot/1.0; +claudebot@anthropic.com)"
68.178.160.25 - - [19/Jul/2026:15:01:27 +0200] "GET /wp-login.php HTTP/1.1" 200 16807 "-" "Mozilla/5.0 (Windows NT 10.0; Win64; x64) AppleWebKit/537.36 (KHTML, like Gecko) Chrome/147.0.0.0 Safari/537.36"
68.178.160.25 - - [19/Jul/2026:15:01:28 +0200] "POST /wp-login.php HTTP/1.1" 503 25025 "https://cso-deprinsenhof.nl/wp-login.php" "Mozilla/5.0 (Windows NT 10.0; Win64; x64) AppleWebKit/537.36 (KHTML, like Gecko) Chrome/147.0.0.0 Safari/537.36"
2001:1690:2:4::1:118 - - [19/Jul/2026:15:11:20 +0200] "POST /wp-cron.php?doing_wp_cron=1784466680.4621090888977050781250 HTTP/1.1" 200 5532 "-" "WordPress/6.9.5; https://cso-deprinsenhof.nl"
97.74.93.24 - - [19/Jul/2026:15:11:20 +0200] "GET /wp-login.php HTTP/1.1" 200 16807 "-" "Mozilla/5.0 (Windows NT 10.0; Win64; x64) AppleWebKit/537.36 (KHTML, like Gecko) Chrome/147.0.0.0 Safari/537.36"
97.74.93.24 - - [19/Jul/2026:15:11:20 +0200] "POST /wp-login.php HTTP/1.1" 503 25025 "https://cso-deprinsenhof.nl/wp-login.php" "Mozilla/5.0 (Windows NT 10.0; Win64; x64) AppleWebKit/537.36 (KHTML, like Gecko) Chrome/147.0.0.0 Safari/537.36"
74.7.244.57 - - [19/Jul/2026:15:14:33 +0200] "GET /robots.txt HTTP/1.1" 301 5530 "-" "Mozilla/5.0 (Macintosh; Intel Mac OS X 10_15_7) AppleWebKit/537.36 (KHTML, like Gecko) Chrome/131.0.0.0 Safari/537.36; compatible; OAI-SearchBot/1.4; robots.txt; +https://openai.com/searchbot"
2001:1690:2:4::1:118 - - [19/Jul/2026:15:14:33 +0200] "POST /wp-cron.php?doing_wp_cron=1784466873.7247750759124755859375 HTTP/1.1" 200 5532 "-" "WordPress/6.9.5; https://cso-deprinsenhof.nl"
74.7.242.45 - - [19/Jul/2026:15:14:33 +0200] "GET / HTTP/1.1" 301 5520 "https://www.contactklantenservice.nl" "Mozilla/5.0 AppleWebKit/537.36 (KHTML, like Gecko; compatible; GPTBot/1.4; +https://openai.com/gptbot)"
74.7.244.57 - - [19/Jul/2026:15:14:34 +0200] "GET /robots.txt HTTP/1.1" 200 5740 "https://www.cso-deprinsenhof.nl/robots.txt" "Mozilla/5.0 (Macintosh; Intel Mac OS X 10_15_7) AppleWebKit/537.36 (KHTML, like Gecko) Chrome/131.0.0.0 Safari/537.36; compatible; OAI-SearchBot/1.4; robots.txt; +https://openai.com/searchbot"
74.7.228.14 - - [19/Jul/2026:15:14:34 +0200] "GET /robots.txt HTTP/1.1" 200 5740 "-" "Mozilla/5.0 (Macintosh; Intel Mac OS X 10_15_7) AppleWebKit/537.36 (KHTML, like Gecko) Chrome/131.0.0.0 Safari/537.36; compatible; OAI-SearchBot/1.4; robots.txt; +https://openai.com/searchbot"
2001:1690:2:4::1:118 - - [19/Jul/2026:15:14:34 +0200] "GET /wp-content/uploads/2025/07/boog-onder.svg HTTP/1.1" 200 6041 "-" "-"
74.7.227.149 - - [19/Jul/2026:15:14:34 +0200] "GET / HTTP/1.1" 200 128082 "https://www.cso-deprinsenhof.nl" "Mozilla/5.0 AppleWebKit/537.36 (KHTML, like Gecko; compatible; GPTBot/1.4; +https://openai.com/gptbot)"
74.7.227.149 - - [19/Jul/2026:15:14:37 +0200] "GET /wp-includes/js/wp-emoji-release.min.js?ver=f314ca68cccfe34ad07f66cce3b84d20 HTTP/1.1" 200 5524 "https://cso-deprinsenhof.nl/" "Mozilla/5.0 AppleWebKit/537.36 (KHTML, like Gecko; compatible; GPTBot/1.4; +https://openai.com/gptbot)"
2001:1690:2:4::1:118 - - [19/Jul/2026:15:14:40 +0200] "GET /wp-content/uploads/2025/07/boog-onder.svg HTTP/1.1" 200 6041 "-" "-"
74.7.227.149 - - [19/Jul/2026:15:14:40 +0200] "GET /onze-school/ HTTP/1.1" 200 124144 "https://cso-deprinsenhof.nl/" "Mozilla/5.0 AppleWebKit/537.36 (KHTML, like Gecko; compatible; GPTBot/1.4; +https://openai.com/gptbot)"
74.7.227.149 - - [19/Jul/2026:15:14:42 +0200] "GET /?p=233 HTTP/1.1" 301 5644 "https://cso-deprinsenhof.nl/onze-school/" "Mozilla/5.0 AppleWebKit/537.36 (KHTML, like Gecko; compatible; GPTBot/1.4; +https://openai.com/gptbot)"
142.44.220.80 - - [19/Jul/2026:15:20:20 +0200] "GET /robots.txt HTTP/1.1" 200 5740 "-" "Mozilla/5.0 (compatible; AhrefsBot/7.0; +http://ahrefs.com/robot/)"
198.244.242.202 - - [19/Jul/2026:15:20:21 +0200] "GET /schoolgids-2024-2025/ HTTP/1.1" 404 83122 "-" "Mozilla/5.0 (compatible; AhrefsBot/7.0; +http://ahrefs.com/robot/)"
2001:1690:2:4::1:118 - - [19/Jul/2026:15:21:27 +0200] "POST /wp-cron.php?doing_wp_cron=1784467287.4567570686340332031250 HTTP/1.1" 200 5532 "-" "WordPress/6.9.5; https://cso-deprinsenhof.nl"
31.42.184.154 - - [19/Jul/2026:15:21:27 +0200] "GET /wp-login.php HTTP/1.1" 200 16807 "-" "Mozilla/5.0 (Windows NT 10.0; Win64; x64) AppleWebKit/537.36 (KHTML, like Gecko) Chrome/147.0.0.0 Safari/537.36"
217.60.241.250 - - [19/Jul/2026:15:21:27 +0200] "GET /wp-login.php HTTP/1.1" 200 16807 "-" "Mozilla/5.0 (X11; Linux x86_64) AppleWebKit/537.36 (KHTML, like Gecko) Chrome/118.0.0.0 Safari/537.36"
217.60.241.250 - - [19/Jul/2026:15:21:28 +0200] "GET /wp-login.php HTTP/1.1" 200 16665 "https://www.google.com/search?q=wordpress" "Mozilla/5.0 (X11; Ubuntu; Linux x86_64) AppleWebKit/537.36 (KHTML, like Gecko) Chrome/119.0.0.0 Safari/537.36"
31.42.184.154 - - [19/Jul/2026:15:21:27 +0200] "POST /wp-login.php HTTP/1.1" 503 25025 "https://cso-deprinsenhof.nl/wp-login.php" "Mozilla/5.0 (Windows NT 10.0; Win64; x64) AppleWebKit/537.36 (KHTML, like Gecko) Chrome/147.0.0.0 Safari/537.36"
217.60.241.250 - - [19/Jul/2026:15:21:28 +0200] "GET /wp-admin/ HTTP/1.1" 302 5701 "https://www.google.com/" "Mozilla/5.0 (Macintosh; Intel Mac OS X 13_6_1) AppleWebKit/605.1.15 (KHTML, like Gecko) Version/17.0 Safari/605.1.15"
217.60.241.250 - - [19/Jul/2026:15:21:28 +0200] "GET /wp-login.php?redirect_to=https%3A%2F%2Fcso-deprinsenhof.nl%2Fwp-admin%2F&reauth=1 HTTP/1.1" 200 18825 "https://www.google.com/" "Mozilla/5.0 (Macintosh; Intel Mac OS X 13_6_1) AppleWebKit/605.1.15 (KHTML, like Gecko) Version/17.0 Safari/605.1.15"
2001:1690:2:4::1:118 - - [19/Jul/2026:15:38:47 +0200] "POST /wp-cron.php?doing_wp_cron=1784468327.8160200119018554687500 HTTP/1.1" 200 5532 "-" "WordPress/6.9.5; https://cso-deprinsenhof.nl"
120.72.98.5 - - [19/Jul/2026:15:38:47 +0200] "GET /wp-login.php HTTP/1.1" 200 16807 "-" "Mozilla/5.0 (Windows NT 10.0; Win64; x64) AppleWebKit/537.36 (KHTML, like Gecko) Chrome/147.0.0.0 Safari/537.36"
120.72.98.5 - - [19/Jul/2026:15:38:48 +0200] "POST /wp-login.php HTTP/1.1" 503 25025 "https://cso-deprinsenhof.nl/wp-login.php" "Mozilla/5.0 (Windows NT 10.0; Win64; x64) AppleWebKit/537.36 (KHTML, like Gecko) Chrome/147.0.0.0 Safari/537.36"
2001:1690:2:4::1:118 - - [19/Jul/2026:15:40:32 +0200] "GET /wp-content/uploads/2025/07/boog-onder.svg HTTP/1.1" 200 6041 "-" "-"
2001:1690:2:4::1:118 - - [19/Jul/2026:15:40:32 +0200] "POST /wp-cron.php?doing_wp_cron=1784468432.7658638954162597656250 HTTP/1.1" 200 5532 "-" "WordPress/6.9.5; https://cso-deprinsenhof.nl"
2001:1c00:4802:5d00:8931:6428:e6d2:a92d - - [19/Jul/2026:15:40:32 +0200] "GET / HTTP/1.1" 200 128274 "https://www.google.com/" "Mozilla/5.0 (iPhone; CPU iPhone OS 18_7 like Mac OS X) AppleWebKit/605.1.15 (KHTML, like Gecko) Version/26.5.2 Mobile/15E148 Safari/604.1"
2001:1c00:4802:5d00:8931:6428:e6d2:a92d - - [19/Jul/2026:15:40:32 +0200] "GET /wp-content/uploads/fusion-styles/4dff08bfd85c24e6fc2e0df4059bb1a7.min.css?ver=3.14.2 HTTP/1.1" 200 5577 "https://cso-deprinsenhof.nl/" "Mozilla/5.0 (iPhone; CPU iPhone OS 18_7 like Mac OS X) AppleWebKit/605.1.15 (KHTML, like Gecko) Version/26.5.2 Mobile/15E148 Safari/604.1"
2001:1c00:4802:5d00:8931:6428:e6d2:a92d - - [19/Jul/2026:15:40:32 +0200] "GET /wp-content/uploads/2025/07/Schermafbeelding-2020-06-19-om-12.45.32.png HTTP/1.1" 200 5575 "https://cso-deprinsenhof.nl/" "Mozilla/5.0 (iPhone; CPU iPhone OS 18_7 like Mac OS X) AppleWebKit/605.1.15 (KHTML, like Gecko) Version/26.5.2 Mobile/15E148 Safari/604.1"
2001:1c00:4802:5d00:8931:6428:e6d2:a92d - - [19/Jul/2026:15:40:32 +0200] "GET /wp-content/uploads/fusion-scripts/409f3d9b6ae5a62f1c2d4456e7952c90.min.js?ver=3.14.2 HTTP/1.1" 200 5591 "https://cso-deprinsenhof.nl/" "Mozilla/5.0 (iPhone; CPU iPhone OS 18_7 like Mac OS X) AppleWebKit/605.1.15 (KHTML, like Gecko) Version/26.5.2 Mobile/15E148 Safari/604.1"
2001:1c00:4802:5d00:8931:6428:e6d2:a92d - - [19/Jul/2026:15:40:32 +0200] "GET /wp-includes/js/jquery/jquery.min.js?ver=3.7.1 HTTP/1.1" 200 5521 "https://cso-deprinsenhof.nl/" "Mozilla/5.0 (iPhone; CPU iPhone OS 18_7 like Mac OS X) AppleWebKit/605.1.15 (KHTML, like Gecko) Version/26.5.2 Mobile/15E148 Safari/604.1"
2001:1c00:4802:5d00:8931:6428:e6d2:a92d - - [19/Jul/2026:15:40:33 +0200] "GET /wp-content/themes/Avada/includes/lib/assets/fonts/fontawesome/webfonts/fa-solid-900.woff2 HTTP/1.1" 200 5595 "https://cso-deprinsenhof.nl/" "Mozilla/5.0 (iPhone; CPU iPhone OS 18_7 like Mac OS X) AppleWebKit/605.1.15 (KHTML, like Gecko) Version/26.5.2 Mobile/15E148 Safari/604.1"
2001:1c00:4802:5d00:8931:6428:e6d2:a92d - - [19/Jul/2026:15:40:33 +0200] "GET /wp-content/themes/Avada/includes/lib/assets/fonts/fontawesome/webfonts/fa-regular-400.woff2 HTTP/1.1" 200 5597 "https://cso-deprinsenhof.nl/" "Mozilla/5.0 (iPhone; CPU iPhone OS 18_7 like Mac OS X) AppleWebKit/605.1.15 (KHTML, like Gecko) Version/26.5.2 Mobile/15E148 Safari/604.1"
2001:1c00:4802:5d00:8931:6428:e6d2:a92d - - [19/Jul/2026:15:40:33 +0200] "GET /wp-content/uploads/2025/07/logo-de-Prinsenhof.svg HTTP/1.1" 200 5558 "https://cso-deprinsenhof.nl/" "Mozilla/5.0 (iPhone; CPU iPhone OS 18_7 like Mac OS X) AppleWebKit/605.1.15 (KHTML, like Gecko) Version/26.5.2 Mobile/15E148 Safari/604.1"
2001:1c00:4802:5d00:8931:6428:e6d2:a92d - - [19/Jul/2026:15:40:33 +0200] "GET /wp-content/uploads/2020/06/De-Prinsenhof_final_web-2.mp4 HTTP/1.1" 200 5529 "https://cso-deprinsenhof.nl/" "Mozilla/5.0 (iPhone; CPU iPhone OS 18_7 like Mac OS X) AppleWebKit/605.1.15 (KHTML, like Gecko) Version/26.5.2 Mobile/15E148 Safari/604.1"
2001:1c00:4802:5d00:8931:6428:e6d2:a92d - - [19/Jul/2026:15:40:33 +0200] "GET /wp-content/uploads/2025/09/PBS-klaslokaal_home-scaled.webp HTTP/1.1" 200 5532 "https://cso-deprinsenhof.nl/" "Mozilla/5.0 (iPhone; CPU iPhone OS 18_7 like Mac OS X) AppleWebKit/605.1.15 (KHTML, like Gecko) Version/26.5.2 Mobile/15E148 Safari/604.1"
2001:1c00:4802:5d00:8931:6428:e6d2:a92d - - [19/Jul/2026:15:40:33 +0200] "GET /wp-includes/js/wp-emoji-release.min.js?ver=f314ca68cccfe34ad07f66cce3b84d20 HTTP/1.1" 200 5524 "https://cso-deprinsenhof.nl/" "Mozilla/5.0 (iPhone; CPU iPhone OS 18_7 like Mac OS X) AppleWebKit/605.1.15 (KHTML, like Gecko) Version/26.5.2 Mobile/15E148 Safari/604.1"
2001:1c00:4802:5d00:8931:6428:e6d2:a92d - - [19/Jul/2026:15:40:33 +0200] "GET /wp-content/uploads/2020/06/De-Prinsenhof_final_web-2.mp4 HTTP/1.1" 200 5529 "https://cso-deprinsenhof.nl/" "Mozilla/5.0 (iPhone; CPU iPhone OS 18_7 like Mac OS X) AppleWebKit/605.1.15 (KHTML, like Gecko) Version/26.5.2 Mobile/15E148 Safari/604.1"
2001:1c00:4802:5d00:8931:6428:e6d2:a92d - - [19/Jul/2026:15:40:33 +0200] "GET /wp-content/uploads/2020/06/De-Prinsenhof_final_web-2.mp4 HTTP/1.1" 200 5529 "https://cso-deprinsenhof.nl/" "Mozilla/5.0 (iPhone; CPU iPhone OS 18_7 like Mac OS X) AppleWebKit/605.1.15 (KHTML, like Gecko) Version/26.5.2 Mobile/15E148 Safari/604.1"
2001:1c00:4802:5d00:8931:6428:e6d2:a92d - - [19/Jul/2026:15:40:33 +0200] "GET /wp-content/uploads/2025/07/de-Prinsenhof_favicon_64px.png HTTP/1.1" 200 5562 "https://cso-deprinsenhof.nl/" "Mozilla/5.0 (iPhone; CPU iPhone OS 18_7 like Mac OS X) AppleWebKit/605.1.15 (KHTML, like Gecko) Version/26.5.2 Mobile/15E148 Safari/604.1"
2001:1c00:4802:5d00:8931:6428:e6d2:a92d - - [19/Jul/2026:15:40:37 +0200] "GET /wp-content/uploads/2025/07/Onze-leerllingen-3-1200x799.webp HTTP/1.1" 200 5533 "https://cso-deprinsenhof.nl/" "Mozilla/5.0 (iPhone; CPU iPhone OS 18_7 like Mac OS X) AppleWebKit/605.1.15 (KHTML, like Gecko) Version/26.5.2 Mobile/15E148 Safari/604.1"
2001:1c00:4802:5d00:8931:6428:e6d2:a92d - - [19/Jul/2026:15:40:42 +0200] "GET /wp-content/uploads/2025/07/Ons-onderwijs-2-1200x799.webp HTTP/1.1" 200 5530 "https://cso-deprinsenhof.nl/" "Mozilla/5.0 (iPhone; CPU iPhone OS 18_7 like Mac OS X) AppleWebKit/605.1.15 (KHTML, like Gecko) Version/26.5.2 Mobile/15E148 Safari/604.1"
2001:1c00:4802:5d00:8931:6428:e6d2:a92d - - [19/Jul/2026:15:40:44 +0200] "GET /wp-content/uploads/2025/07/taxibaan-scaled.webp HTTP/1.1" 200 5521 "https://cso-deprinsenhof.nl/" "Mozilla/5.0 (iPhone; CPU iPhone OS 18_7 like Mac OS X) AppleWebKit/605.1.15 (KHTML, like Gecko) Version/26.5.2 Mobile/15E148 Safari/604.1"
2001:1c00:4802:5d00:8931:6428:e6d2:a92d - - [19/Jul/2026:15:40:45 +0200] "GET /wp-content/uploads/2025/07/Kernwaarden-scaled-e1752073802858-800x1006.jpg HTTP/1.1" 200 5579 "https://cso-deprinsenhof.nl/" "Mozilla/5.0 (iPhone; CPU iPhone OS 18_7 like Mac OS X) AppleWebKit/605.1.15 (KHTML, like Gecko) Version/26.5.2 Mobile/15E148 Safari/604.1"
2001:1690:2:4::1:118 - - [19/Jul/2026:15:40:51 +0200] "GET /wp-content/uploads/2025/07/boog-onder.svg HTTP/1.1" 200 6041 "-" "-"
2001:1c00:4802:5d00:8931:6428:e6d2:a92d - - [19/Jul/2026:15:40:50 +0200] "GET /vacatures/ HTTP/1.1" 200 86895 "https://cso-deprinsenhof.nl/" "Mozilla/5.0 (iPhone; CPU iPhone OS 18_7 like Mac OS X) AppleWebKit/605.1.15 (KHTML, like Gecko) Version/26.5.2 Mobile/15E148 Safari/604.1"
2001:1c00:4802:5d00:8931:6428:e6d2:a92d - - [19/Jul/2026:15:40:51 +0200] "GET /wp-content/uploads/fusion-scripts/747e0431434c69b818684b1a4ea6b073.min.js?ver=3.14.2 HTTP/1.1" 200 5591 "https://cso-deprinsenhof.nl/vacatures/" "Mozilla/5.0 (iPhone; CPU iPhone OS 18_7 like Mac OS X) AppleWebKit/605.1.15 (KHTML, like Gecko) Version/26.5.2 Mobile/15E148 Safari/604.1"
2001:1c00:4802:5d00:8931:6428:e6d2:a92d - - [19/Jul/2026:15:40:51 +0200] "GET /wp-content/uploads/2025/07/kas-scaled-e1758020081839.jpg HTTP/1.1" 200 5562 "https://cso-deprinsenhof.nl/vacatures/" "Mozilla/5.0 (iPhone; CPU iPhone OS 18_7 like Mac OS X) AppleWebKit/605.1.15 (KHTML, like Gecko) Version/26.5.2 Mobile/15E148 Safari/604.1"
2001:1c00:4802:5d00:8931:6428:e6d2:a92d - - [19/Jul/2026:15:40:52 +0200] "GET /wp-content/uploads/2025/07/Prins_los-800x934.png HTTP/1.1" 200 5553 "https://cso-deprinsenhof.nl/vacatures/" "Mozilla/5.0 (iPhone; CPU iPhone OS 18_7 like Mac OS X) AppleWebKit/605.1.15 (KHTML, like Gecko) Version/26.5.2 Mobile/15E148 Safari/604.1"
2001:1690:2:4::1:118 - - [19/Jul/2026:15:49:37 +0200] "POST /wp-cron.php?doing_wp_cron=1784468977.4686501026153564453125 HTTP/1.1" 200 5532 "-" "WordPress/6.9.5; https://cso-deprinsenhof.nl"
113.160.142.119 - - [19/Jul/2026:15:49:37 +0200] "GET /wp-login.php HTTP/1.1" 200 16807 "-" "Mozilla/5.0 (Windows NT 10.0; Win64; x64) AppleWebKit/537.36 (KHTML, like Gecko) Chrome/147.0.0.0 Safari/537.36"
113.160.142.119 - - [19/Jul/2026:15:49:38 +0200] "POST /wp-login.php HTTP/1.1" 503 25025 "https://cso-deprinsenhof.nl/wp-login.php" "Mozilla/5.0 (Windows NT 10.0; Win64; x64) AppleWebKit/537.36 (KHTML, like Gecko) Chrome/147.0.0.0 Safari/537.36"
34.55.226.62 - - [19/Jul/2026:15:53:23 +0200] "GET / HTTP/1.1" 200 128088 "-" "Mozilla/5.0 (Windows NT 10.0; Win64; x64) AppleWebKit/537.36 (KHTML, like Gecko) Chrome/78.0.3904.108 Safari/537.36"
2001:1690:2:4::1:118 - - [19/Jul/2026:15:53:23 +0200] "POST /wp-cron.php?doing_wp_cron=1784469203.8579409122467041015625 HTTP/1.1" 200 5532 "-" "WordPress/6.9.5; https://cso-deprinsenhof.nl"
34.55.226.62 - - [19/Jul/2026:15:53:23 +0200] "GET //wp-includes/wlwmanifest.xml HTTP/1.1" 301 5689 "-" "Mozilla/5.0 (Windows NT 10.0; Win64; x64) AppleWebKit/537.36 (KHTML, like Gecko) Chrome/78.0.3904.108 Safari/537.36"
34.55.226.62 - - [19/Jul/2026:15:53:24 +0200] "GET //xmlrpc.php?rsd HTTP/1.1" 200 6288 "-" "Mozilla/5.0 (Windows NT 10.0; Win64; x64) AppleWebKit/537.36 (KHTML, like Gecko) Chrome/78.0.3904.108 Safari/537.36"
34.55.226.62 - - [19/Jul/2026:15:53:24 +0200] "GET //?author=1 HTTP/1.1" 404 38910 "-" "Mozilla/5.0 (Windows NT 10.0; Win64; x64) AppleWebKit/537.36 (KHTML, like Gecko) Chrome/78.0.3904.108 Safari/537.36"
34.55.226.62 - - [19/Jul/2026:15:53:24 +0200] "GET //?author=2 HTTP/1.1" 404 38910 "-" "Mozilla/5.0 (Windows NT 10.0; Win64; x64) AppleWebKit/537.36 (KHTML, like Gecko) Chrome/78.0.3904.108 Safari/537.36"
34.55.226.62 - - [19/Jul/2026:15:53:24 +0200] "GET //wp-json/wp/v2/users/ HTTP/1.1" 401 5950 "-" "Mozilla/5.0 (Windows NT 10.0; Win64; x64) AppleWebKit/537.36 (KHTML, like Gecko) Chrome/78.0.3904.108 Safari/537.36"
34.55.226.62 - - [19/Jul/2026:15:53:25 +0200] "GET //wp-json/oembed/1.0/embed?url=https://cso-deprinsenhof.nl/ HTTP/1.1" 200 8316 "-" "Mozilla/5.0 (Windows NT 10.0; Win64; x64) AppleWebKit/537.36 (KHTML, like Gecko) Chrome/78.0.3904.108 Safari/537.36"
34.55.226.62 - - [19/Jul/2026:15:53:25 +0200] "POST //xmlrpc.php HTTP/1.1" 503 24988 "-" "Mozilla/5.0 (Windows NT 10.0; Win64; x64) AppleWebKit/537.36 (KHTML, like Gecko) Chrome/78.0.3904.108 Safari/537.36"
34.60.167.10 - - [19/Jul/2026:15:53:56 +0200] "GET / HTTP/1.1" 200 128088 "-" "Mozilla/5.0 (Windows NT 10.0; Win64; x64) AppleWebKit/537.36 (KHTML, like Gecko) Chrome/78.0.3904.108 Safari/537.36"
2001:1690:2:4::1:118 - - [19/Jul/2026:15:53:56 +0200] "POST /wp-cron.php?doing_wp_cron=1784469236.8287599086761474609375 HTTP/1.1" 200 5532 "-" "WordPress/6.9.5; https://cso-deprinsenhof.nl"
34.60.167.10 - - [19/Jul/2026:15:53:56 +0200] "GET //wp-includes/wlwmanifest.xml HTTP/1.1" 301 5689 "-" "Mozilla/5.0 (Windows NT 10.0; Win64; x64) AppleWebKit/537.36 (KHTML, like Gecko) Chrome/78.0.3904.108 Safari/537.36"
34.60.167.10 - - [19/Jul/2026:15:53:56 +0200] "GET //xmlrpc.php?rsd HTTP/1.1" 200 6288 "-" "Mozilla/5.0 (Windows NT 10.0; Win64; x64) AppleWebKit/537.36 (KHTML, like Gecko) Chrome/78.0.3904.108 Safari/537.36"
34.60.167.10 - - [19/Jul/2026:15:53:57 +0200] "GET //?author=1 HTTP/1.1" 404 38910 "-" "Mozilla/5.0 (Windows NT 10.0; Win64; x64) AppleWebKit/537.36 (KHTML, like Gecko) Chrome/78.0.3904.108 Safari/537.36"
34.60.167.10 - - [19/Jul/2026:15:53:57 +0200] "GET //?author=2 HTTP/1.1" 404 38910 "-" "Mozilla/5.0 (Windows NT 10.0; Win64; x64) AppleWebKit/537.36 (KHTML, like Gecko) Chrome/78.0.3904.108 Safari/537.36"
34.60.167.10 - - [19/Jul/2026:15:53:57 +0200] "GET //wp-json/wp/v2/users/ HTTP/1.1" 401 5950 "-" "Mozilla/5.0 (Windows NT 10.0; Win64; x64) AppleWebKit/537.36 (KHTML, like Gecko) Chrome/78.0.3904.108 Safari/537.36"
34.60.167.10 - - [19/Jul/2026:15:53:58 +0200] "GET //wp-json/oembed/1.0/embed?url=https://cso-deprinsenhof.nl/ HTTP/1.1" 200 8316 "-" "Mozilla/5.0 (Windows NT 10.0; Win64; x64) AppleWebKit/537.36 (KHTML, like Gecko) Chrome/78.0.3904.108 Safari/537.36"
34.60.167.10 - - [19/Jul/2026:15:53:58 +0200] "POST //xmlrpc.php HTTP/1.1" 503 24988 "-" "Mozilla/5.0 (Windows NT 10.0; Win64; x64) AppleWebKit/537.36 (KHTML, like Gecko) Chrome/78.0.3904.108 Safari/537.36"
2001:1690:2:4::1:118 - - [19/Jul/2026:15:56:11 +0200] "POST /wp-cron.php?doing_wp_cron=1784469371.2629210948944091796875 HTTP/1.1" 200 5532 "-" "WordPress/6.9.5; https://cso-deprinsenhof.nl"
103.255.134.61 - - [19/Jul/2026:15:56:10 +0200] "GET /wp-login.php HTTP/1.1" 200 16807 "-" "Mozilla/5.0 (Windows NT 10.0; Win64; x64) AppleWebKit/537.36 (KHTML, like Gecko) Chrome/147.0.0.0 Safari/537.36"
103.255.134.61 - - [19/Jul/2026:15:56:11 +0200] "POST /wp-login.php HTTP/1.1" 503 25025 "https://cso-deprinsenhof.nl/wp-login.php" "Mozilla/5.0 (Windows NT 10.0; Win64; x64) AppleWebKit/537.36 (KHTML, like Gecko) Chrome/147.0.0.0 Safari/537.36"
2001:1690:2:4::1:118 - - [19/Jul/2026:16:06:15 +0200] "POST /wp-cron.php?doing_wp_cron=1784469975.3919188976287841796875 HTTP/1.1" 200 5532 "-" "WordPress/6.9.5; https://cso-deprinsenhof.nl"
91.142.222.105 - - [19/Jul/2026:16:06:15 +0200] "GET /wp-login.php HTTP/1.1" 200 16807 "-" "Mozilla/5.0 (Windows NT 10.0; Win64; x64) AppleWebKit/537.36 (KHTML, like Gecko) Chrome/147.0.0.0 Safari/537.36"
91.142.222.105 - - [19/Jul/2026:16:06:16 +0200] "POST /wp-login.php HTTP/1.1" 503 25025 "https://cso-deprinsenhof.nl/wp-login.php" "Mozilla/5.0 (Windows NT 10.0; Win64; x64) AppleWebKit/537.36 (KHTML, like Gecko) Chrome/147.0.0.0 Safari/537.36"
2001:1690:2:4::1:118 - - [19/Jul/2026:16:18:00 +0200] "POST /wp-cron.php?doing_wp_cron=1784470680.9388749599456787109375 HTTP/1.1" 200 5532 "-" "WordPress/6.9.5; https://cso-deprinsenhof.nl"
20.12.214.177 - - [19/Jul/2026:16:18:00 +0200] "GET /admin.php HTTP/1.1" 404 83167 "-" "Mozilla/5.0 (Windows NT 10.0; Win64; x64) AppleWebKit/537.36 (KHTML, like Gecko) Chrome/120.0.0.0 Safari/537.36"
20.12.214.177 - - [19/Jul/2026:16:18:01 +0200] "GET /inputs.php HTTP/1.1" 404 83167 "-" "Mozilla/5.0 (Windows NT 10.0; Win64; x64) AppleWebKit/537.36 (KHTML, like Gecko) Chrome/120.0.0.0 Safari/537.36"
20.12.214.177 - - [19/Jul/2026:16:18:01 +0200] "GET /file.php HTTP/1.1" 404 83167 "-" "Mozilla/5.0 (Windows NT 10.0; Win64; x64) AppleWebKit/537.36 (KHTML, like Gecko) Chrome/120.0.0.0 Safari/537.36"
20.12.214.177 - - [19/Jul/2026:16:18:01 +0200] "GET /goods.php HTTP/1.1" 404 83167 "-" "Mozilla/5.0 (Windows NT 10.0; Win64; x64) AppleWebKit/537.36 (KHTML, like Gecko) Chrome/120.0.0.0 Safari/537.36"
20.12.214.177 - - [19/Jul/2026:16:18:02 +0200] "GET /ms-edit.php HTTP/1.1" 404 83167 "-" "Mozilla/5.0 (Windows NT 10.0; Win64; x64) AppleWebKit/537.36 (KHTML, like Gecko) Chrome/120.0.0.0 Safari/537.36"
20.12.214.177 - - [19/Jul/2026:16:18:02 +0200] "GET /simple.php HTTP/1.1" 404 83167 "-" "Mozilla/5.0 (Windows NT 10.0; Win64; x64) AppleWebKit/537.36 (KHTML, like Gecko) Chrome/120.0.0.0 Safari/537.36"
20.12.214.177 - - [19/Jul/2026:16:18:02 +0200] "GET /bgymj.php HTTP/1.1" 404 83167 "-" "Mozilla/5.0 (Windows NT 10.0; Win64; x64) AppleWebKit/537.36 (KHTML, like Gecko) Chrome/120.0.0.0 Safari/537.36"
20.12.214.177 - - [19/Jul/2026:16:18:03 +0200] "GET /wp-content/plugins/twenty/login.php HTTP/1.1" 404 83167 "-" "Mozilla/5.0 (Windows NT 10.0; Win64; x64) AppleWebKit/537.36 (KHTML, like Gecko) Chrome/120.0.0.0 Safari/537.36"
20.12.214.177 - - [19/Jul/2026:16:18:03 +0200] "GET /404.php HTTP/1.1" 404 83167 "-" "Mozilla/5.0 (Windows NT 10.0; Win64; x64) AppleWebKit/537.36 (KHTML, like Gecko) Chrome/120.0.0.0 Safari/537.36"
20.12.214.177 - - [19/Jul/2026:16:18:03 +0200] "GET /file3.php HTTP/1.1" 404 83167 "-" "Mozilla/5.0 (Windows NT 10.0; Win64; x64) AppleWebKit/537.36 (KHTML, like Gecko) Chrome/120.0.0.0 Safari/537.36"
20.12.214.177 - - [19/Jul/2026:16:18:03 +0200] "GET /wp-mail.php HTTP/1.1" 403 8158 "-" "Mozilla/5.0 (Windows NT 10.0; Win64; x64) AppleWebKit/537.36 (KHTML, like Gecko) Chrome/120.0.0.0 Safari/537.36"
20.12.214.177 - - [19/Jul/2026:16:18:04 +0200] "GET /about.php HTTP/1.1" 404 83167 "-" "Mozilla/5.0 (Windows NT 10.0; Win64; x64) AppleWebKit/537.36 (KHTML, like Gecko) Chrome/120.0.0.0 Safari/537.36"
20.12.214.177 - - [19/Jul/2026:16:18:04 +0200] "GET /wp.php HTTP/1.1" 404 83167 "-" "Mozilla/5.0 (Windows NT 10.0; Win64; x64) AppleWebKit/537.36 (KHTML, like Gecko) Chrome/120.0.0.0 Safari/537.36"
20.12.214.177 - - [19/Jul/2026:16:18:04 +0200] "GET /.dj/index.php HTTP/1.1" 301 5666 "-" "Mozilla/5.0 (Windows NT 10.0; Win64; x64) AppleWebKit/537.36 (KHTML, like Gecko) Chrome/120.0.0.0 Safari/537.36"
20.12.214.177 - - [19/Jul/2026:16:18:05 +0200] "GET /adminfuns.php HTTP/1.1" 404 83167 "-" "Mozilla/5.0 (Windows NT 10.0; Win64; x64) AppleWebKit/537.36 (KHTML, like Gecko) Chrome/120.0.0.0 Safari/537.36"
20.12.214.177 - - [19/Jul/2026:16:18:05 +0200] "GET /php8.php HTTP/1.1" 404 83167 "-" "Mozilla/5.0 (Windows NT 10.0; Win64; x64) AppleWebKit/537.36 (KHTML, like Gecko) Chrome/120.0.0.0 Safari/537.36"
20.12.214.177 - - [19/Jul/2026:16:18:05 +0200] "GET /classwithtostring.php HTTP/1.1" 404 83167 "-" "Mozilla/5.0 (Windows NT 10.0; Win64; x64) AppleWebKit/537.36 (KHTML, like Gecko) Chrome/120.0.0.0 Safari/537.36"
20.12.214.177 - - [19/Jul/2026:16:18:06 +0200] "GET /info.php HTTP/1.1" 404 83167 "-" "Mozilla/5.0 (Windows NT 10.0; Win64; x64) AppleWebKit/537.36 (KHTML, like Gecko) Chrome/120.0.0.0 Safari/537.36"
20.12.214.177 - - [19/Jul/2026:16:18:06 +0200] "GET /ioxi-o.php HTTP/1.1" 404 83152 "-" "Mozilla/5.0 (Windows NT 10.0; Win64; x64) AppleWebKit/537.36 (KHTML, like Gecko) Chrome/120.0.0.0 Safari/537.36"
20.12.214.177 - - [19/Jul/2026:16:18:06 +0200] "GET /011i.php HTTP/1.1" 404 83167 "-" "Mozilla/5.0 (Windows NT 10.0; Win64; x64) AppleWebKit/537.36 (KHTML, like Gecko) Chrome/120.0.0.0 Safari/537.36"
20.12.214.177 - - [19/Jul/2026:16:18:07 +0200] "GET /edit.php HTTP/1.1" 404 83167 "-" "Mozilla/5.0 (Windows NT 10.0; Win64; x64) AppleWebKit/537.36 (KHTML, like Gecko) Chrome/120.0.0.0 Safari/537.36"
20.12.214.177 - - [19/Jul/2026:16:18:07 +0200] "GET /sid3.php HTTP/1.1" 404 83167 "-" "Mozilla/5.0 (Windows NT 10.0; Win64; x64) AppleWebKit/537.36 (KHTML, like Gecko) Chrome/120.0.0.0 Safari/537.36"
20.12.214.177 - - [19/Jul/2026:16:18:07 +0200] "GET /load.php HTTP/1.1" 404 83167 "-" "Mozilla/5.0 (Windows NT 10.0; Win64; x64) AppleWebKit/537.36 (KHTML, like Gecko) Chrome/120.0.0.0 Safari/537.36"
20.12.214.177 - - [19/Jul/2026:16:18:08 +0200] "GET /166.php HTTP/1.1" 404 83167 "-" "Mozilla/5.0 (Windows NT 10.0; Win64; x64) AppleWebKit/537.36 (KHTML, like Gecko) Chrome/120.0.0.0 Safari/537.36"
20.12.214.177 - - [19/Jul/2026:16:18:08 +0200] "GET /wp-mail.php HTTP/1.1" 403 8158 "-" "Mozilla/5.0 (Windows NT 10.0; Win64; x64) AppleWebKit/537.36 (KHTML, like Gecko) Chrome/120.0.0.0 Safari/537.36"
20.12.214.177 - - [19/Jul/2026:16:18:08 +0200] "GET /leaf.php HTTP/1.1" 404 83167 "-" "Mozilla/5.0 (Windows NT 10.0; Win64; x64) AppleWebKit/537.36 (KHTML, like Gecko) Chrome/120.0.0.0 Safari/537.36"
20.12.214.177 - - [19/Jul/2026:16:18:08 +0200] "GET /grsiuk.php HTTP/1.1" 404 83167 "-" "Mozilla/5.0 (Windows NT 10.0; Win64; x64) AppleWebKit/537.36 (KHTML, like Gecko) Chrome/120.0.0.0 Safari/537.36"
20.12.214.177 - - [19/Jul/2026:16:18:09 +0200] "GET /8.php HTTP/1.1" 404 83167 "-" "Mozilla/5.0 (Windows NT 10.0; Win64; x64) AppleWebKit/537.36 (KHTML, like Gecko) Chrome/120.0.0.0 Safari/537.36"
20.12.214.177 - - [19/Jul/2026:16:18:09 +0200] "GET /fs.php HTTP/1.1" 404 83152 "-" "Mozilla/5.0 (Windows NT 10.0; Win64; x64) AppleWebKit/537.36 (KHTML, like Gecko) Chrome/120.0.0.0 Safari/537.36"
20.12.214.177 - - [19/Jul/2026:16:18:10 +0200] "GET /ws38.php HTTP/1.1" 404 83167 "-" "Mozilla/5.0 (Windows NT 10.0; Win64; x64) AppleWebKit/537.36 (KHTML, like Gecko) Chrome/120.0.0.0 Safari/537.36"
20.12.214.177 - - [19/Jul/2026:16:18:10 +0200] "GET /a7.php HTTP/1.1" 404 83167 "-" "Mozilla/5.0 (Windows NT 10.0; Win64; x64) AppleWebKit/537.36 (KHTML, like Gecko) Chrome/120.0.0.0 Safari/537.36"
20.12.214.177 - - [19/Jul/2026:16:18:10 +0200] "GET /classsmtps.php HTTP/1.1" 404 83167 "-" "Mozilla/5.0 (Windows NT 10.0; Win64; x64) AppleWebKit/537.36 (KHTML, like Gecko) Chrome/120.0.0.0 Safari/537.36"
20.12.214.177 - - [19/Jul/2026:16:18:11 +0200] "GET /amax.php HTTP/1.1" 404 83167 "-" "Mozilla/5.0 (Windows NT 10.0; Win64; x64) AppleWebKit/537.36 (KHTML, like Gecko) Chrome/120.0.0.0 Safari/537.36"
20.12.214.177 - - [19/Jul/2026:16:18:11 +0200] "GET /CDX1.php HTTP/1.1" 404 83167 "-" "Mozilla/5.0 (Windows NT 10.0; Win64; x64) AppleWebKit/537.36 (KHTML, like Gecko) Chrome/120.0.0.0 Safari/537.36"
20.12.214.177 - - [19/Jul/2026:16:18:12 +0200] "GET /rip.php HTTP/1.1" 404 83167 "-" "Mozilla/5.0 (Windows NT 10.0; Win64; x64) AppleWebKit/537.36 (KHTML, like Gecko) Chrome/120.0.0.0 Safari/537.36"
20.12.214.177 - - [19/Jul/2026:16:18:12 +0200] "GET /1.php HTTP/1.1" 404 83152 "-" "Mozilla/5.0 (Windows NT 10.0; Win64; x64) AppleWebKit/537.36 (KHTML, like Gecko) Chrome/120.0.0.0 Safari/537.36"
20.12.214.177 - - [19/Jul/2026:16:18:12 +0200] "GET /chosen.php HTTP/1.1" 404 83167 "-" "Mozilla/5.0 (Windows NT 10.0; Win64; x64) AppleWebKit/537.36 (KHTML, like Gecko) Chrome/120.0.0.0 Safari/537.36"
20.12.214.177 - - [19/Jul/2026:16:18:13 +0200] "GET /css.php HTTP/1.1" 404 83167 "-" "Mozilla/5.0 (Windows NT 10.0; Win64; x64) AppleWebKit/537.36 (KHTML, like Gecko) Chrome/120.0.0.0 Safari/537.36"
20.12.214.177 - - [19/Jul/2026:16:18:13 +0200] "GET /php.php HTTP/1.1" 404 83167 "-" "Mozilla/5.0 (Windows NT 10.0; Win64; x64) AppleWebKit/537.36 (KHTML, like Gecko) Chrome/120.0.0.0 Safari/537.36"
20.12.214.177 - - [19/Jul/2026:16:18:14 +0200] "GET /wp-Blogs.php HTTP/1.1" 404 83167 "-" "Mozilla/5.0 (Windows NT 10.0; Win64; x64) AppleWebKit/537.36 (KHTML, like Gecko) Chrome/120.0.0.0 Safari/537.36"
20.12.214.177 - - [19/Jul/2026:16:18:14 +0200] "GET /wp-content/index.php HTTP/1.1" 200 5439 "-" "Mozilla/5.0 (Windows NT 10.0; Win64; x64) AppleWebKit/537.36 (KHTML, like Gecko) Chrome/120.0.0.0 Safari/537.36"
20.12.214.177 - - [19/Jul/2026:16:18:14 +0200] "GET /wp-content/plugins/beteng88/ws83.php HTTP/1.1" 404 83167 "-" "Mozilla/5.0 (Windows NT 10.0; Win64; x64) AppleWebKit/537.36 (KHTML, like Gecko) Chrome/120.0.0.0 Safari/537.36"
20.12.214.177 - - [19/Jul/2026:16:18:15 +0200] "GET /ws83.php HTTP/1.1" 404 83167 "-" "Mozilla/5.0 (Windows NT 10.0; Win64; x64) AppleWebKit/537.36 (KHTML, like Gecko) Chrome/120.0.0.0 Safari/537.36"
20.12.214.177 - - [19/Jul/2026:16:18:15 +0200] "GET /file61.php HTTP/1.1" 404 83152 "-" "Mozilla/5.0 (Windows NT 10.0; Win64; x64) AppleWebKit/537.36 (KHTML, like Gecko) Chrome/120.0.0.0 Safari/537.36"
20.12.214.177 - - [19/Jul/2026:16:18:16 +0200] "GET /sadcut1.php HTTP/1.1" 404 83167 "-" "Mozilla/5.0 (Windows NT 10.0; Win64; x64) AppleWebKit/537.36 (KHTML, like Gecko) Chrome/120.0.0.0 Safari/537.36"
20.12.214.177 - - [19/Jul/2026:16:18:16 +0200] "GET /y.php HTTP/1.1" 404 83167 "-" "Mozilla/5.0 (Windows NT 10.0; Win64; x64) AppleWebKit/537.36 (KHTML, like Gecko) Chrome/120.0.0.0 Safari/537.36"
20.12.214.177 - - [19/Jul/2026:16:18:16 +0200] "GET /akcc.php HTTP/1.1" 404 83167 "-" "Mozilla/5.0 (Windows NT 10.0; Win64; x64) AppleWebKit/537.36 (KHTML, like Gecko) Chrome/120.0.0.0 Safari/537.36"
20.12.214.177 - - [19/Jul/2026:16:18:17 +0200] "GET /wp-admin/user/12.php HTTP/1.1" 404 83167 "-" "Mozilla/5.0 (Windows NT 10.0; Win64; x64) AppleWebKit/537.36 (KHTML, like Gecko) Chrome/120.0.0.0 Safari/537.36"
20.12.214.177 - - [19/Jul/2026:16:18:17 +0200] "GET /index/function.php HTTP/1.1" 404 83167 "-" "Mozilla/5.0 (Windows NT 10.0; Win64; x64) AppleWebKit/537.36 (KHTML, like Gecko) Chrome/120.0.0.0 Safari/537.36"
20.12.214.177 - - [19/Jul/2026:16:18:17 +0200] "GET /term.php HTTP/1.1" 404 83167 "-" "Mozilla/5.0 (Windows NT 10.0; Win64; x64) AppleWebKit/537.36 (KHTML, like Gecko) Chrome/120.0.0.0 Safari/537.36"
20.12.214.177 - - [19/Jul/2026:16:18:18 +0200] "GET /666.php HTTP/1.1" 404 83167 "-" "Mozilla/5.0 (Windows NT 10.0; Win64; x64) AppleWebKit/537.36 (KHTML, like Gecko) Chrome/120.0.0.0 Safari/537.36"
20.12.214.177 - - [19/Jul/2026:16:18:18 +0200] "GET /7.php HTTP/1.1" 404 83167 "-" "Mozilla/5.0 (Windows NT 10.0; Win64; x64) AppleWebKit/537.36 (KHTML, like Gecko) Chrome/120.0.0.0 Safari/537.36"
20.12.214.177 - - [19/Jul/2026:16:18:19 +0200] "GET /log.php HTTP/1.1" 404 83167 "-" "Mozilla/5.0 (Windows NT 10.0; Win64; x64) AppleWebKit/537.36 (KHTML, like Gecko) Chrome/120.0.0.0 Safari/537.36"
20.12.214.177 - - [19/Jul/2026:16:18:19 +0200] "GET /a5.php HTTP/1.1" 404 83167 "-" "Mozilla/5.0 (Windows NT 10.0; Win64; x64) AppleWebKit/537.36 (KHTML, like Gecko) Chrome/120.0.0.0 Safari/537.36"
