85.11.167.175 - - [19/Jul/2026:12:29:33 +0200] "GET / HTTP/1.1" 200 128070 "-" "Mozilla/5.0 (Windows NT 11.0; Win64; x64) AppleWebKit/537.36 (KHTML, like Gecko) Chrome/121.0.0.0 Safari/537.36"
2001:1690:2:4::1:118 - - [19/Jul/2026:12:31:16 +0200] "POST /wp-cron.php?doing_wp_cron=1784457076.7295300960540771484375 HTTP/1.1" 200 5532 "-" "WordPress/6.9.5; https://cso-deprinsenhof.nl"
188.138.102.156 - - [19/Jul/2026:12:31:16 +0200] "GET /wp-login.php HTTP/1.1" 200 16807 "-" "Mozilla/5.0 (Windows NT 10.0; Win64; x64) AppleWebKit/537.36 (KHTML, like Gecko) Chrome/147.0.0.0 Safari/537.36"
188.138.102.156 - - [19/Jul/2026:12:31:16 +0200] "POST /wp-login.php HTTP/1.1" 503 25025 "https://cso-deprinsenhof.nl/wp-login.php" "Mozilla/5.0 (Windows NT 10.0; Win64; x64) AppleWebKit/537.36 (KHTML, like Gecko) Chrome/147.0.0.0 Safari/537.36"
2001:1690:2:4::1:118 - - [19/Jul/2026:12:33:24 +0200] "POST /wp-cron.php?doing_wp_cron=1784457204.4388349056243896484375 HTTP/1.1" 200 5532 "-" "WordPress/6.9.5; https://cso-deprinsenhof.nl"
98.84.60.17 - - [19/Jul/2026:12:33:24 +0200] "GET /wp-json/oembed/1.0/embed?format=xml&url=https://cso-deprinsenhof.nl/onze-school/schoolgids/ HTTP/1.1" 200 8414 "-" "Mozilla/5.0 AppleWebKit/537.36 (KHTML, like Gecko; compatible; Amazonbot/0.1; +https://developer.amazon.com/support/amazonbot) Chrome/119.0.6045.214 Safari/537.36"
2.57.122.173 - - [19/Jul/2026:12:35:11 +0200] "GET /.env HTTP/1.1" 301 5666 "-" "Mozilla/5.0 (Linux; U; Android 1.5; fr-fr; GT-I5700 Build/CUPCAKE) AppleWebKit/528.5 (KHTML, like Gecko) Version/3.1.2 Mobile Safari/525.20.1"
20.191.45.212 - - [19/Jul/2026:12:38:30 +0200] "GET / HTTP/1.1" 200 128070 "http://cso-deprinsenhof.nl" "DuckDuckBot/1.1; (+http://duckduckgo.com/duckduckbot.html)"
20.191.45.212 - - [19/Jul/2026:12:38:30 +0200] "GET /wp-content/uploads/2025/07/de-Prinsenhof_favicon_64px.png HTTP/1.1" 200 5562 "-" "DuckDuckBot/1.1; (+http://duckduckgo.com/duckduckbot.html)"
2001:1690:2:4::1:118 - - [19/Jul/2026:12:39:00 +0200] "POST /wp-cron.php?doing_wp_cron=1784457540.8753020763397216796875 HTTP/1.1" 200 5532 "-" "WordPress/6.9.5; https://cso-deprinsenhof.nl"
152.53.111.131 - - [19/Jul/2026:12:39:00 +0200] "GET /wp-login.php HTTP/1.1" 200 16807 "-" "Mozilla/5.0 (Windows NT 10.0; Win64; x64) AppleWebKit/537.36 (KHTML, like Gecko) Chrome/147.0.0.0 Safari/537.36"
152.53.111.131 - - [19/Jul/2026:12:39:01 +0200] "POST /wp-login.php HTTP/1.1" 503 25025 "https://cso-deprinsenhof.nl/wp-login.php" "Mozilla/5.0 (Windows NT 10.0; Win64; x64) AppleWebKit/537.36 (KHTML, like Gecko) Chrome/147.0.0.0 Safari/537.36"
2001:1690:2:4::1:118 - - [19/Jul/2026:12:43:53 +0200] "POST /wp-cron.php?doing_wp_cron=1784457833.4815640449523925781250 HTTP/1.1" 200 5532 "-" "WordPress/6.9.5; https://cso-deprinsenhof.nl"
216.73.216.47 - - [19/Jul/2026:12:43:53 +0200] "GET /robots.txt HTTP/1.1" 200 5740 "-" "Mozilla/5.0 AppleWebKit/537.36 (KHTML, like Gecko; compatible; ClaudeBot/1.0; +claudebot@anthropic.com)"
216.73.216.47 - - [19/Jul/2026:12:43:53 +0200] "GET /sitemap_index.xml HTTP/1.1" 200 6042 "-" "Mozilla/5.0 AppleWebKit/537.36 (KHTML, like Gecko; compatible; ClaudeBot/1.0; +claudebot@anthropic.com)"
2001:1690:2:4::1:118 - - [19/Jul/2026:12:49:06 +0200] "POST /wp-cron.php?doing_wp_cron=1784458146.8764350414276123046875 HTTP/1.1" 200 5532 "-" "WordPress/6.9.5; https://cso-deprinsenhof.nl"
20.153.140.50 - - [19/Jul/2026:12:49:06 +0200] "GET /wp-login.php HTTP/1.1" 200 16807 "-" "Mozilla/5.0 (Windows NT 10.0; Win64; x64) AppleWebKit/537.36 (KHTML, like Gecko) Chrome/147.0.0.0 Safari/537.36"
20.153.140.50 - - [19/Jul/2026:12:49:07 +0200] "POST /wp-login.php HTTP/1.1" 503 25025 "https://cso-deprinsenhof.nl/wp-login.php" "Mozilla/5.0 (Windows NT 10.0; Win64; x64) AppleWebKit/537.36 (KHTML, like Gecko) Chrome/147.0.0.0 Safari/537.36"
2001:1690:2:4::1:118 - - [19/Jul/2026:12:52:08 +0200] "POST /wp-cron.php?doing_wp_cron=1784458328.9277958869934082031250 HTTP/1.1" 200 5532 "-" "WordPress/6.9.5; https://cso-deprinsenhof.nl"
83.149.81.165 - - [19/Jul/2026:12:52:08 +0200] "GET /robots.txt HTTP/1.1" 200 5740 "-" "companyspotter/2.0.0.0 (robot@companyspotter.com)"
83.149.81.165 - - [19/Jul/2026:12:52:09 +0200] "GET / HTTP/1.1" 200 128070 "-" "companyspotter/2.0.0.0 (robot@companyspotter.com)"
83.149.81.169 - - [19/Jul/2026:12:52:11 +0200] "GET / HTTP/1.1" 200 128070 "-" "Mozilla/5.0 (Macintosh; Intel Mac OS X 10_13_6) AppleWebKit/537.36 (KHTML, like Gecko) Chrome/72.0.3626.121 Safari/537.36"
83.149.81.169 - - [19/Jul/2026:12:52:11 +0200] "GET /wp-includes/js/jquery/jquery.min.js?ver=3.7.1 HTTP/1.1" 200 5521 "https://cso-deprinsenhof.nl/" "Mozilla/5.0 (Macintosh; Intel Mac OS X 10_13_6) AppleWebKit/537.36 (KHTML, like Gecko) Chrome/72.0.3626.121 Safari/537.36"
83.149.81.169 - - [19/Jul/2026:12:52:11 +0200] "GET /wp-content/uploads/fusion-scripts/409f3d9b6ae5a62f1c2d4456e7952c90.min.js?ver=3.14.2 HTTP/1.1" 200 5591 "https://cso-deprinsenhof.nl/" "Mozilla/5.0 (Macintosh; Intel Mac OS X 10_13_6) AppleWebKit/537.36 (KHTML, like Gecko) Chrome/72.0.3626.121 Safari/537.36"
83.149.81.169 - - [19/Jul/2026:12:52:11 +0200] "GET /wp-content/uploads/2025/07/de-Prinsenhof_favicon_64px.png HTTP/1.1" 200 5562 "https://cso-deprinsenhof.nl/" "Mozilla/5.0 (Macintosh; Intel Mac OS X 10_13_6) AppleWebKit/537.36 (KHTML, like Gecko) Chrome/72.0.3626.121 Safari/537.36"
83.149.81.169 - - [19/Jul/2026:12:52:11 +0200] "GET /wp-includes/js/wp-emoji-release.min.js?ver=f314ca68cccfe34ad07f66cce3b84d20 HTTP/1.1" 200 5524 "https://cso-deprinsenhof.nl/" "Mozilla/5.0 (Macintosh; Intel Mac OS X 10_13_6) AppleWebKit/537.36 (KHTML, like Gecko) Chrome/72.0.3626.121 Safari/537.36"
83.149.81.169 - - [19/Jul/2026:12:52:12 +0200] "GET /contact HTTP/1.1" 301 5558 "-" "Mozilla/5.0 (Macintosh; Intel Mac OS X 10_13_6) AppleWebKit/537.36 (KHTML, like Gecko) Chrome/72.0.3626.121 Safari/537.36"
2001:1690:2:4::1:118 - - [19/Jul/2026:12:52:12 +0200] "GET /wp-content/uploads/2025/07/boog-onder.svg HTTP/1.1" 200 6041 "-" "-"
83.149.81.169 - - [19/Jul/2026:12:52:12 +0200] "GET /onze-school/praktische-informatie/ HTTP/1.1" 200 95383 "-" "Mozilla/5.0 (Macintosh; Intel Mac OS X 10_13_6) AppleWebKit/537.36 (KHTML, like Gecko) Chrome/72.0.3626.121 Safari/537.36"
83.149.81.169 - - [19/Jul/2026:12:52:12 +0200] "GET /wp-content/uploads/fusion-scripts/747e0431434c69b818684b1a4ea6b073.min.js?ver=3.14.2 HTTP/1.1" 200 5591 "https://cso-deprinsenhof.nl/onze-school/praktische-informatie/" "Mozilla/5.0 (Macintosh; Intel Mac OS X 10_13_6) AppleWebKit/537.36 (KHTML, like Gecko) Chrome/72.0.3626.121 Safari/537.36"
83.149.81.169 - - [19/Jul/2026:12:52:12 +0200] "GET /contact/ HTTP/1.1" 200 85589 "-" "Mozilla/5.0 (Macintosh; Intel Mac OS X 10_13_6) AppleWebKit/537.36 (KHTML, like Gecko) Chrome/72.0.3626.121 Safari/537.36"
83.149.81.169 - - [19/Jul/2026:12:52:12 +0200] "GET /wp-content/uploads/fusion-scripts/fe16a7e9815beaee0d6daa830e467322.min.js?ver=3.14.2 HTTP/1.1" 200 5591 "https://cso-deprinsenhof.nl/contact/" "Mozilla/5.0 (Macintosh; Intel Mac OS X 10_13_6) AppleWebKit/537.36 (KHTML, like Gecko) Chrome/72.0.3626.121 Safari/537.36"
2001:1690:2:4::1:118 - - [19/Jul/2026:13:05:04 +0200] "POST /wp-cron.php?doing_wp_cron=1784459104.0518019199371337890625 HTTP/1.1" 200 5532 "-" "WordPress/6.9.5; https://cso-deprinsenhof.nl"
157.55.39.197 - - [19/Jul/2026:13:05:03 +0200] "GET /sitemap_index.xml HTTP/1.1" 200 6042 "-" "Mozilla/5.0 AppleWebKit/537.36 (KHTML, like Gecko; compatible; bingbot/2.0; +http://www.bing.com/bingbot.htm) Chrome/116.0.1938.76 Safari/537.36"
152.42.137.70 - - [19/Jul/2026:13:06:10 +0200] "GET /wp-login.php HTTP/1.1" 200 16807 "-" "Mozilla/5.0 (Windows NT 10.0; Win64; x64) AppleWebKit/537.36 (KHTML, like Gecko) Chrome/147.0.0.0 Safari/537.36"
152.42.137.70 - - [19/Jul/2026:13:06:10 +0200] "POST /wp-login.php HTTP/1.1" 503 25025 "https://cso-deprinsenhof.nl/wp-login.php" "Mozilla/5.0 (Windows NT 10.0; Win64; x64) AppleWebKit/537.36 (KHTML, like Gecko) Chrome/147.0.0.0 Safari/537.36"
2001:1690:2:4::1:118 - - [19/Jul/2026:13:07:09 +0200] "POST /wp-cron.php?doing_wp_cron=1784459229.7354340553283691406250 HTTP/1.1" 200 5532 "-" "WordPress/6.9.5; https://cso-deprinsenhof.nl"
74.125.208.225 - - [19/Jul/2026:13:07:09 +0200] "GET /.well-known/traffic-advice HTTP/1.1" 404 83167 "-" "Chrome Privacy Preserving Prefetch Proxy"
2001:1690:2:4::1:118 - - [19/Jul/2026:13:07:10 +0200] "GET /wp-content/uploads/2025/07/boog-onder.svg HTTP/1.1" 200 6041 "-" "-"
2001:4860:7:171f::fe - - [19/Jul/2026:13:07:09 +0200] "GET /ons-onderwijs/ HTTP/1.1" 200 102258 "https://www.google.com/" "Mozilla/5.0 (Windows NT 10.0; Win64; x64) AppleWebKit/537.36 (KHTML, like Gecko) Chrome/150.0.0.0 Safari/537.36"
169.58.39.117 - - [19/Jul/2026:13:11:30 +0200] "GET /wp-content/plugins/shell/about.php HTTP/1.1" 403 22843 "www.google.com" "Mozlila/5.0 (Linux; Android 7.0; SM-G892A Bulid/NRD90M; wv) AppleWebKit/537.36 (KHTML, like Gecko) Version/4.0 Chrome/60.0.3112.107 Moblie Safari/537.36"
169.58.39.117 - - [19/Jul/2026:13:11:33 +0200] "GET /wp-content/plugins/pwnd/pwnd.php HTTP/1.1" 403 22843 "www.google.com" "Mozlila/5.0 (Linux; Android 7.0; SM-G892A Bulid/NRD90M; wv) AppleWebKit/537.36 (KHTML, like Gecko) Version/4.0 Chrome/60.0.3112.107 Moblie Safari/537.36"
169.58.39.117 - - [19/Jul/2026:13:11:38 +0200] "GET /wp-content/plugins/fix/up.php HTTP/1.1" 403 22843 "www.google.com" "Mozlila/5.0 (Linux; Android 7.0; SM-G892A Bulid/NRD90M; wv) AppleWebKit/537.36 (KHTML, like Gecko) Version/4.0 Chrome/60.0.3112.107 Moblie Safari/537.36"
169.58.39.117 - - [19/Jul/2026:13:11:42 +0200] "GET /wp-content/plugins/ph-file-manager/wp-file.php HTTP/1.1" 403 22843 "www.google.com" "Mozlila/5.0 (Linux; Android 7.0; SM-G892A Bulid/NRD90M; wv) AppleWebKit/537.36 (KHTML, like Gecko) Version/4.0 Chrome/60.0.3112.107 Moblie Safari/537.36"
169.58.39.117 - - [19/Jul/2026:13:11:46 +0200] "GET /wp-content/plugins/root-file-manager/wp-file.php HTTP/1.1" 403 22843 "www.google.com" "Mozlila/5.0 (Linux; Android 7.0; SM-G892A Bulid/NRD90M; wv) AppleWebKit/537.36 (KHTML, like Gecko) Version/4.0 Chrome/60.0.3112.107 Moblie Safari/537.36"
169.58.39.117 - - [19/Jul/2026:13:11:52 +0200] "GET /wp-content/plugins/wp-help/mini.php HTTP/1.1" 403 22843 "www.google.com" "Mozlila/5.0 (Linux; Android 7.0; SM-G892A Bulid/NRD90M; wv) AppleWebKit/537.36 (KHTML, like Gecko) Version/4.0 Chrome/60.0.3112.107 Moblie Safari/537.36"
169.58.39.117 - - [19/Jul/2026:13:11:54 +0200] "GET /wp-content/themes/travel/issue.php HTTP/1.1" 403 22843 "www.google.com" "Mozlila/5.0 (Linux; Android 7.0; SM-G892A Bulid/NRD90M; wv) AppleWebKit/537.36 (KHTML, like Gecko) Version/4.0 Chrome/60.0.3112.107 Moblie Safari/537.36"
169.58.39.117 - - [19/Jul/2026:13:11:55 +0200] "GET /wp-content/themes/jaida/lang.php HTTP/1.1" 403 22843 "www.google.com" "Mozlila/5.0 (Linux; Android 7.0; SM-G892A Bulid/NRD90M; wv) AppleWebKit/537.36 (KHTML, like Gecko) Version/4.0 Chrome/60.0.3112.107 Moblie Safari/537.36"
152.42.137.70 - - [19/Jul/2026:13:13:28 +0200] "GET /wp-login.php HTTP/1.1" 503 23918 "-" "Mozilla/5.0 (Windows NT 10.0; Win64; x64) AppleWebKit/537.36 (KHTML, like Gecko) Chrome/147.0.0.0 Safari/537.36"
2001:1690:2:4::1:118 - - [19/Jul/2026:13:18:32 +0200] "POST /wp-cron.php?doing_wp_cron=1784459912.0166060924530029296875 HTTP/1.1" 200 5532 "-" "WordPress/6.9.5; https://cso-deprinsenhof.nl"
2001:1690:2:4::1:118 - - [19/Jul/2026:13:18:31 +0200] "POST /?wordfence_syncAttackData=1784459911.8086 HTTP/1.1" 200 5474 "-" "WordPress/6.9.5; https://cso-deprinsenhof.nl"
2001:1690:2:4::1:118 - - [19/Jul/2026:13:18:32 +0200] "POST /wp-cron.php?doing_wp_cron=1784459912.3710510730743408203125 HTTP/1.1" 200 5532 "-" "WordPress/6.9.5; https://cso-deprinsenhof.nl"
62.60.130.223 - - [19/Jul/2026:13:18:31 +0200] "GET /plugins/editors/jce/jce.xml HTTP/1.1" 404 83167 "-" "Mozilla/5.0 (Windows NT 10.0; Win64; x64) AppleWebKit/537.36 (KHTML, like Gecko) Chrome/120.0.0.0 Safari/537.36"
62.60.130.223 - - [19/Jul/2026:13:18:32 +0200] "GET /administrator/components/com_jce/jce.xml HTTP/1.1" 404 83167 "-" "Mozilla/5.0 (Windows NT 10.0; Win64; x64) AppleWebKit/537.36 (KHTML, like Gecko) Chrome/120.0.0.0 Safari/537.36"
2001:1690:2:4::1:118 - - [19/Jul/2026:13:20:57 +0200] "POST /wp-cron.php?doing_wp_cron=1784460057.1355779170989990234375 HTTP/1.1" 200 5532 "-" "WordPress/6.9.5; https://cso-deprinsenhof.nl"
216.244.66.233 - - [19/Jul/2026:13:20:56 +0200] "GET /robots.txt HTTP/1.1" 301 5530 "-" "Mozilla/5.0 (compatible; DotBot/1.2; +https://opensiteexplorer.org/dotbot; help@moz.com)"
216.244.66.233 - - [19/Jul/2026:13:20:58 +0200] "GET /robots.txt HTTP/1.1" 200 5740 "-" "Mozilla/5.0 (compatible; DotBot/1.2; +https://opensiteexplorer.org/dotbot; help@moz.com)"
102.134.101.35 - - [19/Jul/2026:13:22:06 +0200] "GET /wp-login.php HTTP/1.1" 200 16807 "-" "Mozilla/5.0 (Windows NT 10.0; Win64; x64) AppleWebKit/537.36 (KHTML, like Gecko) Chrome/147.0.0.0 Safari/537.36"
102.134.101.35 - - [19/Jul/2026:13:22:08 +0200] "POST /wp-login.php HTTP/1.1" 503 25025 "https://cso-deprinsenhof.nl/wp-login.php" "Mozilla/5.0 (Windows NT 10.0; Win64; x64) AppleWebKit/537.36 (KHTML, like Gecko) Chrome/147.0.0.0 Safari/537.36"
134.122.28.88 - - [19/Jul/2026:13:22:16 +0200] "GET / HTTP/1.1" 301 5550 "-" "Mozilla/5.0 (l9scan/2.0.831313e26393e25363e20383; +https://leakix.net)"
134.122.28.88 - - [19/Jul/2026:13:22:17 +0200] "GET /console/ HTTP/1.1" 301 5670 "-" "Mozilla/5.0 (l9scan/2.0.831313e26393e25363e20383; +https://leakix.net)"
134.122.28.88 - - [19/Jul/2026:13:22:18 +0200] "GET /server HTTP/1.1" 301 5668 "-" "Mozilla/5.0 (l9scan/2.0.831313e26393e25363e20383; +https://leakix.net)"
134.122.28.88 - - [19/Jul/2026:13:22:19 +0200] "GET /server-status HTTP/1.1" 403 5626 "-" "Mozilla/5.0 (l9scan/2.0.831313e26393e25363e20383; +https://leakix.net)"
134.122.28.88 - - [19/Jul/2026:13:22:20 +0200] "GET /about HTTP/1.1" 301 5667 "-" "Mozilla/5.0 (l9scan/2.0.831313e26393e25363e20383; +https://leakix.net)"
134.122.28.88 - - [19/Jul/2026:13:22:21 +0200] "GET /login.action HTTP/1.1" 301 5674 "-" "Mozilla/5.0 (l9scan/2.0.831313e26393e25363e20383; +https://leakix.net)"
134.122.28.88 - - [19/Jul/2026:13:22:22 +0200] "GET / HTTP/1.1" 301 5550 "-" "Mozilla/5.0 (l9scan/2.0.831313e26393e25363e20383; +https://leakix.net)"
134.122.28.88 - - [19/Jul/2026:13:22:22 +0200] "GET /___proxy_subdomain_whm/login HTTP/1.1" 301 5690 "-" "Mozilla/5.0 (l9scan/2.0.831313e26393e25363e20383; +https://leakix.net)"
134.122.28.88 - - [19/Jul/2026:13:22:23 +0200] "GET /___proxy_subdomain_cpanel HTTP/1.1" 301 5687 "-" "Mozilla/5.0 (l9scan/2.0.831313e26393e25363e20383; +https://leakix.net)"
134.122.28.88 - - [19/Jul/2026:13:22:23 +0200] "GET /v2/_catalog HTTP/1.1" 301 5673 "-" "Mozilla/5.0 (l9scan/2.0.831313e26393e25363e20383; +https://leakix.net)"
134.122.28.88 - - [19/Jul/2026:13:22:24 +0200] "GET /.DS_Store HTTP/1.1" 301 5671 "-" "Mozilla/5.0 (l9scan/2.0.831313e26393e25363e20383; +https://leakix.net)"
134.122.28.88 - - [19/Jul/2026:13:22:25 +0200] "GET /.env HTTP/1.1" 301 5666 "-" "Mozilla/5.0 (l9scan/2.0.831313e26393e25363e20383; +https://leakix.net)"
134.122.28.88 - - [19/Jul/2026:13:22:27 +0200] "GET /ecp/Current/exporttool/microsoft.exchange.ediscovery.exporttool.application HTTP/1.1" 301 5737 "-" "Mozilla/5.0 (l9scan/2.0.831313e26393e25363e20383; +https://leakix.net)"
134.122.28.88 - - [19/Jul/2026:13:22:29 +0200] "GET /.git/config HTTP/1.1" 301 5673 "-" "Mozilla/5.0 (l9scan/2.0.831313e26393e25363e20383; +https://leakix.net)"
134.122.28.88 - - [19/Jul/2026:13:22:30 +0200] "POST /graphql HTTP/1.1" 404 83229 "-" "Mozilla/5.0 (l9scan/2.0.831313e26393e25363e20383; +https://leakix.net)"
134.122.28.88 - - [19/Jul/2026:13:22:31 +0200] "POST /api HTTP/1.1" 404 83229 "-" "Mozilla/5.0 (l9scan/2.0.831313e26393e25363e20383; +https://leakix.net)"
134.122.28.88 - - [19/Jul/2026:13:22:31 +0200] "POST /api/graphql HTTP/1.1" 404 83229 "-" "Mozilla/5.0 (l9scan/2.0.831313e26393e25363e20383; +https://leakix.net)"
134.122.28.88 - - [19/Jul/2026:13:22:32 +0200] "POST /graphql/api HTTP/1.1" 404 83229 "-" "Mozilla/5.0 (l9scan/2.0.831313e26393e25363e20383; +https://leakix.net)"
134.122.28.88 - - [19/Jul/2026:13:22:32 +0200] "POST /api/gql HTTP/1.1" 404 83229 "-" "Mozilla/5.0 (l9scan/2.0.831313e26393e25363e20383; +https://leakix.net)"
134.122.28.88 - - [19/Jul/2026:13:22:33 +0200] "GET /s/831313e26393e25363e20383/_/;/META-INF/maven/com.atlassian.jira/jira-webapp-dist/pom.properties HTTP/1.1" 301 5758 "-" "Mozilla/5.0 (l9scan/2.0.831313e26393e25363e20383; +https://leakix.net)"
134.122.28.88 - - [19/Jul/2026:13:22:34 +0200] "GET /config.json HTTP/1.1" 301 5673 "-" "Mozilla/5.0 (l9scan/2.0.831313e26393e25363e20383; +https://leakix.net)"
134.122.28.88 - - [19/Jul/2026:13:22:35 +0200] "GET /telescope/requests HTTP/1.1" 301 5680 "-" "Mozilla/5.0 (l9scan/2.0.831313e26393e25363e20383; +https://leakix.net)"
134.122.28.88 - - [19/Jul/2026:13:22:36 +0200] "POST /php-cgi/php-cgi.exe?%ADd+cgi.force_redirect%3D0+%ADd+disable_functions%3D\"\"+%ADd+allow_url_include%3D1+%ADd+auto_prepend_file%3Dphp://input HTTP/1.1" 404 83214 "-" "Mozilla/5.0 (l9scan/2.0.831313e26393e25363e20383; +https://leakix.net)"
134.122.28.88 - - [19/Jul/2026:13:22:37 +0200] "GET /info.php HTTP/1.1" 301 5670 "-" "Mozilla/5.0 (l9scan/2.0.831313e26393e25363e20383; +https://leakix.net)"
134.122.28.88 - - [19/Jul/2026:13:22:38 +0200] "GET /.well-known/security.txt HTTP/1.1" 301 5686 "-" "Mozilla/5.0 (l9scan/2.0.831313e26393e25363e20383; +https://leakix.net)"
2001:1690:2:4::1:118 - - [19/Jul/2026:13:22:39 +0200] "POST /wp-cron.php?doing_wp_cron=1784460159.5151829719543457031250 HTTP/1.1" 200 5532 "-" "WordPress/6.9.5; https://cso-deprinsenhof.nl"
134.122.28.88 - - [19/Jul/2026:13:22:39 +0200] "GET /actuator/env HTTP/1.1" 301 5674 "-" "Mozilla/5.0 (l9scan/2.0.831313e26393e25363e20383; +https://leakix.net)"
134.122.28.88 - - [19/Jul/2026:13:22:40 +0200] "GET /trace.axd HTTP/1.1" 301 5671 "-" "Mozilla/5.0 (l9scan/2.0.831313e26393e25363e20383; +https://leakix.net)"
134.122.28.88 - - [19/Jul/2026:13:22:41 +0200] "GET /@vite/env HTTP/1.1" 301 5671 "-" "Mozilla/5.0 (l9scan/2.0.831313e26393e25363e20383; +https://leakix.net)"
134.122.28.88 - - [19/Jul/2026:13:22:42 +0200] "GET /.vscode/sftp.json HTTP/1.1" 301 5679 "-" "Mozilla/5.0 (l9scan/2.0.831313e26393e25363e20383; +https://leakix.net)"
2001:1690:2:4::1:118 - - [19/Jul/2026:13:22:43 +0200] "GET /wp-content/uploads/2025/07/boog-onder.svg HTTP/1.1" 200 6041 "-" "-"
134.122.28.88 - - [19/Jul/2026:13:22:43 +0200] "OPTIONS / HTTP/1.1" 200 128318 "-" "Mozilla/5.0 (l9scan/2.0.831313e26393e25363e20383; +https://leakix.net)"
134.122.28.88 - - [19/Jul/2026:13:22:45 +0200] "POST /?rest_route=/batch/v1 HTTP/1.1" 207 6474 "-" "Mozilla/5.0 (l9scan/2.0.831313e26393e25363e20383; +https://leakix.net)"
134.122.28.88 - - [19/Jul/2026:13:22:46 +0200] "POST /?rest_route=/batch/v1 HTTP/1.1" 207 6474 "-" "Mozilla/5.0 (l9scan/2.0.831313e26393e25363e20383; +https://leakix.net)"
134.122.28.88 - - [19/Jul/2026:13:22:47 +0200] "POST /wp-json/batch/v1 HTTP/1.1" 207 6474 "-" "Mozilla/5.0 (l9scan/2.0.831313e26393e25363e20383; +https://leakix.net)"
134.122.28.88 - - [19/Jul/2026:13:22:48 +0200] "POST /wp-json/batch/v1 HTTP/1.1" 207 6474 "-" "Mozilla/5.0 (l9scan/2.0.831313e26393e25363e20383; +https://leakix.net)"
134.122.28.88 - - [19/Jul/2026:13:22:49 +0200] "GET /?rest_route=/wp/v2/users/ HTTP/1.1" 401 5950 "-" "Mozilla/5.0 (l9scan/2.0.831313e26393e25363e20383; +https://leakix.net)"
134.122.28.88 - - [19/Jul/2026:13:22:50 +0200] "GET /debug/default/view?panel=config HTTP/1.1" 301 5693 "-" "Mozilla/5.0 (l9scan/2.0.831313e26393e25363e20383; +https://leakix.net)"
2001:1690:2:4::1:118 - - [19/Jul/2026:13:24:55 +0200] "POST /wp-cron.php?doing_wp_cron=1784460295.7147130966186523437500 HTTP/1.1" 200 5532 "-" "WordPress/6.9.5; https://cso-deprinsenhof.nl"
216.244.66.233 - - [19/Jul/2026:13:24:55 +0200] "GET /resize/800/600/media/photoalbums/53/p1070817.JPG HTTP/1.1" 301 5680 "-" "Mozilla/5.0 (compatible; DotBot/1.2; +https://opensiteexplorer.org/dotbot; help@moz.com)"
2001:1690:2:4::1:118 - - [19/Jul/2026:13:32:16 +0200] "POST /wp-cron.php?doing_wp_cron=1784460736.8867030143737792968750 HTTP/1.1" 200 5532 "-" "WordPress/6.9.5; https://cso-deprinsenhof.nl"
98.70.32.248 - - [19/Jul/2026:13:32:16 +0200] "GET /wp-login.php HTTP/1.1" 200 16807 "-" "Mozilla/5.0 (Windows NT 10.0; Win64; x64) AppleWebKit/537.36 (KHTML, like Gecko) Chrome/147.0.0.0 Safari/537.36"
98.70.32.248 - - [19/Jul/2026:13:32:18 +0200] "POST /wp-login.php HTTP/1.1" 503 25025 "https://cso-deprinsenhof.nl/wp-login.php" "Mozilla/5.0 (Windows NT 10.0; Win64; x64) AppleWebKit/537.36 (KHTML, like Gecko) Chrome/147.0.0.0 Safari/537.36"
2001:1690:2:4::1:118 - - [19/Jul/2026:13:39:12 +0200] "POST /wp-cron.php?doing_wp_cron=1784461152.6150369644165039062500 HTTP/1.1" 200 5532 "-" "WordPress/6.9.5; https://cso-deprinsenhof.nl"
134.209.147.209 - - [19/Jul/2026:13:39:12 +0200] "GET /wp-login.php HTTP/1.1" 200 16807 "-" "Mozilla/5.0 (Windows NT 10.0; Win64; x64) AppleWebKit/537.36 (KHTML, like Gecko) Chrome/147.0.0.0 Safari/537.36"
134.209.147.209 - - [19/Jul/2026:13:39:13 +0200] "POST /wp-login.php HTTP/1.1" 503 25025 "https://cso-deprinsenhof.nl/wp-login.php" "Mozilla/5.0 (Windows NT 10.0; Win64; x64) AppleWebKit/537.36 (KHTML, like Gecko) Chrome/147.0.0.0 Safari/537.36"
169.58.39.189 - - [19/Jul/2026:13:41:04 +0200] "GET /wp-admin/css/ HTTP/1.1" 403 5626 "binance.com" "Mozilla/5.0 (Windows NT 10.0; Win64; x64) AppleWebKit/537.36 (KHTML, like Gecko) Chrome/90.0.4430.85 Safari/537.36"
2001:1690:2:4::1:118 - - [19/Jul/2026:13:48:47 +0200] "POST /wp-cron.php?doing_wp_cron=1784461727.6256730556488037109375 HTTP/1.1" 200 5532 "-" "WordPress/6.9.5; https://cso-deprinsenhof.nl"
72.167.132.114 - - [19/Jul/2026:13:48:47 +0200] "GET /wp-login.php HTTP/1.1" 200 16807 "-" "Mozilla/5.0 (Windows NT 10.0; Win64; x64) AppleWebKit/537.36 (KHTML, like Gecko) Chrome/147.0.0.0 Safari/537.36"
72.167.132.114 - - [19/Jul/2026:13:48:48 +0200] "POST /wp-login.php HTTP/1.1" 503 25025 "https://cso-deprinsenhof.nl/wp-login.php" "Mozilla/5.0 (Windows NT 10.0; Win64; x64) AppleWebKit/537.36 (KHTML, like Gecko) Chrome/147.0.0.0 Safari/537.36"
2001:1690:2:4::1:118 - - [19/Jul/2026:13:52:26 +0200] "POST /wp-cron.php?doing_wp_cron=1784461946.8755750656127929687500 HTTP/1.1" 200 5532 "-" "WordPress/6.9.5; https://cso-deprinsenhof.nl"
23.109.66.42 - - [19/Jul/2026:13:52:26 +0200] "GET /robots.txt HTTP/1.1" 200 5770 "-" "Mozilla/5.0 (Windows NT 10.0; Win64; x64) AppleWebKit/537.36 (KHTML, like Gecko) Chrome/94.0.4606.81 Safari/537.36"
2001:1690:2:4::1:118 - - [19/Jul/2026:13:52:27 +0200] "GET /wp-content/uploads/2025/07/boog-onder.svg HTTP/1.1" 200 6041 "-" "-"
23.109.66.42 - - [19/Jul/2026:13:52:27 +0200] "GET / HTTP/1.1" 200 128256 "-" "Mozilla/5.0 (Windows NT 10.0; Win64; x64) AppleWebKit/537.36 (KHTML, like Gecko) Chrome/94.0.4606.81 Safari/537.36"
3.215.197.210 - - [19/Jul/2026:13:52:33 +0200] "GET /robots.txt HTTP/1.1" 301 5560 "-" "Mozilla/5.0 (Macintosh; Intel Mac OS X 10_10_1) AppleWebKit/600.2.5 (KHTML, like Gecko) Version/8.0.2 Safari/600.2.5 (Gort)"
3.215.197.210 - - [19/Jul/2026:13:52:34 +0200] "GET /robots.txt HTTP/1.1" 200 5770 "-" "Mozilla/5.0 (Macintosh; Intel Mac OS X 10_10_1) AppleWebKit/600.2.5 (KHTML, like Gecko) Version/8.0.2 Safari/600.2.5 (Gort)"
23.109.66.5 - - [19/Jul/2026:13:54:11 +0200] "GET / HTTP/1.1" 200 128070 "-" "Mozilla/5.0 (Macintosh; Intel Mac OS X 10_15_7) AppleWebKit/537.36 (KHTML, like Gecko) Chrome/142.0.0.0 Safari/537.36"
23.109.66.5 - - [19/Jul/2026:13:54:12 +0200] "GET /wp-content/uploads/fusion-styles/4dff08bfd85c24e6fc2e0df4059bb1a7.min.css?ver=3.14.2 HTTP/1.1" 200 5577 "https://www.google.com/" "Mozilla/5.0 (Macintosh; Intel Mac OS X 10_15_7) AppleWebKit/537.36 (KHTML, like Gecko) Chrome/142.0.0.0 Safari/537.36"
23.109.66.5 - - [19/Jul/2026:13:54:12 +0200] "GET /wp-includes/js/jquery/jquery.min.js?ver=3.7.1 HTTP/1.1" 200 5521 "https://www.google.com/" "Mozilla/5.0 (Macintosh; Intel Mac OS X 10_15_7) AppleWebKit/537.36 (KHTML, like Gecko) Chrome/142.0.0.0 Safari/537.36"
23.109.66.5 - - [19/Jul/2026:13:54:12 +0200] "GET /wp-content/uploads/fusion-scripts/409f3d9b6ae5a62f1c2d4456e7952c90.min.js?ver=3.14.2 HTTP/1.1" 200 5591 "https://www.google.com/" "Mozilla/5.0 (Macintosh; Intel Mac OS X 10_15_7) AppleWebKit/537.36 (KHTML, like Gecko) Chrome/142.0.0.0 Safari/537.36"
23.109.66.42 - - [19/Jul/2026:13:54:15 +0200] "GET /ads.txt HTTP/1.1" 404 83167 "-" "Mozilla/5.0 (Windows NT 10.0; Win64; x64) AppleWebKit/537.36 (KHTML, like Gecko) Chrome/94.0.4606.81 Safari/537.36"
2001:1690:2:4::1:118 - - [19/Jul/2026:13:54:16 +0200] "GET /wp-content/uploads/2025/07/boog-onder.svg HTTP/1.1" 200 6041 "-" "-"
23.109.66.42 - - [19/Jul/2026:13:54:15 +0200] "GET /onze-school/ HTTP/1.1" 200 124336 "-" "Mozilla/5.0 (iPhone; CPU iPhone OS 6_0 like Mac OS X) AppleWebKit/536.26 (KHTML, like Gecko) Version/6.0 Mobile/10A5376e Safari/8536.25"
23.109.66.42 - - [19/Jul/2026:13:54:15 +0200] "GET /ons-onderwijs/ HTTP/1.1" 200 102271 "-" "Mozilla/5.0 (iPhone; CPU iPhone OS 6_0 like Mac OS X) AppleWebKit/536.26 (KHTML, like Gecko) Version/6.0 Mobile/10A5376e Safari/8536.25"
23.109.66.42 - - [19/Jul/2026:13:54:15 +0200] "GET /privacy/ HTTP/1.1" 200 89270 "-" "Mozilla/5.0 (iPhone; CPU iPhone OS 6_0 like Mac OS X) AppleWebKit/536.26 (KHTML, like Gecko) Version/6.0 Mobile/10A5376e Safari/8536.25"
23.109.66.42 - - [19/Jul/2026:13:54:15 +0200] "GET /ouders-verzorgers/ HTTP/1.1" 200 117212 "-" "Mozilla/5.0 (iPhone; CPU iPhone OS 6_0 like Mac OS X) AppleWebKit/536.26 (KHTML, like Gecko) Version/6.0 Mobile/10A5376e Safari/8536.25"
23.109.66.42 - - [19/Jul/2026:13:54:19 +0200] "GET /contact/ HTTP/1.1" 200 85589 "-" "Mozilla/5.0 (Windows NT 10.0; Win64; x64) AppleWebKit/537.36 (KHTML, like Gecko) Chrome/94.0.4606.81 Safari/537.36"
23.109.66.42 - - [19/Jul/2026:13:54:19 +0200] "GET /author/jsbdesign/ HTTP/1.1" 200 76641 "-" "Mozilla/5.0 (Windows NT 10.0; Win64; x64) AppleWebKit/537.36 (KHTML, like Gecko) Chrome/94.0.4606.81 Safari/537.36"
23.109.66.42 - - [19/Jul/2026:13:54:19 +0200] "GET /videos HTTP/1.1" 301 5681 "-" "Mozilla/5.0 (Windows NT 10.0; Win64; x64) AppleWebKit/537.36 (KHTML, like Gecko) Chrome/94.0.4606.81 Safari/537.36"
23.109.66.42 - - [19/Jul/2026:13:54:19 +0200] "GET /onze-school/schoolgids/ HTTP/1.1" 200 94867 "-" "Mozilla/5.0 (Windows NT 10.0; Win64; x64) AppleWebKit/537.36 (KHTML, like Gecko) Chrome/94.0.4606.81 Safari/537.36"
23.109.66.42 - - [19/Jul/2026:13:54:19 +0200] "GET /vacatures/ HTTP/1.1" 200 87477 "-" "Mozilla/5.0 (Windows NT 10.0; Win64; x64) AppleWebKit/537.36 (KHTML, like Gecko) Chrome/94.0.4606.81 Safari/537.36"
23.109.66.42 - - [19/Jul/2026:13:54:19 +0200] "GET /onze-school/vakanties-en-vrije-dagen/ HTTP/1.1" 200 95710 "-" "Mozilla/5.0 (Windows NT 10.0; Win64; x64) AppleWebKit/537.36 (KHTML, like Gecko) Chrome/94.0.4606.81 Safari/537.36"
23.109.66.42 - - [19/Jul/2026:13:54:20 +0200] "GET /onze-school/videos/ HTTP/1.1" 200 106619 "-" "Mozilla/5.0 (Windows NT 10.0; Win64; x64) AppleWebKit/537.36 (KHTML, like Gecko) Chrome/94.0.4606.81 Safari/537.36"
23.109.66.42 - - [19/Jul/2026:13:54:29 +0200] "GET /onze-school/videos HTTP/1.1" 301 5569 "-" "Mozilla/5.0 (Windows NT 10.0; Win64; x64) AppleWebKit/537.36 (KHTML, like Gecko) Chrome/94.0.4606.81 Safari/537.36"
23.109.66.42 - - [19/Jul/2026:13:54:29 +0200] "GET /onze-school/team HTTP/1.1" 301 5567 "-" "Mozilla/5.0 (Windows NT 10.0; Win64; x64) AppleWebKit/537.36 (KHTML, like Gecko) Chrome/94.0.4606.81 Safari/537.36"
23.109.66.42 - - [19/Jul/2026:13:54:29 +0200] "GET /onze-school/praktische-informatie HTTP/1.1" 301 5584 "-" "Mozilla/5.0 (Windows NT 10.0; Win64; x64) AppleWebKit/537.36 (KHTML, like Gecko) Chrome/94.0.4606.81 Safari/537.36"
23.109.66.42 - - [19/Jul/2026:13:54:30 +0200] "GET /onze-school/videos/ HTTP/1.1" 200 106441 "-" "Mozilla/5.0 (Windows NT 10.0; Win64; x64) AppleWebKit/537.36 (KHTML, like Gecko) Chrome/94.0.4606.81 Safari/537.36"
2001:1690:2:4::1:118 - - [19/Jul/2026:13:54:30 +0200] "GET /wp-content/uploads/2025/07/boog-onder.svg HTTP/1.1" 200 6041 "-" "-"
23.109.66.42 - - [19/Jul/2026:13:54:29 +0200] "GET /onze-school/missie-visie HTTP/1.1" 301 5575 "-" "Mozilla/5.0 (Windows NT 10.0; Win64; x64) AppleWebKit/537.36 (KHTML, like Gecko) Chrome/94.0.4606.81 Safari/537.36"
23.109.66.42 - - [19/Jul/2026:13:54:29 +0200] "GET /onze-school/praktische-informatie/ HTTP/1.1" 200 95383 "-" "Mozilla/5.0 (Windows NT 10.0; Win64; x64) AppleWebKit/537.36 (KHTML, like Gecko) Chrome/94.0.4606.81 Safari/537.36"
23.109.66.42 - - [19/Jul/2026:13:54:29 +0200] "GET /schoolgids HTTP/1.1" 301 5685 "-" "Mozilla/5.0 (Windows NT 10.0; Win64; x64) AppleWebKit/537.36 (KHTML, like Gecko) Chrome/94.0.4606.81 Safari/537.36"
23.109.66.42 - - [19/Jul/2026:13:54:31 +0200] "GET /onze-school/schoolgids/ HTTP/1.1" 200 94674 "-" "Mozilla/5.0 (Windows NT 10.0; Win64; x64) AppleWebKit/537.36 (KHTML, like Gecko) Chrome/94.0.4606.81 Safari/537.36"
23.109.66.42 - - [19/Jul/2026:13:54:29 +0200] "GET /onze-school/sop/ HTTP/1.1" 200 96982 "-" "Mozilla/5.0 (Windows NT 10.0; Win64; x64) AppleWebKit/537.36 (KHTML, like Gecko) Chrome/94.0.4606.81 Safari/537.36"
23.109.66.42 - - [19/Jul/2026:13:54:29 +0200] "GET /ouders-verzorgers/klachtenprocedure/ HTTP/1.1" 200 91310 "-" "Mozilla/5.0 (Windows NT 10.0; Win64; x64) AppleWebKit/537.36 (KHTML, like Gecko) Chrome/94.0.4606.81 Safari/537.36"
23.109.66.42 - - [19/Jul/2026:13:54:29 +0200] "GET /onze-school/hoorrecht-opp/ HTTP/1.1" 200 94955 "-" "Mozilla/5.0 (Windows NT 10.0; Win64; x64) AppleWebKit/537.36 (KHTML, like Gecko) Chrome/94.0.4606.81 Safari/537.36"
23.109.66.42 - - [19/Jul/2026:13:54:29 +0200] "GET /ouders-verzorgers/aanvragen-extra-verlof/ HTTP/1.1" 200 92281 "-" "Mozilla/5.0 (Windows NT 10.0; Win64; x64) AppleWebKit/537.36 (KHTML, like Gecko) Chrome/94.0.4606.81 Safari/537.36"
23.109.66.42 - - [19/Jul/2026:13:54:30 +0200] "GET /onze-school/team/ HTTP/1.1" 200 118038 "-" "Mozilla/5.0 (Windows NT 10.0; Win64; x64) AppleWebKit/537.36 (KHTML, like Gecko) Chrome/94.0.4606.81 Safari/537.36"
23.109.66.42 - - [19/Jul/2026:13:54:30 +0200] "GET /onze-school/missie-visie/ HTTP/1.1" 200 96762 "-" "Mozilla/5.0 (Windows NT 10.0; Win64; x64) AppleWebKit/537.36 (KHTML, like Gecko) Chrome/94.0.4606.81 Safari/537.36"
23.109.66.42 - - [19/Jul/2026:13:54:30 +0200] "GET /onze-school/praktische-informatie/ HTTP/1.1" 200 95383 "-" "Mozilla/5.0 (Windows NT 10.0; Win64; x64) AppleWebKit/537.36 (KHTML, like Gecko) Chrome/94.0.4606.81 Safari/537.36"
23.109.66.42 - - [19/Jul/2026:13:54:39 +0200] "GET /contact HTTP/1.1" 301 5558 "-" "Mozilla/5.0 (Windows NT 10.0; Win64; x64) AppleWebKit/537.36 (KHTML, like Gecko) Chrome/94.0.4606.81 Safari/537.36"
2001:1690:2:4::1:118 - - [19/Jul/2026:13:54:40 +0200] "GET /wp-content/uploads/2025/07/boog-onder.svg HTTP/1.1" 200 6041 "-" "-"
23.109.66.42 - - [19/Jul/2026:13:54:40 +0200] "GET /contact/ HTTP/1.1" 200 85381 "-" "Mozilla/5.0 (Windows NT 10.0; Win64; x64) AppleWebKit/537.36 (KHTML, like Gecko) Chrome/94.0.4606.81 Safari/537.36"
23.109.66.42 - - [19/Jul/2026:13:54:39 +0200] "GET /ons-onderwijs/sociaal-emotionele-ontwikkeling/ HTTP/1.1" 200 93719 "-" "Mozilla/5.0 (Windows NT 10.0; Win64; x64) AppleWebKit/537.36 (KHTML, like Gecko) Chrome/94.0.4606.81 Safari/537.36"
23.109.66.42 - - [19/Jul/2026:13:54:39 +0200] "GET /ons-onderwijs/leerontwikkeling/ HTTP/1.1" 200 93664 "-" "Mozilla/5.0 (Windows NT 10.0; Win64; x64) AppleWebKit/537.36 (KHTML, like Gecko) Chrome/94.0.4606.81 Safari/537.36"
23.109.66.42 - - [19/Jul/2026:13:54:39 +0200] "GET /ons-onderwijs/speciale-activiteiten/ HTTP/1.1" 200 92985 "-" "Mozilla/5.0 (Windows NT 10.0; Win64; x64) AppleWebKit/537.36 (KHTML, like Gecko) Chrome/94.0.4606.81 Safari/537.36"
23.109.66.42 - - [19/Jul/2026:13:54:39 +0200] "GET /ouders-verzorgers/ouderhulp/ HTTP/1.1" 200 90655 "-" "Mozilla/5.0 (Windows NT 10.0; Win64; x64) AppleWebKit/537.36 (KHTML, like Gecko) Chrome/94.0.4606.81 Safari/537.36"
23.109.66.42 - - [19/Jul/2026:13:54:39 +0200] "GET /ons-onderwijs/begeleiding-en-ondersteuning/ HTTP/1.1" 200 94944 "-" "Mozilla/5.0 (Windows NT 10.0; Win64; x64) AppleWebKit/537.36 (KHTML, like Gecko) Chrome/94.0.4606.81 Safari/537.36"
23.109.66.42 - - [19/Jul/2026:13:54:39 +0200] "GET /ons-onderwijs/bewegingsonderwijs/ HTTP/1.1" 200 110492 "-" "Mozilla/5.0 (Windows NT 10.0; Win64; x64) AppleWebKit/537.36 (KHTML, like Gecko) Chrome/94.0.4606.81 Safari/537.36"
43.164.3.23 - - [19/Jul/2026:13:57:03 +0200] "GET / HTTP/1.1" 200 128070 "http://cso-deprinsenhof.nl" "Mozilla/5.0 (iPhone; CPU iPhone OS 13_2_3 like Mac OS X) AppleWebKit/605.1.15 (KHTML, like Gecko) Version/13.0.3 Mobile/15E148 Safari/604.1"
106.52.171.40 - - [19/Jul/2026:14:00:42 +0200] "GET / HTTP/1.1" 200 128070 "https://m.baidu.com/s?word=www.twtp.cn" "Mozilla/5.0 (iPhone; CPU iPhone OS 26_0 like Mac OS X) AppleWebKit/605.1.15 (KHTML, like Gecko) Version/26.0 Mobile/15E148 Safari/604.1"
2001:1690:2:4::1:118 - - [19/Jul/2026:14:04:33 +0200] "POST /wp-cron.php?doing_wp_cron=1784462673.0697250366210937500000 HTTP/1.1" 200 5532 "-" "WordPress/6.9.5; https://cso-deprinsenhof.nl"
8.217.108.67 - - [19/Jul/2026:14:04:32 +0200] "GET /wp-login.php HTTP/1.1" 200 16807 "-" "Mozilla/5.0 (Windows NT 10.0; Win64; x64) AppleWebKit/537.36 (KHTML, like Gecko) Chrome/147.0.0.0 Safari/537.36"
8.217.108.67 - - [19/Jul/2026:14:04:34 +0200] "POST /wp-login.php HTTP/1.1" 503 25025 "https://cso-deprinsenhof.nl/wp-login.php" "Mozilla/5.0 (Windows NT 10.0; Win64; x64) AppleWebKit/537.36 (KHTML, like Gecko) Chrome/147.0.0.0 Safari/537.36"
2a02:a45c:5b8a:0:9175:5651:f320:f38a - - [19/Jul/2026:14:09:25 +0200] "GET / HTTP/1.1" 200 128070 "https://www.google.com/" "Mozilla/5.0 (Linux; Android 10; K) AppleWebKit/537.36 (KHTML, like Gecko) Chrome/150.0.0.0 Mobile Safari/537.36"
2a02:a45c:5b8a:0:9175:5651:f320:f38a - - [19/Jul/2026:14:09:25 +0200] "GET /wp-content/uploads/fusion-styles/4dff08bfd85c24e6fc2e0df4059bb1a7.min.css?ver=3.14.2 HTTP/1.1" 200 5577 "-" "Mozilla/5.0 (Linux; Android 10; K) AppleWebKit/537.36 (KHTML, like Gecko) Chrome/150.0.0.0 Mobile Safari/537.36"
2a02:a45c:5b8a:0:9175:5651:f320:f38a - - [19/Jul/2026:14:09:25 +0200] "GET /wp-content/uploads/2025/07/Schermafbeelding-2020-06-19-om-12.45.32.png HTTP/1.1" 200 5575 "https://cso-deprinsenhof.nl/" "Mozilla/5.0 (Linux; Android 10; K) AppleWebKit/537.36 (KHTML, like Gecko) Chrome/150.0.0.0 Mobile Safari/537.36"
2a02:a45c:5b8a:0:9175:5651:f320:f38a - - [19/Jul/2026:14:09:25 +0200] "GET /wp-includes/js/jquery/jquery.min.js?ver=3.7.1 HTTP/1.1" 200 5521 "https://cso-deprinsenhof.nl/" "Mozilla/5.0 (Linux; Android 10; K) AppleWebKit/537.36 (KHTML, like Gecko) Chrome/150.0.0.0 Mobile Safari/537.36"
2a02:a45c:5b8a:0:9175:5651:f320:f38a - - [19/Jul/2026:14:09:26 +0200] "GET /wp-content/uploads/fusion-scripts/409f3d9b6ae5a62f1c2d4456e7952c90.min.js?ver=3.14.2 HTTP/1.1" 200 5591 "https://cso-deprinsenhof.nl/" "Mozilla/5.0 (Linux; Android 10; K) AppleWebKit/537.36 (KHTML, like Gecko) Chrome/150.0.0.0 Mobile Safari/537.36"
2a02:a45c:5b8a:0:9175:5651:f320:f38a - - [19/Jul/2026:14:09:26 +0200] "GET /wp-content/uploads/2020/06/De-Prinsenhof_final_web-2.mp4 HTTP/1.1" 200 5529 "https://cso-deprinsenhof.nl/" "Mozilla/5.0 (Linux; Android 10; K) AppleWebKit/537.36 (KHTML, like Gecko) Chrome/150.0.0.0 Mobile Safari/537.36"
2a02:a45c:5b8a:0:9175:5651:f320:f38a - - [19/Jul/2026:14:09:26 +0200] "GET /wp-content/themes/Avada/includes/lib/assets/fonts/fontawesome/webfonts/fa-solid-900.woff2 HTTP/1.1" 200 5595 "https://cso-deprinsenhof.nl/wp-content/uploads/fusion-styles/4dff08bfd85c24e6fc2e0df4059bb1a7.min.css?ver=3.14.2" "Mozilla/5.0 (Linux; Android 10; K) AppleWebKit/537.36 (KHTML, like Gecko) Chrome/150.0.0.0 Mobile Safari/537.36"
2a02:a45c:5b8a:0:9175:5651:f320:f38a - - [19/Jul/2026:14:09:26 +0200] "GET /wp-content/themes/Avada/includes/lib/assets/fonts/fontawesome/webfonts/fa-regular-400.woff2 HTTP/1.1" 200 5597 "https://cso-deprinsenhof.nl/wp-content/uploads/fusion-styles/4dff08bfd85c24e6fc2e0df4059bb1a7.min.css?ver=3.14.2" "Mozilla/5.0 (Linux; Android 10; K) AppleWebKit/537.36 (KHTML, like Gecko) Chrome/150.0.0.0 Mobile Safari/537.36"
2a02:a45c:5b8a:0:9175:5651:f320:f38a - - [19/Jul/2026:14:09:27 +0200] "GET /wp-content/uploads/2020/06/De-Prinsenhof_final_web-2.mp4 HTTP/1.1" 200 5529 "https://cso-deprinsenhof.nl/" "Mozilla/5.0 (Linux; Android 10; K) AppleWebKit/537.36 (KHTML, like Gecko) Chrome/150.0.0.0 Mobile Safari/537.36"
2a02:a45c:5b8a:0:9175:5651:f320:f38a - - [19/Jul/2026:14:09:27 +0200] "GET /wp-content/uploads/2020/06/De-Prinsenhof_final_web-2.mp4 HTTP/1.1" 200 5529 "https://cso-deprinsenhof.nl/" "Mozilla/5.0 (Linux; Android 10; K) AppleWebKit/537.36 (KHTML, like Gecko) Chrome/150.0.0.0 Mobile Safari/537.36"
2a02:a45c:5b8a:0:9175:5651:f320:f38a - - [19/Jul/2026:14:09:27 +0200] "GET /wp-content/uploads/2025/07/logo-de-Prinsenhof.svg HTTP/1.1" 200 5558 "https://cso-deprinsenhof.nl/" "Mozilla/5.0 (Linux; Android 10; K) AppleWebKit/537.36 (KHTML, like Gecko) Chrome/150.0.0.0 Mobile Safari/537.36"
2a02:a45c:5b8a:0:9175:5651:f320:f38a - - [19/Jul/2026:14:09:27 +0200] "GET /wp-content/uploads/2025/09/PBS-klaslokaal_home-scaled.webp HTTP/1.1" 200 5532 "https://cso-deprinsenhof.nl/" "Mozilla/5.0 (Linux; Android 10; K) AppleWebKit/537.36 (KHTML, like Gecko) Chrome/150.0.0.0 Mobile Safari/537.36"
2a02:a45c:5b8a:0:9175:5651:f320:f38a - - [19/Jul/2026:14:09:28 +0200] "GET /wp-includes/js/wp-emoji-release.min.js?ver=f314ca68cccfe34ad07f66cce3b84d20 HTTP/1.1" 200 5524 "https://cso-deprinsenhof.nl/" "Mozilla/5.0 (Linux; Android 10; K) AppleWebKit/537.36 (KHTML, like Gecko) Chrome/150.0.0.0 Mobile Safari/537.36"
2a02:a45c:5b8a:0:9175:5651:f320:f38a - - [19/Jul/2026:14:09:29 +0200] "GET /wp-content/uploads/2025/07/de-Prinsenhof_favicon_64px.png HTTP/1.1" 200 5562 "https://cso-deprinsenhof.nl/" "Mozilla/5.0 (Linux; Android 10; K) AppleWebKit/537.36 (KHTML, like Gecko) Chrome/150.0.0.0 Mobile Safari/537.36"
2a02:a45c:5b8a:0:9175:5651:f320:f38a - - [19/Jul/2026:14:09:37 +0200] "GET /onze-school/ HTTP/1.1" 200 124143 "https://cso-deprinsenhof.nl/" "Mozilla/5.0 (Linux; Android 10; K) AppleWebKit/537.36 (KHTML, like Gecko) Chrome/150.0.0.0 Mobile Safari/537.36"
2a02:a45c:5b8a:0:9175:5651:f320:f38a - - [19/Jul/2026:14:09:38 +0200] "GET /wp-content/uploads/fusion-styles/7f2dacbaa3e10bd591d6d7513d1b1a6b.min.css?ver=3.14.2 HTTP/1.1" 200 5577 "https://cso-deprinsenhof.nl/onze-school/" "Mozilla/5.0 (Linux; Android 10; K) AppleWebKit/537.36 (KHTML, like Gecko) Chrome/150.0.0.0 Mobile Safari/537.36"
2a02:a45c:5b8a:0:9175:5651:f320:f38a - - [19/Jul/2026:14:09:38 +0200] "GET /wp-content/uploads/fusion-scripts/747e0431434c69b818684b1a4ea6b073.min.js?ver=3.14.2 HTTP/1.1" 200 5591 "https://cso-deprinsenhof.nl/onze-school/" "Mozilla/5.0 (Linux; Android 10; K) AppleWebKit/537.36 (KHTML, like Gecko) Chrome/150.0.0.0 Mobile Safari/537.36"
2a02:a45c:5b8a:0:9175:5651:f320:f38a - - [19/Jul/2026:14:09:38 +0200] "GET /wp-content/uploads/2020/06/De-Prinsenhof_final_web-2.mp4 HTTP/1.1" 200 5529 "https://cso-deprinsenhof.nl/onze-school/" "Mozilla/5.0 (Linux; Android 10; K) AppleWebKit/537.36 (KHTML, like Gecko) Chrome/150.0.0.0 Mobile Safari/537.36"
2a02:a45c:5b8a:0:9175:5651:f320:f38a - - [19/Jul/2026:14:09:40 +0200] "GET /wp-content/uploads/2025/07/bibliotheek-scaled-e1758020305275.webp HTTP/1.1" 200 5539 "https://cso-deprinsenhof.nl/onze-school/" "Mozilla/5.0 (Linux; Android 10; K) AppleWebKit/537.36 (KHTML, like Gecko) Chrome/150.0.0.0 Mobile Safari/537.36"
2a02:a45c:5b8a:0:9175:5651:f320:f38a - - [19/Jul/2026:14:09:40 +0200] "GET /wp-content/uploads/2020/06/De-Prinsenhof_final_web-2.mp4 HTTP/1.1" 200 5529 "https://cso-deprinsenhof.nl/onze-school/" "Mozilla/5.0 (Linux; Android 10; K) AppleWebKit/537.36 (KHTML, like Gecko) Chrome/150.0.0.0 Mobile Safari/537.36"
2a02:a45c:5b8a:0:9175:5651:f320:f38a - - [19/Jul/2026:14:09:41 +0200] "GET /wp-content/uploads/2025/09/een-plek-waar-je-je-thuis-voelt-1200x799.webp HTTP/1.1" 200 5546 "https://cso-deprinsenhof.nl/onze-school/" "Mozilla/5.0 (Linux; Android 10; K) AppleWebKit/537.36 (KHTML, like Gecko) Chrome/150.0.0.0 Mobile Safari/537.36"
2a02:a45c:5b8a:0:9175:5651:f320:f38a - - [19/Jul/2026:14:09:41 +0200] "GET /wp-content/uploads/2020/06/De-Prinsenhof_final_web-2.mp4 HTTP/1.1" 200 5529 "https://cso-deprinsenhof.nl/onze-school/" "Mozilla/5.0 (Linux; Android 10; K) AppleWebKit/537.36 (KHTML, like Gecko) Chrome/150.0.0.0 Mobile Safari/537.36"
2a02:a45c:5b8a:0:9175:5651:f320:f38a - - [19/Jul/2026:14:09:41 +0200] "GET /wp-content/uploads/2020/06/De-Prinsenhof_final_web-2.mp4 HTTP/1.1" 200 5529 "https://cso-deprinsenhof.nl/onze-school/" "Mozilla/5.0 (Linux; Android 10; K) AppleWebKit/537.36 (KHTML, like Gecko) Chrome/150.0.0.0 Mobile Safari/537.36"
2a02:a45c:5b8a:0:9175:5651:f320:f38a - - [19/Jul/2026:14:09:43 +0200] "GET /wp-content/uploads/2025/07/Onze-leerllingen-2-1200x799.webp HTTP/1.1" 200 5533 "https://cso-deprinsenhof.nl/onze-school/" "Mozilla/5.0 (Linux; Android 10; K) AppleWebKit/537.36 (KHTML, like Gecko) Chrome/150.0.0.0 Mobile Safari/537.36"
2a02:a45c:5b8a:0:9175:5651:f320:f38a - - [19/Jul/2026:14:09:44 +0200] "GET /wp-content/uploads/2025/07/zaal-1200x800.jpg HTTP/1.1" 200 5550 "https://cso-deprinsenhof.nl/onze-school/" "Mozilla/5.0 (Linux; Android 10; K) AppleWebKit/537.36 (KHTML, like Gecko) Chrome/150.0.0.0 Mobile Safari/537.36"
2a02:a45c:5b8a:0:9175:5651:f320:f38a - - [19/Jul/2026:14:09:45 +0200] "GET /wp-content/uploads/2025/07/trap-1200x800.webp HTTP/1.1" 200 5519 "https://cso-deprinsenhof.nl/onze-school/" "Mozilla/5.0 (Linux; Android 10; K) AppleWebKit/537.36 (KHTML, like Gecko) Chrome/150.0.0.0 Mobile Safari/537.36"
2a02:a45c:5b8a:0:9175:5651:f320:f38a - - [19/Jul/2026:14:09:46 +0200] "GET /onze-school/schoolgids/ HTTP/1.1" 200 94674 "https://cso-deprinsenhof.nl/onze-school/" "Mozilla/5.0 (Linux; Android 10; K) AppleWebKit/537.36 (KHTML, like Gecko) Chrome/150.0.0.0 Mobile Safari/537.36"
2a02:a45c:5b8a:0:9175:5651:f320:f38a - - [19/Jul/2026:14:09:48 +0200] "GET /wp-content/uploads/fusion-styles/0c98158a85331315eace9d3bf67accb9.min.css?ver=3.14.2 HTTP/1.1" 200 5577 "https://cso-deprinsenhof.nl/onze-school/schoolgids/" "Mozilla/5.0 (Linux; Android 10; K) AppleWebKit/537.36 (KHTML, like Gecko) Chrome/150.0.0.0 Mobile Safari/537.36"
2a02:a45c:5b8a:0:9175:5651:f320:f38a - - [19/Jul/2026:14:09:50 +0200] "GET /wp-content/uploads/2025/07/logo-de-Prinsenhof_wit.svg HTTP/1.1" 200 5562 "https://cso-deprinsenhof.nl/onze-school/schoolgids/" "Mozilla/5.0 (Linux; Android 10; K) AppleWebKit/537.36 (KHTML, like Gecko) Chrome/150.0.0.0 Mobile Safari/537.36"
2a02:a45c:5b8a:0:9175:5651:f320:f38a - - [19/Jul/2026:14:09:51 +0200] "GET /onze-school/vakanties-en-vrije-dagen/ HTTP/1.1" 200 95532 "https://cso-deprinsenhof.nl/onze-school/schoolgids/" "Mozilla/5.0 (Linux; Android 10; K) AppleWebKit/537.36 (KHTML, like Gecko) Chrome/150.0.0.0 Mobile Safari/537.36"
2a02:a45c:5b8a:0:9175:5651:f320:f38a - - [19/Jul/2026:14:09:52 +0200] "GET /onze-school/hoorrecht-opp/ HTTP/1.1" 200 94762 "https://cso-deprinsenhof.nl/onze-school/schoolgids/" "Mozilla/5.0 (Linux; Android 10; K) AppleWebKit/537.36 (KHTML, like Gecko) Chrome/150.0.0.0 Mobile Safari/537.36"
2a02:a45c:5b8a:0:9175:5651:f320:f38a - - [19/Jul/2026:14:09:53 +0200] "GET /privacy/ HTTP/1.1" 200 89062 "https://cso-deprinsenhof.nl/onze-school/schoolgids/" "Mozilla/5.0 (Linux; Android 10; K) AppleWebKit/537.36 (KHTML, like Gecko) Chrome/150.0.0.0 Mobile Safari/537.36"
2a02:a45c:5b8a:0:9175:5651:f320:f38a - - [19/Jul/2026:14:09:54 +0200] "GET /wp-content/uploads/2025/07/CSO_logo_wit.png HTTP/1.1" 200 5548 "https://cso-deprinsenhof.nl/onze-school/schoolgids/" "Mozilla/5.0 (Linux; Android 10; K) AppleWebKit/537.36 (KHTML, like Gecko) Chrome/150.0.0.0 Mobile Safari/537.36"
2a02:a45c:5b8a:0:9175:5651:f320:f38a - - [19/Jul/2026:14:10:00 +0200] "GET / HTTP/1.1" 200 128070 "https://www.google.com/" "Mozilla/5.0 (Linux; Android 10; K) AppleWebKit/537.36 (KHTML, like Gecko) Chrome/150.0.0.0 Mobile Safari/537.36"
2a02:a45c:5b8a:0:9175:5651:f320:f38a - - [19/Jul/2026:14:10:01 +0200] "GET /wp-content/uploads/2020/06/De-Prinsenhof_final_web-2.mp4 HTTP/1.1" 200 5529 "https://cso-deprinsenhof.nl/" "Mozilla/5.0 (Linux; Android 10; K) AppleWebKit/537.36 (KHTML, like Gecko) Chrome/150.0.0.0 Mobile Safari/537.36"
2a02:a45c:5b8a:0:9175:5651:f320:f38a - - [19/Jul/2026:14:10:02 +0200] "GET /onze-school/schoolgids/ HTTP/1.1" 200 94674 "https://cso-deprinsenhof.nl/" "Mozilla/5.0 (Linux; Android 10; K) AppleWebKit/537.36 (KHTML, like Gecko) Chrome/150.0.0.0 Mobile Safari/537.36"
2a02:a45c:5b8a:0:9175:5651:f320:f38a - - [19/Jul/2026:14:10:05 +0200] "GET /onze-school/ HTTP/1.1" 200 124143 "https://cso-deprinsenhof.nl/onze-school/schoolgids/" "Mozilla/5.0 (Linux; Android 10; K) AppleWebKit/537.36 (KHTML, like Gecko) Chrome/150.0.0.0 Mobile Safari/537.36"
2001:1690:2:4::1:118 - - [19/Jul/2026:14:10:07 +0200] "POST /wp-cron.php?doing_wp_cron=1784463007.6440610885620117187500 HTTP/1.1" 200 5532 "-" "WordPress/6.9.5; https://cso-deprinsenhof.nl"
2a02:a45c:5b8a:0:9175:5651:f320:f38a - - [19/Jul/2026:14:10:07 +0200] "GET /onze-school/videos HTTP/1.1" 301 5569 "https://cso-deprinsenhof.nl/onze-school/schoolgids/" "Mozilla/5.0 (Linux; Android 10; K) AppleWebKit/537.36 (KHTML, like Gecko) Chrome/150.0.0.0 Mobile Safari/537.36"
2a02:a45c:5b8a:0:9175:5651:f320:f38a - - [19/Jul/2026:14:10:07 +0200] "GET /onze-school/videos/ HTTP/1.1" 200 106441 "https://cso-deprinsenhof.nl/onze-school/schoolgids/" "Mozilla/5.0 (Linux; Android 10; K) AppleWebKit/537.36 (KHTML, like Gecko) Chrome/150.0.0.0 Mobile Safari/537.36"
2a02:a45c:5b8a:0:9175:5651:f320:f38a - - [19/Jul/2026:14:10:13 +0200] "GET /onze-school/schoolgids/ HTTP/1.1" 200 94674 "https://cso-deprinsenhof.nl/onze-school/schoolgids/" "Mozilla/5.0 (Linux; Android 10; K) AppleWebKit/537.36 (KHTML, like Gecko) Chrome/150.0.0.0 Mobile Safari/537.36"
2a02:a45c:5b8a:0:9175:5651:f320:f38a - - [19/Jul/2026:14:10:14 +0200] "GET /onze-school/vakanties-en-vrije-dagen/ HTTP/1.1" 200 95532 "https://cso-deprinsenhof.nl/onze-school/schoolgids/" "Mozilla/5.0 (Linux; Android 10; K) AppleWebKit/537.36 (KHTML, like Gecko) Chrome/150.0.0.0 Mobile Safari/537.36"
2a02:a45c:5b8a:0:9175:5651:f320:f38a - - [19/Jul/2026:14:10:16 +0200] "GET /privacy/ HTTP/1.1" 200 89077 "https://cso-deprinsenhof.nl/onze-school/schoolgids/" "Mozilla/5.0 (Linux; Android 10; K) AppleWebKit/537.36 (KHTML, like Gecko) Chrome/150.0.0.0 Mobile Safari/537.36"
2a02:a45c:5b8a:0:9175:5651:f320:f38a - - [19/Jul/2026:14:10:17 +0200] "GET /onze-school/praktische-informatie/ HTTP/1.1" 200 95175 "https://cso-deprinsenhof.nl/onze-school/schoolgids/" "Mozilla/5.0 (Linux; Android 10; K) AppleWebKit/537.36 (KHTML, like Gecko) Chrome/150.0.0.0 Mobile Safari/537.36"
2a02:a45c:5b8a:0:9175:5651:f320:f38a - - [19/Jul/2026:14:10:22 +0200] "GET /onze-school/team HTTP/1.1" 301 5567 "https://cso-deprinsenhof.nl/onze-school/praktische-informatie/" "Mozilla/5.0 (Linux; Android 10; K) AppleWebKit/537.36 (KHTML, like Gecko) Chrome/150.0.0.0 Mobile Safari/537.36"
2a02:a45c:5b8a:0:9175:5651:f320:f38a - - [19/Jul/2026:14:10:22 +0200] "GET /onze-school/team/ HTTP/1.1" 200 117854 "https://cso-deprinsenhof.nl/onze-school/praktische-informatie/" "Mozilla/5.0 (Linux; Android 10; K) AppleWebKit/537.36 (KHTML, like Gecko) Chrome/150.0.0.0 Mobile Safari/537.36"
2a02:a45c:5b8a:0:9175:5651:f320:f38a - - [19/Jul/2026:14:10:23 +0200] "GET /onze-school/schoolgids/ HTTP/1.1" 200 94674 "https://cso-deprinsenhof.nl/onze-school/praktische-informatie/" "Mozilla/5.0 (Linux; Android 10; K) AppleWebKit/537.36 (KHTML, like Gecko) Chrome/150.0.0.0 Mobile Safari/537.36"
2a02:a45c:5b8a:0:9175:5651:f320:f38a - - [19/Jul/2026:14:10:25 +0200] "GET /wp-content/uploads/2025/07/Onderwijskundig-personeel-2-1200x798.webp HTTP/1.1" 200 5542 "https://cso-deprinsenhof.nl/onze-school/team/" "Mozilla/5.0 (Linux; Android 10; K) AppleWebKit/537.36 (KHTML, like Gecko) Chrome/150.0.0.0 Mobile Safari/537.36"
2a02:a45c:5b8a:0:9175:5651:f320:f38a - - [19/Jul/2026:14:10:27 +0200] "GET /wp-content/uploads/2025/09/Groepsleerkracht-1200x966.webp HTTP/1.1" 200 5531 "https://cso-deprinsenhof.nl/onze-school/team/" "Mozilla/5.0 (Linux; Android 10; K) AppleWebKit/537.36 (KHTML, like Gecko) Chrome/150.0.0.0 Mobile Safari/537.36"
2a02:a45c:5b8a:0:9175:5651:f320:f38a - - [19/Jul/2026:14:10:30 +0200] "GET /onze-school/videos/ HTTP/1.1" 200 106441 "https://cso-deprinsenhof.nl/onze-school/team/" "Mozilla/5.0 (Linux; Android 10; K) AppleWebKit/537.36 (KHTML, like Gecko) Chrome/150.0.0.0 Mobile Safari/537.36"
2a02:a45c:5b8a:0:9175:5651:f320:f38a - - [19/Jul/2026:14:10:38 +0200] "GET /schoolgids HTTP/1.1" 301 5685 "https://cso-deprinsenhof.nl/onze-school/team/" "Mozilla/5.0 (Linux; Android 10; K) AppleWebKit/537.36 (KHTML, like Gecko) Chrome/150.0.0.0 Mobile Safari/537.36"
2a02:a45c:5b8a:0:9175:5651:f320:f38a - - [19/Jul/2026:14:10:38 +0200] "GET /onze-school/schoolgids/ HTTP/1.1" 200 94674 "https://cso-deprinsenhof.nl/onze-school/team/" "Mozilla/5.0 (Linux; Android 10; K) AppleWebKit/537.36 (KHTML, like Gecko) Chrome/150.0.0.0 Mobile Safari/537.36"
2a02:a45c:5b8a:0:9175:5651:f320:f38a - - [19/Jul/2026:14:10:40 +0200] "GET /onze-school/videos/ HTTP/1.1" 200 106441 "https://cso-deprinsenhof.nl/onze-school/schoolgids/" "Mozilla/5.0 (Linux; Android 10; K) AppleWebKit/537.36 (KHTML, like Gecko) Chrome/150.0.0.0 Mobile Safari/537.36"
2a02:a45c:5b8a:0:9175:5651:f320:f38a - - [19/Jul/2026:14:10:42 +0200] "GET /onze-school/team/ HTTP/1.1" 200 117854 "https://cso-deprinsenhof.nl/onze-school/schoolgids/" "Mozilla/5.0 (Linux; Android 10; K) AppleWebKit/537.36 (KHTML, like Gecko) Chrome/150.0.0.0 Mobile Safari/537.36"
2a02:a45c:5b8a:0:9175:5651:f320:f38a - - [19/Jul/2026:14:10:49 +0200] "GET /onze-school/missie-visie HTTP/1.1" 301 5575 "https://cso-deprinsenhof.nl/onze-school/team/" "Mozilla/5.0 (Linux; Android 10; K) AppleWebKit/537.36 (KHTML, like Gecko) Chrome/150.0.0.0 Mobile Safari/537.36"
