2001:1690:2:4::1:118 - - [19/Jul/2026:11:04:51 +0200] "POST /?wordfence_syncAttackData=1784451891.4946 HTTP/1.1" 200 5474 "-" "WordPress/6.9.5; https://cso-deprinsenhof.nl"
216.244.66.233 - - [19/Jul/2026:11:04:51 +0200] "GET /robots.txt HTTP/1.1" 301 5530 "-" "Mozilla/5.0 (compatible; DotBot/1.2; +https://opensiteexplorer.org/dotbot; help@moz.com)"
212.118.18.121 - - [19/Jul/2026:11:04:52 +0200] "POST /xmlrpc.php HTTP/1.1" 503 23911 "-" "WordPress.com; https://wordpress.com"
216.244.66.233 - - [19/Jul/2026:11:04:52 +0200] "GET /robots.txt HTTP/1.1" 200 5740 "-" "Mozilla/5.0 (compatible; DotBot/1.2; +https://opensiteexplorer.org/dotbot; help@moz.com)"
212.118.18.121 - - [19/Jul/2026:11:05:02 +0200] "POST /xmlrpc.php HTTP/1.1" 503 23911 "-" "WordPress.com; https://wordpress.com"
212.118.18.121 - - [19/Jul/2026:11:05:13 +0200] "POST /xmlrpc.php HTTP/1.1" 503 23911 "-" "Jetpack by WordPress.com"
2001:1690:2:4::1:118 - - [19/Jul/2026:11:05:23 +0200] "POST /wp-cron.php?doing_wp_cron=1784451923.8516559600830078125000 HTTP/1.1" 200 5532 "-" "WordPress/6.9.5; https://cso-deprinsenhof.nl"
2001:1690:2:4::1:118 - - [19/Jul/2026:11:05:23 +0200] "POST /?wordfence_syncAttackData=1784451923.6667 HTTP/1.1" 200 5474 "-" "WordPress/6.9.5; https://cso-deprinsenhof.nl"
212.118.18.121 - - [19/Jul/2026:11:05:23 +0200] "POST /xmlrpc.php HTTP/1.1" 503 24986 "-" "Jetpack by WordPress.com"
212.118.18.121 - - [19/Jul/2026:11:05:34 +0200] "POST /xmlrpc.php HTTP/1.1" 503 23911 "-" "Jetpack by WordPress.com"
212.118.18.121 - - [19/Jul/2026:11:05:44 +0200] "POST /xmlrpc.php HTTP/1.1" 503 23911 "-" "Jetpack by WordPress.com (Jetpack 12.5; WordPress 6.3)"
212.118.18.121 - - [19/Jul/2026:11:05:55 +0200] "POST /xmlrpc.php HTTP/1.1" 503 23911 "-" "WordPress.com; https://wordpress.com"
212.118.18.121 - - [19/Jul/2026:11:06:05 +0200] "POST /xmlrpc.php HTTP/1.1" 503 23911 "-" "Jetpack/13.0; WordPress/6.1; http://site77103052.com"
212.118.18.121 - - [19/Jul/2026:11:06:16 +0200] "POST /xmlrpc.php HTTP/1.1" 503 23911 "-" "WordPress.com; https://wordpress.com"
212.118.18.121 - - [19/Jul/2026:11:06:27 +0200] "POST /xmlrpc.php HTTP/1.1" 503 23911 "-" "WordPress.com; https://wordpress.com"
212.118.18.121 - - [19/Jul/2026:11:06:37 +0200] "POST /xmlrpc.php HTTP/1.1" 503 23911 "-" "Jetpack by WordPress.com"
212.118.18.121 - - [19/Jul/2026:11:06:48 +0200] "POST /xmlrpc.php HTTP/1.1" 503 23911 "-" "Jetpack by WordPress.com"
212.118.18.121 - - [19/Jul/2026:11:06:59 +0200] "POST /xmlrpc.php HTTP/1.1" 503 23911 "-" "Jetpack/12.1; WordPress/6.1; http://site71483772.com"
212.118.18.121 - - [19/Jul/2026:11:07:09 +0200] "POST /xmlrpc.php HTTP/1.1" 503 23911 "-" "Jetpack/12.1; WordPress/6.1; http://site95178299.com"
212.118.18.121 - - [19/Jul/2026:11:07:20 +0200] "POST /xmlrpc.php HTTP/1.1" 503 13474 "-" "Jetpack by WordPress.com"
212.118.18.121 - - [19/Jul/2026:11:07:31 +0200] "POST /xmlrpc.php HTTP/1.1" 503 23911 "-" "Jetpack by WordPress.com (Jetpack 12.5; WordPress 6.4)"
212.118.18.121 - - [19/Jul/2026:11:07:41 +0200] "POST /xmlrpc.php HTTP/1.1" 503 23911 "-" "WordPress.com; https://wordpress.com"
212.118.18.121 - - [19/Jul/2026:11:07:52 +0200] "POST /xmlrpc.php HTTP/1.1" 503 23911 "-" "Jetpack/12.1; WordPress/6.3; http://site72660462.com"
212.118.18.121 - - [19/Jul/2026:11:08:02 +0200] "POST /xmlrpc.php HTTP/1.1" 503 23911 "-" "Jetpack by WordPress.com"
212.118.18.121 - - [19/Jul/2026:11:08:13 +0200] "POST /xmlrpc.php HTTP/1.1" 503 23911 "-" "Jetpack/12.0; WordPress/6.4; http://site37062866.com"
212.118.18.121 - - [19/Jul/2026:11:08:23 +0200] "POST /xmlrpc.php HTTP/1.1" 503 23911 "-" "Jetpack by WordPress.com"
2001:1690:2:4::1:118 - - [19/Jul/2026:11:08:34 +0200] "POST /wp-cron.php?doing_wp_cron=1784452114.1939918994903564453125 HTTP/1.1" 200 5532 "-" "WordPress/6.9.5; https://cso-deprinsenhof.nl"
2001:1690:2:4::1:118 - - [19/Jul/2026:11:08:34 +0200] "POST /?wordfence_syncAttackData=1784452113.9966 HTTP/1.1" 200 5474 "-" "WordPress/6.9.5; https://cso-deprinsenhof.nl"
216.244.66.233 - - [19/Jul/2026:11:08:33 +0200] "GET /resize/800/600/media/photoalbums/54/20161214091514.jpg HTTP/1.1" 301 5686 "-" "Mozilla/5.0 (compatible; DotBot/1.2; +https://opensiteexplorer.org/dotbot; help@moz.com)"
212.118.18.121 - - [19/Jul/2026:11:08:34 +0200] "POST /xmlrpc.php HTTP/1.1" 503 23911 "-" "WordPress.com; https://wordpress.com"
149.88.64.125 - - [19/Jul/2026:11:08:36 +0200] "GET /wp-login.php HTTP/1.1" 200 16807 "-" "Mozilla/5.0 (Windows NT 10.0; Win64; x64) AppleWebKit/537.36 (KHTML, like Gecko) Chrome/147.0.0.0 Safari/537.36"
149.88.64.125 - - [19/Jul/2026:11:08:37 +0200] "POST /wp-login.php HTTP/1.1" 503 25023 "https://cso-deprinsenhof.nl/wp-login.php" "Mozilla/5.0 (Windows NT 10.0; Win64; x64) AppleWebKit/537.36 (KHTML, like Gecko) Chrome/147.0.0.0 Safari/537.36"
212.118.18.121 - - [19/Jul/2026:11:08:45 +0200] "POST /xmlrpc.php HTTP/1.1" 503 23911 "-" "WordPress.com; https://wordpress.com"
212.118.18.121 - - [19/Jul/2026:11:08:55 +0200] "POST /xmlrpc.php HTTP/1.1" 503 23911 "-" "Jetpack by WordPress.com (Jetpack 12.1; WordPress 6.2)"
212.118.18.121 - - [19/Jul/2026:11:09:06 +0200] "POST /xmlrpc.php HTTP/1.1" 503 23911 "-" "Jetpack/13.0; WordPress/6.1; http://site22025858.com"
212.118.18.121 - - [19/Jul/2026:11:09:17 +0200] "POST /xmlrpc.php HTTP/1.1" 503 23911 "-" "Jetpack by WordPress.com (Jetpack 12.1; WordPress 6.4)"
212.118.18.121 - - [19/Jul/2026:11:09:27 +0200] "POST /xmlrpc.php HTTP/1.1" 503 23911 "-" "Jetpack/12.5; WordPress/6.1; http://site69152961.com"
212.118.18.121 - - [19/Jul/2026:11:09:38 +0200] "POST /xmlrpc.php HTTP/1.1" 503 23911 "-" "Jetpack/13.0; WordPress/6.4; http://site98395751.com"
212.118.18.121 - - [19/Jul/2026:11:09:49 +0200] "POST /xmlrpc.php HTTP/1.1" 503 23911 "-" "WordPress.com; https://wordpress.com"
2001:1690:2:4::1:118 - - [19/Jul/2026:11:09:51 +0200] "POST /wp-cron.php?doing_wp_cron=1784452191.8399329185485839843750 HTTP/1.1" 200 5532 "-" "WordPress/6.9.5; https://cso-deprinsenhof.nl"
2001:1690:2:4::1:118 - - [19/Jul/2026:11:09:51 +0200] "POST /?wordfence_syncAttackData=1784452191.6652 HTTP/1.1" 200 5474 "-" "WordPress/6.9.5; https://cso-deprinsenhof.nl"
170.106.140.110 - - [19/Jul/2026:11:09:51 +0200] "GET / HTTP/1.1" 301 5550 "http://www.cso-deprinsenhof.nl" "Mozilla/5.0 (iPhone; CPU iPhone OS 13_2_3 like Mac OS X) AppleWebKit/605.1.15 (KHTML, like Gecko) Version/13.0.3 Mobile/15E148 Safari/604.1"
2001:1690:2:4::1:118 - - [19/Jul/2026:11:09:53 +0200] "GET /wp-content/uploads/2025/07/boog-onder.svg HTTP/1.1" 200 6041 "-" "-"
170.106.140.110 - - [19/Jul/2026:11:09:53 +0200] "GET / HTTP/1.1" 200 128274 "https://www.cso-deprinsenhof.nl/" "Mozilla/5.0 (iPhone; CPU iPhone OS 13_2_3 like Mac OS X) AppleWebKit/605.1.15 (KHTML, like Gecko) Version/13.0.3 Mobile/15E148 Safari/604.1"
212.118.18.121 - - [19/Jul/2026:11:09:59 +0200] "POST /xmlrpc.php HTTP/1.1" 503 23911 "-" "Jetpack by WordPress.com (Jetpack 12.5; WordPress 6.4)"
212.118.18.121 - - [19/Jul/2026:11:10:10 +0200] "POST /xmlrpc.php HTTP/1.1" 503 23911 "-" "Jetpack by WordPress.com (Jetpack 12.5; WordPress 6.1)"
212.118.18.121 - - [19/Jul/2026:11:10:21 +0200] "POST /xmlrpc.php HTTP/1.1" 503 23911 "-" "WordPress.com; https://wordpress.com"
212.118.18.121 - - [19/Jul/2026:11:10:31 +0200] "POST /xmlrpc.php HTTP/1.1" 503 23911 "-" "WordPress.com; https://wordpress.com"
212.118.18.121 - - [19/Jul/2026:11:10:42 +0200] "POST /xmlrpc.php HTTP/1.1" 503 23911 "-" "Jetpack by WordPress.com"
212.118.18.121 - - [19/Jul/2026:11:10:53 +0200] "POST /xmlrpc.php HTTP/1.1" 503 23911 "-" "Jetpack by WordPress.com (Jetpack 12.0; WordPress 6.2)"
212.118.18.121 - - [19/Jul/2026:11:11:04 +0200] "POST /xmlrpc.php HTTP/1.1" 503 23911 "-" "WordPress.com; https://wordpress.com"
212.118.18.121 - - [19/Jul/2026:11:11:14 +0200] "POST /xmlrpc.php HTTP/1.1" 503 23911 "-" "Jetpack by WordPress.com"
212.118.18.121 - - [19/Jul/2026:11:11:25 +0200] "POST /xmlrpc.php HTTP/1.1" 503 23911 "-" "Jetpack/12.5; WordPress/6.4; http://site90024651.com"
212.118.18.121 - - [19/Jul/2026:11:11:35 +0200] "POST /xmlrpc.php HTTP/1.1" 503 23911 "-" "Jetpack by WordPress.com (Jetpack 13.0; WordPress 6.1)"
212.118.18.121 - - [19/Jul/2026:11:11:46 +0200] "POST /xmlrpc.php HTTP/1.1" 503 23911 "-" "Jetpack by WordPress.com"
212.118.18.121 - - [19/Jul/2026:11:11:57 +0200] "POST /xmlrpc.php HTTP/1.1" 503 23911 "-" "Jetpack by WordPress.com (Jetpack 12.1; WordPress 6.1)"
212.118.18.121 - - [19/Jul/2026:11:12:07 +0200] "POST /xmlrpc.php HTTP/1.1" 503 23911 "-" "WordPress.com; https://wordpress.com"
212.118.18.121 - - [19/Jul/2026:11:12:18 +0200] "POST /xmlrpc.php HTTP/1.1" 503 23911 "-" "Jetpack by WordPress.com"
212.118.18.121 - - [19/Jul/2026:11:12:29 +0200] "POST /xmlrpc.php HTTP/1.1" 503 23911 "-" "Jetpack by WordPress.com"
212.118.18.121 - - [19/Jul/2026:11:12:39 +0200] "POST /xmlrpc.php HTTP/1.1" 503 23911 "-" "WordPress.com; https://wordpress.com"
212.118.18.121 - - [19/Jul/2026:11:12:50 +0200] "POST /xmlrpc.php HTTP/1.1" 503 23911 "-" "Jetpack by WordPress.com (Jetpack 12.0; WordPress 6.2)"
212.118.18.121 - - [19/Jul/2026:11:13:00 +0200] "POST /xmlrpc.php HTTP/1.1" 503 23911 "-" "Jetpack by WordPress.com (Jetpack 12.5; WordPress 6.4)"
212.118.18.121 - - [19/Jul/2026:11:13:11 +0200] "POST /xmlrpc.php HTTP/1.1" 503 23911 "-" "Jetpack by WordPress.com (Jetpack 12.5; WordPress 6.2)"
212.118.18.121 - - [19/Jul/2026:11:13:22 +0200] "POST /xmlrpc.php HTTP/1.1" 503 23911 "-" "WordPress.com; https://wordpress.com"
212.118.18.121 - - [19/Jul/2026:11:13:33 +0200] "POST /xmlrpc.php HTTP/1.1" 503 23911 "-" "Jetpack by WordPress.com (Jetpack 12.5; WordPress 6.2)"
212.118.18.121 - - [19/Jul/2026:11:13:43 +0200] "POST /xmlrpc.php HTTP/1.1" 503 23911 "-" "Jetpack/13.0; WordPress/6.2; http://site49211003.com"
212.118.18.121 - - [19/Jul/2026:11:13:54 +0200] "POST /xmlrpc.php HTTP/1.1" 503 23911 "-" "Jetpack by WordPress.com (Jetpack 12.1; WordPress 6.2)"
212.118.18.121 - - [19/Jul/2026:11:14:05 +0200] "POST /xmlrpc.php HTTP/1.1" 503 23911 "-" "Jetpack/12.0; WordPress/6.3; http://site14496219.com"
212.118.18.121 - - [19/Jul/2026:11:14:15 +0200] "POST /xmlrpc.php HTTP/1.1" 503 23911 "-" "Jetpack/12.5; WordPress/6.1; http://site83575936.com"
212.118.18.121 - - [19/Jul/2026:11:14:26 +0200] "POST /xmlrpc.php HTTP/1.1" 503 23911 "-" "Jetpack by WordPress.com (Jetpack 12.0; WordPress 6.2)"
212.118.18.121 - - [19/Jul/2026:11:14:37 +0200] "POST /xmlrpc.php HTTP/1.1" 503 23911 "-" "Jetpack by WordPress.com (Jetpack 12.0; WordPress 6.3)"
212.118.18.121 - - [19/Jul/2026:11:14:47 +0200] "POST /xmlrpc.php HTTP/1.1" 503 23911 "-" "Jetpack by WordPress.com"
212.118.18.121 - - [19/Jul/2026:11:14:58 +0200] "POST /xmlrpc.php HTTP/1.1" 503 23911 "-" "Jetpack/12.5; WordPress/6.4; http://site50124538.com"
212.118.18.121 - - [19/Jul/2026:11:15:08 +0200] "POST /xmlrpc.php HTTP/1.1" 503 23911 "-" "WordPress.com; https://wordpress.com"
212.118.18.121 - - [19/Jul/2026:11:15:19 +0200] "POST /xmlrpc.php HTTP/1.1" 503 23911 "-" "Jetpack by WordPress.com (Jetpack 12.0; WordPress 6.3)"
2001:1690:2:4::1:118 - - [19/Jul/2026:11:15:30 +0200] "POST /wp-cron.php?doing_wp_cron=1784452530.3607079982757568359375 HTTP/1.1" 200 5532 "-" "WordPress/6.9.5; https://cso-deprinsenhof.nl"
2001:1690:2:4::1:118 - - [19/Jul/2026:11:15:30 +0200] "POST /?wordfence_syncAttackData=1784452530.123 HTTP/1.1" 200 5474 "-" "WordPress/6.9.5; https://cso-deprinsenhof.nl"
212.118.18.121 - - [19/Jul/2026:11:15:30 +0200] "POST /xmlrpc.php HTTP/1.1" 503 24986 "-" "WordPress.com; https://wordpress.com"
212.118.18.121 - - [19/Jul/2026:11:15:40 +0200] "POST /xmlrpc.php HTTP/1.1" 503 23911 "-" "WordPress.com; https://wordpress.com"
2001:1690:2:4::1:118 - - [19/Jul/2026:11:15:49 +0200] "POST /wp-cron.php?doing_wp_cron=1784452549.4797689914703369140625 HTTP/1.1" 200 5532 "-" "WordPress/6.9.5; https://cso-deprinsenhof.nl"
2001:1690:2:4::1:118 - - [19/Jul/2026:11:15:49 +0200] "POST /?wordfence_syncAttackData=1784452549.3567 HTTP/1.1" 200 5474 "-" "WordPress/6.9.5; https://cso-deprinsenhof.nl"
72.167.132.114 - - [19/Jul/2026:11:15:49 +0200] "GET /wp-login.php HTTP/1.1" 200 16807 "-" "Mozilla/5.0 (Windows NT 10.0; Win64; x64) AppleWebKit/537.36 (KHTML, like Gecko) Chrome/147.0.0.0 Safari/537.36"
72.167.132.114 - - [19/Jul/2026:11:15:50 +0200] "POST /wp-login.php HTTP/1.1" 503 25023 "https://cso-deprinsenhof.nl/wp-login.php" "Mozilla/5.0 (Windows NT 10.0; Win64; x64) AppleWebKit/537.36 (KHTML, like Gecko) Chrome/147.0.0.0 Safari/537.36"
212.118.18.121 - - [19/Jul/2026:11:15:51 +0200] "POST /xmlrpc.php HTTP/1.1" 503 23911 "-" "Jetpack by WordPress.com"
114.119.130.105 - - [19/Jul/2026:11:15:55 +0200] "GET /robots.txt HTTP/1.1" 301 5530 "https://www.cso-deprinsenhof.nl/robots.txt" "Mozilla/5.0 (compatible;PetalBot;+https://webmaster.petalsearch.com/site/petalbot)"
114.119.130.105 - - [19/Jul/2026:11:15:57 +0200] "GET /robots.txt HTTP/1.1" 200 5740 "https://www.cso-deprinsenhof.nl/robots.txt" "Mozilla/5.0 (compatible;PetalBot;+https://webmaster.petalsearch.com/site/petalbot)"
212.118.18.121 - - [19/Jul/2026:11:16:01 +0200] "POST /xmlrpc.php HTTP/1.1" 503 23911 "-" "WordPress.com; https://wordpress.com"
212.118.18.121 - - [19/Jul/2026:11:16:12 +0200] "POST /xmlrpc.php HTTP/1.1" 503 23911 "-" "Jetpack by WordPress.com (Jetpack 12.0; WordPress 6.1)"
212.118.18.121 - - [19/Jul/2026:11:16:23 +0200] "POST /xmlrpc.php HTTP/1.1" 503 23911 "-" "Jetpack by WordPress.com"
212.118.18.121 - - [19/Jul/2026:11:16:33 +0200] "POST /xmlrpc.php HTTP/1.1" 503 23911 "-" "WordPress.com; https://wordpress.com"
212.118.18.121 - - [19/Jul/2026:11:16:44 +0200] "POST /xmlrpc.php HTTP/1.1" 503 23911 "-" "Jetpack by WordPress.com"
212.118.18.121 - - [19/Jul/2026:11:16:55 +0200] "POST /xmlrpc.php HTTP/1.1" 503 23911 "-" "Jetpack by WordPress.com"
212.118.18.121 - - [19/Jul/2026:11:17:05 +0200] "POST /xmlrpc.php HTTP/1.1" 503 23911 "-" "Jetpack by WordPress.com"
212.118.18.121 - - [19/Jul/2026:11:17:16 +0200] "POST /xmlrpc.php HTTP/1.1" 503 23911 "-" "Jetpack/13.0; WordPress/6.4; http://site43624781.com"
212.118.18.121 - - [19/Jul/2026:11:17:27 +0200] "POST /xmlrpc.php HTTP/1.1" 503 23911 "-" "Jetpack/12.5; WordPress/6.2; http://site20068365.com"
212.118.18.121 - - [19/Jul/2026:11:17:37 +0200] "POST /xmlrpc.php HTTP/1.1" 503 23911 "-" "Jetpack by WordPress.com"
212.118.18.121 - - [19/Jul/2026:11:17:48 +0200] "POST /xmlrpc.php HTTP/1.1" 503 23911 "-" "WordPress.com; https://wordpress.com"
212.118.18.121 - - [19/Jul/2026:11:17:58 +0200] "POST /xmlrpc.php HTTP/1.1" 503 23911 "-" "WordPress.com; https://wordpress.com"
212.118.18.121 - - [19/Jul/2026:11:18:09 +0200] "POST /xmlrpc.php HTTP/1.1" 503 23911 "-" "Jetpack by WordPress.com"
2001:1690:2:4::1:118 - - [19/Jul/2026:11:18:13 +0200] "POST /wp-cron.php?doing_wp_cron=1784452693.3918979167938232421875 HTTP/1.1" 200 5532 "-" "WordPress/6.9.5; https://cso-deprinsenhof.nl"
2001:1690:2:4::1:118 - - [19/Jul/2026:11:18:13 +0200] "POST /?wordfence_syncAttackData=1784452693.2048 HTTP/1.1" 200 5474 "-" "WordPress/6.9.5; https://cso-deprinsenhof.nl"
4.194.24.143 - - [19/Jul/2026:11:18:13 +0200] "GET /nine2code.php HTTP/1.1" 404 83152 "-" "Mozilla/5.0 (Windows NT 10.0; Win64; x64) AppleWebKit/537.36 (KHTML, like Gecko) Chrome/120.0.0.0 Safari/537.36"
4.194.24.143 - - [19/Jul/2026:11:18:13 +0200] "GET /num.php HTTP/1.1" 404 83167 "-" "Mozilla/5.0 (Windows NT 10.0; Win64; x64) AppleWebKit/537.36 (KHTML, like Gecko) Chrome/120.0.0.0 Safari/537.36"
4.194.24.143 - - [19/Jul/2026:11:18:14 +0200] "GET /odf7udtspqtpxzyxmw2rccdefault.php HTTP/1.1" 404 83167 "-" "Mozilla/5.0 (Windows NT 10.0; Win64; x64) AppleWebKit/537.36 (KHTML, like Gecko) Chrome/120.0.0.0 Safari/537.36"
4.194.24.143 - - [19/Jul/2026:11:18:14 +0200] "GET /option.php HTTP/1.1" 404 83167 "-" "Mozilla/5.0 (Windows NT 10.0; Win64; x64) AppleWebKit/537.36 (KHTML, like Gecko) Chrome/120.0.0.0 Safari/537.36"
4.194.24.143 - - [19/Jul/2026:11:18:15 +0200] "GET /p.php HTTP/1.1" 404 83167 "-" "Mozilla/5.0 (Windows NT 10.0; Win64; x64) AppleWebKit/537.36 (KHTML, like Gecko) Chrome/120.0.0.0 Safari/537.36"
4.194.24.143 - - [19/Jul/2026:11:18:15 +0200] "GET /past.php HTTP/1.1" 404 83167 "-" "Mozilla/5.0 (Windows NT 10.0; Win64; x64) AppleWebKit/537.36 (KHTML, like Gecko) Chrome/120.0.0.0 Safari/537.36"
4.194.24.143 - - [19/Jul/2026:11:18:15 +0200] "GET /php.php HTTP/1.1" 404 83167 "-" "Mozilla/5.0 (Windows NT 10.0; Win64; x64) AppleWebKit/537.36 (KHTML, like Gecko) Chrome/120.0.0.0 Safari/537.36"
4.194.24.143 - - [19/Jul/2026:11:18:16 +0200] "GET /php8.php HTTP/1.1" 404 83167 "-" "Mozilla/5.0 (Windows NT 10.0; Win64; x64) AppleWebKit/537.36 (KHTML, like Gecko) Chrome/120.0.0.0 Safari/537.36"
4.194.24.143 - - [19/Jul/2026:11:18:16 +0200] "GET /phpinfo.php HTTP/1.1" 404 83167 "-" "Mozilla/5.0 (Windows NT 10.0; Win64; x64) AppleWebKit/537.36 (KHTML, like Gecko) Chrome/120.0.0.0 Safari/537.36"
4.194.24.143 - - [19/Jul/2026:11:18:16 +0200] "GET /plugins/ HTTP/1.1" 404 83167 "-" "Mozilla/5.0 (Windows NT 10.0; Win64; x64) AppleWebKit/537.36 (KHTML, like Gecko) Chrome/120.0.0.0 Safari/537.36"
4.194.24.143 - - [19/Jul/2026:11:18:17 +0200] "GET /post.php HTTP/1.1" 404 83167 "-" "Mozilla/5.0 (Windows NT 10.0; Win64; x64) AppleWebKit/537.36 (KHTML, like Gecko) Chrome/120.0.0.0 Safari/537.36"
4.194.24.143 - - [19/Jul/2026:11:18:17 +0200] "GET /public/assets/design_1/css/parts/course_cards/grid_card_1.min.php HTTP/1.1" 404 83167 "-" "Mozilla/5.0 (Windows NT 10.0; Win64; x64) AppleWebKit/537.36 (KHTML, like Gecko) Chrome/120.0.0.0 Safari/537.36"
4.194.24.143 - - [19/Jul/2026:11:18:17 +0200] "GET /public/css.php HTTP/1.1" 404 83167 "-" "Mozilla/5.0 (Windows NT 10.0; Win64; x64) AppleWebKit/537.36 (KHTML, like Gecko) Chrome/120.0.0.0 Safari/537.36"
4.194.24.143 - - [19/Jul/2026:11:18:18 +0200] "GET /r.php HTTP/1.1" 404 83167 "-" "Mozilla/5.0 (Windows NT 10.0; Win64; x64) AppleWebKit/537.36 (KHTML, like Gecko) Chrome/120.0.0.0 Safari/537.36"
4.194.24.143 - - [19/Jul/2026:11:18:18 +0200] "GET /radio.php HTTP/1.1" 404 83167 "-" "Mozilla/5.0 (Windows NT 10.0; Win64; x64) AppleWebKit/537.36 (KHTML, like Gecko) Chrome/120.0.0.0 Safari/537.36"
4.194.24.143 - - [19/Jul/2026:11:18:19 +0200] "GET /randkeyword.php7 HTTP/1.1" 404 83152 "-" "Mozilla/5.0 (Windows NT 10.0; Win64; x64) AppleWebKit/537.36 (KHTML, like Gecko) Chrome/120.0.0.0 Safari/537.36"
4.194.24.143 - - [19/Jul/2026:11:18:19 +0200] "GET /reze.php HTTP/1.1" 404 83167 "-" "Mozilla/5.0 (Windows NT 10.0; Win64; x64) AppleWebKit/537.36 (KHTML, like Gecko) Chrome/120.0.0.0 Safari/537.36"
4.194.24.143 - - [19/Jul/2026:11:18:19 +0200] "GET /rh.php HTTP/1.1" 404 83167 "-" "Mozilla/5.0 (Windows NT 10.0; Win64; x64) AppleWebKit/537.36 (KHTML, like Gecko) Chrome/120.0.0.0 Safari/537.36"
4.194.24.143 - - [19/Jul/2026:11:18:20 +0200] "GET /rip.php HTTP/1.1" 404 83167 "-" "Mozilla/5.0 (Windows NT 10.0; Win64; x64) AppleWebKit/537.36 (KHTML, like Gecko) Chrome/120.0.0.0 Safari/537.36"
212.118.18.121 - - [19/Jul/2026:11:18:20 +0200] "POST /xmlrpc.php HTTP/1.1" 503 23911 "-" "Jetpack by WordPress.com"
4.194.24.143 - - [19/Jul/2026:11:18:20 +0200] "GET /root.php HTTP/1.1" 404 83167 "-" "Mozilla/5.0 (Windows NT 10.0; Win64; x64) AppleWebKit/537.36 (KHTML, like Gecko) Chrome/120.0.0.0 Safari/537.36"
4.194.24.143 - - [19/Jul/2026:11:18:20 +0200] "GET /s.php HTTP/1.1" 404 83167 "-" "Mozilla/5.0 (Windows NT 10.0; Win64; x64) AppleWebKit/537.36 (KHTML, like Gecko) Chrome/120.0.0.0 Safari/537.36"
4.194.24.143 - - [19/Jul/2026:11:18:21 +0200] "GET /sang.php HTTP/1.1" 404 83167 "-" "Mozilla/5.0 (Windows NT 10.0; Win64; x64) AppleWebKit/537.36 (KHTML, like Gecko) Chrome/120.0.0.0 Safari/537.36"
4.194.24.143 - - [19/Jul/2026:11:18:21 +0200] "GET /scxy.php HTTP/1.1" 404 83167 "-" "Mozilla/5.0 (Windows NT 10.0; Win64; x64) AppleWebKit/537.36 (KHTML, like Gecko) Chrome/120.0.0.0 Safari/537.36"
2001:1690:2:4::1:118 - - [19/Jul/2026:11:18:22 +0200] "POST /?wordfence_syncAttackData=1784452702.0557 HTTP/1.1" 200 5474 "-" "WordPress/6.9.5; https://cso-deprinsenhof.nl"
4.194.24.143 - - [19/Jul/2026:11:18:22 +0200] "GET /sd.php HTTP/1.1" 404 83167 "-" "Mozilla/5.0 (Windows NT 10.0; Win64; x64) AppleWebKit/537.36 (KHTML, like Gecko) Chrome/120.0.0.0 Safari/537.36"
4.194.24.143 - - [19/Jul/2026:11:18:22 +0200] "GET /sf.php HTTP/1.1" 404 83167 "-" "Mozilla/5.0 (Windows NT 10.0; Win64; x64) AppleWebKit/537.36 (KHTML, like Gecko) Chrome/120.0.0.0 Safari/537.36"
4.194.24.143 - - [19/Jul/2026:11:18:22 +0200] "GET /shell.php HTTP/1.1" 404 83167 "-" "Mozilla/5.0 (Windows NT 10.0; Win64; x64) AppleWebKit/537.36 (KHTML, like Gecko) Chrome/120.0.0.0 Safari/537.36"
4.194.24.143 - - [19/Jul/2026:11:18:23 +0200] "GET /shop/ HTTP/1.1" 404 83167 "-" "Mozilla/5.0 (Windows NT 10.0; Win64; x64) AppleWebKit/537.36 (KHTML, like Gecko) Chrome/120.0.0.0 Safari/537.36"
4.194.24.143 - - [19/Jul/2026:11:18:23 +0200] "GET /sid3.php HTTP/1.1" 404 83167 "-" "Mozilla/5.0 (Windows NT 10.0; Win64; x64) AppleWebKit/537.36 (KHTML, like Gecko) Chrome/120.0.0.0 Safari/537.36"
4.194.24.143 - - [19/Jul/2026:11:18:24 +0200] "GET /simple.php HTTP/1.1" 404 83167 "-" "Mozilla/5.0 (Windows NT 10.0; Win64; x64) AppleWebKit/537.36 (KHTML, like Gecko) Chrome/120.0.0.0 Safari/537.36"
4.194.24.143 - - [19/Jul/2026:11:18:24 +0200] "GET /sitemap.php HTTP/1.1" 404 83167 "-" "Mozilla/5.0 (Windows NT 10.0; Win64; x64) AppleWebKit/537.36 (KHTML, like Gecko) Chrome/120.0.0.0 Safari/537.36"
4.194.24.143 - - [19/Jul/2026:11:18:24 +0200] "GET /size.php HTTP/1.1" 404 83152 "-" "Mozilla/5.0 (Windows NT 10.0; Win64; x64) AppleWebKit/537.36 (KHTML, like Gecko) Chrome/120.0.0.0 Safari/537.36"
4.194.24.143 - - [19/Jul/2026:11:18:25 +0200] "GET /sm.php HTTP/1.1" 404 83167 "-" "Mozilla/5.0 (Windows NT 10.0; Win64; x64) AppleWebKit/537.36 (KHTML, like Gecko) Chrome/120.0.0.0 Safari/537.36"
4.194.24.143 - - [19/Jul/2026:11:18:25 +0200] "GET /sql.php HTTP/1.1" 404 83167 "-" "Mozilla/5.0 (Windows NT 10.0; Win64; x64) AppleWebKit/537.36 (KHTML, like Gecko) Chrome/120.0.0.0 Safari/537.36"
4.194.24.143 - - [19/Jul/2026:11:18:25 +0200] "GET /ss.php HTTP/1.1" 404 83167 "-" "Mozilla/5.0 (Windows NT 10.0; Win64; x64) AppleWebKit/537.36 (KHTML, like Gecko) Chrome/120.0.0.0 Safari/537.36"
4.194.24.143 - - [19/Jul/2026:11:18:26 +0200] "GET /stats.php HTTP/1.1" 404 83152 "-" "Mozilla/5.0 (Windows NT 10.0; Win64; x64) AppleWebKit/537.36 (KHTML, like Gecko) Chrome/120.0.0.0 Safari/537.36"
4.194.24.143 - - [19/Jul/2026:11:18:26 +0200] "GET /sump1.php HTTP/1.1" 404 83167 "-" "Mozilla/5.0 (Windows NT 10.0; Win64; x64) AppleWebKit/537.36 (KHTML, like Gecko) Chrome/120.0.0.0 Safari/537.36"
4.194.24.143 - - [19/Jul/2026:11:18:26 +0200] "GET /system.php HTTP/1.1" 404 83167 "-" "Mozilla/5.0 (Windows NT 10.0; Win64; x64) AppleWebKit/537.36 (KHTML, like Gecko) Chrome/120.0.0.0 Safari/537.36"
4.194.24.143 - - [19/Jul/2026:11:18:27 +0200] "GET /system/03n1hob7p03r2npdefault.php HTTP/1.1" 404 83152 "-" "Mozilla/5.0 (Windows NT 10.0; Win64; x64) AppleWebKit/537.36 (KHTML, like Gecko) Chrome/120.0.0.0 Safari/537.36"
4.194.24.143 - - [19/Jul/2026:11:18:27 +0200] "GET /system/cj5ha2rah8lyiqqdefault.php HTTP/1.1" 404 83152 "-" "Mozilla/5.0 (Windows NT 10.0; Win64; x64) AppleWebKit/537.36 (KHTML, like Gecko) Chrome/120.0.0.0 Safari/537.36"
4.194.24.143 - - [19/Jul/2026:11:18:27 +0200] "GET /system_log.php HTTP/1.1" 404 83167 "-" "Mozilla/5.0 (Windows NT 10.0; Win64; x64) AppleWebKit/537.36 (KHTML, like Gecko) Chrome/120.0.0.0 Safari/537.36"
4.194.24.143 - - [19/Jul/2026:11:18:28 +0200] "GET /t.php HTTP/1.1" 404 83167 "-" "Mozilla/5.0 (Windows NT 10.0; Win64; x64) AppleWebKit/537.36 (KHTML, like Gecko) Chrome/120.0.0.0 Safari/537.36"
4.194.24.143 - - [19/Jul/2026:11:18:28 +0200] "GET /term.php HTTP/1.1" 404 83167 "-" "Mozilla/5.0 (Windows NT 10.0; Win64; x64) AppleWebKit/537.36 (KHTML, like Gecko) Chrome/120.0.0.0 Safari/537.36"
4.194.24.143 - - [19/Jul/2026:11:18:29 +0200] "GET /test.php HTTP/1.1" 404 83167 "-" "Mozilla/5.0 (Windows NT 10.0; Win64; x64) AppleWebKit/537.36 (KHTML, like Gecko) Chrome/120.0.0.0 Safari/537.36"
4.194.24.143 - - [19/Jul/2026:11:18:29 +0200] "GET /test1.php HTTP/1.1" 404 83167 "-" "Mozilla/5.0 (Windows NT 10.0; Win64; x64) AppleWebKit/537.36 (KHTML, like Gecko) Chrome/120.0.0.0 Safari/537.36"
4.194.24.143 - - [19/Jul/2026:11:18:29 +0200] "GET /tfm.php HTTP/1.1" 404 83167 "-" "Mozilla/5.0 (Windows NT 10.0; Win64; x64) AppleWebKit/537.36 (KHTML, like Gecko) Chrome/120.0.0.0 Safari/537.36"
4.194.24.143 - - [19/Jul/2026:11:18:30 +0200] "GET /thebe.php HTTP/1.1" 404 83167 "-" "Mozilla/5.0 (Windows NT 10.0; Win64; x64) AppleWebKit/537.36 (KHTML, like Gecko) Chrome/120.0.0.0 Safari/537.36"
4.194.24.143 - - [19/Jul/2026:11:18:30 +0200] "GET /themes.php HTTP/1.1" 404 83152 "-" "Mozilla/5.0 (Windows NT 10.0; Win64; x64) AppleWebKit/537.36 (KHTML, like Gecko) Chrome/120.0.0.0 Safari/537.36"
4.194.24.143 - - [19/Jul/2026:11:18:30 +0200] "GET /tiny.php HTTP/1.1" 404 83167 "-" "Mozilla/5.0 (Windows NT 10.0; Win64; x64) AppleWebKit/537.36 (KHTML, like Gecko) Chrome/120.0.0.0 Safari/537.36"
212.118.18.121 - - [19/Jul/2026:11:18:31 +0200] "POST /xmlrpc.php HTTP/1.1" 503 23911 "-" "Jetpack by WordPress.com"
2001:1690:2:4::1:118 - - [19/Jul/2026:11:18:31 +0200] "POST /?wordfence_syncAttackData=1784452711.2259 HTTP/1.1" 200 5474 "-" "WordPress/6.9.5; https://cso-deprinsenhof.nl"
4.194.24.143 - - [19/Jul/2026:11:18:31 +0200] "GET /tmp/byp.php HTTP/1.1" 404 83167 "-" "Mozilla/5.0 (Windows NT 10.0; Win64; x64) AppleWebKit/537.36 (KHTML, like Gecko) Chrome/120.0.0.0 Safari/537.36"
212.118.18.121 - - [19/Jul/2026:11:18:41 +0200] "POST /xmlrpc.php HTTP/1.1" 503 23911 "-" "WordPress.com; https://wordpress.com"
212.118.18.121 - - [19/Jul/2026:11:18:52 +0200] "POST /xmlrpc.php HTTP/1.1" 503 23911 "-" "Jetpack/12.0; WordPress/6.4; http://site34323977.com"
212.118.18.121 - - [19/Jul/2026:11:19:03 +0200] "POST /xmlrpc.php HTTP/1.1" 503 13474 "-" "Jetpack by WordPress.com"
212.118.18.121 - - [19/Jul/2026:11:19:13 +0200] "POST /xmlrpc.php HTTP/1.1" 503 23911 "-" "Jetpack/12.5; WordPress/6.2; http://site75633766.com"
212.118.18.121 - - [19/Jul/2026:11:19:24 +0200] "POST /xmlrpc.php HTTP/1.1" 503 23911 "-" "Jetpack/12.1; WordPress/6.3; http://site64636604.com"
212.118.18.121 - - [19/Jul/2026:11:19:34 +0200] "POST /xmlrpc.php HTTP/1.1" 503 23911 "-" "Jetpack by WordPress.com (Jetpack 12.0; WordPress 6.4)"
212.118.18.121 - - [19/Jul/2026:11:19:45 +0200] "POST /xmlrpc.php HTTP/1.1" 503 23911 "-" "Jetpack by WordPress.com (Jetpack 13.0; WordPress 6.1)"
212.118.18.121 - - [19/Jul/2026:11:19:56 +0200] "POST /xmlrpc.php HTTP/1.1" 503 23911 "-" "Jetpack/12.1; WordPress/6.4; http://site85350394.com"
212.118.18.121 - - [19/Jul/2026:11:20:06 +0200] "POST /xmlrpc.php HTTP/1.1" 503 23911 "-" "Jetpack by WordPress.com (Jetpack 13.0; WordPress 6.4)"
212.118.18.121 - - [19/Jul/2026:11:20:17 +0200] "POST /xmlrpc.php HTTP/1.1" 503 23911 "-" "WordPress.com; https://wordpress.com"
212.118.18.121 - - [19/Jul/2026:11:20:28 +0200] "POST /xmlrpc.php HTTP/1.1" 503 23911 "-" "Jetpack by WordPress.com"
212.118.18.121 - - [19/Jul/2026:11:20:39 +0200] "POST /xmlrpc.php HTTP/1.1" 503 23911 "-" "WordPress.com; https://wordpress.com"
212.118.18.121 - - [19/Jul/2026:11:20:49 +0200] "POST /xmlrpc.php HTTP/1.1" 503 23911 "-" "Jetpack by WordPress.com (Jetpack 12.0; WordPress 6.4)"
102.129.223.92 - - [19/Jul/2026:11:20:59 +0200] "GET / HTTP/1.1" 200 128088 "http://cso-deprinsenhof.nl" "Mozilla/5.0 (X11; CrOS x86_64 14541.0.0) AppleWebKit/537.36 (KHTML, like Gecko) Chrome/144.0.0.0 Safari/537.36"
2001:1690:2:4::1:118 - - [19/Jul/2026:11:21:00 +0200] "POST /wp-cron.php?doing_wp_cron=1784452860.2829520702362060546875 HTTP/1.1" 200 5532 "-" "WordPress/6.9.5; https://cso-deprinsenhof.nl"
2001:1690:2:4::1:118 - - [19/Jul/2026:11:21:00 +0200] "POST /?wordfence_syncAttackData=1784452860.0961 HTTP/1.1" 200 5474 "-" "WordPress/6.9.5; https://cso-deprinsenhof.nl"
212.118.18.121 - - [19/Jul/2026:11:21:00 +0200] "POST /xmlrpc.php HTTP/1.1" 503 23911 "-" "WordPress.com; https://wordpress.com"
102.129.223.92 - - [19/Jul/2026:11:21:00 +0200] "GET /contact/ HTTP/1.1" 200 85589 "http://cso-deprinsenhof.nl" "Mozilla/5.0 (X11; CrOS x86_64 14541.0.0) AppleWebKit/537.36 (KHTML, like Gecko) Chrome/144.0.0.0 Safari/537.36"
102.129.223.92 - - [19/Jul/2026:11:21:01 +0200] "GET /contact HTTP/1.1" 301 5558 "http://cso-deprinsenhof.nl" "Mozilla/5.0 (X11; CrOS x86_64 14541.0.0) AppleWebKit/537.36 (KHTML, like Gecko) Chrome/144.0.0.0 Safari/537.36"
102.129.223.92 - - [19/Jul/2026:11:21:01 +0200] "GET /author/jsbdesign/ HTTP/1.1" 200 76641 "http://cso-deprinsenhof.nl" "Mozilla/5.0 (X11; CrOS x86_64 14541.0.0) AppleWebKit/537.36 (KHTML, like Gecko) Chrome/144.0.0.0 Safari/537.36"
212.118.18.121 - - [19/Jul/2026:11:21:11 +0200] "POST /xmlrpc.php HTTP/1.1" 503 23911 "-" "Jetpack/12.0; WordPress/6.2; http://site88878423.com"
212.118.18.121 - - [19/Jul/2026:11:21:21 +0200] "POST /xmlrpc.php HTTP/1.1" 503 23911 "-" "Jetpack/12.5; WordPress/6.2; http://site15319290.com"
212.118.18.121 - - [19/Jul/2026:11:21:32 +0200] "POST /xmlrpc.php HTTP/1.1" 503 23911 "-" "Jetpack/12.1; WordPress/6.2; http://site49440781.com"
212.118.18.121 - - [19/Jul/2026:11:21:43 +0200] "POST /xmlrpc.php HTTP/1.1" 503 23911 "-" "Jetpack by WordPress.com (Jetpack 12.1; WordPress 6.2)"
2001:1690:2:4::1:118 - - [19/Jul/2026:11:25:38 +0200] "POST /?wordfence_syncAttackData=1784453138.9086 HTTP/1.1" 200 5474 "-" "WordPress/6.9.5; https://cso-deprinsenhof.nl"
154.61.75.100 - - [19/Jul/2026:11:25:38 +0200] "GET /wp-login.php HTTP/1.1" 200 16807 "-" "Mozilla/5.0 (Windows NT 10.0; Win64; x64) AppleWebKit/537.36 (KHTML, like Gecko) Chrome/147.0.0.0 Safari/537.36"
154.61.75.100 - - [19/Jul/2026:11:25:45 +0200] "POST /wp-login.php HTTP/1.1" 503 25023 "https://cso-deprinsenhof.nl/wp-login.php" "Mozilla/5.0 (Windows NT 10.0; Win64; x64) AppleWebKit/537.36 (KHTML, like Gecko) Chrome/147.0.0.0 Safari/537.36"
18.162.245.168 - - [19/Jul/2026:11:28:19 +0200] "GET / HTTP/1.1" 200 128088 "-" "Mozilla/5.0 (Windows NT 10.0; Win64; x64) AppleWebKit/537.36 (KHTML, like Gecko; compatible; BuiltWith/1.4; rb.gy/xprgqj) Chrome/124.0.0.0 Safari/537.36"
2001:1690:2:4::1:118 - - [19/Jul/2026:11:28:20 +0200] "POST /wp-cron.php?doing_wp_cron=1784453300.3691110610961914062500 HTTP/1.1" 200 5532 "-" "WordPress/6.9.5; https://cso-deprinsenhof.nl"
18.162.245.168 - - [19/Jul/2026:11:28:20 +0200] "GET /robots.txt HTTP/1.1" 200 5770 "-" "Mozilla/5.0 (Windows NT 10.0; Win64; x64) AppleWebKit/537.36 (KHTML, like Gecko; compatible; BuiltWith/1.4; rb.gy/xprgqj) Chrome/124.0.0.0 Safari/537.36"
2001:1690:2:4::1:118 - - [19/Jul/2026:11:28:21 +0200] "GET /wp-content/uploads/2025/07/boog-onder.svg HTTP/1.1" 200 6041 "-" "-"
18.162.245.168 - - [19/Jul/2026:11:28:20 +0200] "GET /ons-onderwijs/begeleiding-en-ondersteuning/ HTTP/1.1" 200 94944 "-" "Mozilla/5.0 (Windows NT 10.0; Win64; x64) AppleWebKit/537.36 (KHTML, like Gecko; compatible; BuiltWith/1.4; rb.gy/xprgqj) Chrome/124.0.0.0 Safari/537.36"
18.162.245.168 - - [19/Jul/2026:11:28:21 +0200] "GET /onze-school/vakanties-en-vrije-dagen/ HTTP/1.1" 200 95725 "-" "Mozilla/5.0 (Windows NT 10.0; Win64; x64) AppleWebKit/537.36 (KHTML, like Gecko; compatible; BuiltWith/1.4; rb.gy/xprgqj) Chrome/124.0.0.0 Safari/537.36"
18.162.245.168 - - [19/Jul/2026:11:28:21 +0200] "GET /contact/ HTTP/1.1" 200 85381 "-" "Mozilla/5.0 (Windows NT 10.0; Win64; x64) AppleWebKit/537.36 (KHTML, like Gecko; compatible; BuiltWith/1.4; rb.gy/xprgqj) Chrome/124.0.0.0 Safari/537.36"
18.162.245.168 - - [19/Jul/2026:11:28:21 +0200] "GET /privacy/ HTTP/1.1" 200 89262 "-" "Mozilla/5.0 (Windows NT 10.0; Win64; x64) AppleWebKit/537.36 (KHTML, like Gecko; compatible; BuiltWith/1.4; rb.gy/xprgqj) Chrome/124.0.0.0 Safari/537.36"
18.162.245.168 - - [19/Jul/2026:11:28:22 +0200] "GET /ads.txt HTTP/1.1" 404 83167 "-" "Mozilla/5.0 (Windows NT 10.0; Win64; x64) AppleWebKit/537.36 (KHTML, like Gecko; compatible; BuiltWith/1.4; rb.gy/xprgqj) Chrome/124.0.0.0 Safari/537.36"
2001:1690:2:4::1:118 - - [19/Jul/2026:11:31:23 +0200] "POST /wp-cron.php?doing_wp_cron=1784453483.3636159896850585937500 HTTP/1.1" 200 5532 "-" "WordPress/6.9.5; https://cso-deprinsenhof.nl"
72.167.132.114 - - [19/Jul/2026:11:31:23 +0200] "GET /wp-login.php HTTP/1.1" 200 16807 "-" "Mozilla/5.0 (Windows NT 10.0; Win64; x64) AppleWebKit/537.36 (KHTML, like Gecko) Chrome/147.0.0.0 Safari/537.36"
72.167.132.114 - - [19/Jul/2026:11:31:23 +0200] "POST /wp-login.php HTTP/1.1" 503 25023 "https://cso-deprinsenhof.nl/wp-login.php" "Mozilla/5.0 (Windows NT 10.0; Win64; x64) AppleWebKit/537.36 (KHTML, like Gecko) Chrome/147.0.0.0 Safari/537.36"
2001:1690:2:4::1:118 - - [19/Jul/2026:11:37:26 +0200] "POST /wp-cron.php?doing_wp_cron=1784453846.5528430938720703125000 HTTP/1.1" 200 5532 "-" "WordPress/6.9.5; https://cso-deprinsenhof.nl"
68.178.160.25 - - [19/Jul/2026:11:37:26 +0200] "GET /wp-login.php HTTP/1.1" 200 16807 "-" "Mozilla/5.0 (Windows NT 10.0; Win64; x64) AppleWebKit/537.36 (KHTML, like Gecko) Chrome/147.0.0.0 Safari/537.36"
68.178.160.25 - - [19/Jul/2026:11:37:27 +0200] "POST /wp-login.php HTTP/1.1" 503 25023 "https://cso-deprinsenhof.nl/wp-login.php" "Mozilla/5.0 (Windows NT 10.0; Win64; x64) AppleWebKit/537.36 (KHTML, like Gecko) Chrome/147.0.0.0 Safari/537.36"
2a03:2880:f800:22:: - - [19/Jul/2026:11:37:53 +0200] "GET /sitemap_index.xml HTTP/1.1" 200 6042 "-" "Mozilla/5.0 (Windows NT 10.0; Win64; x64) AppleWebKit/537.36 (KHTML, like Gecko) Chrome/145.0.0.0 Safari/537.36 (compatible; meta-externalagent/1.1 (+https://developers.facebook.com/docs/sharing/webmasters/crawler))"
2001:1690:2:4::1:118 - - [19/Jul/2026:11:44:30 +0200] "POST /wp-cron.php?doing_wp_cron=1784454270.5608398914337158203125 HTTP/1.1" 200 5532 "-" "WordPress/6.9.5; https://cso-deprinsenhof.nl"
41.186.86.12 - - [19/Jul/2026:11:44:29 +0200] "GET /wp-login.php HTTP/1.1" 200 16807 "-" "Mozilla/5.0 (Windows NT 10.0; Win64; x64) AppleWebKit/537.36 (KHTML, like Gecko) Chrome/147.0.0.0 Safari/537.36"
41.186.86.12 - - [19/Jul/2026:11:44:30 +0200] "POST /wp-login.php HTTP/1.1" 503 25023 "https://cso-deprinsenhof.nl/wp-login.php" "Mozilla/5.0 (Windows NT 10.0; Win64; x64) AppleWebKit/537.36 (KHTML, like Gecko) Chrome/147.0.0.0 Safari/537.36"
2001:1690:2:4::1:118 - - [19/Jul/2026:11:45:46 +0200] "POST /wp-cron.php?doing_wp_cron=1784454346.0904719829559326171875 HTTP/1.1" 200 5532 "-" "WordPress/6.9.5; https://cso-deprinsenhof.nl"
66.249.68.4 - - [19/Jul/2026:11:45:45 +0200] "GET /onze-school/aanvraagformulier-extravakantieverlof/ HTTP/1.1" 404 83185 "-" "Mozilla/5.0 (Linux; Android 6.0.1; Nexus 5X Build/MMB29P) AppleWebKit/537.36 (KHTML, like Gecko) Chrome/149.0.7827.200 Mobile Safari/537.36 (compatible; GoogleOther)"
66.249.68.3 - - [19/Jul/2026:11:45:47 +0200] "GET /wp-content/uploads/fusion-styles/09a75104ae428756fa06c88f720be3d0.min.css?ver=3.14.2 HTTP/1.1" 200 5577 "https://cso-deprinsenhof.nl/onze-school/aanvraagformulier-extravakantieverlof/" "Mozilla/5.0 (Linux; Android 6.0.1; Nexus 5X Build/MMB29P) AppleWebKit/537.36 (KHTML, like Gecko) Chrome/149.0.7827.200 Mobile Safari/537.36 (compatible; GoogleOther)"
66.249.68.2 - - [19/Jul/2026:11:45:50 +0200] "GET /wp-includes/js/jquery/jquery.min.js?ver=3.7.1 HTTP/1.1" 200 5521 "https://cso-deprinsenhof.nl/onze-school/aanvraagformulier-extravakantieverlof/" "Mozilla/5.0 (Linux; Android 6.0.1; Nexus 5X Build/MMB29P) AppleWebKit/537.36 (KHTML, like Gecko) Chrome/149.0.7827.200 Mobile Safari/537.36 (compatible; GoogleOther)"
66.249.68.2 - - [19/Jul/2026:11:45:51 +0200] "GET /wp-content/uploads/fusion-scripts/3a335aa063184651bdc6d255b7d476ab.min.js?ver=3.14.2 HTTP/1.1" 200 5591 "https://cso-deprinsenhof.nl/onze-school/aanvraagformulier-extravakantieverlof/" "Mozilla/5.0 (Linux; Android 6.0.1; Nexus 5X Build/MMB29P) AppleWebKit/537.36 (KHTML, like Gecko) Chrome/149.0.7827.200 Mobile Safari/537.36 (compatible; GoogleOther)"
66.249.68.2 - - [19/Jul/2026:11:45:54 +0200] "GET /wp-content/themes/Avada/includes/lib/assets/fonts/fontawesome/webfonts/fa-solid-900.woff2 HTTP/1.1" 200 5595 "https://cso-deprinsenhof.nl/wp-content/uploads/fusion-styles/09a75104ae428756fa06c88f720be3d0.min.css?ver=3.14.2" "Mozilla/5.0 (Linux; Android 6.0.1; Nexus 5X Build/MMB29P) AppleWebKit/537.36 (KHTML, like Gecko) Chrome/149.0.7827.200 Mobile Safari/537.36 (compatible; GoogleOther)"
66.249.68.2 - - [19/Jul/2026:11:45:55 +0200] "GET /wp-content/uploads/2025/07/prinses_judo.png HTTP/1.1" 200 5548 "https://cso-deprinsenhof.nl/onze-school/aanvraagformulier-extravakantieverlof/" "Mozilla/5.0 (Linux; Android 6.0.1; Nexus 5X Build/MMB29P) AppleWebKit/537.36 (KHTML, like Gecko) Chrome/149.0.7827.200 Mobile Safari/537.36 (compatible; GoogleOther)"
66.249.68.2 - - [19/Jul/2026:11:45:57 +0200] "GET /wp-content/uploads/2025/07/logo-de-Prinsenhof.svg HTTP/1.1" 200 5558 "https://cso-deprinsenhof.nl/onze-school/aanvraagformulier-extravakantieverlof/" "Mozilla/5.0 (Linux; Android 6.0.1; Nexus 5X Build/MMB29P) AppleWebKit/537.36 (KHTML, like Gecko) Chrome/149.0.7827.200 Mobile Safari/537.36 (compatible; GoogleOther)"
66.249.68.2 - - [19/Jul/2026:11:45:59 +0200] "GET /wp-content/uploads/2025/07/logo-de-Prinsenhof_wit.svg HTTP/1.1" 200 5562 "https://cso-deprinsenhof.nl/onze-school/aanvraagformulier-extravakantieverlof/" "Mozilla/5.0 (Linux; Android 6.0.1; Nexus 5X Build/MMB29P) AppleWebKit/537.36 (KHTML, like Gecko) Chrome/149.0.7827.200 Mobile Safari/537.36 (compatible; GoogleOther)"
66.249.68.2 - - [19/Jul/2026:11:46:01 +0200] "GET /wp-content/uploads/2025/07/CSO_logo_wit.png HTTP/1.1" 200 5548 "https://cso-deprinsenhof.nl/onze-school/aanvraagformulier-extravakantieverlof/" "Mozilla/5.0 (Linux; Android 6.0.1; Nexus 5X Build/MMB29P) AppleWebKit/537.36 (KHTML, like Gecko) Chrome/149.0.7827.200 Mobile Safari/537.36 (compatible; GoogleOther)"
2001:1690:2:4::1:118 - - [19/Jul/2026:11:50:03 +0200] "POST /wp-cron.php?doing_wp_cron=1784454603.3720669746398925781250 HTTP/1.1" 200 5532 "-" "WordPress/6.9.5; https://cso-deprinsenhof.nl"
216.244.66.233 - - [19/Jul/2026:11:50:03 +0200] "GET /robots.txt HTTP/1.1" 301 5530 "-" "Mozilla/5.0 (compatible; DotBot/1.2; +https://opensiteexplorer.org/dotbot; help@moz.com)"
216.244.66.233 - - [19/Jul/2026:11:50:04 +0200] "GET /robots.txt HTTP/1.1" 200 5740 "-" "Mozilla/5.0 (compatible; DotBot/1.2; +https://opensiteexplorer.org/dotbot; help@moz.com)"
66.249.68.2 - - [19/Jul/2026:11:52:29 +0200] "GET /sitemap_index.xml HTTP/1.1" 200 6042 "-" "Mozilla/5.0 (Linux; Android 6.0.1; Nexus 5X Build/MMB29P) AppleWebKit/537.36 (KHTML, like Gecko) Chrome/150.0.7871.124 Mobile Safari/537.36 (compatible; Googlebot/2.1; +http://www.google.com/bot.html)"
2a03:2880:f800:a:: - - [19/Jul/2026:11:53:32 +0200] "GET /fusion_tb_category-sitemap.xml HTTP/1.1" 200 6640 "-" "Mozilla/5.0 (Windows NT 10.0; Win64; x64) AppleWebKit/537.36 (KHTML, like Gecko) Chrome/145.0.0.0 Safari/537.36 (compatible; meta-externalagent/1.1 (+https://developers.facebook.com/docs/sharing/webmasters/crawler))"
216.244.66.233 - - [19/Jul/2026:11:53:56 +0200] "GET /resize/800/600/media/photoalbums/55/img9127.JPG HTTP/1.1" 301 5679 "-" "Mozilla/5.0 (compatible; DotBot/1.2; +https://opensiteexplorer.org/dotbot; help@moz.com)"
216.244.66.233 - - [19/Jul/2026:11:54:01 +0200] "GET /resize/800/600/media/photoalbums/55/mg9187.JPG HTTP/1.1" 301 5678 "-" "Mozilla/5.0 (compatible; DotBot/1.2; +https://opensiteexplorer.org/dotbot; help@moz.com)"
2001:1690:2:4::1:118 - - [19/Jul/2026:11:56:47 +0200] "POST /wp-cron.php?doing_wp_cron=1784455007.7305099964141845703125 HTTP/1.1" 200 5532 "-" "WordPress/6.9.5; https://cso-deprinsenhof.nl"
132.148.72.88 - - [19/Jul/2026:11:56:47 +0200] "GET /wp-login.php HTTP/1.1" 200 16807 "-" "Mozilla/5.0 (Windows NT 10.0; Win64; x64) AppleWebKit/537.36 (KHTML, like Gecko) Chrome/147.0.0.0 Safari/537.36"
132.148.72.88 - - [19/Jul/2026:11:56:48 +0200] "POST /wp-login.php HTTP/1.1" 503 25023 "https://cso-deprinsenhof.nl/wp-login.php" "Mozilla/5.0 (Windows NT 10.0; Win64; x64) AppleWebKit/537.36 (KHTML, like Gecko) Chrome/147.0.0.0 Safari/537.36"
2001:1690:2:4::1:118 - - [19/Jul/2026:12:02:57 +0200] "POST /wp-cron.php?doing_wp_cron=1784455377.2329580783843994140625 HTTP/1.1" 200 5532 "-" "WordPress/6.9.5; https://cso-deprinsenhof.nl"
17.246.23.183 - - [19/Jul/2026:12:02:56 +0200] "GET /robots.txt HTTP/1.1" 200 5740 "-" "Mozilla/5.0 (Macintosh; Intel Mac OS X 10_15_7) AppleWebKit/605.1.15 (KHTML, like Gecko) Version/17.4 Safari/605.1.15 (Applebot/0.1; +http://www.apple.com/go/applebot)"
17.246.23.183 - - [19/Jul/2026:12:02:57 +0200] "GET /onze-school/schoolgids HTTP/1.1" 301 5543 "-" "Mozilla/5.0 (Macintosh; Intel Mac OS X 10_15_7) AppleWebKit/605.1.15 (KHTML, like Gecko) Version/17.4 Safari/605.1.15 (Applebot/0.1; +http://www.apple.com/go/applebot)"
2001:1690:2:4::1:118 - - [19/Jul/2026:12:02:59 +0200] "GET /wp-content/uploads/2025/07/boog-onder.svg HTTP/1.1" 200 6041 "-" "-"
17.246.23.183 - - [19/Jul/2026:12:02:59 +0200] "GET /onze-school/schoolgids/ HTTP/1.1" 200 94693 "-" "Mozilla/5.0 (Macintosh; Intel Mac OS X 10_15_7) AppleWebKit/605.1.15 (KHTML, like Gecko) Version/17.4 Safari/605.1.15 (Applebot/0.1; +http://www.apple.com/go/applebot)"
188.138.102.156 - - [19/Jul/2026:12:03:04 +0200] "GET /wp-login.php HTTP/1.1" 200 16807 "-" "Mozilla/5.0 (Windows NT 10.0; Win64; x64) AppleWebKit/537.36 (KHTML, like Gecko) Chrome/147.0.0.0 Safari/537.36"
188.138.102.156 - - [19/Jul/2026:12:03:04 +0200] "POST /wp-login.php HTTP/1.1" 503 25025 "https://cso-deprinsenhof.nl/wp-login.php" "Mozilla/5.0 (Windows NT 10.0; Win64; x64) AppleWebKit/537.36 (KHTML, like Gecko) Chrome/147.0.0.0 Safari/537.36"
17.246.23.162 - - [19/Jul/2026:12:04:35 +0200] "GET /wp-content/uploads/fusion-scripts/409f3d9b6ae5a62f1c2d4456e7952c90.min.js?ver=3.14.2 HTTP/1.1" 200 5591 "https://cso-deprinsenhof.nl/onze-school/schoolgids/" "Mozilla/5.0 (Macintosh; Intel Mac OS X 10_15_7) AppleWebKit/605.1.15 (KHTML, like Gecko) Version/17.4 Safari/605.1.15 (Applebot/0.1; +http://www.apple.com/go/applebot)"
17.246.23.162 - - [19/Jul/2026:12:04:36 +0200] "GET /wp-includes/js/jquery/jquery.min.js?ver=3.7.1 HTTP/1.1" 200 5521 "https://cso-deprinsenhof.nl/onze-school/schoolgids/" "Mozilla/5.0 (Macintosh; Intel Mac OS X 10_15_7) AppleWebKit/605.1.15 (KHTML, like Gecko) Version/17.4 Safari/605.1.15 (Applebot/0.1; +http://www.apple.com/go/applebot)"
17.246.23.162 - - [19/Jul/2026:12:04:37 +0200] "GET /wp-content/uploads/fusion-styles/0c98158a85331315eace9d3bf67accb9.min.css?ver=3.14.2 HTTP/1.1" 200 5577 "https://cso-deprinsenhof.nl/onze-school/schoolgids/" "Mozilla/5.0 (Macintosh; Intel Mac OS X 10_15_7) AppleWebKit/605.1.15 (KHTML, like Gecko) Version/17.4 Safari/605.1.15 (Applebot/0.1; +http://www.apple.com/go/applebot)"
17.246.23.162 - - [19/Jul/2026:12:04:39 +0200] "GET /wp-includes/js/wp-emoji-release.min.js?ver=f314ca68cccfe34ad07f66cce3b84d20 HTTP/1.1" 200 5524 "https://cso-deprinsenhof.nl/onze-school/schoolgids/" "Mozilla/5.0 (Macintosh; Intel Mac OS X 10_15_7) AppleWebKit/605.1.15 (KHTML, like Gecko) Version/17.4 Safari/605.1.15 (Applebot/0.1; +http://www.apple.com/go/applebot)"
2001:1690:2:4::1:118 - - [19/Jul/2026:12:09:29 +0200] "POST /wp-cron.php?doing_wp_cron=1784455769.2226159572601318359375 HTTP/1.1" 200 5532 "-" "WordPress/6.9.5; https://cso-deprinsenhof.nl"
2.57.122.173 - - [19/Jul/2026:12:09:28 +0200] "GET /.env HTTP/1.1" 404 83185 "-" "Mozilla/5.0 (iPhone; CPU iPhone OS 12_3_1 like Mac OS X) AppleWebKit/605.1.15 (KHTML, like Gecko) Mobile/15E148 MicroMessenger/7.0.5(0x17000523) NetType/4G Language/zh_CN"
102.134.101.35 - - [19/Jul/2026:12:13:04 +0200] "GET /wp-login.php HTTP/1.1" 200 16807 "-" "Mozilla/5.0 (Windows NT 10.0; Win64; x64) AppleWebKit/537.36 (KHTML, like Gecko) Chrome/147.0.0.0 Safari/537.36"
102.134.101.35 - - [19/Jul/2026:12:13:04 +0200] "POST /wp-login.php HTTP/1.1" 503 25025 "https://cso-deprinsenhof.nl/wp-login.php" "Mozilla/5.0 (Windows NT 10.0; Win64; x64) AppleWebKit/537.36 (KHTML, like Gecko) Chrome/147.0.0.0 Safari/537.36"
2001:1690:2:4::1:118 - - [19/Jul/2026:12:16:20 +0200] "GET /wp-content/uploads/2025/07/boog-onder.svg HTTP/1.1" 200 6041 "-" "-"
2001:1690:2:4::1:118 - - [19/Jul/2026:12:16:20 +0200] "POST /wp-cron.php?doing_wp_cron=1784456180.5873529911041259765625 HTTP/1.1" 200 5532 "-" "WordPress/6.9.5; https://cso-deprinsenhof.nl"
178.84.0.157 - - [19/Jul/2026:12:16:20 +0200] "GET /?ved=2ahUKEwiGmbeawd6VAxXnhv0HHWzoPIAQgU96BAgcEAo HTTP/1.1" 200 128248 "https://www.google.com/" "Mozilla/5.0 (Linux; Android 10; K) AppleWebKit/537.36 (KHTML, like Gecko) Chrome/150.0.0.0 Mobile Safari/537.36"
178.84.0.157 - - [19/Jul/2026:12:16:20 +0200] "GET /wp-content/uploads/fusion-styles/4dff08bfd85c24e6fc2e0df4059bb1a7.min.css?ver=3.14.2 HTTP/1.1" 200 5577 "https://cso-deprinsenhof.nl/?ved=2ahUKEwiGmbeawd6VAxXnhv0HHWzoPIAQgU96BAgcEAo" "Mozilla/5.0 (Linux; Android 10; K) AppleWebKit/537.36 (KHTML, like Gecko) Chrome/150.0.0.0 Mobile Safari/537.36"
178.84.0.157 - - [19/Jul/2026:12:16:20 +0200] "GET /wp-content/uploads/2025/07/Schermafbeelding-2020-06-19-om-12.45.32.png HTTP/1.1" 200 5575 "https://cso-deprinsenhof.nl/?ved=2ahUKEwiGmbeawd6VAxXnhv0HHWzoPIAQgU96BAgcEAo" "Mozilla/5.0 (Linux; Android 10; K) AppleWebKit/537.36 (KHTML, like Gecko) Chrome/150.0.0.0 Mobile Safari/537.36"
178.84.0.157 - - [19/Jul/2026:12:16:20 +0200] "GET /wp-includes/js/jquery/jquery.min.js?ver=3.7.1 HTTP/1.1" 200 5521 "https://cso-deprinsenhof.nl/?ved=2ahUKEwiGmbeawd6VAxXnhv0HHWzoPIAQgU96BAgcEAo" "Mozilla/5.0 (Linux; Android 10; K) AppleWebKit/537.36 (KHTML, like Gecko) Chrome/150.0.0.0 Mobile Safari/537.36"
178.84.0.157 - - [19/Jul/2026:12:16:20 +0200] "GET /wp-content/uploads/fusion-scripts/409f3d9b6ae5a62f1c2d4456e7952c90.min.js?ver=3.14.2 HTTP/1.1" 200 5591 "https://cso-deprinsenhof.nl/?ved=2ahUKEwiGmbeawd6VAxXnhv0HHWzoPIAQgU96BAgcEAo" "Mozilla/5.0 (Linux; Android 10; K) AppleWebKit/537.36 (KHTML, like Gecko) Chrome/150.0.0.0 Mobile Safari/537.36"
178.84.0.157 - - [19/Jul/2026:12:16:20 +0200] "GET /wp-content/themes/Avada/includes/lib/assets/fonts/fontawesome/webfonts/fa-solid-900.woff2 HTTP/1.1" 200 5595 "https://cso-deprinsenhof.nl/wp-content/uploads/fusion-styles/4dff08bfd85c24e6fc2e0df4059bb1a7.min.css?ver=3.14.2" "Mozilla/5.0 (Linux; Android 10; K) AppleWebKit/537.36 (KHTML, like Gecko) Chrome/150.0.0.0 Mobile Safari/537.36"
178.84.0.157 - - [19/Jul/2026:12:16:20 +0200] "GET /wp-content/uploads/2020/06/De-Prinsenhof_final_web-2.mp4 HTTP/1.1" 200 5529 "https://cso-deprinsenhof.nl/?ved=2ahUKEwiGmbeawd6VAxXnhv0HHWzoPIAQgU96BAgcEAo" "Mozilla/5.0 (Linux; Android 10; K) AppleWebKit/537.36 (KHTML, like Gecko) Chrome/150.0.0.0 Mobile Safari/537.36"
178.84.0.157 - - [19/Jul/2026:12:16:21 +0200] "GET /wp-content/themes/Avada/includes/lib/assets/fonts/fontawesome/webfonts/fa-regular-400.woff2 HTTP/1.1" 200 5597 "https://cso-deprinsenhof.nl/wp-content/uploads/fusion-styles/4dff08bfd85c24e6fc2e0df4059bb1a7.min.css?ver=3.14.2" "Mozilla/5.0 (Linux; Android 10; K) AppleWebKit/537.36 (KHTML, like Gecko) Chrome/150.0.0.0 Mobile Safari/537.36"
178.84.0.157 - - [19/Jul/2026:12:16:21 +0200] "GET /wp-content/uploads/2025/09/PBS-klaslokaal_home-scaled.webp HTTP/1.1" 200 5532 "https://cso-deprinsenhof.nl/?ved=2ahUKEwiGmbeawd6VAxXnhv0HHWzoPIAQgU96BAgcEAo" "Mozilla/5.0 (Linux; Android 10; K) AppleWebKit/537.36 (KHTML, like Gecko) Chrome/150.0.0.0 Mobile Safari/537.36"
178.84.0.157 - - [19/Jul/2026:12:16:21 +0200] "GET /wp-content/uploads/2025/07/logo-de-Prinsenhof.svg HTTP/1.1" 200 5558 "https://cso-deprinsenhof.nl/?ved=2ahUKEwiGmbeawd6VAxXnhv0HHWzoPIAQgU96BAgcEAo" "Mozilla/5.0 (Linux; Android 10; K) AppleWebKit/537.36 (KHTML, like Gecko) Chrome/150.0.0.0 Mobile Safari/537.36"
178.84.0.157 - - [19/Jul/2026:12:16:21 +0200] "GET /wp-content/uploads/2020/06/De-Prinsenhof_final_web-2.mp4 HTTP/1.1" 200 5529 "https://cso-deprinsenhof.nl/?ved=2ahUKEwiGmbeawd6VAxXnhv0HHWzoPIAQgU96BAgcEAo" "Mozilla/5.0 (Linux; Android 10; K) AppleWebKit/537.36 (KHTML, like Gecko) Chrome/150.0.0.0 Mobile Safari/537.36"
178.84.0.157 - - [19/Jul/2026:12:16:21 +0200] "GET /wp-content/uploads/2020/06/De-Prinsenhof_final_web-2.mp4 HTTP/1.1" 200 5529 "https://cso-deprinsenhof.nl/?ved=2ahUKEwiGmbeawd6VAxXnhv0HHWzoPIAQgU96BAgcEAo" "Mozilla/5.0 (Linux; Android 10; K) AppleWebKit/537.36 (KHTML, like Gecko) Chrome/150.0.0.0 Mobile Safari/537.36"
178.84.0.157 - - [19/Jul/2026:12:16:21 +0200] "GET /wp-includes/js/wp-emoji-release.min.js?ver=f314ca68cccfe34ad07f66cce3b84d20 HTTP/1.1" 200 5524 "https://cso-deprinsenhof.nl/?ved=2ahUKEwiGmbeawd6VAxXnhv0HHWzoPIAQgU96BAgcEAo" "Mozilla/5.0 (Linux; Android 10; K) AppleWebKit/537.36 (KHTML, like Gecko) Chrome/150.0.0.0 Mobile Safari/537.36"
178.84.0.157 - - [19/Jul/2026:12:16:21 +0200] "GET /wp-content/uploads/2025/07/de-Prinsenhof_favicon_64px.png HTTP/1.1" 200 5562 "https://cso-deprinsenhof.nl/?ved=2ahUKEwiGmbeawd6VAxXnhv0HHWzoPIAQgU96BAgcEAo" "Mozilla/5.0 (Linux; Android 10; K) AppleWebKit/537.36 (KHTML, like Gecko) Chrome/150.0.0.0 Mobile Safari/537.36"
2001:1690:2:4::1:118 - - [19/Jul/2026:12:23:19 +0200] "GET /wp-content/uploads/2025/07/boog-onder.svg HTTP/1.1" 200 6041 "-" "-"
2001:1690:2:4::1:118 - - [19/Jul/2026:12:23:19 +0200] "POST /wp-cron.php?doing_wp_cron=1784456599.9585649967193603515625 HTTP/1.1" 200 5532 "-" "WordPress/6.9.5; https://cso-deprinsenhof.nl"
180.153.236.51 - - [19/Jul/2026:12:23:19 +0200] "GET / HTTP/1.1" 200 128082 "https://cso-deprinsenhof.nl/" "Mozilla/5.0 (Windows NT 10.0; Win64; x64) AppleWebKit/537.36 (KHTML, like Gecko) Chrome/140.0.0.0 Safari/537.36 Edg/140.0.0.0; 360Spider"
2001:1690:2:4::1:118 - - [19/Jul/2026:12:28:10 +0200] "GET /wp-content/uploads/2025/07/boog-onder.svg HTTP/1.1" 200 6041 "-" "-"
2a01:4f9:1a:b418::200 - - [19/Jul/2026:12:28:09 +0200] "GET / HTTP/1.1" 200 128256 "-" "Mozilla/5.0 (Windows NT 10.0; Win64; x64) AppleWebKit/537.36 (KHTML, like Gecko) Chrome/131.0.0.0 Safari/537.36"
