| Server IP : 80.65.96.118 / Your IP : 216.73.217.138 Web Server : Apache System : Linux vserver08.previder.nl 5.14.0-687.26.1.el9_8.x86_64 #1 SMP PREEMPT_DYNAMIC Tue Jul 14 16:32:02 EDT 2026 x86_64 User : prinse0000 ( 10013) PHP Version : 8.3.32 Disable Function : opcache_get_status MySQL : OFF | cURL : ON | WGET : OFF | Perl : OFF | Python : OFF | Sudo : OFF | Pkexec : OFF Directory : /var/www/vhosts/cso-deprinsenhof.nl/logs/ |
Upload File : |
2001:1690:2:4::1:118 - - [19/Jul/2026:03:34:46 +0200] "POST /wp-cron.php?doing_wp_cron=1784424886.5470681190490722656250 HTTP/1.1" 200 5532 "-" "WordPress/6.9.5; https://cso-deprinsenhof.nl"
31.42.184.154 - - [19/Jul/2026:03:34:46 +0200] "POST /xmlrpc.php HTTP/1.1" 200 6064 "-" "Mozilla/5.0 (Windows NT 10.0; Win64; x64) AppleWebKit/537.36 (KHTML, like Gecko) Chrome/133.0.0.0 Safari/537.36"
170.106.180.139 - - [19/Jul/2026:03:40:14 +0200] "GET / HTTP/1.1" 301 5550 "http://www.cso-deprinsenhof.nl" "Mozilla/5.0 (iPhone; CPU iPhone OS 13_2_3 like Mac OS X) AppleWebKit/605.1.15 (KHTML, like Gecko) Version/13.0.3 Mobile/15E148 Safari/604.1"
2001:1690:2:4::1:118 - - [19/Jul/2026:03:40:16 +0200] "GET /wp-content/uploads/2025/07/boog-onder.svg HTTP/1.1" 200 6041 "-" "-"
170.106.180.139 - - [19/Jul/2026:03:40:16 +0200] "GET / HTTP/1.1" 200 128274 "https://www.cso-deprinsenhof.nl/" "Mozilla/5.0 (iPhone; CPU iPhone OS 13_2_3 like Mac OS X) AppleWebKit/605.1.15 (KHTML, like Gecko) Version/13.0.3 Mobile/15E148 Safari/604.1"
66.249.68.3 - - [19/Jul/2026:03:43:20 +0200] "GET / HTTP/1.1" 200 128088 "-" "Mozilla/5.0 (compatible; Googlebot/2.1; +http://www.google.com/bot.html)"
2001:1690:2:4::1:118 - - [19/Jul/2026:03:44:11 +0200] "POST /wp-cron.php?doing_wp_cron=1784425451.5192499160766601562500 HTTP/1.1" 200 5532 "-" "WordPress/6.9.5; https://cso-deprinsenhof.nl"
14.128.14.9 - - [19/Jul/2026:03:44:11 +0200] "GET /wp-login.php HTTP/1.1" 200 16807 "-" "Mozilla/5.0 (Windows NT 10.0; Win64; x64) AppleWebKit/537.36 (KHTML, like Gecko) Chrome/133.0.0.0 Safari/537.36"
14.128.14.9 - - [19/Jul/2026:03:44:12 +0200] "POST /wp-login.php HTTP/1.1" 503 25023 "https://cso-deprinsenhof.nl/wp-login.php" "Mozilla/5.0 (Windows NT 10.0; Win64; x64) AppleWebKit/537.36 (KHTML, like Gecko) Chrome/133.0.0.0 Safari/537.36"
66.249.68.3 - - [19/Jul/2026:03:45:56 +0200] "GET / HTTP/1.1" 200 128088 "-" "Mozilla/5.0 (compatible; Googlebot/2.1; +http://www.google.com/bot.html)"
2001:1690:2:4::1:118 - - [19/Jul/2026:03:53:23 +0200] "POST /wp-cron.php?doing_wp_cron=1784426003.3717260360717773437500 HTTP/1.1" 200 5532 "-" "WordPress/6.9.5; https://cso-deprinsenhof.nl"
98.84.1.175 - - [19/Jul/2026:03:53:21 +0200] "GET / HTTP/1.1" 301 5520 "-" "RecordedFuture Global Inventory Crawler"
98.88.137.2 - - [19/Jul/2026:03:53:32 +0200] "GET / HTTP/1.1" 200 128088 "https://80.65.96.118:443" "RecordedFuture Global Inventory Crawler"
157.66.26.183 - - [19/Jul/2026:04:01:25 +0200] "POST /xmlrpc.php HTTP/1.1" 200 6064 "-" "Mozilla/5.0 (Windows NT 10.0; Win64; x64) AppleWebKit/537.36 (KHTML, like Gecko) Chrome/133.0.0.0 Safari/537.36"
2001:1690:2:4::1:118 - - [19/Jul/2026:04:12:44 +0200] "POST /wp-cron.php?doing_wp_cron=1784427164.5516049861907958984375 HTTP/1.1" 200 5532 "-" "WordPress/6.9.5; https://cso-deprinsenhof.nl"
34.74.242.206 - - [19/Jul/2026:04:12:44 +0200] "GET /robots.txt HTTP/1.1" 301 5530 "-" "ZoominfoBot (zoominfobot at zoominfo dot com)"
34.74.242.206 - - [19/Jul/2026:04:12:45 +0200] "GET /robots.txt HTTP/1.1" 200 5740 "-" "ZoominfoBot (zoominfobot at zoominfo dot com)"
34.74.242.206 - - [19/Jul/2026:04:12:45 +0200] "GET / HTTP/1.1" 301 5520 "-" "ZoominfoBot (zoominfobot at zoominfo dot com)"
2001:1690:2:4::1:118 - - [19/Jul/2026:04:29:39 +0200] "POST /wp-cron.php?doing_wp_cron=1784428179.6836218833923339843750 HTTP/1.1" 200 5532 "-" "WordPress/6.9.5; https://cso-deprinsenhof.nl"
163.44.198.34 - - [19/Jul/2026:04:29:39 +0200] "POST /xmlrpc.php HTTP/1.1" 200 6064 "-" "Mozilla/5.0 (Windows NT 10.0; Win64; x64) AppleWebKit/537.36 (KHTML, like Gecko) Chrome/133.0.0.0 Safari/537.36"
2001:1690:2:4::1:118 - - [19/Jul/2026:04:29:39 +0200] "POST /wp-admin/admin-ajax.php?action=wordfence_testAjax HTTP/1.1" 200 5767 "-" "WordPress/6.9.5; https://cso-deprinsenhof.nl"
2001:1690:2:4::1:118 - - [19/Jul/2026:04:29:40 +0200] "GET /wp-admin/admin-ajax.php?action=wordfence_doScan&isFork=0&scanMode=standard&cronKey=692e85d633acc3af3823b8031a4f575b&signature=5e94f919a1415b5ed093edf0d3fc17228aaf1815b87003864c35c4b237b08eab HTTP/1.1" 200 5736 "-" "WordPress/6.9.5; https://cso-deprinsenhof.nl"
2001:1690:2:4::1:118 - - [19/Jul/2026:04:29:59 +0200] "GET /.user.ini HTTP/1.1" 403 5626 "-" "WordPress/6.9.5; https://cso-deprinsenhof.nl"
2001:1690:2:4::1:118 - - [19/Jul/2026:04:30:14 +0200] "POST /wp-cron.php?doing_wp_cron=1784428214.1238989830017089843750 HTTP/1.1" 200 5532 "-" "WordPress/6.9.5; https://cso-deprinsenhof.nl"
2001:1690:2:4::1:118 - - [19/Jul/2026:04:29:57 +0200] "GET /wp-admin/admin-ajax.php?action=wordfence_doScan&isFork=1&scanMode=standard&cronKey=75a7b01a73bc8f722f4876daaa1e9865&signature=fd2cf96a1eea653b37a669e20c7025eda464f14358ade27710087c9654da6aac HTTP/1.1" 200 5736 "-" "WordPress/6.9.5; https://cso-deprinsenhof.nl"
2001:1690:2:4::1:118 - - [19/Jul/2026:04:30:30 +0200] "POST /wp-cron.php?doing_wp_cron=1784428230.1313240528106689453125 HTTP/1.1" 200 5532 "-" "WordPress/6.9.5; https://cso-deprinsenhof.nl"
2001:1690:2:4::1:118 - - [19/Jul/2026:04:30:13 +0200] "GET /wp-admin/admin-ajax.php?action=wordfence_doScan&isFork=1&scanMode=standard&cronKey=11336f0e8301f6341e1141378169ea6a&signature=891e991a9494cf6c94f92992e12c4e5f5804e480c92ccaeee0abb529240639e5 HTTP/1.1" 200 5736 "-" "WordPress/6.9.5; https://cso-deprinsenhof.nl"
2001:1690:2:4::1:118 - - [19/Jul/2026:04:30:29 +0200] "GET /wp-admin/admin-ajax.php?action=wordfence_doScan&isFork=1&scanMode=standard&cronKey=8e104e9ae1cb60cd5e093269cf208ab6&signature=2159100ea84df209319e1f1112cfb01d87e9233b61bfa202947164332dafe34b HTTP/1.1" 200 5736 "-" "WordPress/6.9.5; https://cso-deprinsenhof.nl"
2001:1690:2:4::1:118 - - [19/Jul/2026:04:30:45 +0200] "GET /wp-admin/admin-ajax.php?action=wordfence_doScan&isFork=1&scanMode=standard&cronKey=7ee982f90124f6912e5a53107a27a18c&signature=e0318528ad8670c8d8f1def69b9ced9d23d61e97f6094230be4ac6cbf24250bb HTTP/1.1" 200 5736 "-" "WordPress/6.9.5; https://cso-deprinsenhof.nl"
2001:1690:2:4::1:118 - - [19/Jul/2026:04:31:01 +0200] "GET /wp-admin/admin-ajax.php?action=wordfence_doScan&isFork=1&scanMode=standard&cronKey=de2ad014364dff71f781ea616e5b7ff7&signature=83234373cc69cc0f909408fa4f2d59b979b549213eb0d47be9a0a991f11cfe47 HTTP/1.1" 200 5736 "-" "WordPress/6.9.5; https://cso-deprinsenhof.nl"
2001:1690:2:4::1:118 - - [19/Jul/2026:04:31:34 +0200] "POST /wp-cron.php?doing_wp_cron=1784428294.1229469776153564453125 HTTP/1.1" 200 5532 "-" "WordPress/6.9.5; https://cso-deprinsenhof.nl"
2001:1690:2:4::1:118 - - [19/Jul/2026:04:31:17 +0200] "GET /wp-admin/admin-ajax.php?action=wordfence_doScan&isFork=1&scanMode=standard&cronKey=98feb4a2ef784e8558c025ab209f1355&signature=fc2b434260079097756598670c7701b3dfb87385b53442cbf2849bd055183c3b HTTP/1.1" 200 5736 "-" "WordPress/6.9.5; https://cso-deprinsenhof.nl"
2001:1690:2:4::1:118 - - [19/Jul/2026:04:31:50 +0200] "POST /wp-cron.php?doing_wp_cron=1784428310.1281509399414062500000 HTTP/1.1" 200 5532 "-" "WordPress/6.9.5; https://cso-deprinsenhof.nl"
2001:1690:2:4::1:118 - - [19/Jul/2026:04:31:33 +0200] "GET /wp-admin/admin-ajax.php?action=wordfence_doScan&isFork=1&scanMode=standard&cronKey=a0ec716993a979d2ad6b75b547102535&signature=ca2f9dbbe8a691fea416bf3e8164ecc4827762aa9da673b4eda177db04c1405a HTTP/1.1" 200 5736 "-" "WordPress/6.9.5; https://cso-deprinsenhof.nl"
2001:1690:2:4::1:118 - - [19/Jul/2026:04:32:06 +0200] "POST /wp-cron.php?doing_wp_cron=1784428326.1485350131988525390625 HTTP/1.1" 200 5532 "-" "WordPress/6.9.5; https://cso-deprinsenhof.nl"
2001:1690:2:4::1:118 - - [19/Jul/2026:04:31:49 +0200] "GET /wp-admin/admin-ajax.php?action=wordfence_doScan&isFork=1&scanMode=standard&cronKey=57fdf3376847b0eb9c30f148dcb5e79b&signature=b4bb64ef73f4a453202c44fc5ade30e0948493c5ea1098a2da69757b8557a741 HTTP/1.1" 200 5736 "-" "WordPress/6.9.5; https://cso-deprinsenhof.nl"
2001:1690:2:4::1:118 - - [19/Jul/2026:04:32:22 +0200] "POST /wp-cron.php?doing_wp_cron=1784428342.1241800785064697265625 HTTP/1.1" 200 5532 "-" "WordPress/6.9.5; https://cso-deprinsenhof.nl"
2001:1690:2:4::1:118 - - [19/Jul/2026:04:32:05 +0200] "GET /wp-admin/admin-ajax.php?action=wordfence_doScan&isFork=1&scanMode=standard&cronKey=57ecb11f33ad61555f91a6f0b270bf76&signature=83b02ac5916a997c632ecf1b722e8f304f0ab029d4c05c67e9fac27df5a965ce HTTP/1.1" 200 5736 "-" "WordPress/6.9.5; https://cso-deprinsenhof.nl"
2001:1690:2:4::1:118 - - [19/Jul/2026:04:32:21 +0200] "GET /wp-admin/admin-ajax.php?action=wordfence_doScan&isFork=1&scanMode=standard&cronKey=42e8f7df4f5923072db06ee286b1f9e8&signature=522749f478a42b7ae4e3831c594cbc3cf188230202366215111aa212f514a822 HTTP/1.1" 200 5736 "-" "WordPress/6.9.5; https://cso-deprinsenhof.nl"
2001:1690:2:4::1:118 - - [19/Jul/2026:04:32:37 +0200] "GET /wp-admin/admin-ajax.php?action=wordfence_doScan&isFork=1&scanMode=standard&cronKey=107d0b26c14bcb071f705fa49adfebc1&signature=6e543dd2f313c336ddbc351d06d724cdb94e62162eea157c4a94711c091e8a44 HTTP/1.1" 200 5736 "-" "WordPress/6.9.5; https://cso-deprinsenhof.nl"
2001:1690:2:4::1:118 - - [19/Jul/2026:04:32:53 +0200] "GET /wp-admin/admin-ajax.php?action=wordfence_doScan&isFork=1&scanMode=standard&cronKey=ac43af2ad9f4e517de246b873d9c6aba&signature=892b5120356175a6ac88515b706a2c6ff10f904db6e92aa0826b26e099b2246c HTTP/1.1" 200 5736 "-" "WordPress/6.9.5; https://cso-deprinsenhof.nl"
2001:1690:2:4::1:118 - - [19/Jul/2026:04:33:26 +0200] "POST /wp-cron.php?doing_wp_cron=1784428406.1725220680236816406250 HTTP/1.1" 200 5532 "-" "WordPress/6.9.5; https://cso-deprinsenhof.nl"
2001:1690:2:4::1:118 - - [19/Jul/2026:04:33:09 +0200] "GET /wp-admin/admin-ajax.php?action=wordfence_doScan&isFork=1&scanMode=standard&cronKey=270c91d8dcc12e6ffdddc064b3187989&signature=b68168f8cf7423a6caf84823799bd55b4797cd614063aded39290c563958091f HTTP/1.1" 200 5736 "-" "WordPress/6.9.5; https://cso-deprinsenhof.nl"
2001:1690:2:4::1:118 - - [19/Jul/2026:04:33:25 +0200] "GET /wp-admin/admin-ajax.php?action=wordfence_doScan&isFork=1&scanMode=standard&cronKey=625f3b81c193c9af5776215013058959&signature=380d2c47da3e7e2cdccf0be3d891e4763c5fbc4b0549cf871469d1af179cabc0 HTTP/1.1" 200 5736 "-" "WordPress/6.9.5; https://cso-deprinsenhof.nl"
159.65.230.24 - - [19/Jul/2026:04:36:50 +0200] "GET /wp-login.php HTTP/1.1" 200 16807 "-" "Mozilla/5.0"
159.65.230.24 - - [19/Jul/2026:04:36:50 +0200] "GET /?author=1 HTTP/1.1" 404 38910 "-" "Mozilla/5.0"
159.65.230.24 - - [19/Jul/2026:04:36:51 +0200] "GET /?feed=rss2 HTTP/1.1" 301 5653 "-" "Mozilla/5.0"
159.65.230.24 - - [19/Jul/2026:04:36:51 +0200] "GET /feed/ HTTP/1.1" 200 6759 "-" "Mozilla/5.0"
2001:1690:2:4::1:118 - - [19/Jul/2026:04:40:05 +0200] "POST /wp-cron.php?doing_wp_cron=1784428805.6328079700469970703125 HTTP/1.1" 200 5532 "-" "WordPress/6.9.5; https://cso-deprinsenhof.nl"
74.235.96.117 - - [19/Jul/2026:04:40:05 +0200] "GET /wp-login.php HTTP/1.1" 200 16807 "-" "Mozilla/5.0 (Windows NT 10.0; Win64; x64) AppleWebKit/537.36 (KHTML, like Gecko) Chrome/133.0.0.0 Safari/537.36"
74.235.96.117 - - [19/Jul/2026:04:40:05 +0200] "POST /wp-login.php HTTP/1.1" 503 25023 "https://cso-deprinsenhof.nl/wp-login.php" "Mozilla/5.0 (Windows NT 10.0; Win64; x64) AppleWebKit/537.36 (KHTML, like Gecko) Chrome/133.0.0.0 Safari/537.36"
2001:1690:2:4::1:118 - - [19/Jul/2026:04:48:59 +0200] "POST /wp-cron.php?doing_wp_cron=1784429339.1797790527343750000000 HTTP/1.1" 200 5532 "-" "WordPress/6.9.5; https://cso-deprinsenhof.nl"
216.73.216.140 - - [19/Jul/2026:04:48:58 +0200] "GET /robots.txt HTTP/1.1" 200 5740 "-" "Mozilla/5.0 AppleWebKit/537.36 (KHTML, like Gecko; compatible; ClaudeBot/1.0; +claudebot@anthropic.com)"
216.73.216.140 - - [19/Jul/2026:04:48:59 +0200] "GET /?p=277 HTTP/1.1" 301 5666 "-" "Mozilla/5.0 AppleWebKit/537.36 (KHTML, like Gecko; compatible; ClaudeBot/1.0; +claudebot@anthropic.com)"
2001:1690:2:4::1:118 - - [19/Jul/2026:04:48:59 +0200] "GET /wp-content/uploads/2025/07/boog-onder.svg HTTP/1.1" 200 6041 "-" "-"
216.73.216.140 - - [19/Jul/2026:04:48:59 +0200] "GET /onze-school/praktische-informatie/ HTTP/1.1" 200 95194 "https://cso-deprinsenhof.nl/?p=277" "Mozilla/5.0 AppleWebKit/537.36 (KHTML, like Gecko; compatible; ClaudeBot/1.0; +claudebot@anthropic.com)"
216.73.216.140 - - [19/Jul/2026:04:49:41 +0200] "GET /sitemap_index.xml HTTP/1.1" 200 6042 "-" "Mozilla/5.0 AppleWebKit/537.36 (KHTML, like Gecko; compatible; ClaudeBot/1.0; +claudebot@anthropic.com)"
2001:1690:2:4::1:118 - - [19/Jul/2026:04:50:12 +0200] "GET /wp-content/uploads/2025/07/boog-onder.svg HTTP/1.1" 200 6041 "-" "-"
2001:1690:2:4::1:118 - - [19/Jul/2026:04:50:12 +0200] "POST /wp-cron.php?doing_wp_cron=1784429412.6365211009979248046875 HTTP/1.1" 200 5532 "-" "WordPress/6.9.5; https://cso-deprinsenhof.nl"
216.73.216.140 - - [19/Jul/2026:04:50:12 +0200] "GET /privacy/ HTTP/1.1" 200 89088 "-" "Mozilla/5.0 AppleWebKit/537.36 (KHTML, like Gecko; compatible; ClaudeBot/1.0; +claudebot@anthropic.com)"
47.128.60.178 - - [19/Jul/2026:04:54:49 +0200] "GET /ouders-verzorgers/medezeggenschapraad/ HTTP/1.1" 404 83155 "-" "Mozilla/5.0 (Linux; Android 5.0) AppleWebKit/537.36 (KHTML, like Gecko) Mobile Safari/537.36 (compatible; Bytespider; spider-feedback@bytedance.com)"
216.244.66.233 - - [19/Jul/2026:04:56:35 +0200] "GET /robots.txt HTTP/1.1" 301 5530 "-" "Mozilla/5.0 (compatible; DotBot/1.2; +https://opensiteexplorer.org/dotbot; help@moz.com)"
216.244.66.233 - - [19/Jul/2026:04:56:37 +0200] "GET /robots.txt HTTP/1.1" 200 5740 "-" "Mozilla/5.0 (compatible; DotBot/1.2; +https://opensiteexplorer.org/dotbot; help@moz.com)"
182.77.62.24 - - [19/Jul/2026:04:58:21 +0200] "POST /xmlrpc.php HTTP/1.1" 200 6064 "-" "Mozilla/5.0 (Windows NT 10.0; Win64; x64) AppleWebKit/537.36 (KHTML, like Gecko) Chrome/133.0.0.0 Safari/537.36"
2001:1690:2:4::1:118 - - [19/Jul/2026:05:01:21 +0200] "POST /wp-cron.php?doing_wp_cron=1784430081.5644619464874267578125 HTTP/1.1" 200 5532 "-" "WordPress/6.9.5; https://cso-deprinsenhof.nl"
216.244.66.233 - - [19/Jul/2026:05:01:21 +0200] "GET /resize/800/600/media/photoalbums/55/img9112.JPG HTTP/1.1" 301 5679 "-" "Mozilla/5.0 (compatible; DotBot/1.2; +https://opensiteexplorer.org/dotbot; help@moz.com)"
23.109.232.104 - - [19/Jul/2026:05:10:09 +0200] "GET /robots.txt HTTP/1.1" 200 5740 "-" "Googlebot"
23.109.232.105 - - [19/Jul/2026:05:10:26 +0200] "GET /robots.txt HTTP/1.1" 301 5530 "-" "Googlebot"
23.109.232.105 - - [19/Jul/2026:05:10:27 +0200] "GET /robots.txt HTTP/1.1" 200 5740 "https://www.cso-deprinsenhof.nl/robots.txt" "Googlebot"
2001:1690:2:4::1:118 - - [19/Jul/2026:05:11:54 +0200] "GET /wp-content/uploads/2025/07/boog-onder.svg HTTP/1.1" 200 6041 "-" "-"
2001:1690:2:4::1:118 - - [19/Jul/2026:05:11:54 +0200] "POST /wp-cron.php?doing_wp_cron=1784430714.1943719387054443359375 HTTP/1.1" 200 5532 "-" "WordPress/6.9.5; https://cso-deprinsenhof.nl"
23.109.232.107 - - [19/Jul/2026:05:11:53 +0200] "GET /ons-onderwijs/sociaal-emotionele-ontwikkeling/ HTTP/1.1" 200 93545 "-" "Mozilla/5.0 (compatible; Googlebot/2.1; +http://www.google.com/bot.html)"
23.109.232.108 - - [19/Jul/2026:05:11:58 +0200] "GET /ouders-verzorgers/aanvragen-extra-verlof/ HTTP/1.1" 200 92107 "-" "Mozilla/5.0 (compatible; Googlebot/2.1; +http://www.google.com/bot.html)"
2001:1690:2:4::1:118 - - [19/Jul/2026:05:12:04 +0200] "GET /wp-content/uploads/2025/07/boog-onder.svg HTTP/1.1" 200 6041 "-" "-"
108.165.69.197 - - [19/Jul/2026:05:12:03 +0200] "GET /ons-onderwijs/leerontwikkeling/ HTTP/1.1" 200 93490 "-" "Mozilla/5.0 (compatible; Googlebot/2.1; +http://www.google.com/bot.html)"
108.165.69.198 - - [19/Jul/2026:05:12:08 +0200] "GET /ouders-verzorgers/ouderhulp/ HTTP/1.1" 200 90481 "-" "Mozilla/5.0 (compatible; Googlebot/2.1; +http://www.google.com/bot.html)"
108.165.69.199 - - [19/Jul/2026:05:12:13 +0200] "GET /videos HTTP/1.1" 301 5651 "-" "Mozilla/5.0 (compatible; Googlebot/2.1; +http://www.google.com/bot.html)"
108.165.69.200 - - [19/Jul/2026:05:12:18 +0200] "GET /contact HTTP/1.1" 301 5528 "-" "Mozilla/5.0 (compatible; Googlebot/2.1; +http://www.google.com/bot.html)"
108.165.69.201 - - [19/Jul/2026:05:12:23 +0200] "GET /?y_source=1_NTE1MjU2My02NDYtbG9jYXRpb24ud2Vic2l0ZQ%3D%3D HTTP/1.1" 301 5576 "-" "Mozilla/5.0 (compatible; Googlebot/2.1; +http://www.google.com/bot.html)"
2001:1690:2:4::1:118 - - [19/Jul/2026:05:12:29 +0200] "GET /wp-content/uploads/2025/07/boog-onder.svg HTTP/1.1" 200 6041 "-" "-"
23.109.232.110 - - [19/Jul/2026:05:12:29 +0200] "GET /?y_source=1_nte1mju2my02ndytbg9jyxrpb24ud2vic2l0zq%3D%3D HTTP/1.1" 200 128082 "-" "Mozilla/5.0 (compatible; Googlebot/2.1; +http://www.google.com/bot.html)"
23.109.232.112 - - [19/Jul/2026:05:12:34 +0200] "GET /onze-school/visie-missie/ HTTP/1.1" 404 83137 "-" "Mozilla/5.0 (compatible; Googlebot/2.1; +http://www.google.com/bot.html)"
23.109.232.113 - - [19/Jul/2026:05:12:39 +0200] "GET /ouders-verzorgers/ouderraad/ HTTP/1.1" 404 83137 "-" "Mozilla/5.0 (compatible; Googlebot/2.1; +http://www.google.com/bot.html)"
108.165.69.202 - - [19/Jul/2026:05:12:44 +0200] "GET /onze-school/sop-deprinsenhof/ HTTP/1.1" 404 83137 "-" "Mozilla/5.0 (compatible; Googlebot/2.1; +http://www.google.com/bot.html)"
23.109.232.114 - - [19/Jul/2026:05:12:49 +0200] "GET /ouders-verzorgers/contact-met-u/ HTTP/1.1" 404 83137 "-" "Mozilla/5.0 (compatible; Googlebot/2.1; +http://www.google.com/bot.html)"
108.165.69.203 - - [19/Jul/2026:05:12:54 +0200] "GET /onze-school/leefregels/ HTTP/1.1" 404 83137 "-" "Mozilla/5.0 (compatible; Googlebot/2.1; +http://www.google.com/bot.html)"
23.109.232.115 - - [19/Jul/2026:05:13:00 +0200] "GET /author/jacinta/ HTTP/1.1" 404 83137 "-" "Mozilla/5.0 (compatible; Googlebot/2.1; +http://www.google.com/bot.html)"
108.165.69.204 - - [19/Jul/2026:05:13:05 +0200] "GET /onze-school/ons-team/ HTTP/1.1" 404 83137 "-" "Mozilla/5.0 (compatible; Googlebot/2.1; +http://www.google.com/bot.html)"
108.165.69.205 - - [19/Jul/2026:05:13:10 +0200] "GET /?y_source=1_NTE1MjU2My02NTUtbG9jYXRpb24ud2Vic2l0ZQ%3D%3D HTTP/1.1" 301 5576 "-" "Mozilla/5.0 (compatible; Googlebot/2.1; +http://www.google.com/bot.html)"
108.165.69.206 - - [19/Jul/2026:05:13:15 +0200] "GET /ons-onderwijs/onder-en-bovenbouw/ HTTP/1.1" 404 83137 "-" "Mozilla/5.0 (compatible; Googlebot/2.1; +http://www.google.com/bot.html)"
108.165.69.207 - - [19/Jul/2026:05:13:20 +0200] "GET /onze-school/aanvraagformulier-extravakantieverlof/ HTTP/1.1" 404 83137 "-" "Mozilla/5.0 (compatible; Googlebot/2.1; +http://www.google.com/bot.html)"
23.109.232.116 - - [19/Jul/2026:05:13:27 +0200] "GET /ouders-verzorgers/medezeggenschapraad/ HTTP/1.1" 404 83122 "-" "Mozilla/5.0 (compatible; Googlebot/2.1; +http://www.google.com/bot.html)"
108.165.69.208 - - [19/Jul/2026:05:13:31 +0200] "GET /nieuws/ HTTP/1.1" 404 83137 "-" "Mozilla/5.0 (compatible; Googlebot/2.1; +http://www.google.com/bot.html)"
23.109.232.118 - - [19/Jul/2026:05:13:36 +0200] "GET /nieuwsbrief/ HTTP/1.1" 404 83137 "-" "Mozilla/5.0 (compatible; Googlebot/2.1; +http://www.google.com/bot.html)"
23.109.232.120 - - [19/Jul/2026:05:13:41 +0200] "GET /agenda/ HTTP/1.1" 404 83137 "-" "Mozilla/5.0 (compatible; Googlebot/2.1; +http://www.google.com/bot.html)"
23.109.232.122 - - [19/Jul/2026:05:13:46 +0200] "GET /privacy HTTP/1.1" 301 5528 "-" "Mozilla/5.0 (compatible; Googlebot/2.1; +http://www.google.com/bot.html)"
108.165.69.209 - - [19/Jul/2026:05:13:51 +0200] "GET /ons-onderwijs/begeleiding-en-ondersteuning/ HTTP/1.1" 301 5563 "-" "Mozilla/5.0 (compatible; Googlebot/2.1; +http://www.google.com/bot.html)"
23.109.232.125 - - [19/Jul/2026:05:13:57 +0200] "GET /ouders-verzorgers/ HTTP/1.1" 301 5538 "-" "Mozilla/5.0 (compatible; Googlebot/2.1; +http://www.google.com/bot.html)"
23.109.232.126 - - [19/Jul/2026:05:14:02 +0200] "GET /ons-onderwijs/ HTTP/1.1" 301 5534 "-" "Mozilla/5.0 (compatible; Googlebot/2.1; +http://www.google.com/bot.html)"
23.109.232.127 - - [19/Jul/2026:05:14:07 +0200] "GET /onze-school/ HTTP/1.1" 301 5532 "-" "Mozilla/5.0 (compatible; Googlebot/2.1; +http://www.google.com/bot.html)"
23.109.232.128 - - [19/Jul/2026:05:14:12 +0200] "GET /videos HTTP/1.1" 301 5651 "-" "Mozilla/5.0 (compatible; Googlebot/2.1; +http://www.google.com/bot.html)"
108.165.69.210 - - [19/Jul/2026:05:14:17 +0200] "GET /contact HTTP/1.1" 301 5528 "-" "Mozilla/5.0 (compatible; Googlebot/2.1; +http://www.google.com/bot.html)"
159.65.230.24 - - [19/Jul/2026:05:18:41 +0200] "POST /wp-login.php HTTP/1.1" 503 25165 "-" "Mozilla/5.0"
159.65.230.24 - - [19/Jul/2026:05:21:23 +0200] "POST /wp-login.php HTTP/1.1" 503 23911 "-" "Mozilla/5.0"
159.65.230.24 - - [19/Jul/2026:05:25:12 +0200] "POST /wp-login.php HTTP/1.1" 503 23911 "-" "Mozilla/5.0"
2001:1690:2:4::1:118 - - [19/Jul/2026:05:26:57 +0200] "POST /wp-cron.php?doing_wp_cron=1784431617.6247510910034179687500 HTTP/1.1" 200 5532 "-" "WordPress/6.9.5; https://cso-deprinsenhof.nl"
2001:1690:2:4::1:118 - - [19/Jul/2026:05:26:57 +0200] "POST /?wordfence_syncAttackData=1784431617.4606 HTTP/1.1" 200 5474 "-" "WordPress/6.9.5; https://cso-deprinsenhof.nl"
2001:1690:2:4::1:118 - - [19/Jul/2026:05:26:58 +0200] "POST /wp-cron.php?doing_wp_cron=1784431617.9886450767517089843750 HTTP/1.1" 200 5532 "-" "WordPress/6.9.5; https://cso-deprinsenhof.nl"
31.42.184.154 - - [19/Jul/2026:05:26:57 +0200] "POST /xmlrpc.php HTTP/1.1" 200 6064 "-" "Mozilla/5.0 (Windows NT 10.0; Win64; x64) AppleWebKit/537.36 (KHTML, like Gecko) Chrome/133.0.0.0 Safari/537.36"
2001:1690:2:4::1:118 - - [19/Jul/2026:05:27:16 +0200] "GET /wp-content/uploads/2025/07/boog-onder.svg HTTP/1.1" 200 6041 "-" "-"
2600:1900:0:4004::1d00 - - [19/Jul/2026:05:27:16 +0200] "GET / HTTP/1.1" 200 128256 "-" "Python/3.11 aiohttp/3.13.5"
2001:1690:2:4::1:118 - - [19/Jul/2026:05:28:29 +0200] "GET /wp-content/uploads/2025/07/boog-onder.svg HTTP/1.1" 200 6041 "-" "-"
2001:1690:2:4::1:118 - - [19/Jul/2026:05:28:29 +0200] "POST /wp-cron.php?doing_wp_cron=1784431709.7872219085693359375000 HTTP/1.1" 200 5532 "-" "WordPress/6.9.5; https://cso-deprinsenhof.nl"
51.195.183.224 - - [19/Jul/2026:05:28:29 +0200] "GET /privacy/ HTTP/1.1" 200 89088 "-" "Mozilla/5.0 (compatible; AhrefsBot/7.0; +http://ahrefs.com/robot/)"
2001:1690:2:4::1:118 - - [19/Jul/2026:05:31:39 +0200] "POST /wp-cron.php?doing_wp_cron=1784431899.8015310764312744140625 HTTP/1.1" 200 5532 "-" "WordPress/6.9.5; https://cso-deprinsenhof.nl"
159.65.230.24 - - [19/Jul/2026:05:31:39 +0200] "POST /wp-login.php HTTP/1.1" 503 25165 "-" "Mozilla/5.0"
198.244.168.202 - - [19/Jul/2026:05:33:00 +0200] "GET /wp-content/uploads/fusion-styles/0c98158a85331315eace9d3bf67accb9.min.css?ver=3.14.2 HTTP/1.1" 200 5577 "-" "Mozilla/5.0 (compatible; AhrefsBot/7.0; +http://ahrefs.com/robot/)"
2001:1690:2:4::1:118 - - [19/Jul/2026:05:37:21 +0200] "POST /wp-cron.php?doing_wp_cron=1784432241.8749890327453613281250 HTTP/1.1" 200 5532 "-" "WordPress/6.9.5; https://cso-deprinsenhof.nl"
209.97.182.179 - - [19/Jul/2026:05:37:21 +0200] "GET /wp-login.php HTTP/1.1" 200 16807 "-" "Mozilla/5.0 (Windows NT 10.0; Win64; x64) AppleWebKit/537.36 (KHTML, like Gecko) Chrome/133.0.0.0 Safari/537.36"
209.97.182.179 - - [19/Jul/2026:05:37:21 +0200] "POST /wp-login.php HTTP/1.1" 503 25023 "https://cso-deprinsenhof.nl/wp-login.php" "Mozilla/5.0 (Windows NT 10.0; Win64; x64) AppleWebKit/537.36 (KHTML, like Gecko) Chrome/133.0.0.0 Safari/537.36"
159.65.230.24 - - [19/Jul/2026:05:38:31 +0200] "POST /wp-login.php HTTP/1.1" 503 23911 "-" "Mozilla/5.0"
2001:1690:2:4::1:118 - - [19/Jul/2026:05:43:40 +0200] "POST /wp-cron.php?doing_wp_cron=1784432620.3261339664459228515625 HTTP/1.1" 200 5532 "-" "WordPress/6.9.5; https://cso-deprinsenhof.nl"
2001:1690:2:4::1:118 - - [19/Jul/2026:05:43:40 +0200] "POST /wp-cron.php?doing_wp_cron=1784432620.3260159492492675781250 HTTP/1.1" 200 5532 "-" "WordPress/6.9.5; https://cso-deprinsenhof.nl"
2001:1690:2:4::1:118 - - [19/Jul/2026:05:43:40 +0200] "POST /?wordfence_syncAttackData=1784432620.1124 HTTP/1.1" 200 5474 "-" "WordPress/6.9.5; https://cso-deprinsenhof.nl"
2001:1690:2:4::1:118 - - [19/Jul/2026:05:43:40 +0200] "POST /?wordfence_syncAttackData=1784432620.1091 HTTP/1.1" 200 5474 "-" "WordPress/6.9.5; https://cso-deprinsenhof.nl"
216.244.66.233 - - [19/Jul/2026:05:43:39 +0200] "GET /robots.txt HTTP/1.1" 301 5530 "-" "Mozilla/5.0 (compatible; DotBot/1.2; +https://opensiteexplorer.org/dotbot; help@moz.com)"
216.244.66.233 - - [19/Jul/2026:05:43:39 +0200] "GET /robots.txt HTTP/1.1" 200 5740 "-" "Mozilla/5.0 (compatible; DotBot/1.2; +https://opensiteexplorer.org/dotbot; help@moz.com)"
159.65.230.24 - - [19/Jul/2026:05:45:36 +0200] "POST /wp-login.php HTTP/1.1" 503 25165 "-" "Mozilla/5.0"
34.74.242.206 - - [19/Jul/2026:05:45:41 +0200] "GET /robots.txt HTTP/1.1" 200 5740 "-" "ZoominfoBot (zoominfobot at zoominfo dot com)"
34.74.242.206 - - [19/Jul/2026:05:45:42 +0200] "GET / HTTP/1.1" 200 128061 "-" "ZoominfoBot (zoominfobot at zoominfo dot com)"
2001:1690:2:4::1:118 - - [19/Jul/2026:05:46:10 +0200] "GET /wp-content/uploads/2025/07/boog-onder.svg HTTP/1.1" 200 6041 "-" "-"
2001:1690:2:4::1:118 - - [19/Jul/2026:05:46:10 +0200] "POST /wp-cron.php?doing_wp_cron=1784432770.2579720020294189453125 HTTP/1.1" 200 5532 "-" "WordPress/6.9.5; https://cso-deprinsenhof.nl"
216.244.66.233 - - [19/Jul/2026:05:46:09 +0200] "GET /onze-school/hoorrecht-opp/ HTTP/1.1" 200 94781 "-" "Mozilla/5.0 (compatible; DotBot/1.2; +https://opensiteexplorer.org/dotbot; help@moz.com)"
2001:1690:2:4::1:118 - - [19/Jul/2026:05:47:49 +0200] "POST /wp-cron.php?doing_wp_cron=1784432869.8113949298858642578125 HTTP/1.1" 200 5532 "-" "WordPress/6.9.5; https://cso-deprinsenhof.nl"
216.244.66.233 - - [19/Jul/2026:05:47:49 +0200] "GET /resize/800/600/media/photoalbums/52/20170202110756.jpg HTTP/1.1" 301 5686 "-" "Mozilla/5.0 (compatible; DotBot/1.2; +https://opensiteexplorer.org/dotbot; help@moz.com)"
109.172.91.206 - - [19/Jul/2026:05:49:33 +0200] "GET / HTTP/1.1" 200 128070 "https://cso-deprinsenhof.nl/" "Mozilla/5.0 (Windows NT 10.0; Win64; x64) AppleWebKit/537.36 (KHTML, like Gecko) Chrome/131.0.0.0 Safari/537.36 Avast/131.0.0.0"
2001:1690:2:4::1:118 - - [19/Jul/2026:05:49:34 +0200] "POST /wp-cron.php?doing_wp_cron=1784432974.2853009700775146484375 HTTP/1.1" 200 5532 "-" "WordPress/6.9.5; https://cso-deprinsenhof.nl"
109.172.91.206 - - [19/Jul/2026:05:49:34 +0200] "GET /contact/ HTTP/1.1" 200 85574 "https://cso-deprinsenhof.nl/contact/" "Mozilla/5.0 (Windows NT 10.0; Win64; x64) AppleWebKit/537.36 (KHTML, like Gecko) Chrome/131.0.0.0 Safari/537.36 Avast/131.0.0.0"
159.65.230.24 - - [19/Jul/2026:05:53:14 +0200] "POST /wp-login.php HTTP/1.1" 503 23911 "-" "Mozilla/5.0"
2001:1690:2:4::1:118 - - [19/Jul/2026:05:55:51 +0200] "POST /?wordfence_syncAttackData=1784433351.5351 HTTP/1.1" 200 5474 "-" "WordPress/6.9.5; https://cso-deprinsenhof.nl"
8.217.108.67 - - [19/Jul/2026:05:55:51 +0200] "POST /xmlrpc.php HTTP/1.1" 200 6064 "-" "Mozilla/5.0 (Windows NT 10.0; Win64; x64) AppleWebKit/537.36 (KHTML, like Gecko) Chrome/133.0.0.0 Safari/537.36"
2001:1690:2:4::1:118 - - [19/Jul/2026:05:57:17 +0200] "GET /wp-content/uploads/2025/07/boog-onder.svg HTTP/1.1" 200 6041 "-" "-"
2001:1690:2:4::1:118 - - [19/Jul/2026:05:57:17 +0200] "POST /wp-cron.php?doing_wp_cron=1784433437.9702019691467285156250 HTTP/1.1" 200 5532 "-" "WordPress/6.9.5; https://cso-deprinsenhof.nl"
175.27.163.171 - - [19/Jul/2026:05:57:17 +0200] "GET / HTTP/1.1" 200 128274 "http://cso-deprinsenhof.nl" "Mozilla/5.0 (iPhone; CPU iPhone OS 13_2_3 like Mac OS X) AppleWebKit/605.1.15 (KHTML, like Gecko) Version/13.0.3 Mobile/15E148 Safari/604.1"
2001:1690:2:4::1:118 - - [19/Jul/2026:06:00:48 +0200] "POST /wp-cron.php?doing_wp_cron=1784433648.6374530792236328125000 HTTP/1.1" 200 5532 "-" "WordPress/6.9.5; https://cso-deprinsenhof.nl"
159.65.230.24 - - [19/Jul/2026:06:00:47 +0200] "POST /wp-login.php HTTP/1.1" 503 25165 "-" "Mozilla/5.0"
2001:1690:2:4::1:118 - - [19/Jul/2026:06:06:51 +0200] "POST /wp-cron.php?doing_wp_cron=1784434011.6694529056549072265625 HTTP/1.1" 200 5532 "-" "WordPress/6.9.5; https://cso-deprinsenhof.nl"
8.217.108.67 - - [19/Jul/2026:06:06:51 +0200] "GET /wp-login.php HTTP/1.1" 200 16807 "-" "Mozilla/5.0 (Windows NT 10.0; Win64; x64) AppleWebKit/537.36 (KHTML, like Gecko) Chrome/133.0.0.0 Safari/537.36"
8.217.108.67 - - [19/Jul/2026:06:06:53 +0200] "POST /wp-login.php HTTP/1.1" 503 25023 "https://cso-deprinsenhof.nl/wp-login.php" "Mozilla/5.0 (Windows NT 10.0; Win64; x64) AppleWebKit/537.36 (KHTML, like Gecko) Chrome/133.0.0.0 Safari/537.36"
159.65.230.24 - - [19/Jul/2026:06:08:24 +0200] "POST /wp-login.php HTTP/1.1" 503 23911 "-" "Mozilla/5.0"
2001:1690:2:4::1:118 - - [19/Jul/2026:06:13:01 +0200] "POST /wp-cron.php?doing_wp_cron=1784434381.8287758827209472656250 HTTP/1.1" 200 5532 "-" "WordPress/6.9.5; https://cso-deprinsenhof.nl"
2001:1690:2:4::1:118 - - [19/Jul/2026:06:13:01 +0200] "POST /?wordfence_syncAttackData=1784434381.6459 HTTP/1.1" 200 5474 "-" "WordPress/6.9.5; https://cso-deprinsenhof.nl"
178.171.33.192 - - [19/Jul/2026:06:13:01 +0200] "GET / HTTP/1.1" 301 5550 "-" "Mozilla/5.0 (compatible; MentoDomainAudit/1.0; +https://mento.vc)"
176.100.133.29 - - [19/Jul/2026:06:13:08 +0200] "GET / HTTP/1.1" 200 128079 "-" "Mozilla/5.0 (compatible; MentoDomainAudit/1.0; +https://mento.vc)"
2001:1690:2:4::1:118 - - [19/Jul/2026:06:15:32 +0200] "POST /wp-cron.php?doing_wp_cron=1784434532.2312169075012207031250 HTTP/1.1" 200 5532 "-" "WordPress/6.9.5; https://cso-deprinsenhof.nl"
34.248.254.153 - - [19/Jul/2026:06:15:31 +0200] "GET /robots.txt HTTP/1.1" 200 5770 "http://cso-deprinsenhof.nl/robots.txt" "Mozilla/5.0 (Windows NT 10.0; Win64; x64) AppleWebKit/537.36 (KHTML, like Gecko) Chrome/87.0.4280.88 Safari/537.36"
159.65.230.24 - - [19/Jul/2026:06:15:56 +0200] "POST /wp-login.php HTTP/1.1" 503 25165 "-" "Mozilla/5.0"
178.171.38.89 - - [19/Jul/2026:06:16:13 +0200] "GET /robots.txt HTTP/1.1" 200 5740 "-" "Mozilla/5.0 (compatible; Tier1Bot/1.0; +mailto:ops@example.com)"
178.171.38.144 - - [19/Jul/2026:06:16:14 +0200] "GET / HTTP/1.1" 200 128088 "-" "Mozilla/5.0 (compatible; Tier1Bot/1.0; +mailto:ops@example.com)"
178.171.38.162 - - [19/Jul/2026:06:16:14 +0200] "GET /contact/ HTTP/1.1" 200 85396 "-" "Mozilla/5.0 (compatible; Tier1Bot/1.0; +mailto:ops@example.com)"
2001:1690:2:4::1:118 - - [19/Jul/2026:06:16:27 +0200] "POST /wp-cron.php?doing_wp_cron=1784434587.3394639492034912109375 HTTP/1.1" 200 5532 "-" "WordPress/6.9.5; https://cso-deprinsenhof.nl"
34.248.254.153 - - [19/Jul/2026:06:16:27 +0200] "GET /sitemap.xml HTTP/1.1" 301 5567 "http://cso-deprinsenhof.nl/sitemap.xml" "Mozilla/5.0 (Windows NT 10.0; WOW64) AppleWebKit/537.36 (KHTML, like Gecko) Chrome/87.0.4280.88 Safari/537.36"
2001:1690:2:4::1:118 - - [19/Jul/2026:06:17:45 +0200] "POST /wp-cron.php?doing_wp_cron=1784434665.8811559677124023437500 HTTP/1.1" 200 5532 "-" "WordPress/6.9.5; https://cso-deprinsenhof.nl"
34.248.254.153 - - [19/Jul/2026:06:17:45 +0200] "GET /sitemap_index.xml HTTP/1.1" 200 6072 "https://cso-deprinsenhof.nl/sitemap.xml" "Mozilla/5.0 (Windows NT 10.0; WOW64) AppleWebKit/537.36 (KHTML, like Gecko) Chrome/87.0.4280.88 Safari/537.36"
159.65.230.24 - - [19/Jul/2026:06:23:37 +0200] "POST /wp-login.php HTTP/1.1" 503 23911 "-" "Mozilla/5.0"
162.159.120.227 - - [19/Jul/2026:06:24:10 +0200] "GET / HTTP/1.1" 200 128088 "-" "Mozilla/5.0 (Macintosh; Intel Mac OS X 10_15_7) AppleWebKit/537.36 (KHTML, like Gecko) Chrome/147.0.0.0 Safari/537.36 CloudflareWebScanner/1.0"
2001:1690:2:4::1:118 - - [19/Jul/2026:06:25:48 +0200] "POST /wp-cron.php?doing_wp_cron=1784435148.4567570686340332031250 HTTP/1.1" 200 5532 "-" "WordPress/6.9.5; https://cso-deprinsenhof.nl"
2001:1690:2:4::1:118 - - [19/Jul/2026:06:25:48 +0200] "POST /?wordfence_syncAttackData=1784435148.2769 HTTP/1.1" 200 5474 "-" "WordPress/6.9.5; https://cso-deprinsenhof.nl"
2a03:2880:f800:29:: - - [19/Jul/2026:06:25:48 +0200] "GET /fusion_tb_category/content/ HTTP/1.1" 301 5520 "-" "Mozilla/5.0 (Macintosh; Intel Mac OS X 10_15_7) AppleWebKit/537.36 (KHTML, like Gecko) Chrome/145.0.0.0 Safari/537.36 (compatible; meta-externalagent/1.1 (+https://developers.facebook.com/docs/sharing/webmasters/crawler))"
2001:1690:2:4::1:118 - - [19/Jul/2026:06:30:25 +0200] "POST /wp-cron.php?doing_wp_cron=1784435425.5812890529632568359375 HTTP/1.1" 200 5532 "-" "WordPress/6.9.5; https://cso-deprinsenhof.nl"
216.244.66.233 - - [19/Jul/2026:06:30:25 +0200] "GET /robots.txt HTTP/1.1" 301 5530 "-" "Mozilla/5.0 (compatible; DotBot/1.2; +https://opensiteexplorer.org/dotbot; help@moz.com)"
216.244.66.233 - - [19/Jul/2026:06:30:26 +0200] "GET /robots.txt HTTP/1.1" 200 5740 "-" "Mozilla/5.0 (compatible; DotBot/1.2; +https://opensiteexplorer.org/dotbot; help@moz.com)"
2001:1690:2:4::1:118 - - [19/Jul/2026:06:31:07 +0200] "POST /wp-cron.php?doing_wp_cron=1784435467.8377389907836914062500 HTTP/1.1" 200 5532 "-" "WordPress/6.9.5; https://cso-deprinsenhof.nl"
159.65.230.24 - - [19/Jul/2026:06:31:07 +0200] "POST /wp-login.php HTTP/1.1" 503 25165 "-" "Mozilla/5.0"
2001:1690:2:4::1:118 - - [19/Jul/2026:06:32:59 +0200] "POST /wp-cron.php?doing_wp_cron=1784435579.9679110050201416015625 HTTP/1.1" 200 5532 "-" "WordPress/6.9.5; https://cso-deprinsenhof.nl"
216.244.66.233 - - [19/Jul/2026:06:32:59 +0200] "GET /nieuws-fotos/tweede-kamer-verkiezingen HTTP/1.1" 301 5670 "-" "Mozilla/5.0 (compatible; DotBot/1.2; +https://opensiteexplorer.org/dotbot; help@moz.com)"
216.244.66.233 - - [19/Jul/2026:06:34:33 +0200] "GET /resize/800/600/media/photoalbums/52/20170202110706.jpg HTTP/1.1" 301 5686 "-" "Mozilla/5.0 (compatible; DotBot/1.2; +https://opensiteexplorer.org/dotbot; help@moz.com)"
2001:1690:2:4::1:118 - - [19/Jul/2026:06:36:23 +0200] "GET /wp-content/uploads/2025/07/boog-onder.svg HTTP/1.1" 200 6041 "-" "-"
2001:1690:2:4::1:118 - - [19/Jul/2026:06:36:23 +0200] "POST /wp-cron.php?doing_wp_cron=1784435783.1907529830932617187500 HTTP/1.1" 200 5532 "-" "WordPress/6.9.5; https://cso-deprinsenhof.nl"
198.244.240.158 - - [19/Jul/2026:06:36:22 +0200] "GET /ons-onderwijs/bewegingsonderwijs/ HTTP/1.1" 200 110318 "-" "Mozilla/5.0 (compatible; AhrefsBot/7.0; +http://ahrefs.com/robot/)"
43.128.156.124 - - [19/Jul/2026:06:36:27 +0200] "GET / HTTP/1.1" 200 128265 "http://cso-deprinsenhof.nl" "Mozilla/5.0 (iPhone; CPU iPhone OS 13_2_3 like Mac OS X) AppleWebKit/605.1.15 (KHTML, like Gecko) Version/13.0.3 Mobile/15E148 Safari/604.1"
68.178.160.25 - - [19/Jul/2026:06:36:31 +0200] "GET /wp-login.php HTTP/1.1" 200 16807 "-" "Mozilla/5.0 (Windows NT 10.0; Win64; x64) AppleWebKit/537.36 (KHTML, like Gecko) Chrome/133.0.0.0 Safari/537.36"
68.178.160.25 - - [19/Jul/2026:06:36:36 +0200] "POST /wp-login.php HTTP/1.1" 503 25023 "https://cso-deprinsenhof.nl/wp-login.php" "Mozilla/5.0 (Windows NT 10.0; Win64; x64) AppleWebKit/537.36 (KHTML, like Gecko) Chrome/133.0.0.0 Safari/537.36"
198.244.240.220 - - [19/Jul/2026:06:38:35 +0200] "GET /wp-content/uploads/2025/07/Bewegingsonderwijs.webp HTTP/1.1" 200 5524 "-" "Mozilla/5.0 (compatible; AhrefsBot/7.0; +http://ahrefs.com/robot/)"
51.195.183.183 - - [19/Jul/2026:06:38:37 +0200] "GET /wp-content/uploads/fusion-scripts/747e0431434c69b818684b1a4ea6b073.min.js?ver=3.14.2 HTTP/1.1" 200 5591 "-" "Mozilla/5.0 (compatible; AhrefsBot/7.0; +http://ahrefs.com/robot/)"
51.195.215.162 - - [19/Jul/2026:06:38:40 +0200] "GET /wp-content/uploads/fusion-styles/7f2dacbaa3e10bd591d6d7513d1b1a6b.min.css?ver=3.14.2 HTTP/1.1" 200 5577 "-" "Mozilla/5.0 (compatible; AhrefsBot/7.0; +http://ahrefs.com/robot/)"
51.89.129.45 - - [19/Jul/2026:06:38:41 +0200] "GET /wp-content/uploads/2025/07/Speelplein.webp HTTP/1.1" 200 5516 "-" "Mozilla/5.0 (compatible; AhrefsBot/7.0; +http://ahrefs.com/robot/)"
159.65.230.24 - - [19/Jul/2026:06:38:41 +0200] "POST /wp-login.php HTTP/1.1" 503 23911 "-" "Mozilla/5.0"
2001:1690:2:4::1:118 - - [19/Jul/2026:06:40:05 +0200] "POST /wp-cron.php?doing_wp_cron=1784436005.7055680751800537109375 HTTP/1.1" 200 5532 "-" "WordPress/6.9.5; https://cso-deprinsenhof.nl"
2001:1690:2:4::1:118 - - [19/Jul/2026:06:40:05 +0200] "POST /?wordfence_syncAttackData=1784436005.5153 HTTP/1.1" 200 5474 "-" "WordPress/6.9.5; https://cso-deprinsenhof.nl"
114.119.158.220 - - [19/Jul/2026:06:40:05 +0200] "GET /robots.txt HTTP/1.1" 200 5740 "http://cso-deprinsenhof.nl/robots.txt" "Mozilla/5.0 (compatible;PetalBot;+https://webmaster.petalsearch.com/site/petalbot)"
82.39.206.157 - - [19/Jul/2026:06:40:36 +0200] "GET / HTTP/1.1" 200 128088 "-" "Mozilla/5.0 (Macintosh; Intel Mac OS X 15.7; rv:149.0) Gecko/20100101 Firefox/149.0"
2001:1690:2:4::1:118 - - [19/Jul/2026:06:40:45 +0200] "POST /wp-cron.php?doing_wp_cron=1784436045.6079449653625488281250 HTTP/1.1" 200 5532 "-" "WordPress/6.9.5; https://cso-deprinsenhof.nl"
82.39.206.157 - - [19/Jul/2026:06:40:45 +0200] "GET /.git/config HTTP/1.1" 404 83167 "-" "Mozilla/5.0 (Macintosh; Intel Mac OS X 15_7_5) AppleWebKit/605.1.15 (KHTML, like Gecko) Version/26.0 Safari/605.1.15"
2001:1690:2:4::1:118 - - [19/Jul/2026:06:42:19 +0200] "POST /wp-cron.php?doing_wp_cron=1784436139.4022729396820068359375 HTTP/1.1" 200 5532 "-" "WordPress/6.9.5; https://cso-deprinsenhof.nl"
216.73.216.47 - - [19/Jul/2026:06:42:19 +0200] "GET /robots.txt HTTP/1.1" 200 5740 "-" "Mozilla/5.0 AppleWebKit/537.36 (KHTML, like Gecko; compatible; ClaudeBot/1.0; +claudebot@anthropic.com)"
216.73.216.47 - - [19/Jul/2026:06:42:19 +0200] "GET /sitemap_index.xml HTTP/1.1" 200 6072 "-" "Mozilla/5.0 AppleWebKit/537.36 (KHTML, like Gecko; compatible; ClaudeBot/1.0; +claudebot@anthropic.com)"
2001:1690:2:4::1:118 - - [19/Jul/2026:06:46:09 +0200] "POST /wp-cron.php?doing_wp_cron=1784436369.2741689682006835937500 HTTP/1.1" 200 5532 "-" "WordPress/6.9.5; https://cso-deprinsenhof.nl"
114.119.148.56 - - [19/Jul/2026:06:46:08 +0200] "GET /page-sitemap.xml HTTP/1.1" 200 12155 "https://cso-deprinsenhof.nl/page-sitemap.xml" "Mozilla/5.0 (Linux; Android 7.0;) AppleWebKit/537.36 (HTML, like Gecko) Mobile Safari/537.36 (compatible; PetalBot;+https://webmaster.petalsearch.com/site/petalbot)"
2001:1690:2:4::1:118 - - [19/Jul/2026:06:46:28 +0200] "POST /wp-cron.php?doing_wp_cron=1784436388.2884829044342041015625 HTTP/1.1" 200 5532 "-" "WordPress/6.9.5; https://cso-deprinsenhof.nl"
159.65.230.24 - - [19/Jul/2026:06:46:27 +0200] "POST /wp-login.php HTTP/1.1" 503 25165 "-" "Mozilla/5.0"
159.65.230.24 - - [19/Jul/2026:06:54:00 +0200] "POST /wp-login.php HTTP/1.1" 503 23911 "-" "Mozilla/5.0"
2001:1690:2:4::1:118 - - [19/Jul/2026:07:01:26 +0200] "POST /wp-cron.php?doing_wp_cron=1784437286.9002358913421630859375 HTTP/1.1" 200 5532 "-" "WordPress/6.9.5; https://cso-deprinsenhof.nl"
2001:1690:2:4::1:118 - - [19/Jul/2026:07:01:26 +0200] "POST /?wordfence_syncAttackData=1784437286.6943 HTTP/1.1" 200 5474 "-" "WordPress/6.9.5; https://cso-deprinsenhof.nl"
2001:1690:2:4::1:118 - - [19/Jul/2026:07:01:27 +0200] "GET /wp-content/uploads/2025/07/boog-onder.svg HTTP/1.1" 200 6041 "-" "-"
2001:1690:2:4::1:118 - - [19/Jul/2026:07:01:27 +0200] "POST /wp-cron.php?doing_wp_cron=1784437287.8120770454406738281250 HTTP/1.1" 200 5532 "-" "WordPress/6.9.5; https://cso-deprinsenhof.nl"
23.109.232.130 - - [19/Jul/2026:07:01:26 +0200] "GET /ons-onderwijs/bewegingsonderwijs/ HTTP/1.1" 200 110318 "-" "Mozilla/5.0 (compatible; Googlebot/2.1; +http://www.google.com/bot.html)"
159.65.230.24 - - [19/Jul/2026:07:01:52 +0200] "POST /wp-login.php HTTP/1.1" 503 25165 "-" "Mozilla/5.0"
2001:1690:2:4::1:118 - - [19/Jul/2026:07:03:51 +0200] "POST /wp-cron.php?doing_wp_cron=1784437431.1044039726257324218750 HTTP/1.1" 200 5532 "-" "WordPress/6.9.5; https://cso-deprinsenhof.nl"
45.157.54.14 - - [19/Jul/2026:07:03:50 +0200] "POST /xmlrpc.php HTTP/1.1" 503 24986 "-" "Mozilla/5.0 (Windows NT 10.0; Win64; x64; rv:149.0) Gecko/20100101 Firefox/149.0"
45.157.54.14 - - [19/Jul/2026:07:03:52 +0200] "POST /xmlrpc.php HTTP/1.1" 503 23911 "-" "Mozilla/5.0 (Windows NT 10.0; Win64; x64; rv:149.0) Gecko/20100101 Firefox/149.0"
2001:1690:2:4::1:118 - - [19/Jul/2026:07:07:46 +0200] "POST /wp-cron.php?doing_wp_cron=1784437666.5666980743408203125000 HTTP/1.1" 200 5532 "-" "WordPress/6.9.5; https://cso-deprinsenhof.nl"
2001:1690:2:4::1:118 - - [19/Jul/2026:07:07:46 +0200] "POST /?wordfence_syncAttackData=1784437666.4036 HTTP/1.1" 200 5474 "-" "WordPress/6.9.5; https://cso-deprinsenhof.nl"
34.241.161.26 - - [19/Jul/2026:07:07:46 +0200] "GET / HTTP/1.1" 301 5550 "https://cso-apeldoorn.nl/" "Mozilla/5.0 (Macintosh; Intel Mac OS X 10_15_5) AppleWebKit/537.36 (KHTML, like Gecko) Chrome/83.0.4103.61 Safari/537.36"
2001:1690:2:4::1:118 - - [19/Jul/2026:07:08:37 +0200] "POST /wp-cron.php?doing_wp_cron=1784437717.5179810523986816406250 HTTP/1.1" 200 5532 "-" "WordPress/6.9.5; https://cso-deprinsenhof.nl"
152.228.213.32 - - [19/Jul/2026:07:08:37 +0200] "GET /wp-login.php HTTP/1.1" 200 16807 "-" "Mozilla/5.0 (Windows NT 10.0; Win64; x64) AppleWebKit/537.36 (KHTML, like Gecko) Chrome/133.0.0.0 Safari/537.36"
152.228.213.32 - - [19/Jul/2026:07:08:37 +0200] "POST /wp-login.php HTTP/1.1" 503 25023 "https://cso-deprinsenhof.nl/wp-login.php" "Mozilla/5.0 (Windows NT 10.0; Win64; x64) AppleWebKit/537.36 (KHTML, like Gecko) Chrome/133.0.0.0 Safari/537.36"
159.65.230.24 - - [19/Jul/2026:07:09:45 +0200] "POST /wp-login.php HTTP/1.1" 503 23911 "-" "Mozilla/5.0"
2001:1690:2:4::1:118 - - [19/Jul/2026:07:11:29 +0200] "POST /wp-cron.php?doing_wp_cron=1784437889.4424331188201904296875 HTTP/1.1" 200 5532 "-" "WordPress/6.9.5; https://cso-deprinsenhof.nl"
2001:1690:2:4::1:118 - - [19/Jul/2026:07:11:29 +0200] "POST /?wordfence_syncAttackData=1784437889.2605 HTTP/1.1" 200 5474 "-" "WordPress/6.9.5; https://cso-deprinsenhof.nl"
2001:1690:2:4::1:118 - - [19/Jul/2026:07:11:30 +0200] "POST /wp-cron.php?doing_wp_cron=1784437890.2766609191894531250000 HTTP/1.1" 200 5532 "-" "WordPress/6.9.5; https://cso-deprinsenhof.nl"
23.109.232.131 - - [19/Jul/2026:07:11:29 +0200] "GET / HTTP/1.1" 301 5520 "-" "Mozilla/5.0 (compatible; Googlebot/2.1; +http://www.google.com/bot.html)"
216.244.66.233 - - [19/Jul/2026:07:16:10 +0200] "GET /robots.txt HTTP/1.1" 301 5530 "-" "Mozilla/5.0 (compatible; DotBot/1.2; +https://opensiteexplorer.org/dotbot; help@moz.com)"
216.244.66.233 - - [19/Jul/2026:07:16:11 +0200] "GET /robots.txt HTTP/1.1" 200 5740 "-" "Mozilla/5.0 (compatible; DotBot/1.2; +https://opensiteexplorer.org/dotbot; help@moz.com)"
2001:1690:2:4::1:118 - - [19/Jul/2026:07:17:40 +0200] "GET /wp-content/uploads/2025/07/boog-onder.svg HTTP/1.1" 200 6041 "-" "-"
2001:1690:2:4::1:118 - - [19/Jul/2026:07:17:40 +0200] "POST /wp-cron.php?doing_wp_cron=1784438260.2139019966125488281250 HTTP/1.1" 200 5532 "-" "WordPress/6.9.5; https://cso-deprinsenhof.nl"
45.148.10.62 - - [19/Jul/2026:07:17:39 +0200] "GET / HTTP/1.1" 200 128256 "-" "Mozilla/5.0 (Macintosh; Intel Mac OS X 10_15_7) AppleWebKit/537.36 (KHTML, like Gecko) Chrome/131.0.0.0 Safari/537.36"
45.148.10.62 - - [19/Jul/2026:07:17:40 +0200] "GET /wp-content/uploads/fusion-scripts/409f3d9b6ae5a62f1c2d4456e7952c90.min.js?ver=3.14.2 HTTP/1.1" 200 5591 "-" "Mozilla/5.0 (Windows NT 10.0; Win64; x64; rv:133.0) Gecko/20100101 Firefox/133.0"
45.148.10.62 - - [19/Jul/2026:07:17:40 +0200] "GET /wp-includes/js/jquery/jquery.min.js?ver=3.7.1 HTTP/1.1" 200 5521 "-" "Mozilla/5.0 (Windows NT 10.0; Win64; x64; rv:133.0) Gecko/20100101 Firefox/133.0"
45.148.10.62 - - [19/Jul/2026:07:17:40 +0200] "GET /.env HTTP/1.1" 404 83167 "-" "Mozilla/5.0 (Windows NT 10.0; Win64; x64) AppleWebKit/537.36 (KHTML, like Gecko) Chrome/131.0.0.0 Safari/537.36"
45.148.10.62 - - [19/Jul/2026:07:17:40 +0200] "GET /%2eenv HTTP/1.1" 404 83167 "-" "Mozilla/5.0 (Macintosh; Intel Mac OS X 10_15_7) AppleWebKit/537.36 (KHTML, like Gecko) Chrome/131.0.0.0 Safari/537.36"
45.148.10.62 - - [19/Jul/2026:07:17:41 +0200] "GET /%2f%2eenv HTTP/1.1" 404 5623 "-" "Mozilla/5.0 (X11; Linux x86_64) AppleWebKit/537.36 (KHTML, like Gecko) Chrome/131.0.0.0 Safari/537.36"
45.148.10.62 - - [19/Jul/2026:07:17:41 +0200] "GET /?phpinfo=1 HTTP/1.1" 200 128231 "-" "Mozilla/5.0 (X11; Linux x86_64) AppleWebKit/537.36 (KHTML, like Gecko) Chrome/131.0.0.0 Safari/537.36"
45.148.10.62 - - [19/Jul/2026:07:17:41 +0200] "GET /.aws/credentials HTTP/1.1" 404 83167 "-" "Mozilla/5.0 (Windows NT 10.0; Win64; x64; rv:133.0) Gecko/20100101 Firefox/133.0"
159.65.230.24 - - [19/Jul/2026:07:17:41 +0200] "POST /wp-login.php HTTP/1.1" 503 25165 "-" "Mozilla/5.0"
45.148.10.62 - - [19/Jul/2026:07:17:41 +0200] "GET /api/.env HTTP/1.1" 404 83167 "-" "Mozilla/5.0 (Windows NT 10.0; Win64; x64; rv:133.0) Gecko/20100101 Firefox/133.0"
45.148.10.62 - - [19/Jul/2026:07:17:41 +0200] "GET /.env.bak HTTP/1.1" 404 83167 "-" "Mozilla/5.0 (X11; Linux x86_64) AppleWebKit/537.36 (KHTML, like Gecko) Chrome/131.0.0.0 Safari/537.36"
45.148.10.62 - - [19/Jul/2026:07:17:42 +0200] "GET /aws-ses.json HTTP/1.1" 404 83167 "-" "Mozilla/5.0 (X11; Linux x86_64) AppleWebKit/537.36 (KHTML, like Gecko) Chrome/131.0.0.0 Safari/537.36"
45.148.10.62 - - [19/Jul/2026:07:17:42 +0200] "GET /.stripe/ HTTP/1.1" 404 83167 "-" "Mozilla/5.0 (Macintosh; Intel Mac OS X 10_15_7) AppleWebKit/537.36 (KHTML, like Gecko) Chrome/131.0.0.0 Safari/537.36"
45.148.10.62 - - [19/Jul/2026:07:17:42 +0200] "GET /stripe/.env HTTP/1.1" 404 83167 "-" "Mozilla/5.0 (Windows NT 10.0; Win64; x64) AppleWebKit/537.36 (KHTML, like Gecko) Chrome/131.0.0.0 Safari/537.36"
45.148.10.62 - - [19/Jul/2026:07:17:42 +0200] "GET /.env.aws HTTP/1.1" 404 83167 "-" "Mozilla/5.0 (Macintosh; Intel Mac OS X 10_15_7) AppleWebKit/537.36 (KHTML, like Gecko) Chrome/131.0.0.0 Safari/537.36"
45.148.10.62 - - [19/Jul/2026:07:17:42 +0200] "GET /.env.save HTTP/1.1" 404 83152 "-" "Mozilla/5.0 (X11; Linux x86_64) AppleWebKit/537.36 (KHTML, like Gecko) Chrome/131.0.0.0 Safari/537.36"
45.148.10.62 - - [19/Jul/2026:07:17:43 +0200] "GET /.env.local HTTP/1.1" 404 83167 "-" "Mozilla/5.0 (Windows NT 10.0; Win64; x64) AppleWebKit/537.36 (KHTML, like Gecko) Chrome/131.0.0.0 Safari/537.36"
45.148.10.62 - - [19/Jul/2026:07:17:43 +0200] "GET /backend/.env HTTP/1.1" 404 83152 "-" "Mozilla/5.0 (Macintosh; Intel Mac OS X 10_15_7) AppleWebKit/537.36 (KHTML, like Gecko) Chrome/131.0.0.0 Safari/537.36"
45.148.10.62 - - [19/Jul/2026:07:17:43 +0200] "GET /test.php HTTP/1.1" 404 83152 "-" "Mozilla/5.0 (X11; Linux x86_64) AppleWebKit/537.36 (KHTML, like Gecko) Chrome/131.0.0.0 Safari/537.36"
45.148.10.62 - - [19/Jul/2026:07:17:44 +0200] "GET /.env.backup HTTP/1.1" 404 83167 "-" "Mozilla/5.0 (Windows NT 10.0; Win64; x64) AppleWebKit/537.36 (KHTML, like Gecko) Chrome/131.0.0.0 Safari/537.36"
45.148.10.62 - - [19/Jul/2026:07:17:44 +0200] "GET /.env.old HTTP/1.1" 404 83167 "-" "Mozilla/5.0 (X11; Linux x86_64) AppleWebKit/537.36 (KHTML, like Gecko) Chrome/131.0.0.0 Safari/537.36"
45.148.10.62 - - [19/Jul/2026:07:17:44 +0200] "GET /.env.tmp HTTP/1.1" 404 83167 "-" "Mozilla/5.0 (X11; Linux x86_64) AppleWebKit/537.36 (KHTML, like Gecko) Chrome/131.0.0.0 Safari/537.36"
45.148.10.62 - - [19/Jul/2026:07:17:44 +0200] "GET /.env.php.bak HTTP/1.1" 404 83167 "-" "Mozilla/5.0 (Windows NT 10.0; Win64; x64) AppleWebKit/537.36 (KHTML, like Gecko) Chrome/131.0.0.0 Safari/537.36"
45.148.10.62 - - [19/Jul/2026:07:17:45 +0200] "GET /.env.php HTTP/1.1" 404 83167 "-" "Mozilla/5.0 (Macintosh; Intel Mac OS X 10_15_7) AppleWebKit/537.36 (KHTML, like Gecko) Chrome/131.0.0.0 Safari/537.36"
45.148.10.62 - - [19/Jul/2026:07:17:45 +0200] "GET /.env.txt HTTP/1.1" 404 83152 "-" "Mozilla/5.0 (Windows NT 10.0; Win64; x64) AppleWebKit/537.36 (KHTML, like Gecko) Chrome/131.0.0.0 Safari/537.36"
45.148.10.62 - - [19/Jul/2026:07:17:45 +0200] "GET /.env.prod HTTP/1.1" 404 83167 "-" "Mozilla/5.0 (X11; Linux x86_64) AppleWebKit/537.36 (KHTML, like Gecko) Chrome/131.0.0.0 Safari/537.36"
45.148.10.62 - - [19/Jul/2026:07:17:46 +0200] "GET /.env.dev HTTP/1.1" 404 83167 "-" "Mozilla/5.0 (Windows NT 10.0; Win64; x64) AppleWebKit/537.36 (KHTML, like Gecko) Chrome/131.0.0.0 Safari/537.36"
45.148.10.62 - - [19/Jul/2026:07:17:46 +0200] "GET /config.json.save HTTP/1.1" 404 83167 "-" "Mozilla/5.0 (Windows NT 10.0; Win64; x64) AppleWebKit/537.36 (KHTML, like Gecko) Chrome/131.0.0.0 Safari/537.36"
45.148.10.62 - - [19/Jul/2026:07:17:46 +0200] "GET /.git/config HTTP/1.1" 404 83167 "-" "Mozilla/5.0 (Windows NT 10.0; Win64; x64; rv:133.0) Gecko/20100101 Firefox/133.0"
45.148.10.62 - - [19/Jul/2026:07:17:46 +0200] "GET /config.php HTTP/1.1" 404 83167 "-" "Mozilla/5.0 (Windows NT 10.0; Win64; x64) AppleWebKit/537.36 (KHTML, like Gecko) Chrome/131.0.0.0 Safari/537.36"
45.148.10.62 - - [19/Jul/2026:07:17:47 +0200] "GET /config.php.bak HTTP/1.1" 404 83167 "-" "Mozilla/5.0 (Macintosh; Intel Mac OS X 10_15_7) AppleWebKit/537.36 (KHTML, like Gecko) Chrome/131.0.0.0 Safari/537.36"
45.148.10.62 - - [19/Jul/2026:07:17:47 +0200] "GET /config.js HTTP/1.1" 404 83167 "-" "Mozilla/5.0 (Macintosh; Intel Mac OS X 10_15_7) AppleWebKit/537.36 (KHTML, like Gecko) Chrome/131.0.0.0 Safari/537.36"
45.148.10.62 - - [19/Jul/2026:07:17:47 +0200] "GET /aws-config.js HTTP/1.1" 404 83167 "-" "Mozilla/5.0 (Windows NT 10.0; Win64; x64) AppleWebKit/537.36 (KHTML, like Gecko) Chrome/131.0.0.0 Safari/537.36"
45.148.10.62 - - [19/Jul/2026:07:17:47 +0200] "GET /aws.config.js HTTP/1.1" 404 83167 "-" "Mozilla/5.0 (Windows NT 10.0; Win64; x64) AppleWebKit/537.36 (KHTML, like Gecko) Chrome/131.0.0.0 Safari/537.36"
45.148.10.62 - - [19/Jul/2026:07:17:47 +0200] "GET /phpinfo.php HTTP/1.1" 404 83167 "-" "Mozilla/5.0 (X11; Linux x86_64) AppleWebKit/537.36 (KHTML, like Gecko) Chrome/131.0.0.0 Safari/537.36"
2001:1690:2:4::1:118 - - [19/Jul/2026:07:20:11 +0200] "POST /wp-cron.php?doing_wp_cron=1784438411.3389329910278320312500 HTTP/1.1" 200 5532 "-" "WordPress/6.9.5; https://cso-deprinsenhof.nl"
