209.50.183.209 - - [20/Jul/2026:06:35:37 +0200] "GET /.git/./config HTTP/1.1" 404 83167 "-" "Mozilla/5.0 (Windows NT 6.3; rv:36.0) Gecko/20100101 Firefox/36.0"
2404:ba00:fc04:15c4:8410:d937:693c:38a5 - - [20/Jul/2026:06:35:38 +0200] "POST /xmlrpc.php HTTP/1.1" 503 23911 "-" "Jetpack/12.0; WordPress/6.3; http://site73538820.com"
2405:201:c032:f084:29e7:fa1b:afb0:d744 - - [20/Jul/2026:06:35:45 +0200] "POST /xmlrpc.php HTTP/1.1" 503 23911 "-" "Jetpack by WordPress.com (Jetpack 13.0; WordPress 6.4)"
2404:ba00:fc04:15c4:8410:d937:693c:38a5 - - [20/Jul/2026:06:35:49 +0200] "POST /xmlrpc.php HTTP/1.1" 503 23911 "-" "Jetpack by WordPress.com"
2405:201:c032:f084:29e7:fa1b:afb0:d744 - - [20/Jul/2026:06:35:55 +0200] "POST /xmlrpc.php HTTP/1.1" 503 23911 "-" "Jetpack/12.0; WordPress/6.1; http://site37967769.com"
2404:ba00:fc04:15c4:8410:d937:693c:38a5 - - [20/Jul/2026:06:36:00 +0200] "POST /xmlrpc.php HTTP/1.1" 503 23911 "-" "Jetpack by WordPress.com"
2405:201:c032:f084:29e7:fa1b:afb0:d744 - - [20/Jul/2026:06:36:06 +0200] "POST /xmlrpc.php HTTP/1.1" 503 23911 "-" "Jetpack by WordPress.com (Jetpack 12.5; WordPress 6.3)"
2404:ba00:fc04:15c4:8410:d937:693c:38a5 - - [20/Jul/2026:06:36:10 +0200] "POST /xmlrpc.php HTTP/1.1" 503 23911 "-" "Jetpack by WordPress.com (Jetpack 12.1; WordPress 6.4)"
2405:201:c032:f084:29e7:fa1b:afb0:d744 - - [20/Jul/2026:06:36:16 +0200] "POST /xmlrpc.php HTTP/1.1" 503 23911 "-" "Jetpack by WordPress.com (Jetpack 12.0; WordPress 6.1)"
2405:201:c032:f084:29e7:fa1b:afb0:d744 - - [20/Jul/2026:06:36:26 +0200] "POST /xmlrpc.php HTTP/1.1" 503 23911 "-" "Jetpack/13.0; WordPress/6.3; http://site89065805.com"
2405:201:c032:f084:29e7:fa1b:afb0:d744 - - [20/Jul/2026:06:36:37 +0200] "POST /xmlrpc.php HTTP/1.1" 503 23911 "-" "Jetpack by WordPress.com (Jetpack 12.5; WordPress 6.1)"
2405:201:c032:f084:29e7:fa1b:afb0:d744 - - [20/Jul/2026:06:36:47 +0200] "POST /xmlrpc.php HTTP/1.1" 503 23911 "-" "Jetpack by WordPress.com (Jetpack 13.0; WordPress 6.4)"
2405:201:c032:f084:29e7:fa1b:afb0:d744 - - [20/Jul/2026:06:36:58 +0200] "POST /xmlrpc.php HTTP/1.1" 503 23911 "-" "Jetpack/13.0; WordPress/6.4; http://site63155477.com"
2405:201:c032:f084:29e7:fa1b:afb0:d744 - - [20/Jul/2026:06:37:08 +0200] "POST /xmlrpc.php HTTP/1.1" 503 23911 "-" "WordPress.com; https://wordpress.com"
2405:201:c032:f084:29e7:fa1b:afb0:d744 - - [20/Jul/2026:06:37:19 +0200] "POST /xmlrpc.php HTTP/1.1" 503 23911 "-" "Jetpack by WordPress.com"
2405:201:c032:f084:29e7:fa1b:afb0:d744 - - [20/Jul/2026:06:37:29 +0200] "POST /xmlrpc.php HTTP/1.1" 503 23911 "-" "Jetpack/13.0; WordPress/6.1; http://site56325319.com"
2405:201:c032:f084:29e7:fa1b:afb0:d744 - - [20/Jul/2026:06:37:40 +0200] "POST /xmlrpc.php HTTP/1.1" 503 23911 "-" "Jetpack by WordPress.com (Jetpack 12.1; WordPress 6.4)"
2405:201:c032:f084:29e7:fa1b:afb0:d744 - - [20/Jul/2026:06:37:50 +0200] "POST /xmlrpc.php HTTP/1.1" 503 23911 "-" "Jetpack by WordPress.com (Jetpack 13.0; WordPress 6.3)"
2405:201:c032:f084:29e7:fa1b:afb0:d744 - - [20/Jul/2026:06:38:01 +0200] "POST /xmlrpc.php HTTP/1.1" 503 23911 "-" "Jetpack by WordPress.com"
2405:201:c032:f084:29e7:fa1b:afb0:d744 - - [20/Jul/2026:06:38:11 +0200] "POST /xmlrpc.php HTTP/1.1" 503 23911 "-" "Jetpack by WordPress.com (Jetpack 13.0; WordPress 6.2)"
2405:201:c032:f084:29e7:fa1b:afb0:d744 - - [20/Jul/2026:06:38:22 +0200] "POST /xmlrpc.php HTTP/1.1" 503 23911 "-" "Jetpack/12.1; WordPress/6.2; http://site62416550.com"
2405:201:c032:f084:29e7:fa1b:afb0:d744 - - [20/Jul/2026:06:38:32 +0200] "POST /xmlrpc.php HTTP/1.1" 503 23911 "-" "Jetpack by WordPress.com"
2405:201:c032:f084:29e7:fa1b:afb0:d744 - - [20/Jul/2026:06:38:43 +0200] "POST /xmlrpc.php HTTP/1.1" 503 23911 "-" "Jetpack by WordPress.com"
2405:201:c032:f084:29e7:fa1b:afb0:d744 - - [20/Jul/2026:06:38:53 +0200] "POST /xmlrpc.php HTTP/1.1" 503 23911 "-" "Jetpack by WordPress.com (Jetpack 12.1; WordPress 6.3)"
2405:201:c032:f084:29e7:fa1b:afb0:d744 - - [20/Jul/2026:06:39:04 +0200] "POST /xmlrpc.php HTTP/1.1" 503 23911 "-" "Jetpack/12.5; WordPress/6.4; http://site68058866.com"
2405:201:c032:f084:29e7:fa1b:afb0:d744 - - [20/Jul/2026:06:39:14 +0200] "POST /xmlrpc.php HTTP/1.1" 503 23911 "-" "WordPress.com; https://wordpress.com"
2405:201:c032:f084:29e7:fa1b:afb0:d744 - - [20/Jul/2026:06:39:25 +0200] "POST /xmlrpc.php HTTP/1.1" 503 23911 "-" "WordPress.com; https://wordpress.com"
2405:201:c032:f084:29e7:fa1b:afb0:d744 - - [20/Jul/2026:06:39:35 +0200] "POST /xmlrpc.php HTTP/1.1" 503 23911 "-" "Jetpack by WordPress.com"
2405:201:c032:f084:29e7:fa1b:afb0:d744 - - [20/Jul/2026:06:39:46 +0200] "POST /xmlrpc.php HTTP/1.1" 503 23911 "-" "Jetpack/12.5; WordPress/6.4; http://site68535790.com"
2001:1690:2:4::1:118 - - [20/Jul/2026:06:39:56 +0200] "POST /wp-cron.php?doing_wp_cron=1784522396.8166890144348144531250 HTTP/1.1" 200 5532 "-" "WordPress/6.9.5; https://cso-deprinsenhof.nl"
2001:1690:2:4::1:118 - - [20/Jul/2026:06:39:56 +0200] "POST /?wordfence_syncAttackData=1784522396.619 HTTP/1.1" 200 5474 "-" "WordPress/6.9.5; https://cso-deprinsenhof.nl"
2405:201:c032:f084:29e7:fa1b:afb0:d744 - - [20/Jul/2026:06:39:56 +0200] "POST /xmlrpc.php HTTP/1.1" 503 24986 "-" "WordPress.com; https://wordpress.com"
2405:201:c032:f084:29e7:fa1b:afb0:d744 - - [20/Jul/2026:06:40:07 +0200] "POST /xmlrpc.php HTTP/1.1" 503 23911 "-" "Jetpack by WordPress.com (Jetpack 12.0; WordPress 6.1)"
2405:201:c032:f084:29e7:fa1b:afb0:d744 - - [20/Jul/2026:06:40:17 +0200] "POST /xmlrpc.php HTTP/1.1" 503 23911 "-" "Jetpack by WordPress.com"
2405:201:c032:f084:29e7:fa1b:afb0:d744 - - [20/Jul/2026:06:40:28 +0200] "POST /xmlrpc.php HTTP/1.1" 503 23911 "-" "Jetpack by WordPress.com (Jetpack 12.1; WordPress 6.1)"
2405:201:c032:f084:29e7:fa1b:afb0:d744 - - [20/Jul/2026:06:40:38 +0200] "POST /xmlrpc.php HTTP/1.1" 503 23911 "-" "Jetpack by WordPress.com (Jetpack 13.0; WordPress 6.3)"
2405:201:c032:f084:29e7:fa1b:afb0:d744 - - [20/Jul/2026:06:40:49 +0200] "POST /xmlrpc.php HTTP/1.1" 503 23911 "-" "Jetpack by WordPress.com (Jetpack 12.1; WordPress 6.3)"
2405:201:c032:f084:29e7:fa1b:afb0:d744 - - [20/Jul/2026:06:40:59 +0200] "POST /xmlrpc.php HTTP/1.1" 503 23911 "-" "WordPress.com; https://wordpress.com"
2405:201:c032:f084:29e7:fa1b:afb0:d744 - - [20/Jul/2026:06:41:10 +0200] "POST /xmlrpc.php HTTP/1.1" 503 23911 "-" "WordPress.com; https://wordpress.com"
2405:201:c032:f084:29e7:fa1b:afb0:d744 - - [20/Jul/2026:06:41:20 +0200] "POST /xmlrpc.php HTTP/1.1" 503 23911 "-" "Jetpack/13.0; WordPress/6.4; http://site38406457.com"
2405:201:c032:f084:29e7:fa1b:afb0:d744 - - [20/Jul/2026:06:41:31 +0200] "POST /xmlrpc.php HTTP/1.1" 503 23911 "-" "Jetpack by WordPress.com"
2405:201:c032:f084:29e7:fa1b:afb0:d744 - - [20/Jul/2026:06:41:41 +0200] "POST /xmlrpc.php HTTP/1.1" 503 23911 "-" "Jetpack by WordPress.com (Jetpack 12.0; WordPress 6.3)"
2405:201:c032:f084:29e7:fa1b:afb0:d744 - - [20/Jul/2026:06:41:52 +0200] "POST /xmlrpc.php HTTP/1.1" 503 23911 "-" "WordPress.com; https://wordpress.com"
2405:201:c032:f084:29e7:fa1b:afb0:d744 - - [20/Jul/2026:06:42:02 +0200] "POST /xmlrpc.php HTTP/1.1" 503 23911 "-" "Jetpack/12.0; WordPress/6.3; http://site43952215.com"
2405:201:c032:f084:29e7:fa1b:afb0:d744 - - [20/Jul/2026:06:42:13 +0200] "POST /xmlrpc.php HTTP/1.1" 503 23911 "-" "Jetpack/12.0; WordPress/6.1; http://site11682235.com"
2405:201:c032:f084:29e7:fa1b:afb0:d744 - - [20/Jul/2026:06:42:23 +0200] "POST /xmlrpc.php HTTP/1.1" 503 23911 "-" "WordPress.com; https://wordpress.com"
2405:201:c032:f084:29e7:fa1b:afb0:d744 - - [20/Jul/2026:06:42:34 +0200] "POST /xmlrpc.php HTTP/1.1" 503 23911 "-" "WordPress.com; https://wordpress.com"
2405:201:c032:f084:29e7:fa1b:afb0:d744 - - [20/Jul/2026:06:42:44 +0200] "POST /xmlrpc.php HTTP/1.1" 503 23911 "-" "Jetpack/13.0; WordPress/6.1; http://site79757435.com"
2405:201:c032:f084:29e7:fa1b:afb0:d744 - - [20/Jul/2026:06:42:55 +0200] "POST /xmlrpc.php HTTP/1.1" 503 23911 "-" "WordPress.com; https://wordpress.com"
2405:201:c032:f084:29e7:fa1b:afb0:d744 - - [20/Jul/2026:06:43:05 +0200] "POST /xmlrpc.php HTTP/1.1" 503 23911 "-" "Jetpack by WordPress.com"
2001:1690:2:4::1:118 - - [20/Jul/2026:06:43:09 +0200] "POST /wp-cron.php?doing_wp_cron=1784522589.3502690792083740234375 HTTP/1.1" 200 5532 "-" "WordPress/6.9.5; https://cso-deprinsenhof.nl"
2001:1690:2:4::1:118 - - [20/Jul/2026:06:43:09 +0200] "POST /?wordfence_syncAttackData=1784522589.1373 HTTP/1.1" 200 5474 "-" "WordPress/6.9.5; https://cso-deprinsenhof.nl"
216.73.216.245 - - [20/Jul/2026:06:43:09 +0200] "GET /robots.txt HTTP/1.1" 200 5740 "-" "Mozilla/5.0 AppleWebKit/537.36 (KHTML, like Gecko; compatible; ClaudeBot/1.0; +claudebot@anthropic.com)"
216.73.216.245 - - [20/Jul/2026:06:43:09 +0200] "GET /sitemap_index.xml HTTP/1.1" 200 6042 "-" "Mozilla/5.0 AppleWebKit/537.36 (KHTML, like Gecko; compatible; ClaudeBot/1.0; +claudebot@anthropic.com)"
2405:201:c032:f084:29e7:fa1b:afb0:d744 - - [20/Jul/2026:06:43:16 +0200] "POST /xmlrpc.php HTTP/1.1" 503 23911 "-" "Jetpack by WordPress.com"
2405:201:c032:f084:29e7:fa1b:afb0:d744 - - [20/Jul/2026:06:43:26 +0200] "POST /xmlrpc.php HTTP/1.1" 503 23911 "-" "WordPress.com; https://wordpress.com"
2405:201:c032:f084:29e7:fa1b:afb0:d744 - - [20/Jul/2026:06:43:37 +0200] "POST /xmlrpc.php HTTP/1.1" 503 23911 "-" "Jetpack by WordPress.com"
2405:201:c032:f084:29e7:fa1b:afb0:d744 - - [20/Jul/2026:06:43:47 +0200] "POST /xmlrpc.php HTTP/1.1" 503 23911 "-" "Jetpack/12.1; WordPress/6.3; http://site82108083.com"
2405:201:c032:f084:29e7:fa1b:afb0:d744 - - [20/Jul/2026:06:43:57 +0200] "POST /xmlrpc.php HTTP/1.1" 503 23911 "-" "Jetpack/12.1; WordPress/6.1; http://site79600071.com"
2405:201:c032:f084:29e7:fa1b:afb0:d744 - - [20/Jul/2026:06:44:08 +0200] "POST /xmlrpc.php HTTP/1.1" 503 23911 "-" "WordPress.com; https://wordpress.com"
2405:201:c032:f084:29e7:fa1b:afb0:d744 - - [20/Jul/2026:06:44:18 +0200] "POST /xmlrpc.php HTTP/1.1" 503 23911 "-" "Jetpack by WordPress.com (Jetpack 12.1; WordPress 6.2)"
2405:201:c032:f084:29e7:fa1b:afb0:d744 - - [20/Jul/2026:06:44:29 +0200] "POST /xmlrpc.php HTTP/1.1" 503 23911 "-" "Jetpack by WordPress.com (Jetpack 12.0; WordPress 6.2)"
2405:201:c032:f084:29e7:fa1b:afb0:d744 - - [20/Jul/2026:06:44:39 +0200] "POST /xmlrpc.php HTTP/1.1" 503 23911 "-" "Jetpack by WordPress.com (Jetpack 13.0; WordPress 6.4)"
2405:201:c032:f084:29e7:fa1b:afb0:d744 - - [20/Jul/2026:06:44:50 +0200] "POST /xmlrpc.php HTTP/1.1" 503 23911 "-" "Jetpack by WordPress.com (Jetpack 12.5; WordPress 6.3)"
2405:201:c032:f084:29e7:fa1b:afb0:d744 - - [20/Jul/2026:06:45:00 +0200] "POST /xmlrpc.php HTTP/1.1" 503 23911 "-" "WordPress.com; https://wordpress.com"
2405:201:c032:f084:29e7:fa1b:afb0:d744 - - [20/Jul/2026:06:45:11 +0200] "POST /xmlrpc.php HTTP/1.1" 503 23911 "-" "WordPress.com; https://wordpress.com"
2405:201:c032:f084:29e7:fa1b:afb0:d744 - - [20/Jul/2026:06:45:21 +0200] "POST /xmlrpc.php HTTP/1.1" 503 23911 "-" "Jetpack by WordPress.com"
2405:201:c032:f084:29e7:fa1b:afb0:d744 - - [20/Jul/2026:06:45:32 +0200] "POST /xmlrpc.php HTTP/1.1" 503 23911 "-" "Jetpack/12.1; WordPress/6.4; http://site47922156.com"
2405:201:c032:f084:29e7:fa1b:afb0:d744 - - [20/Jul/2026:06:45:42 +0200] "POST /xmlrpc.php HTTP/1.1" 503 23911 "-" "Jetpack by WordPress.com"
2405:201:c032:f084:29e7:fa1b:afb0:d744 - - [20/Jul/2026:06:45:53 +0200] "POST /xmlrpc.php HTTP/1.1" 503 23911 "-" "Jetpack by WordPress.com"
2405:201:c032:f084:29e7:fa1b:afb0:d744 - - [20/Jul/2026:06:46:04 +0200] "POST /xmlrpc.php HTTP/1.1" 503 23911 "-" "Jetpack/12.0; WordPress/6.1; http://site46831001.com"
2405:201:c032:f084:29e7:fa1b:afb0:d744 - - [20/Jul/2026:06:46:14 +0200] "POST /xmlrpc.php HTTP/1.1" 503 23911 "-" "Jetpack by WordPress.com (Jetpack 13.0; WordPress 6.3)"
2405:201:c032:f084:29e7:fa1b:afb0:d744 - - [20/Jul/2026:06:46:25 +0200] "POST /xmlrpc.php HTTP/1.1" 503 23911 "-" "Jetpack by WordPress.com (Jetpack 12.0; WordPress 6.1)"
2405:201:c032:f084:29e7:fa1b:afb0:d744 - - [20/Jul/2026:06:46:35 +0200] "POST /xmlrpc.php HTTP/1.1" 503 23911 "-" "Jetpack/12.0; WordPress/6.1; http://site39482731.com"
2405:201:c032:f084:29e7:fa1b:afb0:d744 - - [20/Jul/2026:06:46:46 +0200] "POST /xmlrpc.php HTTP/1.1" 503 23911 "-" "Jetpack by WordPress.com (Jetpack 13.0; WordPress 6.2)"
2405:201:c032:f084:29e7:fa1b:afb0:d744 - - [20/Jul/2026:06:46:56 +0200] "POST /xmlrpc.php HTTP/1.1" 503 23911 "-" "Jetpack by WordPress.com"
2405:201:c032:f084:29e7:fa1b:afb0:d744 - - [20/Jul/2026:06:47:07 +0200] "POST /xmlrpc.php HTTP/1.1" 503 23911 "-" "Jetpack by WordPress.com (Jetpack 13.0; WordPress 6.1)"
2405:201:c032:f084:29e7:fa1b:afb0:d744 - - [20/Jul/2026:06:47:17 +0200] "POST /xmlrpc.php HTTP/1.1" 503 23911 "-" "Jetpack/13.0; WordPress/6.4; http://site10354627.com"
2405:201:c032:f084:29e7:fa1b:afb0:d744 - - [20/Jul/2026:06:47:27 +0200] "POST /xmlrpc.php HTTP/1.1" 503 23911 "-" "Jetpack by WordPress.com"
2405:201:c032:f084:29e7:fa1b:afb0:d744 - - [20/Jul/2026:06:47:38 +0200] "POST /xmlrpc.php HTTP/1.1" 503 23911 "-" "Jetpack by WordPress.com"
2405:201:c032:f084:29e7:fa1b:afb0:d744 - - [20/Jul/2026:06:47:48 +0200] "POST /xmlrpc.php HTTP/1.1" 503 23911 "-" "WordPress.com; https://wordpress.com"
2405:201:c032:f084:29e7:fa1b:afb0:d744 - - [20/Jul/2026:06:47:59 +0200] "POST /xmlrpc.php HTTP/1.1" 503 23911 "-" "Jetpack by WordPress.com (Jetpack 12.5; WordPress 6.4)"
2405:201:c032:f084:29e7:fa1b:afb0:d744 - - [20/Jul/2026:06:48:09 +0200] "POST /xmlrpc.php HTTP/1.1" 503 23911 "-" "Jetpack/12.1; WordPress/6.4; http://site90191441.com"
2405:201:c032:f084:29e7:fa1b:afb0:d744 - - [20/Jul/2026:06:48:20 +0200] "POST /xmlrpc.php HTTP/1.1" 503 23911 "-" "Jetpack by WordPress.com"
2405:201:c032:f084:29e7:fa1b:afb0:d744 - - [20/Jul/2026:06:48:30 +0200] "POST /xmlrpc.php HTTP/1.1" 503 23911 "-" "Jetpack by WordPress.com (Jetpack 13.0; WordPress 6.2)"
2405:201:c032:f084:29e7:fa1b:afb0:d744 - - [20/Jul/2026:06:48:41 +0200] "POST /xmlrpc.php HTTP/1.1" 503 23911 "-" "Jetpack/12.1; WordPress/6.3; http://site42788240.com"
2405:201:c032:f084:29e7:fa1b:afb0:d744 - - [20/Jul/2026:06:48:52 +0200] "POST /xmlrpc.php HTTP/1.1" 503 23911 "-" "WordPress.com; https://wordpress.com"
2001:1690:2:4::1:118 - - [20/Jul/2026:06:48:55 +0200] "POST /wp-cron.php?doing_wp_cron=1784522935.1911399364471435546875 HTTP/1.1" 200 5532 "-" "WordPress/6.9.5; https://cso-deprinsenhof.nl"
2001:1690:2:4::1:118 - - [20/Jul/2026:06:48:54 +0200] "POST /?wordfence_syncAttackData=1784522934.9377 HTTP/1.1" 200 5474 "-" "WordPress/6.9.5; https://cso-deprinsenhof.nl"
2602:f9f3:0:2::2a2 - - [20/Jul/2026:06:48:54 +0200] "GET /wp-json/ HTTP/1.1" 200 258547 "-" "Mozilla/5.0 (Macintosh; Intel Mac OS X 10_11_6) AppleWebKit/605.1.15 (KHTML, like Gecko) Version/11.1.2 Safari/605.1.15"
2405:201:c032:f084:29e7:fa1b:afb0:d744 - - [20/Jul/2026:06:49:02 +0200] "POST /xmlrpc.php HTTP/1.1" 503 23911 "-" "Jetpack by WordPress.com (Jetpack 13.0; WordPress 6.3)"
2405:201:c032:f084:29e7:fa1b:afb0:d744 - - [20/Jul/2026:06:49:13 +0200] "POST /xmlrpc.php HTTP/1.1" 503 23911 "-" "Jetpack/13.0; WordPress/6.2; http://site36044837.com"
2405:201:c032:f084:29e7:fa1b:afb0:d744 - - [20/Jul/2026:06:49:23 +0200] "POST /xmlrpc.php HTTP/1.1" 503 23911 "-" "Jetpack by WordPress.com (Jetpack 12.5; WordPress 6.3)"
2405:201:c032:f084:29e7:fa1b:afb0:d744 - - [20/Jul/2026:06:49:34 +0200] "POST /xmlrpc.php HTTP/1.1" 503 23911 "-" "WordPress.com; https://wordpress.com"
2405:201:c032:f084:29e7:fa1b:afb0:d744 - - [20/Jul/2026:06:49:44 +0200] "POST /xmlrpc.php HTTP/1.1" 503 23911 "-" "Jetpack/13.0; WordPress/6.4; http://site35456502.com"
2405:201:c032:f084:29e7:fa1b:afb0:d744 - - [20/Jul/2026:06:49:55 +0200] "POST /xmlrpc.php HTTP/1.1" 503 23911 "-" "Jetpack/12.0; WordPress/6.1; http://site75411726.com"
2001:1690:2:4::1:118 - - [20/Jul/2026:06:50:05 +0200] "POST /wp-cron.php?doing_wp_cron=1784523005.7502501010894775390625 HTTP/1.1" 200 5532 "-" "WordPress/6.9.5; https://cso-deprinsenhof.nl"
2001:1690:2:4::1:118 - - [20/Jul/2026:06:50:05 +0200] "POST /?wordfence_syncAttackData=1784523005.5815 HTTP/1.1" 200 5474 "-" "WordPress/6.9.5; https://cso-deprinsenhof.nl"
2405:201:c032:f084:29e7:fa1b:afb0:d744 - - [20/Jul/2026:06:50:05 +0200] "POST /xmlrpc.php HTTP/1.1" 503 24986 "-" "Jetpack by WordPress.com"
2405:201:c032:f084:29e7:fa1b:afb0:d744 - - [20/Jul/2026:06:50:15 +0200] "POST /xmlrpc.php HTTP/1.1" 503 23911 "-" "Jetpack by WordPress.com (Jetpack 12.1; WordPress 6.4)"
2405:201:c032:f084:29e7:fa1b:afb0:d744 - - [20/Jul/2026:06:50:26 +0200] "POST /xmlrpc.php HTTP/1.1" 503 23911 "-" "Jetpack/13.0; WordPress/6.2; http://site28807059.com"
2405:201:c032:f084:29e7:fa1b:afb0:d744 - - [20/Jul/2026:06:50:36 +0200] "POST /xmlrpc.php HTTP/1.1" 503 23911 "-" "Jetpack by WordPress.com"
2405:201:c032:f084:29e7:fa1b:afb0:d744 - - [20/Jul/2026:06:50:47 +0200] "POST /xmlrpc.php HTTP/1.1" 503 23911 "-" "Jetpack by WordPress.com (Jetpack 12.0; WordPress 6.1)"
2405:201:c032:f084:29e7:fa1b:afb0:d744 - - [20/Jul/2026:06:50:57 +0200] "POST /xmlrpc.php HTTP/1.1" 503 23911 "-" "Jetpack by WordPress.com (Jetpack 12.0; WordPress 6.4)"
2405:201:c032:f084:29e7:fa1b:afb0:d744 - - [20/Jul/2026:06:51:08 +0200] "POST /xmlrpc.php HTTP/1.1" 503 23911 "-" "Jetpack/12.0; WordPress/6.1; http://site28916883.com"
2405:201:c032:f084:29e7:fa1b:afb0:d744 - - [20/Jul/2026:06:51:18 +0200] "POST /xmlrpc.php HTTP/1.1" 503 23911 "-" "Jetpack/12.5; WordPress/6.1; http://site29032359.com"
2001:1690:2:4::1:118 - - [20/Jul/2026:06:51:21 +0200] "POST /wp-cron.php?doing_wp_cron=1784523081.2735478878021240234375 HTTP/1.1" 200 5532 "-" "WordPress/6.9.5; https://cso-deprinsenhof.nl"
2001:1690:2:4::1:118 - - [20/Jul/2026:06:51:21 +0200] "POST /?wordfence_syncAttackData=1784523081.1122 HTTP/1.1" 200 5474 "-" "WordPress/6.9.5; https://cso-deprinsenhof.nl"
198.244.183.213 - - [20/Jul/2026:06:51:21 +0200] "GET /author/jsbdesign/ HTTP/1.1" 200 76467 "-" "Mozilla/5.0 (compatible; AhrefsBot/7.0; +http://ahrefs.com/robot/)"
2405:201:c032:f084:29e7:fa1b:afb0:d744 - - [20/Jul/2026:06:51:29 +0200] "POST /xmlrpc.php HTTP/1.1" 503 23911 "-" "WordPress.com; https://wordpress.com"
2405:201:c032:f084:29e7:fa1b:afb0:d744 - - [20/Jul/2026:06:51:39 +0200] "POST /xmlrpc.php HTTP/1.1" 503 23911 "-" "WordPress.com; https://wordpress.com"
2405:201:c032:f084:29e7:fa1b:afb0:d744 - - [20/Jul/2026:06:51:50 +0200] "POST /xmlrpc.php HTTP/1.1" 503 23911 "-" "Jetpack by WordPress.com"
2405:201:c032:f084:29e7:fa1b:afb0:d744 - - [20/Jul/2026:06:52:00 +0200] "POST /xmlrpc.php HTTP/1.1" 503 23911 "-" "Jetpack by WordPress.com (Jetpack 13.0; WordPress 6.3)"
2405:201:c032:f084:29e7:fa1b:afb0:d744 - - [20/Jul/2026:06:52:11 +0200] "POST /xmlrpc.php HTTP/1.1" 503 23911 "-" "WordPress.com; https://wordpress.com"
104.239.42.58 - - [20/Jul/2026:06:52:18 +0200] "GET / HTTP/1.1" 200 128070 "-" "Mozilla/5.0 (Macintosh; Intel Mac OS X 10_15_7) AppleWebKit/537.36 (KHTML, like Gecko) Chrome/146.0.0.0 Safari/537.36"
2405:201:c032:f084:29e7:fa1b:afb0:d744 - - [20/Jul/2026:06:52:21 +0200] "POST /xmlrpc.php HTTP/1.1" 503 23911 "-" "Jetpack by WordPress.com"
2405:201:c032:f084:29e7:fa1b:afb0:d744 - - [20/Jul/2026:06:52:32 +0200] "POST /xmlrpc.php HTTP/1.1" 503 23911 "-" "Jetpack/13.0; WordPress/6.1; http://site94349892.com"
2405:201:c032:f084:29e7:fa1b:afb0:d744 - - [20/Jul/2026:06:52:42 +0200] "POST /xmlrpc.php HTTP/1.1" 503 23911 "-" "WordPress.com; https://wordpress.com"
43.228.157.80 - - [20/Jul/2026:06:52:50 +0200] "POST /ALFA_DATA/alfacgiapi/perl.alfa HTTP/1.1" 403 22841 "www.google.com" "Mozlila/5.0 (Linux; Android 7.0; SM-G892A Bulid/NRD90M; wv) AppleWebKit/537.36 (KHTML, like Gecko) Version/4.0 Chrome/60.0.3112.107 Moblie Safari/537.36"
43.228.157.80 - - [20/Jul/2026:06:52:50 +0200] "GET / HTTP/1.1" 403 22841 "-" "Mozlila/5.0 (Linux; Android 7.0; SM-G892A Bulid/NRD90M; wv) AppleWebKit/537.36 (KHTML, like Gecko) Version/4.0 Chrome/60.0.3112.107 Moblie Safari/537.36"
43.228.157.80 - - [20/Jul/2026:06:52:50 +0200] "GET /wp-content/themes/seotheme/db.php?u HTTP/1.1" 403 22841 "www.google.com" "Mozlila/5.0 (Linux; Android 7.0; SM-G892A Bulid/NRD90M; wv) AppleWebKit/537.36 (KHTML, like Gecko) Version/4.0 Chrome/60.0.3112.107 Moblie Safari/537.36"
43.228.157.80 - - [20/Jul/2026:06:52:50 +0200] "POST /alfacgiapi/perl.alfa HTTP/1.1" 403 22841 "www.google.com" "Mozlila/5.0 (Linux; Android 7.0; SM-G892A Bulid/NRD90M; wv) AppleWebKit/537.36 (KHTML, like Gecko) Version/4.0 Chrome/60.0.3112.107 Moblie Safari/537.36"
43.228.157.80 - - [20/Jul/2026:06:52:50 +0200] "GET /wp-content/plugins/apikey/apikey.php?test=hello HTTP/1.1" 403 22841 "-" "Mozlila/5.0 (Linux; Android 7.0; SM-G892A Bulid/NRD90M; wv) AppleWebKit/537.36 (KHTML, like Gecko) Version/4.0 Chrome/60.0.3112.107 Moblie Safari/537.36"
43.228.157.80 - - [20/Jul/2026:06:52:50 +0200] "GET /wp-content/themes/seotheme/db.php?u HTTP/1.1" 403 22841 "www.google.com" "Mozlila/5.0 (Linux; Android 7.0; SM-G892A Bulid/NRD90M; wv) AppleWebKit/537.36 (KHTML, like Gecko) Version/4.0 Chrome/60.0.3112.107 Moblie Safari/537.36"
43.228.157.80 - - [20/Jul/2026:06:52:50 +0200] "GET /plugins/content/apismtp/apismtp.php?test=hello HTTP/1.1" 403 22841 "-" "Mozlila/5.0 (Linux; Android 7.0; SM-G892A Bulid/NRD90M; wv) AppleWebKit/537.36 (KHTML, like Gecko) Version/4.0 Chrome/60.0.3112.107 Moblie Safari/537.36"
43.228.157.80 - - [20/Jul/2026:06:52:50 +0200] "GET /wp-content/plugins/apikey/apikey.php.suspected?test=hello HTTP/1.1" 403 22841 "-" "Mozlila/5.0 (Linux; Android 7.0; SM-G892A Bulid/NRD90M; wv) AppleWebKit/537.36 (KHTML, like Gecko) Version/4.0 Chrome/60.0.3112.107 Moblie Safari/537.36"
43.228.157.80 - - [20/Jul/2026:06:52:50 +0200] "GET /plugins/content/apismtp/apismtp.php.suspected?test=hello HTTP/1.1" 403 22841 "-" "Mozlila/5.0 (Linux; Android 7.0; SM-G892A Bulid/NRD90M; wv) AppleWebKit/537.36 (KHTML, like Gecko) Version/4.0 Chrome/60.0.3112.107 Moblie Safari/537.36"
2001:1690:2:4::1:118 - - [20/Jul/2026:06:52:50 +0200] "POST /?wordfence_syncAttackData=1784523170.7141 HTTP/1.1" 200 5474 "-" "WordPress/6.9.5; https://cso-deprinsenhof.nl"
2001:1690:2:4::1:118 - - [20/Jul/2026:06:52:51 +0200] "POST /wp-cron.php?doing_wp_cron=1784523171.0356159210205078125000 HTTP/1.1" 200 5532 "-" "WordPress/6.9.5; https://cso-deprinsenhof.nl"
2001:1690:2:4::1:118 - - [20/Jul/2026:06:52:50 +0200] "POST /?wordfence_syncAttackData=1784523170.7133 HTTP/1.1" 200 5474 "-" "WordPress/6.9.5; https://cso-deprinsenhof.nl"
43.228.157.80 - - [20/Jul/2026:06:52:50 +0200] "GET /wp-content/plugins/fix/up.php HTTP/1.1" 404 83167 "-" "Mozilla/5.0 (Windows NT 10.0; Win64; x64) AppleWebKit/537.36 (KHTML, like Gecko) Chrome/85.0.4183.102 Safari/537.36"
43.228.157.80 - - [20/Jul/2026:06:52:50 +0200] "POST /wp-plain.php HTTP/1.1" 404 83185 "www.google.com" "Mozilla/5.0 (Linux; Android 7.0; SM-G892A Bulid/NRD90M; wv) AppleWebKit/537.36 (KHTML, like Gecko) Version/4.0 Chrome/60.0.3112.107 Moblie Safari/537.36"
43.228.157.80 - - [20/Jul/2026:06:52:51 +0200] "GET /ggjmlptu.php?Fox=d3wL7 HTTP/1.1" 404 83185 "www.google.com" "Mozilla/5.0 (Linux; Android 7.0; SM-G892A Bulid/NRD90M; wv) AppleWebKit/537.36 (KHTML, like Gecko) Version/4.0 Chrome/60.0.3112.107 Moblie Safari/537.36"
2405:201:c032:f084:29e7:fa1b:afb0:d744 - - [20/Jul/2026:06:52:53 +0200] "POST /xmlrpc.php HTTP/1.1" 503 23911 "-" "WordPress.com; https://wordpress.com"
2405:201:c032:f084:29e7:fa1b:afb0:d744 - - [20/Jul/2026:06:53:03 +0200] "POST /xmlrpc.php HTTP/1.1" 503 23911 "-" "Jetpack by WordPress.com"
2405:201:c032:f084:29e7:fa1b:afb0:d744 - - [20/Jul/2026:06:53:14 +0200] "POST /xmlrpc.php HTTP/1.1" 503 23911 "-" "WordPress.com; https://wordpress.com"
2405:201:c032:f084:29e7:fa1b:afb0:d744 - - [20/Jul/2026:06:53:24 +0200] "POST /xmlrpc.php HTTP/1.1" 503 23911 "-" "Jetpack by WordPress.com (Jetpack 12.0; WordPress 6.1)"
2405:201:c032:f084:29e7:fa1b:afb0:d744 - - [20/Jul/2026:06:53:35 +0200] "POST /xmlrpc.php HTTP/1.1" 503 23911 "-" "Jetpack by WordPress.com (Jetpack 12.5; WordPress 6.4)"
2405:201:c032:f084:29e7:fa1b:afb0:d744 - - [20/Jul/2026:06:53:46 +0200] "POST /xmlrpc.php HTTP/1.1" 503 23911 "-" "Jetpack by WordPress.com"
2405:201:c032:f084:29e7:fa1b:afb0:d744 - - [20/Jul/2026:06:53:56 +0200] "POST /xmlrpc.php HTTP/1.1" 503 23911 "-" "WordPress.com; https://wordpress.com"
2405:201:c032:f084:29e7:fa1b:afb0:d744 - - [20/Jul/2026:06:54:07 +0200] "POST /xmlrpc.php HTTP/1.1" 503 23911 "-" "Jetpack by WordPress.com"
2405:201:c032:f084:29e7:fa1b:afb0:d744 - - [20/Jul/2026:06:54:17 +0200] "POST /xmlrpc.php HTTP/1.1" 503 23911 "-" "WordPress.com; https://wordpress.com"
2405:201:c032:f084:29e7:fa1b:afb0:d744 - - [20/Jul/2026:06:54:27 +0200] "POST /xmlrpc.php HTTP/1.1" 503 23911 "-" "Jetpack by WordPress.com (Jetpack 12.0; WordPress 6.3)"
2405:201:c032:f084:29e7:fa1b:afb0:d744 - - [20/Jul/2026:06:54:38 +0200] "POST /xmlrpc.php HTTP/1.1" 503 23911 "-" "Jetpack by WordPress.com (Jetpack 12.1; WordPress 6.3)"
2405:201:c032:f084:29e7:fa1b:afb0:d744 - - [20/Jul/2026:06:54:48 +0200] "POST /xmlrpc.php HTTP/1.1" 503 23911 "-" "WordPress.com; https://wordpress.com"
2405:201:c032:f084:29e7:fa1b:afb0:d744 - - [20/Jul/2026:06:54:59 +0200] "POST /xmlrpc.php HTTP/1.1" 503 23911 "-" "Jetpack by WordPress.com"
2405:201:c032:f084:29e7:fa1b:afb0:d744 - - [20/Jul/2026:06:55:10 +0200] "POST /xmlrpc.php HTTP/1.1" 503 23911 "-" "WordPress.com; https://wordpress.com"
2405:201:c032:f084:29e7:fa1b:afb0:d744 - - [20/Jul/2026:06:55:20 +0200] "POST /xmlrpc.php HTTP/1.1" 503 23911 "-" "WordPress.com; https://wordpress.com"
2405:201:c032:f084:29e7:fa1b:afb0:d744 - - [20/Jul/2026:06:55:31 +0200] "POST /xmlrpc.php HTTP/1.1" 503 23911 "-" "Jetpack by WordPress.com (Jetpack 12.0; WordPress 6.2)"
2405:201:c032:f084:29e7:fa1b:afb0:d744 - - [20/Jul/2026:06:55:41 +0200] "POST /xmlrpc.php HTTP/1.1" 503 23911 "-" "Jetpack by WordPress.com (Jetpack 13.0; WordPress 6.1)"
2405:201:c032:f084:29e7:fa1b:afb0:d744 - - [20/Jul/2026:06:55:52 +0200] "POST /xmlrpc.php HTTP/1.1" 503 23911 "-" "Jetpack by WordPress.com (Jetpack 13.0; WordPress 6.4)"
2001:1690:2:4::1:118 - - [20/Jul/2026:07:00:40 +0200] "POST /wp-cron.php?doing_wp_cron=1784523640.2269270420074462890625 HTTP/1.1" 200 5532 "-" "WordPress/6.9.5; https://cso-deprinsenhof.nl"
2001:1690:2:4::1:118 - - [20/Jul/2026:07:00:39 +0200] "POST /?wordfence_syncAttackData=1784523639.9251 HTTP/1.1" 200 5474 "-" "WordPress/6.9.5; https://cso-deprinsenhof.nl"
2001:1690:2:4::1:118 - - [20/Jul/2026:07:00:40 +0200] "GET /wp-content/uploads/2025/07/boog-onder.svg HTTP/1.1" 200 6041 "-" "-"
2001:1690:2:4::1:118 - - [20/Jul/2026:07:00:39 +0200] "POST /?wordfence_syncAttackData=1784523639.9254 HTTP/1.1" 200 128112 "-" "WordPress/6.9.5; https://cso-deprinsenhof.nl"
216.244.66.233 - - [20/Jul/2026:07:00:39 +0200] "GET /robots.txt HTTP/1.1" 301 5530 "-" "Mozilla/5.0 (compatible; DotBot/1.2; +https://opensiteexplorer.org/dotbot; help@moz.com)"
216.244.66.233 - - [20/Jul/2026:07:00:39 +0200] "GET /robots.txt HTTP/1.1" 200 5740 "-" "Mozilla/5.0 (compatible; DotBot/1.2; +https://opensiteexplorer.org/dotbot; help@moz.com)"
2001:1690:2:4::1:118 - - [20/Jul/2026:07:03:29 +0200] "POST /wp-cron.php?doing_wp_cron=1784523809.0008909702301025390625 HTTP/1.1" 200 5532 "-" "WordPress/6.9.5; https://cso-deprinsenhof.nl"
216.244.66.233 - - [20/Jul/2026:07:03:28 +0200] "GET /comments/feed/ HTTP/1.1" 200 6358 "-" "Mozilla/5.0 (compatible; DotBot/1.2; +https://opensiteexplorer.org/dotbot; help@moz.com)"
216.244.66.233 - - [20/Jul/2026:07:03:48 +0200] "GET /ouders-verzorgers HTTP/1.1" 301 5538 "-" "Mozilla/5.0 (compatible; DotBot/1.2; +https://opensiteexplorer.org/dotbot; help@moz.com)"
2001:1690:2:4::1:118 - - [20/Jul/2026:07:04:37 +0200] "GET /wp-content/uploads/2025/07/boog-onder.svg HTTP/1.1" 200 6041 "-" "-"
2001:1690:2:4::1:118 - - [20/Jul/2026:07:04:37 +0200] "POST /wp-cron.php?doing_wp_cron=1784523877.8860559463500976562500 HTTP/1.1" 200 5532 "-" "WordPress/6.9.5; https://cso-deprinsenhof.nl"
216.244.66.233 - - [20/Jul/2026:07:04:37 +0200] "GET /onze-school/team/ HTTP/1.1" 200 117864 "-" "Mozilla/5.0 (compatible; DotBot/1.2; +https://opensiteexplorer.org/dotbot; help@moz.com)"
2001:1690:2:4::1:118 - - [20/Jul/2026:07:07:36 +0200] "POST /wp-cron.php?doing_wp_cron=1784524056.5978250503540039062500 HTTP/1.1" 200 5532 "-" "WordPress/6.9.5; https://cso-deprinsenhof.nl"
94.154.43.185 - - [20/Jul/2026:07:07:36 +0200] "GET /.env HTTP/1.1" 404 83152 "-" "Mozilla/5.0 (Windows NT 10.0; Win64; x64) AppleWebKit/537.36 (KHTML, like Gecko) Chrome/147.0.0.0 Safari/537.36"
2001:1690:2:4::1:118 - - [20/Jul/2026:07:22:00 +0200] "POST /wp-cron.php?doing_wp_cron=1784524920.5355889797210693359375 HTTP/1.1" 200 5532 "-" "WordPress/6.9.5; https://cso-deprinsenhof.nl"
72.167.132.114 - - [20/Jul/2026:07:22:00 +0200] "GET /wp-login.php HTTP/1.1" 200 16807 "-" "Mozilla/5.0 (Windows NT 6.1; Win64; x64) AppleWebKit/537.36 (KHTML, like Gecko) Chrome/147.0.0.0 Safari/537.36"
72.167.132.114 - - [20/Jul/2026:07:22:00 +0200] "POST /wp-login.php HTTP/1.1" 503 25023 "https://cso-deprinsenhof.nl/wp-login.php" "Mozilla/5.0 (Windows NT 6.1; Win64; x64) AppleWebKit/537.36 (KHTML, like Gecko) Chrome/147.0.0.0 Safari/537.36"
2001:1690:2:4::1:118 - - [20/Jul/2026:07:26:43 +0200] "POST /wp-cron.php?doing_wp_cron=1784525203.8386809825897216796875 HTTP/1.1" 200 5532 "-" "WordPress/6.9.5; https://cso-deprinsenhof.nl"
52.205.141.124 - - [20/Jul/2026:07:26:43 +0200] "GET /wp-json/wp/v2/pages/265 HTTP/1.1" 200 29485 "-" "Mozilla/5.0 AppleWebKit/537.36 (KHTML, like Gecko; compatible; Amazonbot/0.1; +https://developer.amazon.com/support/amazonbot) Chrome/119.0.6045.214 Safari/537.36"
2001:1690:2:4::1:118 - - [20/Jul/2026:07:48:27 +0200] "POST /wp-cron.php?doing_wp_cron=1784526507.8977980613708496093750 HTTP/1.1" 200 5532 "-" "WordPress/6.9.5; https://cso-deprinsenhof.nl"
216.244.66.233 - - [20/Jul/2026:07:48:27 +0200] "GET /robots.txt HTTP/1.1" 301 5530 "-" "Mozilla/5.0 (compatible; DotBot/1.2; +https://opensiteexplorer.org/dotbot; help@moz.com)"
216.244.66.233 - - [20/Jul/2026:07:48:28 +0200] "GET /robots.txt HTTP/1.1" 200 5740 "-" "Mozilla/5.0 (compatible; DotBot/1.2; +https://opensiteexplorer.org/dotbot; help@moz.com)"
2001:1690:2:4::1:118 - - [20/Jul/2026:07:49:33 +0200] "GET /wp-content/uploads/2025/07/boog-onder.svg HTTP/1.1" 200 6041 "-" "-"
183.81.169.76 - - [20/Jul/2026:07:49:33 +0200] "GET / HTTP/1.1" 200 128247 "-" "Mozilla/5.0 (Windows NT 10.0; Win64; x64) AppleWebKit/537.36 (KHTML, like Gecko) Chrome/147.0.0.0 Safari/537.36"
183.81.169.76 - - [20/Jul/2026:07:49:34 +0200] "GET /installer.php HTTP/1.1" 404 83167 "-" "Mozilla/5.0 (Windows NT 10.0; Win64; x64; rv:147.0) Gecko/20100101 Firefox/147.0"
183.81.169.76 - - [20/Jul/2026:07:49:34 +0200] "GET /wordpress/ HTTP/1.1" 404 83167 "-" "Mozilla/5.0 (X11; Fedora; Linux x86_64; rv:148.0) Gecko/20100101 Firefox/148.0"
183.81.169.76 - - [20/Jul/2026:07:49:35 +0200] "GET /old/ HTTP/1.1" 404 83167 "-" "Mozilla/5.0 (X11; Arch Linux; Linux x86_64; rv:149.0) Gecko/20100101 Firefox/149.0"
183.81.169.76 - - [20/Jul/2026:07:49:35 +0200] "GET /wp-admin/install.php?step=1&language=en_US HTTP/1.1" 403 22841 "-" "Mozilla/5.0 (X11; Debian; Linux x86_64; rv:145.0) Gecko/20100101 Firefox/145.0"
183.81.169.76 - - [20/Jul/2026:07:49:36 +0200] "GET /wordpress/wp-admin/install.php?step=1&language=en_US HTTP/1.1" 403 22841 "-" "Mozilla/5.0 (X11; Debian; Linux x86_64; rv:145.0) Gecko/20100101 Firefox/145.0"
183.81.169.76 - - [20/Jul/2026:07:49:36 +0200] "GET /staging/wp-admin/install.php?step=1&language=en_US HTTP/1.1" 403 22841 "-" "Mozilla/5.0 (X11; Debian; Linux x86_64; rv:145.0) Gecko/20100101 Firefox/145.0"
183.81.169.76 - - [20/Jul/2026:07:49:36 +0200] "GET /demo/wp-admin/install.php?step=1&language=en_US HTTP/1.1" 403 22841 "-" "Mozilla/5.0 (X11; Debian; Linux x86_64; rv:145.0) Gecko/20100101 Firefox/145.0"
183.81.169.76 - - [20/Jul/2026:07:49:36 +0200] "GET /wp/wp-admin/install.php?step=1&language=en_US HTTP/1.1" 403 22841 "-" "Mozilla/5.0 (X11; Debian; Linux x86_64; rv:145.0) Gecko/20100101 Firefox/145.0"
2001:1690:2:4::1:118 - - [20/Jul/2026:07:50:38 +0200] "POST /?wordfence_syncAttackData=1784526638.2763 HTTP/1.1" 200 5474 "-" "WordPress/6.9.5; https://cso-deprinsenhof.nl"
51.89.129.196 - - [20/Jul/2026:07:50:38 +0200] "GET /sitemap_index.xml HTTP/1.1" 200 6042 "-" "Mozilla/5.0 (compatible; AhrefsBot/7.0; +http://ahrefs.com/robot/)"
198.244.183.27 - - [20/Jul/2026:07:50:39 +0200] "GET /page-sitemap.xml HTTP/1.1" 200 12155 "-" "Mozilla/5.0 (compatible; AhrefsBot/7.0; +http://ahrefs.com/robot/)"
51.195.244.164 - - [20/Jul/2026:07:50:40 +0200] "GET /fusion_tb_category-sitemap.xml HTTP/1.1" 200 6640 "-" "Mozilla/5.0 (compatible; AhrefsBot/7.0; +http://ahrefs.com/robot/)"
170.106.113.159 - - [20/Jul/2026:07:50:43 +0200] "GET / HTTP/1.1" 200 128070 "http://cso-deprinsenhof.nl" "Mozilla/5.0 (iPhone; CPU iPhone OS 13_2_3 like Mac OS X) AppleWebKit/605.1.15 (KHTML, like Gecko) Version/13.0.3 Mobile/15E148 Safari/604.1"
216.244.66.233 - - [20/Jul/2026:07:52:11 +0200] "GET /nieuwsbrieven/5c8b7cb251f7f11_Nieuwsbrief_8_maart_2019.docx.pdf HTTP/1.1" 301 5695 "-" "Mozilla/5.0 (compatible; DotBot/1.2; +https://opensiteexplorer.org/dotbot; help@moz.com)"
35.198.15.248 - - [20/Jul/2026:07:52:57 +0200] "GET / HTTP/1.1" 200 128070 "-" "Mozilla/5.0 (Windows NT 10.0; Win64; x64) AppleWebKit/537.36 (KHTML, like Gecko) Brave Chrome/150.0.0.0 Safari/537.36"
35.198.15.248 - - [20/Jul/2026:07:52:59 +0200] "GET /.aws/credentials HTTP/1.1" 404 83137 "-" "Mozilla/5.0 AppleWebKit/537.36 (KHTML, like Gecko); compatible; PerplexityBot/1.0; +https://perplexity.ai/perplexitybot"
35.198.15.248 - - [20/Jul/2026:07:53:01 +0200] "GET /.gitlab-ci.yml HTTP/1.1" 404 83167 "-" "Mozilla/5.0 AppleWebKit/537.36 (KHTML, like Gecko); compatible; Perplexity-User/1.0; +https://perplexity.ai/perplexity-user"
35.198.15.248 - - [20/Jul/2026:07:53:01 +0200] "GET /.gitconfig HTTP/1.1" 404 83137 "-" "meta-externalagent/1.1 (+https://developers.facebook.com/docs/sharing/webmasters/crawler)"
35.198.15.248 - - [20/Jul/2026:07:53:01 +0200] "GET /wp-json HTTP/1.1" 200 258524 "-" "Mozilla/5.0 (compatible; Diffbot/1.0; +https://diffbot.com)"
35.198.15.248 - - [20/Jul/2026:07:53:01 +0200] "GET /z9x8c7v6b5-debug-trigger-cso-deprinsenhof.nl HTTP/1.1" 404 83167 "-" "Mozilla/5.0 AppleWebKit/537.36 (KHTML, like Gecko); compatible; Claude-User/1.0; +mailto:support@anthropic.com"
35.198.15.248 - - [20/Jul/2026:07:53:02 +0200] "GET /.git/HEAD HTTP/1.1" 404 83137 "-" "Mozilla/5.0 AppleWebKit/537.36 (KHTML, like Gecko); compatible; OAI-SearchBot/1.0; +https://openai.com/searchbot"
35.198.15.248 - - [20/Jul/2026:07:53:02 +0200] "GET /.aws/config HTTP/1.1" 404 83137 "-" "Mozilla/5.0 (compatible; Applebot/0.1; +http://www.apple.com/go/applebot)"
35.198.15.248 - - [20/Jul/2026:07:53:02 +0200] "GET /webpack-stats.json HTTP/1.1" 404 83167 "-" "Mozilla/5.0 (Macintosh; Intel Mac OS X 10.15; rv:152.0) Gecko/20100101 Firefox/152.0"
35.198.15.248 - - [20/Jul/2026:07:53:02 +0200] "GET /.github/workflows/deploy.yml HTTP/1.1" 404 83137 "-" "Mozilla/5.0 AppleWebKit/537.36 (KHTML, like Gecko; compatible; GPTBot/1.3; +https://openai.com/gptbot)"
35.198.15.248 - - [20/Jul/2026:07:53:02 +0200] "GET /.git-credentials HTTP/1.1" 404 83137 "-" "Mozilla/5.0 (compatible; Applebot-Extended/0.1; +http://www.apple.com/go/applebot)"
35.198.15.248 - - [20/Jul/2026:07:53:02 +0200] "GET /.env HTTP/1.1" 404 83137 "-" "Mozilla/5.0 (compatible; Applebot/0.1; +http://www.apple.com/go/applebot)"
35.198.15.248 - - [20/Jul/2026:07:53:02 +0200] "GET /rclone.conf HTTP/1.1" 404 83167 "-" "anthropic-ai"
35.198.15.248 - - [20/Jul/2026:07:53:02 +0200] "GET /.git/config HTTP/1.1" 404 83137 "-" "Mozilla/5.0 (compatible; Amzn-SearchBot/1.0; +https://developer.amazon.com/support/amazonbot)"
35.198.15.248 - - [20/Jul/2026:07:53:03 +0200] "GET /.env.production HTTP/1.1" 404 83167 "-" "Mozilla/5.0 AppleWebKit/537.36 (KHTML, like Gecko); compatible; Perplexity-User/1.0; +https://perplexity.ai/perplexity-user"
35.198.15.248 - - [20/Jul/2026:07:53:03 +0200] "GET /.env.local HTTP/1.1" 404 83167 "-" "Mozilla/5.0 AppleWebKit/537.36 (KHTML, like Gecko); compatible; Claude-User/1.0; +mailto:support@anthropic.com"
35.198.15.248 - - [20/Jul/2026:07:53:02 +0200] "GET /.env.example HTTP/1.1" 404 83137 "-" "Mozilla/5.0 (compatible; Googlebot/2.1; +http://www.google.com/bot.html)"
35.198.15.248 - - [20/Jul/2026:07:53:03 +0200] "GET /.env.backup HTTP/1.1" 404 83167 "-" "anthropic-ai"
35.198.15.248 - - [20/Jul/2026:07:53:04 +0200] "POST /graphql HTTP/1.1" 404 83167 "-" "Go-http-client/1.1"
35.198.15.248 - - [20/Jul/2026:07:53:04 +0200] "GET /.env.old HTTP/1.1" 404 83137 "-" "Mozilla/5.0 AppleWebKit/537.36 (KHTML, like Gecko); compatible; ClaudeBot/1.0; +mailto:support@anthropic.com"
35.198.15.248 - - [20/Jul/2026:07:53:04 +0200] "GET /api/.env HTTP/1.1" 404 83137 "-" "Mozilla/5.0 (compatible; Amzn-SearchBot/1.0; +https://developer.amazon.com/support/amazonbot)"
35.198.15.248 - - [20/Jul/2026:07:53:05 +0200] "GET /.env.bak HTTP/1.1" 404 83137 "-" "Mozilla/5.0 (compatible; Amzn-SearchBot/1.0; +https://developer.amazon.com/support/amazonbot)"
35.198.15.248 - - [20/Jul/2026:07:53:06 +0200] "GET /admin/.env HTTP/1.1" 404 83167 "-" "Mozilla/5.0 AppleWebKit/537.36 (KHTML, like Gecko); compatible; Perplexity-User/1.0; +https://perplexity.ai/perplexity-user"
35.198.15.248 - - [20/Jul/2026:07:53:06 +0200] "GET /backend/.env HTTP/1.1" 404 83137 "-" "CCBot/2.0 (https://commoncrawl.org/faq/)"
35.198.15.248 - - [20/Jul/2026:07:53:06 +0200] "POST /api/graphql HTTP/1.1" 404 83167 "-" "Go-http-client/1.1"
35.198.15.248 - - [20/Jul/2026:07:53:06 +0200] "GET /secrets.json HTTP/1.1" 404 83137 "-" "CCBot/2.0 (https://commoncrawl.org/faq/)"
35.198.15.248 - - [20/Jul/2026:07:53:06 +0200] "GET /config/.env HTTP/1.1" 404 83137 "-" "Mozilla/5.0 AppleWebKit/537.36 (KHTML, like Gecko); compatible; Claude-SearchBot/1.0; +mailto:support@anthropic.com"
35.198.15.248 - - [20/Jul/2026:07:53:06 +0200] "GET /serviceAccountKey.json HTTP/1.1" 404 83137 "-" "Mozilla/5.0 (compatible; Googlebot/2.1; +http://www.google.com/bot.html)"
35.198.15.248 - - [20/Jul/2026:07:53:07 +0200] "GET /credentials.json HTTP/1.1" 404 83137 "-" "Mozilla/5.0 (compatible; Bytespider; spider-feedback@bytedance.com)"
35.198.15.248 - - [20/Jul/2026:07:53:07 +0200] "GET /secrets.yml HTTP/1.1" 404 83167 "-" "anthropic-ai"
35.198.15.248 - - [20/Jul/2026:07:53:09 +0200] "GET /.htpasswd HTTP/1.1" 403 5626 "-" "Mozilla/5.0 AppleWebKit/537.36 (KHTML, like Gecko); compatible; PerplexityBot/1.0; +https://perplexity.ai/perplexitybot"
35.198.15.248 - - [20/Jul/2026:07:53:08 +0200] "GET /.boto HTTP/1.1" 404 83137 "-" "Mozilla/5.0 (compatible; Applebot-Extended/0.1; +http://www.apple.com/go/applebot)"
35.198.15.248 - - [20/Jul/2026:07:53:07 +0200] "GET /firebase-adminsdk.json HTTP/1.1" 404 83122 "-" "Mozilla/5.0 AppleWebKit/537.36 (KHTML, like Gecko); compatible; ClaudeBot/1.0; +mailto:support@anthropic.com"
35.198.15.248 - - [20/Jul/2026:07:53:08 +0200] "POST /v1/graphql HTTP/1.1" 404 83152 "-" "Go-http-client/1.1"
35.198.15.248 - - [20/Jul/2026:07:53:07 +0200] "GET /.docker/config.json HTTP/1.1" 404 83167 "-" "Mozilla/5.0 AppleWebKit/537.36 (KHTML, like Gecko); compatible; Claude-User/1.0; +mailto:support@anthropic.com"
35.198.15.248 - - [20/Jul/2026:07:53:07 +0200] "GET /service-account.json HTTP/1.1" 404 83122 "-" "Mozilla/5.0 (compatible; Amzn-SearchBot/1.0; +https://developer.amazon.com/support/amazonbot)"
35.198.15.248 - - [20/Jul/2026:07:53:07 +0200] "GET /key.json HTTP/1.1" 404 83137 "-" "Mozilla/5.0 AppleWebKit/537.36 (KHTML, like Gecko); compatible; ClaudeBot/1.0; +mailto:support@anthropic.com"
35.198.15.248 - - [20/Jul/2026:07:53:08 +0200] "GET /.npmrc HTTP/1.1" 404 83137 "-" "Mozilla/5.0 AppleWebKit/537.36 (KHTML, like Gecko; compatible; GPTBot/1.3; +https://openai.com/gptbot)"
35.198.15.248 - - [20/Jul/2026:07:53:08 +0200] "GET /.svn/entries HTTP/1.1" 404 83167 "-" "Mozilla/5.0 AppleWebKit/537.36 (KHTML, like Gecko); compatible; MistralAI-User/1.0"
35.198.15.248 - - [20/Jul/2026:07:53:08 +0200] "GET /terraform.tfstate HTTP/1.1" 404 83137 "-" "Mozilla/5.0 AppleWebKit/537.36 (KHTML, like Gecko); compatible; PerplexityBot/1.0; +https://perplexity.ai/perplexitybot"
35.198.15.248 - - [20/Jul/2026:07:53:08 +0200] "GET /.s3cfg HTTP/1.1" 404 83137 "-" "CCBot/2.0 (https://commoncrawl.org/faq/)"
35.198.15.248 - - [20/Jul/2026:07:53:09 +0200] "GET /docker-compose.yaml HTTP/1.1" 404 83167 "-" "anthropic-ai"
35.198.15.248 - - [20/Jul/2026:07:53:10 +0200] "GET /.vscode/launch.json HTTP/1.1" 404 83167 "-" "anthropic-ai"
35.198.15.248 - - [20/Jul/2026:07:53:11 +0200] "GET /.ssh/id_ecdsa HTTP/1.1" 404 79935 "-" "Mozilla/5.0 AppleWebKit/537.36 (KHTML, like Gecko); compatible; PerplexityBot/1.0; +https://perplexity.ai/perplexitybot"
35.198.15.248 - - [20/Jul/2026:07:53:11 +0200] "GET /.ssh/id_dsa HTTP/1.1" 404 79935 "-" "Mozilla/5.0 AppleWebKit/537.36 (KHTML, like Gecko); compatible; Claude-SearchBot/1.0; +mailto:support@anthropic.com"
35.198.15.248 - - [20/Jul/2026:07:53:11 +0200] "GET /.ssh/id_rsa HTTP/1.1" 404 79935 "-" "meta-externalagent/1.1 (+https://developers.facebook.com/docs/sharing/webmasters/crawler)"
35.198.15.248 - - [20/Jul/2026:07:53:11 +0200] "GET /.ssh/authorized_keys HTTP/1.1" 404 79935 "-" "Mozilla/5.0 AppleWebKit/537.36 (KHTML, like Gecko); compatible; OAI-SearchBot/1.0; +https://openai.com/searchbot"
35.198.15.248 - - [20/Jul/2026:07:53:11 +0200] "GET /.ssh/id_ed25519 HTTP/1.1" 404 79935 "-" "Mozilla/5.0 (compatible; Applebot/0.1; +http://www.apple.com/go/applebot)"
35.198.15.248 - - [20/Jul/2026:07:53:12 +0200] "GET /wp-content/uploads/fusion-scripts/409f3d9b6ae5a62f1c2d4456e7952c90.min.js?ver=3.14.2 HTTP/1.1" 200 5591 "-" "Mozilla/5.0 (Windows NT 10.0; Win64; x64; rv:128.0) Gecko/20100101 Firefox/128.0"
35.198.15.248 - - [20/Jul/2026:07:53:12 +0200] "GET /wp-includes/js/jquery/jquery.min.js?ver=3.7.1 HTTP/1.1" 200 5521 "-" "Mozilla/5.0 (Macintosh; Intel Mac OS X 10_15_7) AppleWebKit/605.1.15 (KHTML, like Gecko) Version/26.2 Safari/605.1.15"
2001:1690:2:4::1:118 - - [20/Jul/2026:07:53:13 +0200] "GET /wp-content/uploads/2025/07/boog-onder.svg HTTP/1.1" 200 6041 "-" "-"
35.198.15.248 - - [20/Jul/2026:07:53:13 +0200] "GET /onze-school/ HTTP/1.1" 200 124318 "-" "Mozilla/5.0 (Windows NT 10.0; Win64; x64; rv:151.0) Gecko/20100101 Firefox/151.0"
35.198.15.248 - - [20/Jul/2026:07:53:15 +0200] "GET /ons-onderwijs/ HTTP/1.1" 200 102271 "-" "Mozilla/5.0 (Linux; Android 10; K) AppleWebKit/537.36 (KHTML, like Gecko) Chrome/150.0.0.0 Mobile Safari/537.36"
35.198.15.248 - - [20/Jul/2026:07:53:17 +0200] "GET /ouders-verzorgers/ HTTP/1.1" 200 117212 "-" "Mozilla/5.0 (Linux; Android 10; K) AppleWebKit/537.36 (KHTML, like Gecko) Chrome/149.0.0.0 Mobile Safari/537.36"
35.198.15.248 - - [20/Jul/2026:07:53:23 +0200] "GET /contact/ HTTP/1.1" 200 85589 "-" "Mozilla/5.0 (Windows NT 10.0; Win64; x64) AppleWebKit/537.36 (KHTML, like Gecko) Chrome/148.0.0.0 YaBrowser/26.6.0.0 Safari/537.36"
35.198.15.248 - - [20/Jul/2026:07:53:24 +0200] "GET /author/jsbdesign/ HTTP/1.1" 200 76641 "-" "Mozilla/5.0 (Macintosh; Intel Mac OS X 10_15_7) AppleWebKit/537.36 (KHTML, like Gecko) Chrome/150.0.0.0 Safari/537.36 Edg/150.0.0.0"
35.198.15.248 - - [20/Jul/2026:07:53:26 +0200] "GET /wp-content/uploads/fusion-scripts/fe16a7e9815beaee0d6daa830e467322.min.js?ver=3.14.2 HTTP/1.1" 200 5591 "-" "Mozilla/5.0 (Linux; Android 10; K) AppleWebKit/537.36 (KHTML, like Gecko) Chrome/149.0.0.0 Mobile Safari/537.36"
35.198.15.248 - - [20/Jul/2026:07:53:26 +0200] "GET /wp-content/uploads/fusion-scripts/747e0431434c69b818684b1a4ea6b073.min.js?ver=3.14.2 HTTP/1.1" 200 5591 "-" "Mozilla/5.0 (Linux; Android 14; V2309A) AppleWebKit/537.36 (KHTML, like Gecko) Chrome/149.0.0.0 Mobile Safari/537.36"
35.198.15.248 - - [20/Jul/2026:07:53:27 +0200] "GET /wp-content/uploads/fusion-scripts/8ed04216ed2bad05df3cd0a855b5b3cc.min.js?ver=3.14.2 HTTP/1.1" 200 5591 "-" "Mozilla/5.0 (Windows NT 10.0; Win64; x64) AppleWebKit/537.36 (KHTML, like Gecko) Brave Chrome/150.0.0.0 Safari/537.36"
216.244.66.233 - - [20/Jul/2026:07:54:55 +0200] "GET /resize/800/600/media/photoalbums/53/p1070829.JPG HTTP/1.1" 301 5680 "-" "Mozilla/5.0 (compatible; DotBot/1.2; +https://opensiteexplorer.org/dotbot; help@moz.com)"
216.244.66.233 - - [20/Jul/2026:07:55:04 +0200] "GET /resize/800/600/media/photoalbums/55/img9264.JPG HTTP/1.1" 301 5679 "-" "Mozilla/5.0 (compatible; DotBot/1.2; +https://opensiteexplorer.org/dotbot; help@moz.com)"
2001:1690:2:4::1:118 - - [20/Jul/2026:07:55:31 +0200] "GET /wp-content/uploads/2025/07/boog-onder.svg HTTP/1.1" 200 6041 "-" "-"
198.244.183.216 - - [20/Jul/2026:07:55:31 +0200] "GET /ons-onderwijs/begeleiding-en-ondersteuning/ HTTP/1.1" 200 94770 "-" "Mozilla/5.0 (compatible; AhrefsBot/7.0; +http://ahrefs.com/robot/)"
2001:1690:2:4::1:118 - - [20/Jul/2026:07:56:35 +0200] "POST /wp-cron.php?doing_wp_cron=1784526995.0874340534210205078125 HTTP/1.1" 200 5532 "-" "WordPress/6.9.5; https://cso-deprinsenhof.nl"
2a03:2880:f800:2d:: - - [20/Jul/2026:07:56:34 +0200] "GET /wp-json/wp/v2/pages/260 HTTP/1.1" 200 40074 "-" "Mozilla/5.0 (Windows NT 10.0; Win64; x64) AppleWebKit/537.36 (KHTML, like Gecko) Chrome/145.0.0.0 Safari/537.36 (compatible; meta-webindexer/1.1 (+https://developers.facebook.com/docs/sharing/webmasters/crawler))"
142.93.10.93 - - [20/Jul/2026:07:58:10 +0200] "POST /xmlrpc.php HTTP/1.1" 200 6066 "-" "Mozilla/5.0 (Windows NT 10.0; Win64; x64) AppleWebKit/537.36 (KHTML, like Gecko) Chrome/147.0.0.0 Safari/537.36"
2001:1690:2:4::1:118 - - [20/Jul/2026:08:04:40 +0200] "POST /wp-cron.php?doing_wp_cron=1784527480.4019830226898193359375 HTTP/1.1" 200 5532 "-" "WordPress/6.9.5; https://cso-deprinsenhof.nl"
34.241.161.26 - - [20/Jul/2026:08:04:40 +0200] "GET /robots.txt HTTP/1.1" 200 5770 "http://cso-deprinsenhof.nl/robots.txt" "Mozilla/5.0 (Macintosh; Intel Mac OS X 10_15_5) AppleWebKit/537.36 (KHTML, like Gecko) Chrome/83.0.4103.61 Safari/537.36"
34.241.161.26 - - [20/Jul/2026:08:04:45 +0200] "GET /sitemap_index.xml HTTP/1.1" 200 6072 "https://cso-deprinsenhof.nl/robots.txt" "Mozilla/5.0 (Macintosh; Intel Mac OS X 10_15_5) AppleWebKit/537.36 (KHTML, like Gecko) Chrome/83.0.4103.61 Safari/537.36"
34.241.161.26 - - [20/Jul/2026:08:04:54 +0200] "GET / HTTP/1.1" 200 128070 "http://cso-deprinsenhof.nl/" "Mozilla/5.0 (Macintosh; Intel Mac OS X 10_15_5) AppleWebKit/537.36 (KHTML, like Gecko) Chrome/83.0.4103.61 Safari/537.36"
2001:1690:2:4::1:118 - - [20/Jul/2026:08:04:58 +0200] "GET /wp-content/uploads/2025/07/boog-onder.svg HTTP/1.1" 200 6041 "-" "-"
34.241.161.26 - - [20/Jul/2026:08:04:58 +0200] "GET /vacatures/ HTTP/1.1" 200 87477 "https://cso-deprinsenhof.nl/" "Mozilla/5.0 (Macintosh; Intel Mac OS X 10_15_5) AppleWebKit/537.36 (KHTML, like Gecko) Chrome/83.0.4103.61 Safari/537.36"
34.241.161.26 - - [20/Jul/2026:08:05:02 +0200] "GET /vacatures/image/webp HTTP/1.1" 404 83167 "https://cso-deprinsenhof.nl/vacatures/" "Mozilla/5.0 (Macintosh; Intel Mac OS X 10_15_5) AppleWebKit/537.36 (KHTML, like Gecko) Chrome/83.0.4103.61 Safari/537.36"
34.241.161.26 - - [20/Jul/2026:08:05:06 +0200] "GET /wp-content/uploads/2026/06/Vacature-groepsleerkracht-Prinsenhof-zomer-2026.pdf HTTP/1.1" 200 5557 "https://cso-deprinsenhof.nl/vacatures/" "Mozilla/5.0 (Macintosh; Intel Mac OS X 10_15_5) AppleWebKit/537.36 (KHTML, like Gecko) Chrome/83.0.4103.61 Safari/537.36"
2001:1690:2:4::1:118 - - [20/Jul/2026:08:18:31 +0200] "POST /wp-cron.php?doing_wp_cron=1784528310.9935901165008544921875 HTTP/1.1" 200 5532 "-" "WordPress/6.9.5; https://cso-deprinsenhof.nl"
51.68.87.127 - - [20/Jul/2026:08:18:30 +0200] "GET /wp-login.php HTTP/1.1" 200 16807 "-" "Mozilla/5.0 (Linux; Android 14; Pixel 8 Pro) AppleWebKit/537.36 (KHTML, like Gecko) Chrome/147.0.0.0 Mobile Safari/537.36"
51.68.87.127 - - [20/Jul/2026:08:18:31 +0200] "POST /wp-login.php HTTP/1.1" 503 25023 "https://cso-deprinsenhof.nl/wp-login.php" "Mozilla/5.0 (Linux; Android 14; Pixel 8 Pro) AppleWebKit/537.36 (KHTML, like Gecko) Chrome/147.0.0.0 Mobile Safari/537.36"
2001:1690:2:4::1:118 - - [20/Jul/2026:08:27:14 +0200] "GET /wp-content/uploads/2025/07/boog-onder.svg HTTP/1.1" 200 6041 "-" "-"
2001:1690:2:4::1:118 - - [20/Jul/2026:08:27:14 +0200] "POST /wp-cron.php?doing_wp_cron=1784528834.9283599853515625000000 HTTP/1.1" 200 5532 "-" "WordPress/6.9.5; https://cso-deprinsenhof.nl"
20.191.45.212 - - [20/Jul/2026:08:27:14 +0200] "GET / HTTP/1.1" 200 128082 "http://cso-deprinsenhof.nl" "DuckDuckBot/1.1; (+http://duckduckgo.com/duckduckbot.html)"
20.191.45.212 - - [20/Jul/2026:08:27:15 +0200] "GET /wp-content/uploads/2025/07/de-Prinsenhof_favicon_64px.png HTTP/1.1" 200 5562 "-" "DuckDuckBot/1.1; (+http://duckduckgo.com/duckduckbot.html)"
43.165.7.132 - - [20/Jul/2026:08:28:27 +0200] "GET / HTTP/1.1" 301 5550 "http://www.cso-deprinsenhof.nl" "Mozilla/5.0 (iPhone; CPU iPhone OS 13_2_3 like Mac OS X) AppleWebKit/605.1.15 (KHTML, like Gecko) Version/13.0.3 Mobile/15E148 Safari/604.1"
2001:1690:2:4::1:118 - - [20/Jul/2026:08:28:28 +0200] "GET /wp-content/uploads/2025/07/boog-onder.svg HTTP/1.1" 200 6041 "-" "-"
43.165.7.132 - - [20/Jul/2026:08:28:28 +0200] "GET / HTTP/1.1" 200 128274 "https://www.cso-deprinsenhof.nl/" "Mozilla/5.0 (iPhone; CPU iPhone OS 13_2_3 like Mac OS X) AppleWebKit/605.1.15 (KHTML, like Gecko) Version/13.0.3 Mobile/15E148 Safari/604.1"
2001:1690:2:4::1:118 - - [20/Jul/2026:08:33:24 +0200] "POST /wp-cron.php?doing_wp_cron=1784529204.3059270381927490234375 HTTP/1.1" 200 5532 "-" "WordPress/6.9.5; https://cso-deprinsenhof.nl"
49.12.82.48 - - [20/Jul/2026:08:33:23 +0200] "POST /xmlrpc.php HTTP/1.1" 200 6066 "-" "Mozilla/5.0 (Windows NT 10.0; Win64; x64) AppleWebKit/537.36 (KHTML, like Gecko) Chrome/147.0.0.0 Safari/537.36"
216.244.66.233 - - [20/Jul/2026:08:36:49 +0200] "GET /robots.txt HTTP/1.1" 200 5740 "-" "Mozilla/5.0 (compatible; DotBot/1.2; +https://opensiteexplorer.org/dotbot; help@moz.com)"
216.244.66.233 - - [20/Jul/2026:08:36:49 +0200] "GET /robots.txt HTTP/1.1" 301 5530 "-" "Mozilla/5.0 (compatible; DotBot/1.2; +https://opensiteexplorer.org/dotbot; help@moz.com)"
