74.7.244.57 - - [20/Jul/2026:14:23:29 +0200] "GET /robots.txt HTTP/1.1" 200 5740 "https://www.cso-deprinsenhof.nl/robots.txt" "Mozilla/5.0 (Macintosh; Intel Mac OS X 10_15_7) AppleWebKit/537.36 (KHTML, like Gecko) Chrome/131.0.0.0 Safari/537.36; compatible; OAI-SearchBot/1.4; robots.txt; +https://openai.com/searchbot"
20.244.16.216 - - [20/Jul/2026:14:24:04 +0200] "GET /wp-admin/css/ HTTP/1.1" 403 5626 "binance.com" "Mozilla/5.0 (Windows NT 10.0; Win64; x64) AppleWebKit/537.36 (KHTML, like Gecko) Chrome/90.0.4430.85 Safari/537.36"
104.168.32.11 - - [20/Jul/2026:14:26:38 +0200] "GET / HTTP/1.1" 200 128088 "http://cso-deprinsenhof.nl" "Mozilla/5.0 (Windows NT 10.0; Win64; x64) AppleWebKit/537.36 (KHTML, like Gecko) Chrome/100.0.4896.127 Safari/537.36"
104.168.32.11 - - [20/Jul/2026:14:26:39 +0200] "GET / HTTP/1.1" 200 128088 "http://cso-deprinsenhof.nl" "Mozilla/5.0 (Windows NT 10.0; Win64; x64) AppleWebKit/537.36 (KHTML, like Gecko) Chrome/100.0.4896.127 Safari/537.36"
91.202.233.61 - - [20/Jul/2026:14:43:02 +0200] "GET / HTTP/1.1" 200 128088 "-" "Mozilla/5.0 (Windows NT 10.0; Win64; x64) AppleWebKit/537.36 (KHTML, like Gecko) Chrome/131.0.0.0 Safari/537.36"
2001:1690:2:4::1:118 - - [20/Jul/2026:14:43:03 +0200] "POST /wp-cron.php?doing_wp_cron=1784551383.1165580749511718750000 HTTP/1.1" 200 5532 "-" "WordPress/6.9.5; https://cso-deprinsenhof.nl"
91.202.233.61 - - [20/Jul/2026:14:43:02 +0200] "GET /wp-json/ HTTP/1.1" 200 258508 "-" "Mozilla/5.0 (Windows NT 10.0; Win64; x64) AppleWebKit/537.36 (KHTML, like Gecko) Chrome/131.0.0.0 Safari/537.36"
91.202.233.61 - - [20/Jul/2026:14:43:03 +0200] "GET /?rest_route=/ HTTP/1.1" 200 258547 "-" "Mozilla/5.0 (Windows NT 10.0; Win64; x64) AppleWebKit/537.36 (KHTML, like Gecko) Chrome/131.0.0.0 Safari/537.36"
91.202.233.61 - - [20/Jul/2026:14:43:03 +0200] "POST /?rest_route=/batch/v1 HTTP/1.1" 207 6472 "-" "Mozilla/5.0 (Windows NT 10.0; Win64; x64) AppleWebKit/537.36 (KHTML, like Gecko) Chrome/131.0.0.0 Safari/537.36"
2001:1690:2:4::1:118 - - [20/Jul/2026:14:51:12 +0200] "POST /wp-cron.php?doing_wp_cron=1784551872.0196220874786376953125 HTTP/1.1" 200 5532 "-" "WordPress/6.9.5; https://cso-deprinsenhof.nl"
216.244.66.233 - - [20/Jul/2026:14:51:11 +0200] "GET /robots.txt HTTP/1.1" 301 5530 "-" "Mozilla/5.0 (compatible; DotBot/1.2; +https://opensiteexplorer.org/dotbot; help@moz.com)"
216.244.66.233 - - [20/Jul/2026:14:51:12 +0200] "GET /robots.txt HTTP/1.1" 200 5740 "-" "Mozilla/5.0 (compatible; DotBot/1.2; +https://opensiteexplorer.org/dotbot; help@moz.com)"
2001:1690:2:4::1:118 - - [20/Jul/2026:14:54:10 +0200] "POST /wp-cron.php?doing_wp_cron=1784552050.4302880764007568359375 HTTP/1.1" 200 5532 "-" "WordPress/6.9.5; https://cso-deprinsenhof.nl"
85.208.96.208 - - [20/Jul/2026:14:54:10 +0200] "GET /robots.txt HTTP/1.1" 200 5740 "-" "Mozilla/5.0 (compatible; SemrushBot/7~bl; +http://www.semrush.com/bot.html)"
2001:1690:2:4::1:118 - - [20/Jul/2026:14:54:10 +0200] "GET /wp-content/uploads/2025/07/boog-onder.svg HTTP/1.1" 200 6041 "-" "-"
185.191.171.17 - - [20/Jul/2026:14:54:10 +0200] "GET /onze-school/team/ HTTP/1.1" 200 117873 "-" "Mozilla/5.0 (compatible; SemrushBot/7~bl; +http://www.semrush.com/bot.html)"
216.244.66.233 - - [20/Jul/2026:14:55:37 +0200] "GET /resize/800/600/media/photoalbums/53/p1070822.JPG HTTP/1.1" 301 5680 "-" "Mozilla/5.0 (compatible; DotBot/1.2; +https://opensiteexplorer.org/dotbot; help@moz.com)"
216.244.66.233 - - [20/Jul/2026:14:55:42 +0200] "GET /resize/800/600/media/photoalbums/53/p1070881.JPG HTTP/1.1" 301 5680 "-" "Mozilla/5.0 (compatible; DotBot/1.2; +https://opensiteexplorer.org/dotbot; help@moz.com)"
2001:1690:2:4::1:118 - - [20/Jul/2026:14:56:25 +0200] "GET /wp-content/uploads/2025/07/boog-onder.svg HTTP/1.1" 200 6041 "-" "-"
2a02:a446:fd8c:0:191:d059:20ce:18e5 - - [20/Jul/2026:14:56:25 +0200] "GET / HTTP/1.1" 200 128274 "-" "Mozilla/5.0 (iPhone; CPU iPhone OS 17_1_2 like Mac OS X) AppleWebKit/605.1.15 (KHTML, like Gecko) Version/17.1.2 Mobile/15E148 Safari/604.1"
2a02:a446:fd8c:0:191:d059:20ce:18e5 - - [20/Jul/2026:14:56:26 +0200] "GET /wp-content/uploads/fusion-styles/4dff08bfd85c24e6fc2e0df4059bb1a7.min.css?ver=3.14.2 HTTP/1.1" 200 5577 "https://cso-deprinsenhof.nl/" "Mozilla/5.0 (iPhone; CPU iPhone OS 17_1_2 like Mac OS X) AppleWebKit/605.1.15 (KHTML, like Gecko) Version/17.1.2 Mobile/15E148 Safari/604.1"
2a02:a446:fd8c:0:191:d059:20ce:18e5 - - [20/Jul/2026:14:56:26 +0200] "GET /wp-includes/js/jquery/jquery.min.js?ver=3.7.1 HTTP/1.1" 200 5521 "https://cso-deprinsenhof.nl/" "Mozilla/5.0 (iPhone; CPU iPhone OS 17_1_2 like Mac OS X) AppleWebKit/605.1.15 (KHTML, like Gecko) Version/17.1.2 Mobile/15E148 Safari/604.1"
2a02:a446:fd8c:0:191:d059:20ce:18e5 - - [20/Jul/2026:14:56:26 +0200] "GET /wp-content/uploads/fusion-scripts/409f3d9b6ae5a62f1c2d4456e7952c90.min.js?ver=3.14.2 HTTP/1.1" 200 5591 "https://cso-deprinsenhof.nl/" "Mozilla/5.0 (iPhone; CPU iPhone OS 17_1_2 like Mac OS X) AppleWebKit/605.1.15 (KHTML, like Gecko) Version/17.1.2 Mobile/15E148 Safari/604.1"
2a02:a446:fd8c:0:191:d059:20ce:18e5 - - [20/Jul/2026:14:56:26 +0200] "GET /wp-content/uploads/2025/07/Schermafbeelding-2020-06-19-om-12.45.32.png HTTP/1.1" 200 5575 "https://cso-deprinsenhof.nl/" "Mozilla/5.0 (iPhone; CPU iPhone OS 17_1_2 like Mac OS X) AppleWebKit/605.1.15 (KHTML, like Gecko) Version/17.1.2 Mobile/15E148 Safari/604.1"
2a02:a446:fd8c:0:191:d059:20ce:18e5 - - [20/Jul/2026:14:56:26 +0200] "GET /wp-content/themes/Avada/includes/lib/assets/fonts/fontawesome/webfonts/fa-solid-900.woff2 HTTP/1.1" 200 5595 "https://cso-deprinsenhof.nl/" "Mozilla/5.0 (iPhone; CPU iPhone OS 17_1_2 like Mac OS X) AppleWebKit/605.1.15 (KHTML, like Gecko) Version/17.1.2 Mobile/15E148 Safari/604.1"
2a02:a446:fd8c:0:191:d059:20ce:18e5 - - [20/Jul/2026:14:56:26 +0200] "GET /wp-content/themes/Avada/includes/lib/assets/fonts/fontawesome/webfonts/fa-regular-400.woff2 HTTP/1.1" 200 5597 "https://cso-deprinsenhof.nl/" "Mozilla/5.0 (iPhone; CPU iPhone OS 17_1_2 like Mac OS X) AppleWebKit/605.1.15 (KHTML, like Gecko) Version/17.1.2 Mobile/15E148 Safari/604.1"
49.51.52.250 - - [20/Jul/2026:14:57:34 +0200] "GET / HTTP/1.1" 200 128088 "http://cso-deprinsenhof.nl" "Mozilla/5.0 (iPhone; CPU iPhone OS 13_2_3 like Mac OS X) AppleWebKit/605.1.15 (KHTML, like Gecko) Version/13.0.3 Mobile/15E148 Safari/604.1"
2001:1690:2:4::1:118 - - [20/Jul/2026:15:05:07 +0200] "POST /wp-cron.php?doing_wp_cron=1784552707.6721699237823486328125 HTTP/1.1" 200 5532 "-" "WordPress/6.9.5; https://cso-deprinsenhof.nl"
216.73.216.245 - - [20/Jul/2026:15:05:07 +0200] "GET /robots.txt HTTP/1.1" 200 5740 "-" "Mozilla/5.0 AppleWebKit/537.36 (KHTML, like Gecko; compatible; ClaudeBot/1.0; +claudebot@anthropic.com)"
216.73.216.245 - - [20/Jul/2026:15:05:07 +0200] "GET /sitemap_index.xml HTTP/1.1" 200 6042 "-" "Mozilla/5.0 AppleWebKit/537.36 (KHTML, like Gecko; compatible; ClaudeBot/1.0; +claudebot@anthropic.com)"
2a01:4f9:c012:62a1::1 - - [20/Jul/2026:15:07:51 +0200] "GET / HTTP/1.1" 200 128088 "-" "Mozilla/5.0 (Windows NT 10.0; Win64; x64) AppleWebKit/537.36 (KHTML, like Gecko) Chrome/131.0.0.0 Safari/537.36"
2a01:4f9:c012:62a1::1 - - [20/Jul/2026:15:07:51 +0200] "GET /contact/ HTTP/1.1" 200 85589 "-" "Mozilla/5.0 (Windows NT 10.0; Win64; x64) AppleWebKit/537.36 (KHTML, like Gecko) Chrome/131.0.0.0 Safari/537.36"
2001:1690:2:4::1:118 - - [20/Jul/2026:15:07:52 +0200] "GET /wp-content/uploads/2025/07/boog-onder.svg HTTP/1.1" 200 6041 "-" "-"
2a01:4f9:c012:62a1::1 - - [20/Jul/2026:15:07:52 +0200] "GET /privacy/ HTTP/1.1" 200 89247 "-" "Mozilla/5.0 (Windows NT 10.0; Win64; x64) AppleWebKit/537.36 (KHTML, like Gecko) Chrome/131.0.0.0 Safari/537.36"
2001:1690:2:4::1:118 - - [20/Jul/2026:15:28:31 +0200] "GET /wp-content/uploads/2025/07/boog-onder.svg HTTP/1.1" 200 6041 "-" "-"
2001:1690:2:4::1:118 - - [20/Jul/2026:15:28:31 +0200] "POST /wp-cron.php?doing_wp_cron=1784554111.4946930408477783203125 HTTP/1.1" 200 5532 "-" "WordPress/6.9.5; https://cso-deprinsenhof.nl"
37.18.168.122 - - [20/Jul/2026:15:28:31 +0200] "GET / HTTP/1.1" 200 121305 "-" "Mozilla/5.0 (iPhone; CPU iPhone OS 18_7 like Mac OS X) AppleWebKit/605.1.15 (KHTML, like Gecko) Version/26.5.2 Mobile/15E148 Safari/604.1"
2001:1690:2:4::1:118 - - [20/Jul/2026:15:37:39 +0200] "POST /wp-cron.php?doing_wp_cron=1784554659.3560450077056884765625 HTTP/1.1" 200 5532 "-" "WordPress/6.9.5; https://cso-deprinsenhof.nl"
216.244.66.233 - - [20/Jul/2026:15:37:39 +0200] "GET /robots.txt HTTP/1.1" 301 5530 "-" "Mozilla/5.0 (compatible; DotBot/1.2; +https://opensiteexplorer.org/dotbot; help@moz.com)"
216.244.66.233 - - [20/Jul/2026:15:37:40 +0200] "GET /robots.txt HTTP/1.1" 200 5740 "-" "Mozilla/5.0 (compatible; DotBot/1.2; +https://opensiteexplorer.org/dotbot; help@moz.com)"
2001:1690:2:4::1:118 - - [20/Jul/2026:15:39:09 +0200] "POST /wp-cron.php?doing_wp_cron=1784554749.0139539241790771484375 HTTP/1.1" 200 5532 "-" "WordPress/6.9.5; https://cso-deprinsenhof.nl"
198.244.242.6 - - [20/Jul/2026:15:39:08 +0200] "GET /sitemap_index.xml HTTP/1.1" 200 6042 "-" "Mozilla/5.0 (compatible; AhrefsBot/7.0; +http://ahrefs.com/robot/)"
198.244.242.14 - - [20/Jul/2026:15:39:10 +0200] "GET /page-sitemap.xml HTTP/1.1" 200 12155 "-" "Mozilla/5.0 (compatible; AhrefsBot/7.0; +http://ahrefs.com/robot/)"
198.244.168.88 - - [20/Jul/2026:15:39:11 +0200] "GET /fusion_tb_category-sitemap.xml HTTP/1.1" 200 6640 "-" "Mozilla/5.0 (compatible; AhrefsBot/7.0; +http://ahrefs.com/robot/)"
43.153.62.161 - - [20/Jul/2026:15:40:41 +0200] "GET / HTTP/1.1" 301 5550 "http://www.cso-deprinsenhof.nl" "Mozilla/5.0 (iPhone; CPU iPhone OS 13_2_3 like Mac OS X) AppleWebKit/605.1.15 (KHTML, like Gecko) Version/13.0.3 Mobile/15E148 Safari/604.1"
43.153.62.161 - - [20/Jul/2026:15:40:43 +0200] "GET / HTTP/1.1" 200 127488 "https://www.cso-deprinsenhof.nl/" "Mozilla/5.0 (iPhone; CPU iPhone OS 13_2_3 like Mac OS X) AppleWebKit/605.1.15 (KHTML, like Gecko) Version/13.0.3 Mobile/15E148 Safari/604.1"
147.93.171.187 - - [20/Jul/2026:15:41:01 +0200] "GET /wp-admin/css/ HTTP/1.1" 403 5626 "binance.com" "Mozilla/5.0 (Windows NT 10.0; Win64; x64) AppleWebKit/537.36 (KHTML, like Gecko) Chrome/90.0.4430.85 Safari/537.36"
2001:1690:2:4::1:118 - - [20/Jul/2026:15:41:47 +0200] "POST /wp-cron.php?doing_wp_cron=1784554907.4271569252014160156250 HTTP/1.1" 200 5532 "-" "WordPress/6.9.5; https://cso-deprinsenhof.nl"
216.244.66.233 - - [20/Jul/2026:15:41:47 +0200] "GET /resize/800/600/media/photoalbums/53/p1070899.JPG HTTP/1.1" 301 5680 "-" "Mozilla/5.0 (compatible; DotBot/1.2; +https://opensiteexplorer.org/dotbot; help@moz.com)"
216.244.66.233 - - [20/Jul/2026:15:41:52 +0200] "GET /resize/800/600/media/photoalbums/55/img9110.JPG HTTP/1.1" 301 5679 "-" "Mozilla/5.0 (compatible; DotBot/1.2; +https://opensiteexplorer.org/dotbot; help@moz.com)"
216.244.66.233 - - [20/Jul/2026:15:42:59 +0200] "GET /%20 HTTP/1.1" 301 5632 "-" "Mozilla/5.0 (compatible; DotBot/1.2; +https://opensiteexplorer.org/dotbot; help@moz.com)"
2001:1690:2:4::1:118 - - [20/Jul/2026:15:46:05 +0200] "POST /wp-cron.php?doing_wp_cron=1784555165.8403489589691162109375 HTTP/1.1" 200 5532 "-" "WordPress/6.9.5; https://cso-deprinsenhof.nl"
216.24.212.77 - - [20/Jul/2026:15:46:05 +0200] "GET /wp-login.php HTTP/1.1" 200 16807 "-" "chrome|Mozilla/5.0 (Windows; U; Windows NT 6.1;) AppleWebKit/533.27 (KHTML, like Gecko) Chrome/48.0.3150.214 Safari/537"
216.24.212.77 - - [20/Jul/2026:15:46:06 +0200] "GET /?author=1 HTTP/1.1" 404 38923 "-" "Mozilla/5.0 (Linux; Android 11; SM-A115M Build/RP1A.200720.012; wv) AppleWebKit/537.36 (KHTML, like Gecko) Version/4.0 Chrome/123.0.6312.118 Mobile Safari/537.36 [FB_IAB/FB4A;FBAV/459.1.0.42.84;]"
216.24.212.77 - - [20/Jul/2026:15:46:07 +0200] "GET /?rest_route=/wp/v2/users HTTP/1.1" 401 5950 "-" "Mozilla/5.0 (Windows NT 6.1; Win64; x64) AppleWebKit/536.36 (KHTML, like Gecko) Chrome/67.2.3.4 Safari/536.36"
216.24.212.77 - - [20/Jul/2026:15:46:07 +0200] "GET /feed HTTP/1.1" 301 5653 "-" "Mozilla/5.0 (X11; U; Linux i686; ru-RU; rv:1.7.6) Gecko/20050318 Firefox/1.0.2"
216.24.212.77 - - [20/Jul/2026:15:46:07 +0200] "GET /feed/ HTTP/1.1" 200 6759 "-" "Mozilla/5.0 (X11; U; Linux i686; ru-RU; rv:1.7.6) Gecko/20050318 Firefox/1.0.2"
66.249.68.3 - - [20/Jul/2026:16:06:55 +0200] "GET /wp-content/uploads/2020/03/excellente-school-juryrapport-2015-01fj-0-de-prinsenhof-apeldoorn-sbo.pdf HTTP/1.1" 200 5579 "-" "Googlebot/2.1 (+http://www.google.com/bot.html)"
2001:1690:2:4::1:118 - - [20/Jul/2026:16:25:03 +0200] "POST /wp-cron.php?doing_wp_cron=1784557503.5619719028472900390625 HTTP/1.1" 200 5532 "-" "WordPress/6.9.5; https://cso-deprinsenhof.nl"
216.244.66.233 - - [20/Jul/2026:16:25:03 +0200] "GET /robots.txt HTTP/1.1" 301 5530 "-" "Mozilla/5.0 (compatible; DotBot/1.2; +https://opensiteexplorer.org/dotbot; help@moz.com)"
216.244.66.233 - - [20/Jul/2026:16:25:04 +0200] "GET /robots.txt HTTP/1.1" 200 5740 "-" "Mozilla/5.0 (compatible; DotBot/1.2; +https://opensiteexplorer.org/dotbot; help@moz.com)"
216.244.66.233 - - [20/Jul/2026:16:29:49 +0200] "GET /resize/800/600/media/photoalbums/55/img9122.JPG HTTP/1.1" 301 5679 "-" "Mozilla/5.0 (compatible; DotBot/1.2; +https://opensiteexplorer.org/dotbot; help@moz.com)"
179.12.60.44 - - [20/Jul/2026:16:49:06 +0200] "GET /wp-content/uploads/2024/10/Vacature-groepsleerkracht-oktober-2024.pdf HTTP/1.1" 200 5548 "-" "Mozilla/5.0 (Macintosh; Intel Mac OS X 10_15_7) AppleWebKit/537.36 (KHTML, like Gecko) Chrome/146.0.0.0 Safari/537.36"
2001:1690:2:4::1:118 - - [20/Jul/2026:16:49:27 +0200] "GET /wp-content/uploads/2025/07/boog-onder.svg HTTP/1.1" 200 6041 "-" "-"
2001:1690:2:4::1:118 - - [20/Jul/2026:16:49:27 +0200] "POST /wp-cron.php?doing_wp_cron=1784558967.7397708892822265625000 HTTP/1.1" 200 5532 "-" "WordPress/6.9.5; https://cso-deprinsenhof.nl"
84.233.195.149 - - [20/Jul/2026:16:49:27 +0200] "GET / HTTP/1.1" 200 128256 "-" "Go-http-client/1.1"
2001:1690:2:4::1:118 - - [20/Jul/2026:16:49:30 +0200] "POST /wp-admin/admin-ajax.php?action=wordfence_testAjax HTTP/1.1" 200 5767 "-" "WordPress/6.9.5; https://cso-deprinsenhof.nl"
2001:1690:2:4::1:118 - - [20/Jul/2026:16:49:31 +0200] "GET /wp-admin/admin-ajax.php?action=wordfence_doScan&isFork=0&scanMode=quick&cronKey=6b845b325d7cf22aeb2deac9223f671a&signature=eee3f60972fe660cf0ae046e5073cce2ce48676898cafe0af622149a533655dd HTTP/1.1" 200 5736 "-" "WordPress/6.9.5; https://cso-deprinsenhof.nl"
2001:1690:2:4::1:118 - - [20/Jul/2026:16:54:10 +0200] "GET /wp-content/uploads/2025/07/boog-onder.svg HTTP/1.1" 200 6041 "-" "-"
2001:1690:2:4::1:118 - - [20/Jul/2026:16:54:10 +0200] "POST /wp-cron.php?doing_wp_cron=1784559250.3733980655670166015625 HTTP/1.1" 200 5532 "-" "WordPress/6.9.5; https://cso-deprinsenhof.nl"
52.167.144.213 - - [20/Jul/2026:16:54:09 +0200] "GET /ons-onderwijs/bewegingsonderwijs/ HTTP/1.1" 200 110318 "-" "Mozilla/5.0 AppleWebKit/537.36 (KHTML, like Gecko; compatible; bingbot/2.0; +http://www.bing.com/bingbot.htm) Chrome/116.0.1938.76 Safari/537.36"
52.167.144.213 - - [20/Jul/2026:16:54:29 +0200] "GET /wp-content/uploads/fusion-scripts/747e0431434c69b818684b1a4ea6b073.min.js?ver=3.14.2 HTTP/1.1" 200 5591 "https://cso-deprinsenhof.nl/ons-onderwijs/bewegingsonderwijs/" "Mozilla/5.0 AppleWebKit/537.36 (KHTML, like Gecko; compatible; bingbot/2.0; +http://www.bing.com/bingbot.htm) Chrome/136.0.0.0 Safari/537.36 AppleWebKit/537.36 (KHTML, like Gecko; compatible; bingbot/2.0; +http://www.bing.com/bingbot.htm) Chrome/116.0.1938.76 Safari/537.36"
47.128.60.160 - - [20/Jul/2026:17:00:17 +0200] "GET / HTTP/1.1" 200 128070 "-" "Mozilla/5.0 (Linux; Android 5.0) AppleWebKit/537.36 (KHTML, like Gecko) Mobile Safari/537.36 (compatible; Bytespider; spider-feedback@bytedance.com)"
47.128.60.160 - - [20/Jul/2026:17:00:18 +0200] "GET /wp-content/uploads/fusion-styles/4dff08bfd85c24e6fc2e0df4059bb1a7.min.css?ver=3.14.2 HTTP/1.1" 200 5577 "https://cso-deprinsenhof.nl/" "Mozilla/5.0 (Linux; Android 5.0) AppleWebKit/537.36 (KHTML, like Gecko) Mobile Safari/537.36 (compatible; Bytespider; spider-feedback@bytedance.com)"
47.128.60.160 - - [20/Jul/2026:17:00:19 +0200] "GET /wp-content/uploads/2025/07/Schermafbeelding-2020-06-19-om-12.45.32.png HTTP/1.1" 200 5575 "https://cso-deprinsenhof.nl/" "Mozilla/5.0 (Linux; Android 5.0) AppleWebKit/537.36 (KHTML, like Gecko) Mobile Safari/537.36 (compatible; Bytespider; spider-feedback@bytedance.com)"
2001:1690:2:4::1:118 - - [20/Jul/2026:17:04:50 +0200] "POST /wp-cron.php?doing_wp_cron=1784559890.4143369197845458984375 HTTP/1.1" 200 5532 "-" "WordPress/6.9.5; https://cso-deprinsenhof.nl"
2a03:2880:f800:12:: - - [20/Jul/2026:17:04:50 +0200] "GET /wp-json/wp/v2/pages/260 HTTP/1.1" 200 40074 "-" "Mozilla/5.0 (Macintosh; Intel Mac OS X 10_15_7) AppleWebKit/537.36 (KHTML, like Gecko) Chrome/145.0.0.0 Safari/537.36 (compatible; meta-webindexer/1.1 (+https://developers.facebook.com/docs/sharing/webmasters/crawler))"
135.148.32.173 - - [20/Jul/2026:17:09:59 +0200] "GET / HTTP/1.1" 200 128070 "http://cso-deprinsenhof.nl/" "Mozilla/5.0 (Windows NT 10.0; Win64; x64) AppleWebKit/537.36 (KHTML, like Gecko) Chrome/131.0.0.0 Safari/537.36"
135.148.32.173 - - [20/Jul/2026:17:10:00 +0200] "POST /?rest_route=/batch/v1 HTTP/1.1" 400 5965 "http://cso-deprinsenhof.nl/?rest_route=/batch/v1" "Mozilla/5.0 (Windows NT 10.0; Win64; x64; rv:133.0) Gecko/20100101 Firefox/133.0"
40.77.179.125 - - [20/Jul/2026:17:10:22 +0200] "GET /ons-onderwijs/bewegingsonderwijs HTTP/1.1" 301 5553 "-" "Mozilla/5.0 AppleWebKit/537.36 (KHTML, like Gecko; compatible; bingbot/2.0; +http://www.bing.com/bingbot.htm) Chrome/136.0.0.0 Safari/537.36"
2a02:a44d:a3f5:0:d7c6:d93d:c44d:ad66 - - [20/Jul/2026:17:14:00 +0200] "GET / HTTP/1.1" 200 128070 "https://www.google.com/" "Mozilla/5.0 (Linux; Android 10; K) AppleWebKit/537.36 (KHTML, like Gecko) Chrome/150.0.0.0 Mobile Safari/537.36"
2a02:a44d:a3f5:0:d7c6:d93d:c44d:ad66 - - [20/Jul/2026:17:14:00 +0200] "GET /wp-content/uploads/fusion-styles/4dff08bfd85c24e6fc2e0df4059bb1a7.min.css?ver=3.14.2 HTTP/1.1" 200 5577 "-" "Mozilla/5.0 (Linux; Android 10; K) AppleWebKit/537.36 (KHTML, like Gecko) Chrome/150.0.0.0 Mobile Safari/537.36"
2a02:a44d:a3f5:0:d7c6:d93d:c44d:ad66 - - [20/Jul/2026:17:14:00 +0200] "GET /wp-content/uploads/2025/07/Schermafbeelding-2020-06-19-om-12.45.32.png HTTP/1.1" 200 5575 "https://cso-deprinsenhof.nl/" "Mozilla/5.0 (Linux; Android 10; K) AppleWebKit/537.36 (KHTML, like Gecko) Chrome/150.0.0.0 Mobile Safari/537.36"
2a02:a44d:a3f5:0:d7c6:d93d:c44d:ad66 - - [20/Jul/2026:17:14:00 +0200] "GET /wp-includes/js/jquery/jquery.min.js?ver=3.7.1 HTTP/1.1" 200 5521 "https://cso-deprinsenhof.nl/" "Mozilla/5.0 (Linux; Android 10; K) AppleWebKit/537.36 (KHTML, like Gecko) Chrome/150.0.0.0 Mobile Safari/537.36"
2a02:a44d:a3f5:0:d7c6:d93d:c44d:ad66 - - [20/Jul/2026:17:14:00 +0200] "GET /wp-content/uploads/fusion-scripts/409f3d9b6ae5a62f1c2d4456e7952c90.min.js?ver=3.14.2 HTTP/1.1" 200 5591 "https://cso-deprinsenhof.nl/" "Mozilla/5.0 (Linux; Android 10; K) AppleWebKit/537.36 (KHTML, like Gecko) Chrome/150.0.0.0 Mobile Safari/537.36"
2a02:a44d:a3f5:0:d7c6:d93d:c44d:ad66 - - [20/Jul/2026:17:14:00 +0200] "GET /wp-content/uploads/2020/06/De-Prinsenhof_final_web-2.mp4 HTTP/1.1" 200 5529 "https://cso-deprinsenhof.nl/" "Mozilla/5.0 (Linux; Android 10; K) AppleWebKit/537.36 (KHTML, like Gecko) Chrome/150.0.0.0 Mobile Safari/537.36"
2a02:a44d:a3f5:0:d7c6:d93d:c44d:ad66 - - [20/Jul/2026:17:14:01 +0200] "GET /wp-content/themes/Avada/includes/lib/assets/fonts/fontawesome/webfonts/fa-solid-900.woff2 HTTP/1.1" 200 5595 "https://cso-deprinsenhof.nl/wp-content/uploads/fusion-styles/4dff08bfd85c24e6fc2e0df4059bb1a7.min.css?ver=3.14.2" "Mozilla/5.0 (Linux; Android 10; K) AppleWebKit/537.36 (KHTML, like Gecko) Chrome/150.0.0.0 Mobile Safari/537.36"
2a02:a44d:a3f5:0:d7c6:d93d:c44d:ad66 - - [20/Jul/2026:17:14:01 +0200] "GET /wp-content/themes/Avada/includes/lib/assets/fonts/fontawesome/webfonts/fa-regular-400.woff2 HTTP/1.1" 200 5597 "https://cso-deprinsenhof.nl/wp-content/uploads/fusion-styles/4dff08bfd85c24e6fc2e0df4059bb1a7.min.css?ver=3.14.2" "Mozilla/5.0 (Linux; Android 10; K) AppleWebKit/537.36 (KHTML, like Gecko) Chrome/150.0.0.0 Mobile Safari/537.36"
2a02:a44d:a3f5:0:d7c6:d93d:c44d:ad66 - - [20/Jul/2026:17:14:01 +0200] "GET /wp-content/uploads/2025/07/logo-de-Prinsenhof.svg HTTP/1.1" 200 5558 "https://cso-deprinsenhof.nl/" "Mozilla/5.0 (Linux; Android 10; K) AppleWebKit/537.36 (KHTML, like Gecko) Chrome/150.0.0.0 Mobile Safari/537.36"
2a02:a44d:a3f5:0:d7c6:d93d:c44d:ad66 - - [20/Jul/2026:17:14:01 +0200] "GET /wp-content/uploads/2025/09/PBS-klaslokaal_home-scaled.webp HTTP/1.1" 200 5532 "https://cso-deprinsenhof.nl/" "Mozilla/5.0 (Linux; Android 10; K) AppleWebKit/537.36 (KHTML, like Gecko) Chrome/150.0.0.0 Mobile Safari/537.36"
2a02:a44d:a3f5:0:d7c6:d93d:c44d:ad66 - - [20/Jul/2026:17:14:01 +0200] "GET /wp-content/uploads/2020/06/De-Prinsenhof_final_web-2.mp4 HTTP/1.1" 200 5529 "https://cso-deprinsenhof.nl/" "Mozilla/5.0 (Linux; Android 10; K) AppleWebKit/537.36 (KHTML, like Gecko) Chrome/150.0.0.0 Mobile Safari/537.36"
2a02:a44d:a3f5:0:d7c6:d93d:c44d:ad66 - - [20/Jul/2026:17:14:01 +0200] "GET /wp-content/uploads/2020/06/De-Prinsenhof_final_web-2.mp4 HTTP/1.1" 200 5529 "https://cso-deprinsenhof.nl/" "Mozilla/5.0 (Linux; Android 10; K) AppleWebKit/537.36 (KHTML, like Gecko) Chrome/150.0.0.0 Mobile Safari/537.36"
2a02:a44d:a3f5:0:d7c6:d93d:c44d:ad66 - - [20/Jul/2026:17:14:02 +0200] "GET /wp-includes/js/wp-emoji-release.min.js?ver=f314ca68cccfe34ad07f66cce3b84d20 HTTP/1.1" 200 5524 "https://cso-deprinsenhof.nl/" "Mozilla/5.0 (Linux; Android 10; K) AppleWebKit/537.36 (KHTML, like Gecko) Chrome/150.0.0.0 Mobile Safari/537.36"
2a02:a44d:a3f5:0:d7c6:d93d:c44d:ad66 - - [20/Jul/2026:17:14:03 +0200] "GET /wp-content/uploads/2025/07/de-Prinsenhof_favicon_64px.png HTTP/1.1" 200 5562 "https://cso-deprinsenhof.nl/" "Mozilla/5.0 (Linux; Android 10; K) AppleWebKit/537.36 (KHTML, like Gecko) Chrome/150.0.0.0 Mobile Safari/537.36"
2001:1690:2:4::1:118 - - [20/Jul/2026:17:14:04 +0200] "GET /wp-content/uploads/2025/07/boog-onder.svg HTTP/1.1" 200 6041 "-" "-"
2a02:a44d:a3f5:0:d7c6:d93d:c44d:ad66 - - [20/Jul/2026:17:14:04 +0200] "GET /onze-school/vakanties-en-vrije-dagen/ HTTP/1.1" 200 95138 "https://cso-deprinsenhof.nl/" "Mozilla/5.0 (Linux; Android 10; K) AppleWebKit/537.36 (KHTML, like Gecko) Chrome/150.0.0.0 Mobile Safari/537.36"
2a02:a44d:a3f5:0:d7c6:d93d:c44d:ad66 - - [20/Jul/2026:17:14:06 +0200] "GET /wp-content/uploads/fusion-styles/7f2dacbaa3e10bd591d6d7513d1b1a6b.min.css?ver=3.14.2 HTTP/1.1" 200 5577 "https://cso-deprinsenhof.nl/onze-school/vakanties-en-vrije-dagen/" "Mozilla/5.0 (Linux; Android 10; K) AppleWebKit/537.36 (KHTML, like Gecko) Chrome/150.0.0.0 Mobile Safari/537.36"
2a02:a44d:a3f5:0:d7c6:d93d:c44d:ad66 - - [20/Jul/2026:17:14:06 +0200] "GET /wp-content/uploads/fusion-scripts/747e0431434c69b818684b1a4ea6b073.min.js?ver=3.14.2 HTTP/1.1" 200 5591 "https://cso-deprinsenhof.nl/onze-school/vakanties-en-vrije-dagen/" "Mozilla/5.0 (Linux; Android 10; K) AppleWebKit/537.36 (KHTML, like Gecko) Chrome/150.0.0.0 Mobile Safari/537.36"
2a02:a44d:a3f5:0:d7c6:d93d:c44d:ad66 - - [20/Jul/2026:17:14:06 +0200] "GET /wp-content/uploads/2025/07/bibliotheek-scaled-e1758020305275.webp HTTP/1.1" 200 5539 "https://cso-deprinsenhof.nl/onze-school/vakanties-en-vrije-dagen/" "Mozilla/5.0 (Linux; Android 10; K) AppleWebKit/537.36 (KHTML, like Gecko) Chrome/150.0.0.0 Mobile Safari/537.36"
2001:1690:2:4::1:118 - - [20/Jul/2026:17:16:34 +0200] "POST /wp-cron.php?doing_wp_cron=1784560594.5512421131134033203125 HTTP/1.1" 200 5532 "-" "WordPress/6.9.5; https://cso-deprinsenhof.nl"
102.220.160.154 - - [20/Jul/2026:17:16:34 +0200] "GET /wp-json/ HTTP/1.1" 200 258547 "-" "Mozilla/5.0 (Windows NT 10.0; Win64; x64) AppleWebKit/537.36"
102.220.160.154 - - [20/Jul/2026:17:16:35 +0200] "GET /?rest_route=/ HTTP/1.1" 200 258547 "-" "Mozilla/5.0 (Windows NT 10.0; Win64; x64) AppleWebKit/537.36"
102.220.160.154 - - [20/Jul/2026:17:16:36 +0200] "GET / HTTP/1.1" 200 128070 "-" "Mozilla/5.0 (Windows NT 10.0; Win64; x64) AppleWebKit/537.36"
102.220.160.154 - - [20/Jul/2026:17:16:37 +0200] "POST /wp-json/batch/v1 HTTP/1.1" 207 6472 "-" "Mozilla/5.0 (Windows NT 10.0; Win64; x64) AppleWebKit/537.36"
2001:1690:2:4::1:118 - - [20/Jul/2026:17:30:09 +0200] "POST /wp-cron.php?doing_wp_cron=1784561409.4465680122375488281250 HTTP/1.1" 200 5532 "-" "WordPress/6.9.5; https://cso-deprinsenhof.nl"
15.235.27.175 - - [20/Jul/2026:17:30:09 +0200] "GET /robots.txt HTTP/1.1" 200 5740 "-" "Mozilla/5.0 (compatible; AhrefsBot/7.0; +http://ahrefs.com/robot/)"
51.89.129.199 - - [20/Jul/2026:17:30:10 +0200] "GET /sitemap_index.xml HTTP/1.1" 200 6042 "-" "Mozilla/5.0 (compatible; AhrefsBot/7.0; +http://ahrefs.com/robot/)"
54.38.147.90 - - [20/Jul/2026:17:30:12 +0200] "GET /page-sitemap.xml HTTP/1.1" 200 12155 "-" "Mozilla/5.0 (compatible; AhrefsBot/7.0; +http://ahrefs.com/robot/)"
51.195.183.123 - - [20/Jul/2026:17:30:13 +0200] "GET /fusion_tb_category-sitemap.xml HTTP/1.1" 200 6640 "-" "Mozilla/5.0 (compatible; AhrefsBot/7.0; +http://ahrefs.com/robot/)"
2409:40c1:5022:19fd:1122:6c40:335b:6b84 - - [20/Jul/2026:17:30:28 +0200] "POST /xmlrpc.php HTTP/1.1" 503 24988 "-" "Jetpack/12.0; WordPress/6.1; http://site32662658.com"
2409:40c1:5022:19fd:1122:6c40:335b:6b84 - - [20/Jul/2026:17:30:38 +0200] "POST /xmlrpc.php HTTP/1.1" 503 23918 "-" "Jetpack by WordPress.com (Jetpack 12.1; WordPress 6.1)"
2409:40c1:5022:19fd:1122:6c40:335b:6b84 - - [20/Jul/2026:17:30:49 +0200] "POST /xmlrpc.php HTTP/1.1" 503 23918 "-" "Jetpack by WordPress.com"
2409:40c1:5022:19fd:1122:6c40:335b:6b84 - - [20/Jul/2026:17:30:59 +0200] "POST /xmlrpc.php HTTP/1.1" 503 23918 "-" "Jetpack/12.5; WordPress/6.3; http://site35764837.com"
2409:40c1:5022:19fd:1122:6c40:335b:6b84 - - [20/Jul/2026:17:31:10 +0200] "POST /xmlrpc.php HTTP/1.1" 503 23918 "-" "Jetpack by WordPress.com (Jetpack 12.0; WordPress 6.1)"
2409:40c1:5022:19fd:1122:6c40:335b:6b84 - - [20/Jul/2026:17:31:21 +0200] "POST /xmlrpc.php HTTP/1.1" 503 23918 "-" "Jetpack by WordPress.com"
2409:40c1:5022:19fd:1122:6c40:335b:6b84 - - [20/Jul/2026:17:31:32 +0200] "POST /xmlrpc.php HTTP/1.1" 503 23918 "-" "Jetpack by WordPress.com"
2409:40c1:5022:19fd:1122:6c40:335b:6b84 - - [20/Jul/2026:17:31:43 +0200] "POST /xmlrpc.php HTTP/1.1" 503 23918 "-" "Jetpack by WordPress.com"
2409:40c1:5022:19fd:1122:6c40:335b:6b84 - - [20/Jul/2026:17:31:54 +0200] "POST /xmlrpc.php HTTP/1.1" 503 23918 "-" "Jetpack by WordPress.com"
2409:40c1:5022:19fd:1122:6c40:335b:6b84 - - [20/Jul/2026:17:32:05 +0200] "POST /xmlrpc.php HTTP/1.1" 503 23918 "-" "Jetpack/12.1; WordPress/6.4; http://site32914438.com"
2409:40c1:5022:19fd:1122:6c40:335b:6b84 - - [20/Jul/2026:17:32:16 +0200] "POST /xmlrpc.php HTTP/1.1" 503 23918 "-" "Jetpack by WordPress.com"
2001:1690:2:4::1:118 - - [20/Jul/2026:17:32:24 +0200] "POST /wp-cron.php?doing_wp_cron=1784561544.3704319000244140625000 HTTP/1.1" 200 5532 "-" "WordPress/6.9.5; https://cso-deprinsenhof.nl"
2001:1690:2:4::1:118 - - [20/Jul/2026:17:32:24 +0200] "POST /?wordfence_syncAttackData=1784561544.1863 HTTP/1.1" 200 5474 "-" "WordPress/6.9.5; https://cso-deprinsenhof.nl"
2001:1690:2:4::1:118 - - [20/Jul/2026:17:32:25 +0200] "POST /wp-cron.php?doing_wp_cron=1784561545.0460529327392578125000 HTTP/1.1" 200 5532 "-" "WordPress/6.9.5; https://cso-deprinsenhof.nl"
2a02:a469:76fb:0:197a:23f0:5db4:3e24 - - [20/Jul/2026:17:32:24 +0200] "POST /xmlrpc.php HTTP/1.1" 503 24988 "-" "Mozilla/5.0 (X11; Ubuntu; Linux x86_64; x86) AppleWebKit/537.36 (KHTML, like Gecko) Safari/11.0.0.0 Safari/537.36"
2409:40c1:5022:19fd:1122:6c40:335b:6b84 - - [20/Jul/2026:17:32:27 +0200] "POST /xmlrpc.php HTTP/1.1" 503 23918 "-" "Jetpack/12.0; WordPress/6.2; http://site37539799.com"
2409:40c1:5022:19fd:1122:6c40:335b:6b84 - - [20/Jul/2026:17:32:38 +0200] "POST /xmlrpc.php HTTP/1.1" 503 23918 "-" "WordPress.com; https://wordpress.com"
2409:40c1:5022:19fd:1122:6c40:335b:6b84 - - [20/Jul/2026:17:32:49 +0200] "POST /xmlrpc.php HTTP/1.1" 503 23918 "-" "Jetpack by WordPress.com (Jetpack 13.0; WordPress 6.3)"
2409:40c1:5022:19fd:1122:6c40:335b:6b84 - - [20/Jul/2026:17:33:00 +0200] "POST /xmlrpc.php HTTP/1.1" 503 23918 "-" "Jetpack/13.0; WordPress/6.1; http://site46487071.com"
2409:40c1:5022:19fd:1122:6c40:335b:6b84 - - [20/Jul/2026:17:33:10 +0200] "POST /xmlrpc.php HTTP/1.1" 503 23918 "-" "Jetpack by WordPress.com"
2409:40c1:5022:19fd:1122:6c40:335b:6b84 - - [20/Jul/2026:17:33:21 +0200] "POST /xmlrpc.php HTTP/1.1" 503 23918 "-" "Jetpack/12.5; WordPress/6.1; http://site23810074.com"
2409:40c1:5022:19fd:1122:6c40:335b:6b84 - - [20/Jul/2026:17:33:32 +0200] "POST /xmlrpc.php HTTP/1.1" 503 23918 "-" "Jetpack by WordPress.com"
2409:40c1:5022:19fd:1122:6c40:335b:6b84 - - [20/Jul/2026:17:33:43 +0200] "POST /xmlrpc.php HTTP/1.1" 503 23918 "-" "Jetpack by WordPress.com"
2409:40c1:5022:19fd:1122:6c40:335b:6b84 - - [20/Jul/2026:17:33:53 +0200] "POST /xmlrpc.php HTTP/1.1" 503 23918 "-" "Jetpack by WordPress.com (Jetpack 12.5; WordPress 6.4)"
2409:40c1:5022:19fd:1122:6c40:335b:6b84 - - [20/Jul/2026:17:34:04 +0200] "POST /xmlrpc.php HTTP/1.1" 503 23918 "-" "Jetpack by WordPress.com"
2409:40c1:5022:19fd:1122:6c40:335b:6b84 - - [20/Jul/2026:17:34:15 +0200] "POST /xmlrpc.php HTTP/1.1" 503 23918 "-" "Jetpack by WordPress.com (Jetpack 12.5; WordPress 6.1)"
2409:40c1:5022:19fd:1122:6c40:335b:6b84 - - [20/Jul/2026:17:34:26 +0200] "POST /xmlrpc.php HTTP/1.1" 503 23918 "-" "WordPress.com; https://wordpress.com"
2409:40c1:5022:19fd:1122:6c40:335b:6b84 - - [20/Jul/2026:17:34:37 +0200] "POST /xmlrpc.php HTTP/1.1" 503 23918 "-" "Jetpack by WordPress.com"
2409:40c1:5022:19fd:1122:6c40:335b:6b84 - - [20/Jul/2026:17:34:48 +0200] "POST /xmlrpc.php HTTP/1.1" 503 23918 "-" "Jetpack/12.5; WordPress/6.3; http://site61836894.com"
2409:40c1:5022:19fd:1122:6c40:335b:6b84 - - [20/Jul/2026:17:34:58 +0200] "POST /xmlrpc.php HTTP/1.1" 503 23918 "-" "Jetpack/12.5; WordPress/6.4; http://site73851419.com"
2409:40c1:5022:19fd:1122:6c40:335b:6b84 - - [20/Jul/2026:17:35:10 +0200] "POST /xmlrpc.php HTTP/1.1" 503 23918 "-" "Jetpack/12.5; WordPress/6.1; http://site20048767.com"
2409:40c1:5022:19fd:1122:6c40:335b:6b84 - - [20/Jul/2026:17:35:20 +0200] "POST /xmlrpc.php HTTP/1.1" 503 23918 "-" "Jetpack/12.5; WordPress/6.4; http://site33953308.com"
2409:40c1:5022:19fd:1122:6c40:335b:6b84 - - [20/Jul/2026:17:35:31 +0200] "POST /xmlrpc.php HTTP/1.1" 503 23918 "-" "Jetpack by WordPress.com (Jetpack 12.0; WordPress 6.3)"
2409:40c1:5022:19fd:1122:6c40:335b:6b84 - - [20/Jul/2026:17:35:42 +0200] "POST /xmlrpc.php HTTP/1.1" 503 23918 "-" "Jetpack/12.5; WordPress/6.2; http://site78288259.com"
2409:40c1:5022:19fd:1122:6c40:335b:6b84 - - [20/Jul/2026:17:35:53 +0200] "POST /xmlrpc.php HTTP/1.1" 503 23918 "-" "WordPress.com; https://wordpress.com"
2409:40c1:5022:19fd:1122:6c40:335b:6b84 - - [20/Jul/2026:17:36:03 +0200] "POST /xmlrpc.php HTTP/1.1" 503 23918 "-" "Jetpack/12.1; WordPress/6.3; http://site83741220.com"
2409:40c1:5022:19fd:1122:6c40:335b:6b84 - - [20/Jul/2026:17:36:14 +0200] "POST /xmlrpc.php HTTP/1.1" 503 23918 "-" "Jetpack by WordPress.com (Jetpack 12.0; WordPress 6.2)"
2409:40c1:5022:19fd:1122:6c40:335b:6b84 - - [20/Jul/2026:17:36:25 +0200] "POST /xmlrpc.php HTTP/1.1" 503 23918 "-" "Jetpack/12.5; WordPress/6.1; http://site95877537.com"
2409:40c1:5022:19fd:1122:6c40:335b:6b84 - - [20/Jul/2026:17:36:36 +0200] "POST /xmlrpc.php HTTP/1.1" 503 23918 "-" "WordPress.com; https://wordpress.com"
2409:40c1:5022:19fd:1122:6c40:335b:6b84 - - [20/Jul/2026:17:36:46 +0200] "POST /xmlrpc.php HTTP/1.1" 503 23918 "-" "Jetpack by WordPress.com (Jetpack 12.0; WordPress 6.2)"
2409:40c1:5022:19fd:1122:6c40:335b:6b84 - - [20/Jul/2026:17:36:57 +0200] "POST /xmlrpc.php HTTP/1.1" 503 13474 "-" "Jetpack by WordPress.com"
2409:40c1:5022:19fd:1122:6c40:335b:6b84 - - [20/Jul/2026:17:37:09 +0200] "POST /xmlrpc.php HTTP/1.1" 503 23918 "-" "WordPress.com; https://wordpress.com"
2409:40c1:5022:19fd:1122:6c40:335b:6b84 - - [20/Jul/2026:17:37:19 +0200] "POST /xmlrpc.php HTTP/1.1" 503 23918 "-" "WordPress.com; https://wordpress.com"
2409:40c1:5022:19fd:1122:6c40:335b:6b84 - - [20/Jul/2026:17:37:30 +0200] "POST /xmlrpc.php HTTP/1.1" 503 23918 "-" "WordPress.com; https://wordpress.com"
2409:40c1:5022:19fd:1122:6c40:335b:6b84 - - [20/Jul/2026:17:37:41 +0200] "POST /xmlrpc.php HTTP/1.1" 503 23918 "-" "Jetpack by WordPress.com"
2409:40c1:5022:19fd:1122:6c40:335b:6b84 - - [20/Jul/2026:17:37:52 +0200] "POST /xmlrpc.php HTTP/1.1" 503 23918 "-" "WordPress.com; https://wordpress.com"
2001:1690:2:4::1:118 - - [20/Jul/2026:17:43:48 +0200] "POST /wp-cron.php?doing_wp_cron=1784562228.2129340171813964843750 HTTP/1.1" 200 5532 "-" "WordPress/6.9.5; https://cso-deprinsenhof.nl"
2001:1690:2:4::1:118 - - [20/Jul/2026:17:43:48 +0200] "POST /?wordfence_syncAttackData=1784562227.9818 HTTP/1.1" 200 5474 "-" "WordPress/6.9.5; https://cso-deprinsenhof.nl"
2001:1690:2:4::1:118 - - [20/Jul/2026:17:43:48 +0200] "GET /wp-content/uploads/2025/07/boog-onder.svg HTTP/1.1" 200 6041 "-" "-"
2001:1690:2:4::1:118 - - [20/Jul/2026:17:43:48 +0200] "POST /wp-cron.php?doing_wp_cron=1784562228.5780899524688720703125 HTTP/1.1" 200 5532 "-" "WordPress/6.9.5; https://cso-deprinsenhof.nl"
82.215.104.76 - - [20/Jul/2026:17:43:47 +0200] "GET /ouders-verzorgers/ HTTP/1.1" 200 117199 "-" "Mozilla/5.0 (Macintosh; Intel Mac OS X 10_15_7) AppleWebKit/537.36 (KHTML, like Gecko) Chrome/133.0.0.0 Safari/537.36"
216.73.216.245 - - [20/Jul/2026:17:43:56 +0200] "GET /robots.txt HTTP/1.1" 200 5740 "-" "Mozilla/5.0 AppleWebKit/537.36 (KHTML, like Gecko; compatible; ClaudeBot/1.0; +claudebot@anthropic.com)"
216.73.216.245 - - [20/Jul/2026:17:43:56 +0200] "GET /sitemap_index.xml HTTP/1.1" 200 6042 "-" "Mozilla/5.0 AppleWebKit/537.36 (KHTML, like Gecko; compatible; ClaudeBot/1.0; +claudebot@anthropic.com)"
2001:1690:2:4::1:118 - - [20/Jul/2026:17:44:41 +0200] "GET /wp-content/uploads/2025/07/boog-onder.svg HTTP/1.1" 200 6041 "-" "-"
2a01:4f9:1a:b418::200 - - [20/Jul/2026:17:44:41 +0200] "GET / HTTP/1.1" 200 128256 "-" "Mozilla/5.0 (Windows NT 10.0; Win64; x64) AppleWebKit/537.36 (KHTML, like Gecko) Chrome/131.0.0.0 Safari/537.36"
2001:1690:2:4::1:118 - - [20/Jul/2026:17:59:19 +0200] "POST /wp-cron.php?doing_wp_cron=1784563159.8592989444732666015625 HTTP/1.1" 200 5532 "-" "WordPress/6.9.5; https://cso-deprinsenhof.nl"
216.244.66.233 - - [20/Jul/2026:17:59:19 +0200] "GET /robots.txt HTTP/1.1" 301 5530 "-" "Mozilla/5.0 (compatible; DotBot/1.2; +https://opensiteexplorer.org/dotbot; help@moz.com)"
216.244.66.233 - - [20/Jul/2026:17:59:21 +0200] "GET /robots.txt HTTP/1.1" 200 5740 "-" "Mozilla/5.0 (compatible; DotBot/1.2; +https://opensiteexplorer.org/dotbot; help@moz.com)"
216.244.66.233 - - [20/Jul/2026:18:03:35 +0200] "GET /resize/800/600/media/photoalbums/53/p1070824.JPG HTTP/1.1" 301 5680 "-" "Mozilla/5.0 (compatible; DotBot/1.2; +https://opensiteexplorer.org/dotbot; help@moz.com)"
47.82.10.63 - - [20/Jul/2026:18:07:37 +0200] "GET /robots.txt HTTP/1.1" 200 5770 "-" "Mozilla/5.0 (Macintosh; Intel Mac OS X 10_15_7) AppleWebKit/537.36 (KHTML, like Gecko) Chrome/128.0.0.0 Safari/537.36"
47.82.10.63 - - [20/Jul/2026:18:07:38 +0200] "GET /sitemap_index.xml HTTP/1.1" 200 6072 "-" "Mozilla/5.0 (Macintosh; Intel Mac OS X 10_15_7) AppleWebKit/537.36 (KHTML, like Gecko) Chrome/128.0.0.0 Safari/537.36"
47.82.10.63 - - [20/Jul/2026:18:07:38 +0200] "GET /page-sitemap.xml HTTP/1.1" 200 12185 "-" "Mozilla/5.0 (Macintosh; Intel Mac OS X 10_15_7) AppleWebKit/537.36 (KHTML, like Gecko) Chrome/128.0.0.0 Safari/537.36"
47.82.10.63 - - [20/Jul/2026:18:07:39 +0200] "GET /fusion_tb_category-sitemap.xml HTTP/1.1" 200 6670 "-" "Mozilla/5.0 (Macintosh; Intel Mac OS X 10_15_7) AppleWebKit/537.36 (KHTML, like Gecko) Chrome/128.0.0.0 Safari/537.36"
2001:1690:2:4::1:118 - - [20/Jul/2026:18:15:24 +0200] "GET /wp-content/uploads/2025/07/boog-onder.svg HTTP/1.1" 200 6041 "-" "-"
2001:1690:2:4::1:118 - - [20/Jul/2026:18:15:24 +0200] "POST /wp-cron.php?doing_wp_cron=1784564124.3113760948181152343750 HTTP/1.1" 200 5532 "-" "WordPress/6.9.5; https://cso-deprinsenhof.nl"
66.249.68.3 - - [20/Jul/2026:18:15:23 +0200] "GET / HTTP/1.1" 200 128082 "-" "Mozilla/5.0 (compatible; Googlebot/2.1; +http://www.google.com/bot.html)"
2001:1690:2:4::1:118 - - [20/Jul/2026:18:19:33 +0200] "GET /vcisfzu/mqaer1x/irwlpsy/index.php?pass=lgZQr1SU6dM HTTP/1.1" 301 5703 "-" "Mozilla/5.0 (Windows NT 10.0; Win64; x64) AppleWebKit/537.36 (KHTML, like Gecko) Chrome/119.0.0.0 Safari/537.36 Edg/119.0.2151.97"
2001:1690:2:4::1:118 - - [20/Jul/2026:18:19:33 +0200] "GET /vcisfzu/mqaer1x/irwlpsy/?pass=lgZQr1SU6dM HTTP/1.1" 404 83167 "-" "Mozilla/5.0 (Windows NT 10.0; Win64; x64) AppleWebKit/537.36 (KHTML, like Gecko) Chrome/119.0.0.0 Safari/537.36 Edg/119.0.2151.97"
2001:1690:2:4::1:118 - - [20/Jul/2026:18:19:33 +0200] "GET /vcisfzu/mqaer1x/irwlpsy/index.php?pass=lgZQr1SU6dM HTTP/1.1" 301 5703 "-" "Mozilla/5.0 (Windows NT 10.0; Win64; x64) AppleWebKit/537.36 (KHTML, like Gecko) Chrome/119.0.0.0 Safari/537.36 Edg/119.0.2151.97"
2001:1690:2:4::1:118 - - [20/Jul/2026:18:19:33 +0200] "GET /vcisfzu/mqaer1x/irwlpsy/?pass=lgZQr1SU6dM HTTP/1.1" 404 83167 "-" "Mozilla/5.0 (Windows NT 10.0; Win64; x64) AppleWebKit/537.36 (KHTML, like Gecko) Chrome/119.0.0.0 Safari/537.36 Edg/119.0.2151.97"
2001:1690:2:4::1:118 - - [20/Jul/2026:18:26:00 +0200] "GET /wp-content/uploads/2025/07/boog-onder.svg HTTP/1.1" 200 6041 "-" "-"
66.249.68.2 - - [20/Jul/2026:18:26:00 +0200] "GET / HTTP/1.1" 200 128082 "-" "Mozilla/5.0 (compatible; Googlebot/2.1; +http://www.google.com/bot.html)"
2001:1690:2:4::1:118 - - [20/Jul/2026:18:26:00 +0200] "POST /wp-cron.php?doing_wp_cron=1784564760.5109939575195312500000 HTTP/1.1" 200 5532 "-" "WordPress/6.9.5; https://cso-deprinsenhof.nl"
66.249.68.2 - - [20/Jul/2026:18:25:59 +0200] "GET /robots.txt HTTP/1.1" 200 5740 "-" "Mozilla/5.0 (compatible; Googlebot/2.1; +http://www.google.com/bot.html)"
2001:1690:2:4::1:118 - - [20/Jul/2026:18:32:27 +0200] "GET /wp-content/uploads/2025/07/boog-onder.svg HTTP/1.1" 200 6041 "-" "-"
2001:1690:2:4::1:118 - - [20/Jul/2026:18:32:27 +0200] "POST /wp-cron.php?doing_wp_cron=1784565147.5069200992584228515625 HTTP/1.1" 200 5532 "-" "WordPress/6.9.5; https://cso-deprinsenhof.nl"
43.135.130.202 - - [20/Jul/2026:18:32:27 +0200] "GET / HTTP/1.1" 200 128274 "http://cso-deprinsenhof.nl" "Mozilla/5.0 (iPhone; CPU iPhone OS 13_2_3 like Mac OS X) AppleWebKit/605.1.15 (KHTML, like Gecko) Version/13.0.3 Mobile/15E148 Safari/604.1"
66.249.68.4 - - [20/Jul/2026:18:32:56 +0200] "GET / HTTP/1.1" 200 128088 "-" "Mozilla/5.0 (compatible; Googlebot/2.1; +http://www.google.com/bot.html)"
66.249.68.2 - - [20/Jul/2026:18:32:56 +0200] "GET /robots.txt HTTP/1.1" 200 5740 "-" "Mozilla/5.0 (compatible; Googlebot/2.1; +http://www.google.com/bot.html)"
2001:1690:2:4::1:118 - - [20/Jul/2026:18:36:53 +0200] "GET /wp-content/uploads/2025/07/boog-onder.svg HTTP/1.1" 200 6041 "-" "-"
2001:1690:2:4::1:118 - - [20/Jul/2026:18:36:53 +0200] "POST /wp-cron.php?doing_wp_cron=1784565413.2128880023956298828125 HTTP/1.1" 200 5532 "-" "WordPress/6.9.5; https://cso-deprinsenhof.nl"
47.128.60.138 - - [20/Jul/2026:18:36:52 +0200] "GET /ons-onderwijs/ HTTP/1.1" 200 102097 "-" "Mozilla/5.0 (Linux; Android 5.0) AppleWebKit/537.36 (KHTML, like Gecko) Mobile Safari/537.36 (compatible; Bytespider; spider-feedback@bytedance.com)"
47.128.60.138 - - [20/Jul/2026:18:36:53 +0200] "GET /wp-content/uploads/fusion-styles/7f2dacbaa3e10bd591d6d7513d1b1a6b.min.css?ver=3.14.2 HTTP/1.1" 200 5577 "https://cso-deprinsenhof.nl/ons-onderwijs/" "Mozilla/5.0 (Linux; Android 5.0) AppleWebKit/537.36 (KHTML, like Gecko) Mobile Safari/537.36 (compatible; Bytespider; spider-feedback@bytedance.com)"
52.2.4.213 - - [20/Jul/2026:18:36:55 +0200] "GET /onze-school/praktische-informatie HTTP/1.1" 301 5554 "-" "Mozilla/5.0 AppleWebKit/537.36 (KHTML, like Gecko; compatible; Amazonbot/0.1; +https://developer.amazon.com/support/amazonbot) Chrome/119.0.6045.214 Safari/537.36"
34.206.193.60 - - [20/Jul/2026:18:36:57 +0200] "GET /onze-school/praktische-informatie/ HTTP/1.1" 200 95209 "-" "Mozilla/5.0 AppleWebKit/537.36 (KHTML, like Gecko; compatible; Amazonbot/0.1; +https://developer.amazon.com/support/amazonbot) Chrome/119.0.6045.214 Safari/537.36"
74.125.150.4 - - [20/Jul/2026:18:41:20 +0200] "GET / HTTP/1.1" 200 128088 "-" "Google-Edu"
74.125.150.2 - - [20/Jul/2026:18:41:22 +0200] "GET /wp-content/uploads/fusion-styles/4dff08bfd85c24e6fc2e0df4059bb1a7.min.css?ver=3.14.2 HTTP/1.1" 200 5577 "https://cso-deprinsenhof.nl/" "Google-Edu"
74.125.150.3 - - [20/Jul/2026:18:41:23 +0200] "GET /wp-content/uploads/2025/07/Schermafbeelding-2020-06-19-om-12.45.32.png HTTP/1.1" 200 5575 "https://cso-deprinsenhof.nl/" "Google-Edu"
74.125.150.3 - - [20/Jul/2026:18:41:24 +0200] "GET /wp-includes/js/jquery/jquery.min.js?ver=3.7.1 HTTP/1.1" 200 5521 "https://cso-deprinsenhof.nl/" "Google-Edu"
74.125.150.2 - - [20/Jul/2026:18:41:25 +0200] "GET /wp-content/uploads/fusion-scripts/409f3d9b6ae5a62f1c2d4456e7952c90.min.js?ver=3.14.2 HTTP/1.1" 200 5591 "https://cso-deprinsenhof.nl/" "Google-Edu"
74.125.150.2 - - [20/Jul/2026:18:41:26 +0200] "GET /wp-content/themes/Avada/includes/lib/assets/fonts/fontawesome/webfonts/fa-regular-400.woff2 HTTP/1.1" 200 5597 "https://cso-deprinsenhof.nl/wp-content/uploads/fusion-styles/4dff08bfd85c24e6fc2e0df4059bb1a7.min.css?ver=3.14.2" "Google-Edu"
74.125.150.2 - - [20/Jul/2026:18:41:26 +0200] "GET /wp-content/themes/Avada/includes/lib/assets/fonts/fontawesome/webfonts/fa-solid-900.woff2 HTTP/1.1" 200 5595 "https://cso-deprinsenhof.nl/wp-content/uploads/fusion-styles/4dff08bfd85c24e6fc2e0df4059bb1a7.min.css?ver=3.14.2" "Google-Edu"
74.125.150.2 - - [20/Jul/2026:18:41:27 +0200] "GET /wp-content/themes/Avada/includes/lib/assets/fonts/icomoon/awb-icons.woff HTTP/1.1" 200 5577 "https://cso-deprinsenhof.nl/wp-content/uploads/fusion-styles/4dff08bfd85c24e6fc2e0df4059bb1a7.min.css?ver=3.14.2" "Google-Edu"
74.125.150.2 - - [20/Jul/2026:18:41:29 +0200] "GET /wp-content/uploads/2020/06/De-Prinsenhof_final_web-2.mp4 HTTP/1.1" 200 5529 "https://cso-deprinsenhof.nl/" "Google-Edu"
74.125.150.4 - - [20/Jul/2026:18:41:32 +0200] "GET /wp-content/uploads/2025/07/logo-de-Prinsenhof.svg HTTP/1.1" 200 5558 "https://cso-deprinsenhof.nl/" "Google-Edu"
74.125.150.1 - - [20/Jul/2026:18:41:33 +0200] "GET /wp-content/uploads/2025/09/PBS-klaslokaal_home-scaled.webp HTTP/1.1" 200 5532 "https://cso-deprinsenhof.nl/" "Google-Edu"
74.125.150.6 - - [20/Jul/2026:18:41:34 +0200] "GET /wp-content/uploads/2020/06/De-Prinsenhof_final_web-2.mp4 HTTP/1.1" 200 5529 "https://cso-deprinsenhof.nl/" "Google-Edu"
74.125.150.8 - - [20/Jul/2026:18:41:34 +0200] "GET /wp-content/uploads/2025/07/Onze-leerllingen-3-400x266.webp HTTP/1.1" 200 5532 "https://cso-deprinsenhof.nl/" "Google-Edu"
216.244.66.233 - - [20/Jul/2026:18:47:37 +0200] "GET /robots.txt HTTP/1.1" 200 5740 "-" "Mozilla/5.0 (compatible; DotBot/1.2; +https://opensiteexplorer.org/dotbot; help@moz.com)"
2001:1690:2:4::1:118 - - [20/Jul/2026:18:47:38 +0200] "POST /wp-cron.php?doing_wp_cron=1784566058.3365459442138671875000 HTTP/1.1" 200 5532 "-" "WordPress/6.9.5; https://cso-deprinsenhof.nl"
216.244.66.233 - - [20/Jul/2026:18:47:38 +0200] "GET /robots.txt HTTP/1.1" 301 5530 "-" "Mozilla/5.0 (compatible; DotBot/1.2; +https://opensiteexplorer.org/dotbot; help@moz.com)"
115.245.198.214 - - [20/Jul/2026:18:49:27 +0200] "POST /xmlrpc.php HTTP/1.1" 503 24988 "-" "WordPress.com; https://wordpress.com"
115.245.198.214 - - [20/Jul/2026:18:49:36 +0200] "POST /xmlrpc.php HTTP/1.1" 503 23918 "-" "Jetpack/12.0; WordPress/6.3; http://site78044980.com"
115.245.198.214 - - [20/Jul/2026:18:49:47 +0200] "POST /xmlrpc.php HTTP/1.1" 503 23918 "-" "Jetpack by WordPress.com (Jetpack 13.0; WordPress 6.3)"
115.245.198.214 - - [20/Jul/2026:18:49:57 +0200] "POST /xmlrpc.php HTTP/1.1" 503 23918 "-" "Jetpack/12.0; WordPress/6.4; http://site94588304.com"
115.245.198.214 - - [20/Jul/2026:18:50:08 +0200] "POST /xmlrpc.php HTTP/1.1" 503 23918 "-" "WordPress.com; https://wordpress.com"
115.245.198.214 - - [20/Jul/2026:18:50:18 +0200] "POST /xmlrpc.php HTTP/1.1" 503 23918 "-" "Jetpack/12.5; WordPress/6.1; http://site69304768.com"
115.245.198.214 - - [20/Jul/2026:18:50:29 +0200] "POST /xmlrpc.php HTTP/1.1" 503 23918 "-" "Jetpack by WordPress.com"
2001:1690:2:4::1:118 - - [20/Jul/2026:18:50:34 +0200] "POST /wp-cron.php?doing_wp_cron=1784566234.3861010074615478515625 HTTP/1.1" 200 5532 "-" "WordPress/6.9.5; https://cso-deprinsenhof.nl"
2001:1690:2:4::1:118 - - [20/Jul/2026:18:50:34 +0200] "POST /?wordfence_syncAttackData=1784566234.2001 HTTP/1.1" 200 5474 "-" "WordPress/6.9.5; https://cso-deprinsenhof.nl"
216.244.66.233 - - [20/Jul/2026:18:50:34 +0200] "GET /nieuws-fotos/herdenking-apeldoornsche-bosch HTTP/1.1" 301 5675 "-" "Mozilla/5.0 (compatible; DotBot/1.2; +https://opensiteexplorer.org/dotbot; help@moz.com)"
115.245.198.214 - - [20/Jul/2026:18:50:39 +0200] "POST /xmlrpc.php HTTP/1.1" 503 23918 "-" "Jetpack/13.0; WordPress/6.3; http://site66736827.com"
115.245.198.214 - - [20/Jul/2026:18:50:50 +0200] "POST /xmlrpc.php HTTP/1.1" 503 23918 "-" "Jetpack by WordPress.com"
2001:1690:2:4::1:118 - - [20/Jul/2026:18:50:56 +0200] "POST /?wordfence_syncAttackData=1784566256.1926 HTTP/1.1" 200 5474 "-" "WordPress/6.9.5; https://cso-deprinsenhof.nl"
216.244.66.233 - - [20/Jul/2026:18:50:56 +0200] "GET /media/photoalbums/beweegwijs-prinsenhof.png HTTP/1.1" 301 5675 "-" "Mozilla/5.0 (compatible; DotBot/1.2; +https://opensiteexplorer.org/dotbot; help@moz.com)"
115.245.198.214 - - [20/Jul/2026:18:51:00 +0200] "POST /xmlrpc.php HTTP/1.1" 503 23918 "-" "WordPress.com; https://wordpress.com"
115.245.198.214 - - [20/Jul/2026:18:51:11 +0200] "POST /xmlrpc.php HTTP/1.1" 503 23918 "-" "Jetpack/12.1; WordPress/6.4; http://site50755756.com"
115.245.198.214 - - [20/Jul/2026:18:51:22 +0200] "POST /xmlrpc.php HTTP/1.1" 503 23918 "-" "WordPress.com; https://wordpress.com"
115.245.198.214 - - [20/Jul/2026:18:51:32 +0200] "POST /xmlrpc.php HTTP/1.1" 503 23918 "-" "Jetpack by WordPress.com (Jetpack 12.0; WordPress 6.1)"
115.245.198.214 - - [20/Jul/2026:18:51:43 +0200] "POST /xmlrpc.php HTTP/1.1" 503 23918 "-" "Jetpack by WordPress.com (Jetpack 13.0; WordPress 6.2)"
115.245.198.214 - - [20/Jul/2026:18:51:53 +0200] "POST /xmlrpc.php HTTP/1.1" 503 23918 "-" "Jetpack by WordPress.com"
115.245.198.214 - - [20/Jul/2026:18:52:04 +0200] "POST /xmlrpc.php HTTP/1.1" 503 23918 "-" "WordPress.com; https://wordpress.com"
115.245.198.214 - - [20/Jul/2026:18:52:14 +0200] "POST /xmlrpc.php HTTP/1.1" 503 23918 "-" "Jetpack/12.0; WordPress/6.3; http://site45152124.com"
115.245.198.214 - - [20/Jul/2026:18:52:25 +0200] "POST /xmlrpc.php HTTP/1.1" 503 23918 "-" "Jetpack by WordPress.com (Jetpack 12.5; WordPress 6.3)"
115.245.198.214 - - [20/Jul/2026:18:52:35 +0200] "POST /xmlrpc.php HTTP/1.1" 503 23918 "-" "Jetpack/12.0; WordPress/6.2; http://site78217165.com"
2001:1690:2:4::1:118 - - [20/Jul/2026:18:52:36 +0200] "POST /wp-cron.php?doing_wp_cron=1784566356.9747319221496582031250 HTTP/1.1" 200 5532 "-" "WordPress/6.9.5; https://cso-deprinsenhof.nl"
2001:1690:2:4::1:118 - - [20/Jul/2026:18:52:36 +0200] "POST /?wordfence_syncAttackData=1784566356.8093 HTTP/1.1" 200 5474 "-" "WordPress/6.9.5; https://cso-deprinsenhof.nl"
216.244.66.233 - - [20/Jul/2026:18:52:36 +0200] "GET /resize/800/600/media/photoalbums/53/p1070836.JPG HTTP/1.1" 301 5680 "-" "Mozilla/5.0 (compatible; DotBot/1.2; +https://opensiteexplorer.org/dotbot; help@moz.com)"
216.244.66.233 - - [20/Jul/2026:18:52:40 +0200] "GET /resize/800/600/media/photoalbums/54/20161214091435.jpg HTTP/1.1" 301 5686 "-" "Mozilla/5.0 (compatible; DotBot/1.2; +https://opensiteexplorer.org/dotbot; help@moz.com)"
115.245.198.214 - - [20/Jul/2026:18:52:46 +0200] "POST /xmlrpc.php HTTP/1.1" 503 23918 "-" "WordPress.com; https://wordpress.com"
115.245.198.214 - - [20/Jul/2026:18:52:56 +0200] "POST /xmlrpc.php HTTP/1.1" 503 23918 "-" "WordPress.com; https://wordpress.com"
115.245.198.214 - - [20/Jul/2026:18:53:07 +0200] "POST /xmlrpc.php HTTP/1.1" 503 23918 "-" "Jetpack by WordPress.com"
115.245.198.214 - - [20/Jul/2026:18:53:18 +0200] "POST /xmlrpc.php HTTP/1.1" 503 23918 "-" "Jetpack by WordPress.com"
115.245.198.214 - - [20/Jul/2026:18:53:28 +0200] "POST /xmlrpc.php HTTP/1.1" 503 23918 "-" "WordPress.com; https://wordpress.com"
115.245.198.214 - - [20/Jul/2026:18:53:39 +0200] "POST /xmlrpc.php HTTP/1.1" 503 23918 "-" "Jetpack by WordPress.com"
115.245.198.214 - - [20/Jul/2026:18:53:49 +0200] "POST /xmlrpc.php HTTP/1.1" 503 23918 "-" "Jetpack by WordPress.com (Jetpack 12.0; WordPress 6.2)"
115.245.198.214 - - [20/Jul/2026:18:54:00 +0200] "POST /xmlrpc.php HTTP/1.1" 503 23918 "-" "Jetpack by WordPress.com (Jetpack 12.0; WordPress 6.4)"
115.245.198.214 - - [20/Jul/2026:18:54:10 +0200] "POST /xmlrpc.php HTTP/1.1" 503 23918 "-" "WordPress.com; https://wordpress.com"
115.245.198.214 - - [20/Jul/2026:18:54:21 +0200] "POST /xmlrpc.php HTTP/1.1" 503 23918 "-" "Jetpack by WordPress.com (Jetpack 12.1; WordPress 6.3)"
115.245.198.214 - - [20/Jul/2026:18:54:31 +0200] "POST /xmlrpc.php HTTP/1.1" 503 23918 "-" "WordPress.com; https://wordpress.com"
115.245.198.214 - - [20/Jul/2026:18:54:42 +0200] "POST /xmlrpc.php HTTP/1.1" 503 23918 "-" "Jetpack by WordPress.com"
2001:1690:2:4::1:118 - - [20/Jul/2026:18:54:48 +0200] "POST /?wordfence_syncAttackData=1784566488.6658 HTTP/1.1" 200 5474 "-" "WordPress/6.9.5; https://cso-deprinsenhof.nl"
3.217.82.254 - - [20/Jul/2026:18:54:48 +0200] "GET / HTTP/1.1" 301 5520 "-" "Mozilla/5.0 AppleWebKit/537.36 (KHTML, like Gecko; compatible; Amazonbot/0.1; +https://developer.amazon.com/support/amazonbot) Chrome/119.0.6045.214 Safari/537.36"
18.207.89.138 - - [20/Jul/2026:18:54:49 +0200] "GET / HTTP/1.1" 200 128088 "-" "Mozilla/5.0 AppleWebKit/537.36 (KHTML, like Gecko; compatible; Amazonbot/0.1; +https://developer.amazon.com/support/amazonbot) Chrome/119.0.6045.214 Safari/537.36"
