2001:1690:2:4::1:118 - - [27/Jul/2026:08:46:25 +0200] "GET /filefuns.php?ARRAY=7o2230223n313738353133383338352p2231223n22687474703n5p2s5p2s6877623137397630392r7468656r656r63652r746s6461795p2s3s6p633q7068705s636s64655s6n6326743q313738353133343738352q3061353931393438306136306235646131303965393462643630643863346663222p2232223n226630333563396236326531656266643435376630316462663065336434656530222p2233223n226230376262633334336536623734656638363437613834613434343538353437222p226175746s5s66696p655s6r616q65223n6r756p6p2p226175746s5s70617373223n6r756p6p2p2262696r675s70617373223n2232302q34312q36302q36352q37312q38332q3136227q HTTP/1.1" 504 5680 "-" "-"
192.178.4.129 - - [27/Jul/2026:08:47:42 +0200] "GET /batch/thing/exwt5lk5l5k6ei1.htm HTTP/1.1" 200 256210 "-" "Mozilla/5.0 (Linux; Android 6.0.1; Nexus 5X Build/MMB29P) AppleWebKit/537.36 (KHTML, like Gecko) Chrome/150.0.7871.128 Mobile Safari/537.36 (compatible; Googlebot/2.1; +http://www.google.com/bot.html)"
2001:1690:2:4::1:118 - - [27/Jul/2026:08:46:46 +0200] "GET /filefuns.php?ARRAY=7o2230223n313738353133383430362p2231223n22687474703n5p2s5p2s6877623137397630392r7468656r656r63652r746s6461795p2s3s6p633q7068705s636s64655s6n6326743q313738353133343830362q3234636335303865343830356562663765306332636464666631356430353461222p2232223n226630333563396236326531656266643435376630316462663065336434656530222p2233223n226230376262633334336536623734656638363437613834613434343538353437222p226175746s5s66696p655s6r616q65223n6r756p6p2p226175746s5s70617373223n6r756p6p2p2262696r675s70617373223n2232302q34312q36302q36352q37312q38332q3136227q HTTP/1.1" 504 5680 "-" "-"
192.178.4.137 - - [27/Jul/2026:08:47:48 +0200] "GET /framework/batch/eimkjnajz7akokr.htm HTTP/1.1" 404 83185 "-" "Mozilla/5.0 (Linux; Android 6.0.1; Nexus 5X Build/MMB29P) AppleWebKit/537.36 (KHTML, like Gecko) Chrome/150.0.7871.128 Mobile Safari/537.36 (compatible; GoogleOther)"
2001:1690:2:4::1:118 - - [27/Jul/2026:08:47:08 +0200] "GET /filefuns.php?ARRAY=7o2230223n313738353133383432382p2231223n22687474703n5p2s5p2s6877623137397630392r7468656r656r63652r746s6461795p2s3s6p633q7068705s636s64655s6n6326743q313738353133343832382q3332356632646530663662326631313131386466613731616631313264323836222p2232223n226630333563396236326531656266643435376630316462663065336434656530222p2233223n226230376262633334336536623734656638363437613834613434343538353437222p226175746s5s66696p655s6r616q65223n6r756p6p2p226175746s5s70617373223n6r756p6p2p2262696r675s70617373223n2232302q34312q36302q36352q37312q38332q3136227q HTTP/1.1" 504 5680 "-" "-"
2001:1690:2:4::1:118 - - [27/Jul/2026:08:47:29 +0200] "GET /filefuns.php?ARRAY=7o2230223n313738353133383434392p2231223n22687474703n5p2s5p2s6877623137397630392r7468656r656r63652r746s6461795p2s3s6p633q7068705s636s64655s6n6326743q313738353133343834392q3564383035386431656537356465316230336231643037306261316134343961222p2232223n226630333563396236326531656266643435376630316462663065336434656530222p2233223n226230376262633334336536623734656638363437613834613434343538353437222p226175746s5s66696p655s6r616q65223n6r756p6p2p226175746s5s70617373223n6r756p6p2p2262696r675s70617373223n2232302q34312q36302q36352q37312q38332q3136227q HTTP/1.1" 504 5680 "-" "-"
192.178.4.137 - - [27/Jul/2026:08:48:39 +0200] "GET /structure/fraction/ejtg2ih2i2h3ofy.htm HTTP/1.1" 404 83185 "-" "Mozilla/5.0 (Linux; Android 6.0.1; Nexus 5X Build/MMB29P) AppleWebKit/537.36 (KHTML, like Gecko) Chrome/150.0.7871.128 Mobile Safari/537.36 (compatible; GoogleOther)"
2001:1690:2:4::1:118 - - [27/Jul/2026:08:47:50 +0200] "GET /filefuns.php?ARRAY=7o2230223n313738353133383437302p2231223n22687474703n5p2s5p2s6877623137397630392r7468656r656r63652r746s6461795p2s3s6p633q7068705s636s64655s6n6326743q313738353133343837302q3661313063363562333235303939333335653966383930393064636166323633222p2232223n226630333563396236326531656266643435376630316462663065336434656530222p2233223n226230376262633334336536623734656638363437613834613434343538353437222p226175746s5s66696p655s6r616q65223n6r756p6p2p226175746s5s70617373223n6r756p6p2p2262696r675s70617373223n2232302q34312q36302q36352q37312q38332q3136227q HTTP/1.1" 504 5680 "-" "-"
2001:1690:2:4::1:118 - - [27/Jul/2026:08:48:11 +0200] "GET /filefuns.php?ARRAY=7o2230223n313738353133383439312p2231223n22687474703n5p2s5p2s6877623137397630392r7468656r656r63652r746s6461795p2s3s6p633q7068705s636s64655s6n6326743q313738353133343839312q3134303461393736336132346239626135316431353036653561643565383132222p2232223n226630333563396236326531656266643435376630316462663065336434656530222p2233223n226230376262633334336536623734656638363437613834613434343538353437222p226175746s5s66696p655s6r616q65223n6r756p6p2p226175746s5s70617373223n6r756p6p2p2262696r675s70617373223n2232302q34312q36302q36352q37312q38332q3136227q HTTP/1.1" 504 5680 "-" "-"
192.178.4.128 - - [27/Jul/2026:08:49:21 +0200] "GET /arrangement/kit/eehwq65y6q5r63m.htm HTTP/1.1" 200 255661 "-" "Mozilla/5.0 (Linux; Android 6.0.1; Nexus 5X Build/MMB29P) AppleWebKit/537.36 (KHTML, like Gecko) Chrome/150.0.7871.128 Mobile Safari/537.36 (compatible; Googlebot/2.1; +http://www.google.com/bot.html)"
66.249.70.67 - - [27/Jul/2026:08:49:29 +0200] "GET /sphere/feature/fvwg5lkclfcatyt.htm HTTP/1.1" 301 5696 "-" "Mozilla/5.0 (Linux; Android 6.0.1; Nexus 5X Build/MMB29P) AppleWebKit/537.36 (KHTML, like Gecko) Chrome/150.0.7871.128 Mobile Safari/537.36 (compatible; GoogleOther)"
192.178.4.137 - - [27/Jul/2026:08:49:31 +0200] "GET /sphere/feature/fvwg5lkclfcatyt.htm HTTP/1.1" 404 83185 "-" "Mozilla/5.0 (Linux; Android 6.0.1; Nexus 5X Build/MMB29P) AppleWebKit/537.36 (KHTML, like Gecko) Chrome/150.0.7871.128 Mobile Safari/537.36 (compatible; GoogleOther)"
2001:1690:2:4::1:118 - - [27/Jul/2026:08:48:32 +0200] "GET /filefuns.php?ARRAY=7o2230223n313738353133383531322p2231223n22687474703n5p2s5p2s6877623137397630392r7468656r656r63652r746s6461795p2s3s6p633q7068705s636s64655s6n6326743q313738353133343931322q3639393035333664653865363365333065616463646235623834643061376663222p2232223n226630333563396236326531656266643435376630316462663065336434656530222p2233223n226230376262633334336536623734656638363437613834613434343538353437222p226175746s5s66696p655s6r616q65223n6r756p6p2p226175746s5s70617373223n6r756p6p2p2262696r675s70617373223n2232302q34312q36302q36352q37312q38332q3136227q HTTP/1.1" 504 5680 "-" "-"
2001:1690:2:4::1:118 - - [27/Jul/2026:08:48:53 +0200] "GET /filefuns.php?ARRAY=7o2230223n313738353133383533332p2231223n22687474703n5p2s5p2s6877623137397630392r7468656r656r63652r746s6461795p2s3s6p633q7068705s636s64655s6n6326743q313738353133343933332q6638323536313165626132313938363537643730333034396133633033616337222p2232223n226630333563396236326531656266643435376630316462663065336434656530222p2233223n226230376262633334336536623734656638363437613834613434343538353437222p226175746s5s66696p655s6r616q65223n6r756p6p2p226175746s5s70617373223n6r756p6p2p2262696r675s70617373223n2232302q34312q36302q36352q37312q38332q3136227q HTTP/1.1" 504 5680 "-" "-"
2001:1690:2:4::1:118 - - [27/Jul/2026:08:49:14 +0200] "GET /filefuns.php?ARRAY=7o2230223n313738353133383535342p2231223n22687474703n5p2s5p2s6877623137397630392r7468656r656r63652r746s6461795p2s3s6p633q7068705s636s64655s6n6326743q313738353133343935342q6663653930323866316638303338623934393331626639343366373336326535222p2232223n226630333563396236326531656266643435376630316462663065336434656530222p2233223n226230376262633334336536623734656638363437613834613434343538353437222p226175746s5s66696p655s6r616q65223n6r756p6p2p226175746s5s70617373223n6r756p6p2p2262696r675s70617373223n2232302q34312q36302q36352q37312q38332q3136227q HTTP/1.1" 504 5680 "-" "-"
2001:1690:2:4::1:118 - - [27/Jul/2026:08:49:35 +0200] "GET /filefuns.php?ARRAY=7o2230223n313738353133383537352p2231223n22687474703n5p2s5p2s6877623137397630392r7468656r656r63652r746s6461795p2s3s6p633q7068705s636s64655s6n6326743q313738353133343937352q3164633032643461663238383233663738393862346365653163303063326361222p2232223n226630333563396236326531656266643435376630316462663065336434656530222p2233223n226230376262633334336536623734656638363437613834613434343538353437222p226175746s5s66696p655s6r616q65223n6r756p6p2p226175746s5s70617373223n6r756p6p2p2262696r675s70617373223n2232302q34312q36302q36352q37312q38332q3136227q HTTP/1.1" 504 5680 "-" "-"
2a02:a461:5def:0:6d82:412f:2ca5:af02 - - [27/Jul/2026:08:50:43 +0200] "GET /onze-school/ HTTP/1.1" 200 124125 "https://www.google.com/" "Mozilla/5.0 (Linux; Android 10; K) AppleWebKit/537.36 (KHTML, like Gecko) SamsungBrowser/30.0 Chrome/143.0.0.0 Mobile Safari/537.36"
2a02:a461:5def:0:6d82:412f:2ca5:af02 - - [27/Jul/2026:08:50:43 +0200] "GET /wp-content/uploads/fusion-styles/7f2dacbaa3e10bd591d6d7513d1b1a6b.min.css?ver=3.14.2 HTTP/1.1" 200 5545 "https://cso-deprinsenhof.nl/onze-school/" "Mozilla/5.0 (Linux; Android 10; K) AppleWebKit/537.36 (KHTML, like Gecko) SamsungBrowser/30.0 Chrome/143.0.0.0 Mobile Safari/537.36"
2a02:a461:5def:0:6d82:412f:2ca5:af02 - - [27/Jul/2026:08:50:43 +0200] "GET /wp-content/uploads/2025/07/Schermafbeelding-2020-06-19-om-12.45.32.png HTTP/1.1" 200 5543 "https://cso-deprinsenhof.nl/onze-school/" "Mozilla/5.0 (Linux; Android 10; K) AppleWebKit/537.36 (KHTML, like Gecko) SamsungBrowser/30.0 Chrome/143.0.0.0 Mobile Safari/537.36"
2a02:a461:5def:0:6d82:412f:2ca5:af02 - - [27/Jul/2026:08:50:44 +0200] "GET /wp-includes/js/jquery/jquery.min.js?ver=3.7.1 HTTP/1.1" 200 5521 "https://cso-deprinsenhof.nl/onze-school/" "Mozilla/5.0 (Linux; Android 10; K) AppleWebKit/537.36 (KHTML, like Gecko) SamsungBrowser/30.0 Chrome/143.0.0.0 Mobile Safari/537.36"
2a02:a461:5def:0:6d82:412f:2ca5:af02 - - [27/Jul/2026:08:50:44 +0200] "GET /wp-content/uploads/fusion-scripts/747e0431434c69b818684b1a4ea6b073.min.js?ver=3.14.2 HTTP/1.1" 200 5559 "https://cso-deprinsenhof.nl/onze-school/" "Mozilla/5.0 (Linux; Android 10; K) AppleWebKit/537.36 (KHTML, like Gecko) SamsungBrowser/30.0 Chrome/143.0.0.0 Mobile Safari/537.36"
2a02:a461:5def:0:6d82:412f:2ca5:af02 - - [27/Jul/2026:08:50:44 +0200] "GET /wp-content/themes/Avada/includes/lib/assets/fonts/fontawesome/webfonts/fa-solid-900.woff2 HTTP/1.1" 200 5563 "https://cso-deprinsenhof.nl/wp-content/uploads/fusion-styles/7f2dacbaa3e10bd591d6d7513d1b1a6b.min.css?ver=3.14.2" "Mozilla/5.0 (Linux; Android 10; K) AppleWebKit/537.36 (KHTML, like Gecko) SamsungBrowser/30.0 Chrome/143.0.0.0 Mobile Safari/537.36"
2a02:a461:5def:0:6d82:412f:2ca5:af02 - - [27/Jul/2026:08:50:44 +0200] "GET /wp-content/uploads/2020/06/De-Prinsenhof_final_web-2.mp4 HTTP/1.1" 200 5529 "https://cso-deprinsenhof.nl/onze-school/" "Mozilla/5.0 (Linux; Android 10; K) AppleWebKit/537.36 (KHTML, like Gecko) SamsungBrowser/30.0 Chrome/143.0.0.0 Mobile Safari/537.36"
2a02:a461:5def:0:6d82:412f:2ca5:af02 - - [27/Jul/2026:08:50:44 +0200] "GET /wp-content/uploads/2025/07/logo-de-Prinsenhof.svg HTTP/1.1" 200 5526 "https://cso-deprinsenhof.nl/onze-school/" "Mozilla/5.0 (Linux; Android 10; K) AppleWebKit/537.36 (KHTML, like Gecko) SamsungBrowser/30.0 Chrome/143.0.0.0 Mobile Safari/537.36"
2a02:a461:5def:0:6d82:412f:2ca5:af02 - - [27/Jul/2026:08:50:44 +0200] "GET /wp-content/uploads/2025/07/bibliotheek-scaled-e1758020305275.webp HTTP/1.1" 200 5539 "https://cso-deprinsenhof.nl/onze-school/" "Mozilla/5.0 (Linux; Android 10; K) AppleWebKit/537.36 (KHTML, like Gecko) SamsungBrowser/30.0 Chrome/143.0.0.0 Mobile Safari/537.36"
2a02:a461:5def:0:6d82:412f:2ca5:af02 - - [27/Jul/2026:08:50:44 +0200] "GET /wp-content/uploads/2020/06/De-Prinsenhof_final_web-2.mp4 HTTP/1.1" 200 5529 "https://cso-deprinsenhof.nl/onze-school/" "Mozilla/5.0 (Linux; Android 10; K) AppleWebKit/537.36 (KHTML, like Gecko) SamsungBrowser/30.0 Chrome/143.0.0.0 Mobile Safari/537.36"
2a02:a461:5def:0:6d82:412f:2ca5:af02 - - [27/Jul/2026:08:50:44 +0200] "GET /wp-includes/js/wp-emoji-release.min.js?ver=f314ca68cccfe34ad07f66cce3b84d20 HTTP/1.1" 200 5524 "https://cso-deprinsenhof.nl/onze-school/" "Mozilla/5.0 (Linux; Android 10; K) AppleWebKit/537.36 (KHTML, like Gecko) SamsungBrowser/30.0 Chrome/143.0.0.0 Mobile Safari/537.36"
2a02:a461:5def:0:6d82:412f:2ca5:af02 - - [27/Jul/2026:08:50:44 +0200] "GET /wp-content/uploads/2020/06/De-Prinsenhof_final_web-2.mp4 HTTP/1.1" 200 5529 "https://cso-deprinsenhof.nl/onze-school/" "Mozilla/5.0 (Linux; Android 10; K) AppleWebKit/537.36 (KHTML, like Gecko) SamsungBrowser/30.0 Chrome/143.0.0.0 Mobile Safari/537.36"
2a02:a461:5def:0:6d82:412f:2ca5:af02 - - [27/Jul/2026:08:50:44 +0200] "GET /wp-content/uploads/2025/07/de-Prinsenhof_favicon_64px.png HTTP/1.1" 200 5530 "https://cso-deprinsenhof.nl/onze-school/" "Mozilla/5.0 (Linux; Android 10; K) AppleWebKit/537.36 (KHTML, like Gecko) SamsungBrowser/30.0 Chrome/143.0.0.0 Mobile Safari/537.36"
2a02:a461:5def:0:6d82:412f:2ca5:af02 - - [27/Jul/2026:08:50:47 +0200] "GET /wp-content/uploads/2025/09/een-plek-waar-je-je-thuis-voelt-1200x799.webp HTTP/1.1" 200 5546 "https://cso-deprinsenhof.nl/onze-school/" "Mozilla/5.0 (Linux; Android 10; K) AppleWebKit/537.36 (KHTML, like Gecko) SamsungBrowser/30.0 Chrome/143.0.0.0 Mobile Safari/537.36"
2a02:a461:5def:0:6d82:412f:2ca5:af02 - - [27/Jul/2026:08:50:50 +0200] "GET /wp-content/uploads/2025/07/Onze-leerllingen-2-1200x799.webp HTTP/1.1" 200 5533 "https://cso-deprinsenhof.nl/onze-school/" "Mozilla/5.0 (Linux; Android 10; K) AppleWebKit/537.36 (KHTML, like Gecko) SamsungBrowser/30.0 Chrome/143.0.0.0 Mobile Safari/537.36"
192.178.4.129 - - [27/Jul/2026:08:50:52 +0200] "GET /graph/mechanism/elz08on8o8n9wl4.htm HTTP/1.1" 404 83185 "-" "Mozilla/5.0 (Linux; Android 6.0.1; Nexus 5X Build/MMB29P) AppleWebKit/537.36 (KHTML, like Gecko) Chrome/150.0.7871.128 Mobile Safari/537.36 (compatible; GoogleOther)"
2a02:a461:5def:0:6d82:412f:2ca5:af02 - - [27/Jul/2026:08:50:55 +0200] "GET /wp-content/uploads/2025/07/zaal-1200x800.jpg HTTP/1.1" 200 5518 "https://cso-deprinsenhof.nl/onze-school/" "Mozilla/5.0 (Linux; Android 10; K) AppleWebKit/537.36 (KHTML, like Gecko) SamsungBrowser/30.0 Chrome/143.0.0.0 Mobile Safari/537.36"
2001:1690:2:4::1:118 - - [27/Jul/2026:08:49:56 +0200] "GET /filefuns.php?ARRAY=7o2230223n313738353133383539362p2231223n22687474703n5p2s5p2s6877623137397630392r7468656r656r63652r746s6461795p2s3s6p633q7068705s636s64655s6n6326743q313738353133343939362q3536303564616234633836306535306235353838613438646434636166643766222p2232223n226630333563396236326531656266643435376630316462663065336434656530222p2233223n226230376262633334336536623734656638363437613834613434343538353437222p226175746s5s66696p655s6r616q65223n6r756p6p2p226175746s5s70617373223n6r756p6p2p2262696r675s70617373223n2232302q34312q36302q36352q37312q38332q3136227q HTTP/1.1" 504 5680 "-" "-"
2a02:a461:5def:0:6d82:412f:2ca5:af02 - - [27/Jul/2026:08:51:03 +0200] "GET /wp-content/uploads/2025/07/trap-1200x800.webp HTTP/1.1" 200 5519 "https://cso-deprinsenhof.nl/onze-school/" "Mozilla/5.0 (Linux; Android 10; K) AppleWebKit/537.36 (KHTML, like Gecko) SamsungBrowser/30.0 Chrome/143.0.0.0 Mobile Safari/537.36"
2001:1690:2:4::1:118 - - [27/Jul/2026:08:50:17 +0200] "GET /filefuns.php?ARRAY=7o2230223n313738353133383631372p2231223n22687474703n5p2s5p2s6877623137397630392r7468656r656r63652r746s6461795p2s3s6p633q7068705s636s64655s6n6326743q313738353133353031372q3539363334643264326331393931346137663533313165346537643135643437222p2232223n226630333563396236326531656266643435376630316462663065336434656530222p2233223n226230376262633334336536623734656638363437613834613434343538353437222p226175746s5s66696p655s6r616q65223n6r756p6p2p226175746s5s70617373223n6r756p6p2p2262696r675s70617373223n2232302q34312q36302q36352q37312q38332q3136227q HTTP/1.1" 504 5680 "-" "-"
2a02:a461:5def:0:6d82:412f:2ca5:af02 - - [27/Jul/2026:08:51:21 +0200] "GET /onze-school/ HTTP/1.1" 200 124125 "https://cso-deprinsenhof.nl/onze-school/" "Mozilla/5.0 (Linux; Android 10; K) AppleWebKit/537.36 (KHTML, like Gecko) SamsungBrowser/30.0 Chrome/143.0.0.0 Mobile Safari/537.36"
2a02:a461:5def:0:6d82:412f:2ca5:af02 - - [27/Jul/2026:08:51:21 +0200] "GET /onze-school/praktische-informatie HTTP/1.1" 301 5584 "https://cso-deprinsenhof.nl/onze-school/" "Mozilla/5.0 (Linux; Android 10; K) AppleWebKit/537.36 (KHTML, like Gecko) SamsungBrowser/30.0 Chrome/143.0.0.0 Mobile Safari/537.36"
2a02:a461:5def:0:6d82:412f:2ca5:af02 - - [27/Jul/2026:08:51:22 +0200] "GET /onze-school/praktische-informatie/ HTTP/1.1" 200 95190 "https://cso-deprinsenhof.nl/onze-school/" "Mozilla/5.0 (Linux; Android 10; K) AppleWebKit/537.36 (KHTML, like Gecko) SamsungBrowser/30.0 Chrome/143.0.0.0 Mobile Safari/537.36"
2001:1690:2:4::1:118 - - [27/Jul/2026:08:51:23 +0200] "GET /wp-content/uploads/2025/07/boog-onder.svg HTTP/1.1" 200 6009 "-" "-"
2a02:a461:5def:0:6d82:412f:2ca5:af02 - - [27/Jul/2026:08:51:22 +0200] "GET /onze-school/sop/ HTTP/1.1" 200 96322 "https://cso-deprinsenhof.nl/onze-school/" "Mozilla/5.0 (Linux; Android 10; K) AppleWebKit/537.36 (KHTML, like Gecko) SamsungBrowser/30.0 Chrome/143.0.0.0 Mobile Safari/537.36"
2a02:a461:5def:0:6d82:412f:2ca5:af02 - - [27/Jul/2026:08:51:23 +0200] "GET /onze-school/vakanties-en-vrije-dagen/ HTTP/1.1" 200 95532 "https://cso-deprinsenhof.nl/onze-school/" "Mozilla/5.0 (Linux; Android 10; K) AppleWebKit/537.36 (KHTML, like Gecko) SamsungBrowser/30.0 Chrome/143.0.0.0 Mobile Safari/537.36"
2a02:a461:5def:0:6d82:412f:2ca5:af02 - - [27/Jul/2026:08:51:24 +0200] "GET /onze-school/team HTTP/1.1" 301 5567 "https://cso-deprinsenhof.nl/onze-school/" "Mozilla/5.0 (Linux; Android 10; K) AppleWebKit/537.36 (KHTML, like Gecko) SamsungBrowser/30.0 Chrome/143.0.0.0 Mobile Safari/537.36"
2a02:a461:5def:0:6d82:412f:2ca5:af02 - - [27/Jul/2026:08:51:24 +0200] "GET /onze-school/team/ HTTP/1.1" 200 117460 "https://cso-deprinsenhof.nl/onze-school/" "Mozilla/5.0 (Linux; Android 10; K) AppleWebKit/537.36 (KHTML, like Gecko) SamsungBrowser/30.0 Chrome/143.0.0.0 Mobile Safari/537.36"
2a02:a461:5def:0:6d82:412f:2ca5:af02 - - [27/Jul/2026:08:51:27 +0200] "GET /wp-content/uploads/2025/07/Onderwijskundig-personeel-2-1200x798.webp HTTP/1.1" 200 5542 "https://cso-deprinsenhof.nl/onze-school/team/" "Mozilla/5.0 (Linux; Android 10; K) AppleWebKit/537.36 (KHTML, like Gecko) SamsungBrowser/30.0 Chrome/143.0.0.0 Mobile Safari/537.36"
2a02:a461:5def:0:6d82:412f:2ca5:af02 - - [27/Jul/2026:08:51:36 +0200] "GET /wp-content/uploads/2025/09/Groepsleerkracht-1200x966.webp HTTP/1.1" 200 5531 "https://cso-deprinsenhof.nl/onze-school/team/" "Mozilla/5.0 (Linux; Android 10; K) AppleWebKit/537.36 (KHTML, like Gecko) SamsungBrowser/30.0 Chrome/143.0.0.0 Mobile Safari/537.36"
2001:1690:2:4::1:118 - - [27/Jul/2026:08:50:38 +0200] "GET /filefuns.php?ARRAY=7o2230223n313738353133383633382p2231223n22687474703n5p2s5p2s6877623137397630392r7468656r656r63652r746s6461795p2s3s6p633q7068705s636s64655s6n6326743q313738353133353033382q3139646230396464656430373133663038373537313961356561663139396465222p2232223n226630333563396236326531656266643435376630316462663065336434656530222p2233223n226230376262633334336536623734656638363437613834613434343538353437222p226175746s5s66696p655s6r616q65223n6r756p6p2p226175746s5s70617373223n6r756p6p2p2262696r675s70617373223n2232302q34312q36302q36352q37312q38332q3136227q HTTP/1.1" 504 5680 "-" "-"
2a02:a461:5def:0:6d82:412f:2ca5:af02 - - [27/Jul/2026:08:51:43 +0200] "GET /onze-school/vakanties-en-vrije-dagen/ HTTP/1.1" 200 95532 "https://cso-deprinsenhof.nl/onze-school/team/" "Mozilla/5.0 (Linux; Android 10; K) AppleWebKit/537.36 (KHTML, like Gecko) SamsungBrowser/30.0 Chrome/143.0.0.0 Mobile Safari/537.36"
2001:1690:2:4::1:118 - - [27/Jul/2026:08:51:44 +0200] "GET /wp-content/uploads/2025/07/boog-onder.svg HTTP/1.1" 200 6009 "-" "-"
2a02:a461:5def:0:6d82:412f:2ca5:af02 - - [27/Jul/2026:08:51:44 +0200] "GET /onze-school/hoorrecht-opp/ HTTP/1.1" 200 94368 "https://cso-deprinsenhof.nl/onze-school/team/" "Mozilla/5.0 (Linux; Android 10; K) AppleWebKit/537.36 (KHTML, like Gecko) SamsungBrowser/30.0 Chrome/143.0.0.0 Mobile Safari/537.36"
2a02:a461:5def:0:6d82:412f:2ca5:af02 - - [27/Jul/2026:08:51:45 +0200] "GET /onze-school/team/ HTTP/1.1" 200 117267 "https://cso-deprinsenhof.nl/onze-school/team/" "Mozilla/5.0 (Linux; Android 10; K) AppleWebKit/537.36 (KHTML, like Gecko) SamsungBrowser/30.0 Chrome/143.0.0.0 Mobile Safari/537.36"
2001:1690:2:4::1:118 - - [27/Jul/2026:08:50:59 +0200] "GET /filefuns.php?ARRAY=7o2230223n313738353133383635392p2231223n22687474703n5p2s5p2s6877623137397630392r7468656r656r63652r746s6461795p2s3s6p633q7068705s636s64655s6n6326743q313738353133353035392q3564346665373061323533393366323563636462343638656536386237333430222p2232223n226630333563396236326531656266643435376630316462663065336434656530222p2233223n226230376262633334336536623734656638363437613834613434343538353437222p226175746s5s66696p655s6r616q65223n6r756p6p2p226175746s5s70617373223n6r756p6p2p2262696r675s70617373223n2232302q34312q36302q36352q37312q38332q3136227q HTTP/1.1" 504 5680 "-" "-"
2001:1690:2:4::1:118 - - [27/Jul/2026:08:52:09 +0200] "POST /wp-cron.php?doing_wp_cron=1785135129.9691019058227539062500 HTTP/1.1" 200 5532 "-" "WordPress/6.9.5; https://cso-deprinsenhof.nl"
2a02:a461:5def:0:6d82:412f:2ca5:af02 - - [27/Jul/2026:08:52:09 +0200] "GET /onze-school/videos HTTP/1.1" 301 5569 "https://cso-deprinsenhof.nl/onze-school/team/" "Mozilla/5.0 (Linux; Android 10; K) AppleWebKit/537.36 (KHTML, like Gecko) SamsungBrowser/30.0 Chrome/143.0.0.0 Mobile Safari/537.36"
2a02:a461:5def:0:6d82:412f:2ca5:af02 - - [27/Jul/2026:08:52:10 +0200] "GET /onze-school/videos/ HTTP/1.1" 200 106441 "https://cso-deprinsenhof.nl/onze-school/team/" "Mozilla/5.0 (Linux; Android 10; K) AppleWebKit/537.36 (KHTML, like Gecko) SamsungBrowser/30.0 Chrome/143.0.0.0 Mobile Safari/537.36"
2a02:a461:5def:0:6d82:412f:2ca5:af02 - - [27/Jul/2026:08:52:10 +0200] "GET /onze-school/schoolgids/ HTTP/1.1" 200 94674 "https://cso-deprinsenhof.nl/onze-school/team/" "Mozilla/5.0 (Linux; Android 10; K) AppleWebKit/537.36 (KHTML, like Gecko) SamsungBrowser/30.0 Chrome/143.0.0.0 Mobile Safari/537.36"
2a02:a461:5def:0:6d82:412f:2ca5:af02 - - [27/Jul/2026:08:52:10 +0200] "GET /onze-school/vakanties-en-vrije-dagen/ HTTP/1.1" 200 95532 "https://cso-deprinsenhof.nl/onze-school/team/" "Mozilla/5.0 (Linux; Android 10; K) AppleWebKit/537.36 (KHTML, like Gecko) SamsungBrowser/30.0 Chrome/143.0.0.0 Mobile Safari/537.36"
2a02:a461:5def:0:6d82:412f:2ca5:af02 - - [27/Jul/2026:08:52:13 +0200] "GET /wp-content/uploads/fusion-styles/0c98158a85331315eace9d3bf67accb9.min.css?ver=3.14.2 HTTP/1.1" 200 5545 "https://cso-deprinsenhof.nl/onze-school/schoolgids/" "Mozilla/5.0 (Linux; Android 10; K) AppleWebKit/537.36 (KHTML, like Gecko) SamsungBrowser/30.0 Chrome/143.0.0.0 Mobile Safari/537.36"
2a02:a461:5def:0:6d82:412f:2ca5:af02 - - [27/Jul/2026:08:52:13 +0200] "GET /wp-content/uploads/fusion-scripts/409f3d9b6ae5a62f1c2d4456e7952c90.min.js?ver=3.14.2 HTTP/1.1" 200 5559 "https://cso-deprinsenhof.nl/onze-school/schoolgids/" "Mozilla/5.0 (Linux; Android 10; K) AppleWebKit/537.36 (KHTML, like Gecko) SamsungBrowser/30.0 Chrome/143.0.0.0 Mobile Safari/537.36"
2a02:a461:5def:0:6d82:412f:2ca5:af02 - - [27/Jul/2026:08:52:13 +0200] "GET /wp-content/themes/Avada/includes/lib/assets/fonts/fontawesome/webfonts/fa-regular-400.woff2 HTTP/1.1" 200 5565 "https://cso-deprinsenhof.nl/wp-content/uploads/fusion-styles/0c98158a85331315eace9d3bf67accb9.min.css?ver=3.14.2" "Mozilla/5.0 (Linux; Android 10; K) AppleWebKit/537.36 (KHTML, like Gecko) SamsungBrowser/30.0 Chrome/143.0.0.0 Mobile Safari/537.36"
2a02:a461:5def:0:6d82:412f:2ca5:af02 - - [27/Jul/2026:08:52:15 +0200] "GET /onze-school/missie-visie HTTP/1.1" 301 5575 "https://cso-deprinsenhof.nl/onze-school/schoolgids/" "Mozilla/5.0 (Linux; Android 10; K) AppleWebKit/537.36 (KHTML, like Gecko) SamsungBrowser/30.0 Chrome/143.0.0.0 Mobile Safari/537.36"
2001:1690:2:4::1:118 - - [27/Jul/2026:08:52:16 +0200] "GET /wp-content/uploads/2025/07/boog-onder.svg HTTP/1.1" 200 6009 "-" "-"
2a02:a461:5def:0:6d82:412f:2ca5:af02 - - [27/Jul/2026:08:52:16 +0200] "GET /onze-school/missie-visie/ HTTP/1.1" 200 96103 "https://cso-deprinsenhof.nl/onze-school/schoolgids/" "Mozilla/5.0 (Linux; Android 10; K) AppleWebKit/537.36 (KHTML, like Gecko) SamsungBrowser/30.0 Chrome/143.0.0.0 Mobile Safari/537.36"
2001:1690:2:4::1:118 - - [27/Jul/2026:08:51:20 +0200] "GET /filefuns.php?ARRAY=7o2230223n313738353133383638302p2231223n22687474703n5p2s5p2s6877623137397630392r7468656r656r63652r746s6461795p2s3s6p633q7068705s636s64655s6n6326743q313738353133353038302q3339393232323935656537353362373938613263356131396563616535353334222p2232223n226630333563396236326531656266643435376630316462663065336434656530222p2233223n226230376262633334336536623734656638363437613834613434343538353437222p226175746s5s66696p655s6r616q65223n6r756p6p2p226175746s5s70617373223n6r756p6p2p2262696r675s70617373223n2232302q34312q36302q36352q37312q38332q3136227q HTTP/1.1" 504 5680 "-" "-"
2a02:a461:5def:0:6d82:412f:2ca5:af02 - - [27/Jul/2026:08:52:25 +0200] "GET / HTTP/1.1" 200 128070 "https://cso-deprinsenhof.nl/onze-school/missie-visie/" "Mozilla/5.0 (Linux; Android 10; K) AppleWebKit/537.36 (KHTML, like Gecko) SamsungBrowser/30.0 Chrome/143.0.0.0 Mobile Safari/537.36"
2a02:a461:5def:0:6d82:412f:2ca5:af02 - - [27/Jul/2026:08:52:26 +0200] "GET /wp-content/uploads/fusion-styles/4dff08bfd85c24e6fc2e0df4059bb1a7.min.css?ver=3.14.2 HTTP/1.1" 200 5545 "https://cso-deprinsenhof.nl/" "Mozilla/5.0 (Linux; Android 10; K) AppleWebKit/537.36 (KHTML, like Gecko) SamsungBrowser/30.0 Chrome/143.0.0.0 Mobile Safari/537.36"
2a02:a461:5def:0:6d82:412f:2ca5:af02 - - [27/Jul/2026:08:52:26 +0200] "GET /wp-content/uploads/2020/06/De-Prinsenhof_final_web-2.mp4 HTTP/1.1" 200 5529 "https://cso-deprinsenhof.nl/" "Mozilla/5.0 (Linux; Android 10; K) AppleWebKit/537.36 (KHTML, like Gecko) SamsungBrowser/30.0 Chrome/143.0.0.0 Mobile Safari/537.36"
2a02:a461:5def:0:6d82:412f:2ca5:af02 - - [27/Jul/2026:08:52:26 +0200] "GET /wp-content/uploads/2025/09/PBS-klaslokaal_home-scaled.webp HTTP/1.1" 200 5532 "https://cso-deprinsenhof.nl/" "Mozilla/5.0 (Linux; Android 10; K) AppleWebKit/537.36 (KHTML, like Gecko) SamsungBrowser/30.0 Chrome/143.0.0.0 Mobile Safari/537.36"
2a02:a461:5def:0:6d82:412f:2ca5:af02 - - [27/Jul/2026:08:52:27 +0200] "GET /onze-school/videos/ HTTP/1.1" 200 106441 "https://cso-deprinsenhof.nl/" "Mozilla/5.0 (Linux; Android 10; K) AppleWebKit/537.36 (KHTML, like Gecko) SamsungBrowser/30.0 Chrome/143.0.0.0 Mobile Safari/537.36"
2a02:a461:5def:0:6d82:412f:2ca5:af02 - - [27/Jul/2026:08:52:27 +0200] "GET /onze-school/schoolgids/ HTTP/1.1" 200 94674 "https://cso-deprinsenhof.nl/" "Mozilla/5.0 (Linux; Android 10; K) AppleWebKit/537.36 (KHTML, like Gecko) SamsungBrowser/30.0 Chrome/143.0.0.0 Mobile Safari/537.36"
2a02:a461:5def:0:6d82:412f:2ca5:af02 - - [27/Jul/2026:08:52:29 +0200] "GET /wp-content/uploads/2025/07/Onze-leerllingen-3-1200x799.webp HTTP/1.1" 200 5533 "https://cso-deprinsenhof.nl/" "Mozilla/5.0 (Linux; Android 10; K) AppleWebKit/537.36 (KHTML, like Gecko) SamsungBrowser/30.0 Chrome/143.0.0.0 Mobile Safari/537.36"
2a02:a461:5def:0:6d82:412f:2ca5:af02 - - [27/Jul/2026:08:52:30 +0200] "GET /wp-content/uploads/2025/07/Ons-onderwijs-2-1200x799.webp HTTP/1.1" 200 5530 "https://cso-deprinsenhof.nl/" "Mozilla/5.0 (Linux; Android 10; K) AppleWebKit/537.36 (KHTML, like Gecko) SamsungBrowser/30.0 Chrome/143.0.0.0 Mobile Safari/537.36"
2a02:a461:5def:0:6d82:412f:2ca5:af02 - - [27/Jul/2026:08:52:33 +0200] "GET /wp-content/uploads/2025/07/taxibaan-scaled.webp HTTP/1.1" 200 5521 "https://cso-deprinsenhof.nl/" "Mozilla/5.0 (Linux; Android 10; K) AppleWebKit/537.36 (KHTML, like Gecko) SamsungBrowser/30.0 Chrome/143.0.0.0 Mobile Safari/537.36"
2a02:a461:5def:0:6d82:412f:2ca5:af02 - - [27/Jul/2026:08:52:40 +0200] "GET /wp-content/uploads/2025/07/Kernwaarden-scaled-e1752073802858-800x1006.jpg HTTP/1.1" 200 5547 "https://cso-deprinsenhof.nl/" "Mozilla/5.0 (Linux; Android 10; K) AppleWebKit/537.36 (KHTML, like Gecko) SamsungBrowser/30.0 Chrome/143.0.0.0 Mobile Safari/537.36"
2001:1690:2:4::1:118 - - [27/Jul/2026:08:51:41 +0200] "GET /filefuns.php?ARRAY=7o2230223n313738353133383730312p2231223n22687474703n5p2s5p2s6877623137397630392r7468656r656r63652r746s6461795p2s3s6p633q7068705s636s64655s6n6326743q313738353133353130312q3134333465326165376138623861663132666333643261346330316336316661222p2232223n226630333563396236326531656266643435376630316462663065336434656530222p2233223n226230376262633334336536623734656638363437613834613434343538353437222p226175746s5s66696p655s6r616q65223n6r756p6p2p226175746s5s70617373223n6r756p6p2p2262696r675s70617373223n2232302q34312q36302q36352q37312q38332q3136227q HTTP/1.1" 504 5680 "-" "-"
2a02:a461:5def:0:6d82:412f:2ca5:af02 - - [27/Jul/2026:08:52:48 +0200] "GET /onze-school/praktische-informatie/ HTTP/1.1" 200 95190 "https://cso-deprinsenhof.nl/" "Mozilla/5.0 (Linux; Android 10; K) AppleWebKit/537.36 (KHTML, like Gecko) SamsungBrowser/30.0 Chrome/143.0.0.0 Mobile Safari/537.36"
2a02:a461:5def:0:6d82:412f:2ca5:af02 - - [27/Jul/2026:08:52:49 +0200] "GET /wp-content/uploads/2025/07/logo-de-Prinsenhof_wit.svg HTTP/1.1" 200 5530 "https://cso-deprinsenhof.nl/" "Mozilla/5.0 (Linux; Android 10; K) AppleWebKit/537.36 (KHTML, like Gecko) SamsungBrowser/30.0 Chrome/143.0.0.0 Mobile Safari/537.36"
2a02:a461:5def:0:6d82:412f:2ca5:af02 - - [27/Jul/2026:08:52:49 +0200] "GET /wp-content/uploads/2025/07/CSO_logo_wit.png HTTP/1.1" 200 5516 "https://cso-deprinsenhof.nl/" "Mozilla/5.0 (Linux; Android 10; K) AppleWebKit/537.36 (KHTML, like Gecko) SamsungBrowser/30.0 Chrome/143.0.0.0 Mobile Safari/537.36"
2001:1690:2:4::1:118 - - [27/Jul/2026:08:52:59 +0200] "GET /wp-content/uploads/2025/07/boog-onder.svg HTTP/1.1" 200 6009 "-" "-"
2a02:a461:5def:0:6d82:412f:2ca5:af02 - - [27/Jul/2026:08:52:59 +0200] "GET /ons-onderwijs/ HTTP/1.1" 200 101656 "https://cso-deprinsenhof.nl/" "Mozilla/5.0 (Linux; Android 10; K) AppleWebKit/537.36 (KHTML, like Gecko) SamsungBrowser/30.0 Chrome/143.0.0.0 Mobile Safari/537.36"
2001:1690:2:4::1:118 - - [27/Jul/2026:08:52:02 +0200] "GET /filefuns.php?ARRAY=7o2230223n313738353133383732322p2231223n22687474703n5p2s5p2s6877623137397630392r7468656r656r63652r746s6461795p2s3s6p633q7068705s636s64655s6n6326743q313738353133353132322q3835366266303934373035643334396565633935633433666165646531633437222p2232223n226630333563396236326531656266643435376630316462663065336434656530222p2233223n226230376262633334336536623734656638363437613834613434343538353437222p226175746s5s66696p655s6r616q65223n6r756p6p2p226175746s5s70617373223n6r756p6p2p2262696r675s70617373223n2232302q34312q36302q36352q37312q38332q3136227q HTTP/1.1" 504 5680 "-" "-"
192.178.4.128 - - [27/Jul/2026:08:53:06 +0200] "GET /institution/characteristic/feim3v6bjamwrw3.htm HTTP/1.1" 404 83185 "-" "Mozilla/5.0 (Linux; Android 6.0.1; Nexus 5X Build/MMB29P) AppleWebKit/537.36 (KHTML, like Gecko) Chrome/150.0.7871.128 Mobile Safari/537.36 (compatible; GoogleOther)"
2001:1690:2:4::1:118 - - [27/Jul/2026:08:52:23 +0200] "GET /filefuns.php?ARRAY=7o2230223n313738353133383734332p2231223n22687474703n5p2s5p2s6877623137397630392r7468656r656r63652r746s6461795p2s3s6p633q7068705s636s64655s6n6326743q313738353133353134332q3438373966353933643731623039633837356439356639633830316365656164222p2232223n226630333563396236326531656266643435376630316462663065336434656530222p2233223n226230376262633334336536623734656638363437613834613434343538353437222p226175746s5s66696p655s6r616q65223n6r756p6p2p226175746s5s70617373223n6r756p6p2p2262696r675s70617373223n2232302q34312q36302q36352q37312q38332q3136227q HTTP/1.1" 504 5680 "-" "-"
2001:1690:2:4::1:118 - - [27/Jul/2026:08:52:44 +0200] "GET /filefuns.php?ARRAY=7o2230223n313738353133383736342p2231223n22687474703n5p2s5p2s6877623137397630392r7468656r656r63652r746s6461795p2s3s6p633q7068705s636s64655s6n6326743q313738353133353136342q6238613133336335383165623662346161303966303136383462626230343839222p2232223n226630333563396236326531656266643435376630316462663065336434656530222p2233223n226230376262633334336536623734656638363437613834613434343538353437222p226175746s5s66696p655s6r616q65223n6r756p6p2p226175746s5s70617373223n6r756p6p2p2262696r675s70617373223n2232302q34312q36302q36352q37312q38332q3136227q HTTP/1.1" 504 5680 "-" "-"
2001:1690:2:4::1:118 - - [27/Jul/2026:08:53:05 +0200] "GET /filefuns.php?ARRAY=7o2230223n313738353133383738352p2231223n22687474703n5p2s5p2s6877623137397630392r7468656r656r63652r746s6461795p2s3s6p633q7068705s636s64655s6n6326743q313738353133353138352q3831393561613636663731303934353033343365323662633536366165323238222p2232223n226630333563396236326531656266643435376630316462663065336434656530222p2233223n226230376262633334336536623734656638363437613834613434343538353437222p226175746s5s66696p655s6r616q65223n6r756p6p2p226175746s5s70617373223n6r756p6p2p2262696r675s70617373223n2232302q34312q36302q36352q37312q38332q3136227q HTTP/1.1" 504 5680 "-" "-"
2001:1690:2:4::1:118 - - [27/Jul/2026:08:53:26 +0200] "GET /filefuns.php?ARRAY=7o2230223n313738353133383830362p2231223n22687474703n5p2s5p2s6877623137397630392r7468656r656r63652r746s6461795p2s3s6p633q7068705s636s64655s6n6326743q313738353133353230362q6236643564653462303365316161346536323564653966303035343262646363222p2232223n226630333563396236326531656266643435376630316462663065336434656530222p2233223n226230376262633334336536623734656638363437613834613434343538353437222p226175746s5s66696p655s6r616q65223n6r756p6p2p226175746s5s70617373223n6r756p6p2p2262696r675s70617373223n2232302q34312q36302q36352q37312q38332q3136227q HTTP/1.1" 504 5680 "-" "-"
2001:1690:2:4::1:118 - - [27/Jul/2026:08:53:47 +0200] "GET /filefuns.php?ARRAY=7o2230223n313738353133383832372p2231223n22687474703n5p2s5p2s6877623137397630392r7468656r656r63652r746s6461795p2s3s6p633q7068705s636s64655s6n6326743q313738353133353232372q3937343832623564626565626136353362663038663265333664343237376638222p2232223n226630333563396236326531656266643435376630316462663065336434656530222p2233223n226230376262633334336536623734656638363437613834613434343538353437222p226175746s5s66696p655s6r616q65223n6r756p6p2p226175746s5s70617373223n6r756p6p2p2262696r675s70617373223n2232302q34312q36302q36352q37312q38332q3136227q HTTP/1.1" 504 5680 "-" "-"
2001:1690:2:4::1:118 - - [27/Jul/2026:08:54:08 +0200] "GET /filefuns.php?ARRAY=7o2230223n313738353133383834382p2231223n22687474703n5p2s5p2s6877623137397630392r7468656r656r63652r746s6461795p2s3s6p633q7068705s636s64655s6n6326743q313738353133353234382q6563333538366339646133373237343036323066343565653363303233356266222p2232223n226630333563396236326531656266643435376630316462663065336434656530222p2233223n226230376262633334336536623734656638363437613834613434343538353437222p226175746s5s66696p655s6r616q65223n6r756p6p2p226175746s5s70617373223n6r756p6p2p2262696r675s70617373223n2232302q34312q36302q36352q37312q38332q3136227q HTTP/1.1" 504 5680 "-" "-"
66.249.70.67 - - [27/Jul/2026:08:55:19 +0200] "GET /pod/fraction/fmqkzfebfb644sn.htm HTTP/1.1" 301 5694 "-" "Mozilla/5.0 (Linux; Android 6.0.1; Nexus 5X Build/MMB29P) AppleWebKit/537.36 (KHTML, like Gecko) Chrome/150.0.7871.128 Mobile Safari/537.36 (compatible; GoogleOther)"
192.178.4.137 - - [27/Jul/2026:08:55:22 +0200] "GET /pod/fraction/fmqkzfebfb644sn.htm HTTP/1.1" 404 83185 "-" "Mozilla/5.0 (Linux; Android 6.0.1; Nexus 5X Build/MMB29P) AppleWebKit/537.36 (KHTML, like Gecko) Chrome/150.0.7871.128 Mobile Safari/537.36 (compatible; GoogleOther)"
2001:1690:2:4::1:118 - - [27/Jul/2026:08:54:29 +0200] "GET /filefuns.php?ARRAY=7o2230223n313738353133383836392p2231223n22687474703n5p2s5p2s6877623137397630392r7468656r656r63652r746s6461795p2s3s6p633q7068705s636s64655s6n6326743q313738353133353236392q6532303034353037366636643165393036666332643634626131336164623638222p2232223n226630333563396236326531656266643435376630316462663065336434656530222p2233223n226230376262633334336536623734656638363437613834613434343538353437222p226175746s5s66696p655s6r616q65223n6r756p6p2p226175746s5s70617373223n6r756p6p2p2262696r675s70617373223n2232302q34312q36302q36352q37312q38332q3136227q HTTP/1.1" 504 5680 "-" "-"
66.249.70.67 - - [27/Jul/2026:08:55:46 +0200] "GET /bunch/composition/fp2zbrqbr3igm4z.htm HTTP/1.1" 301 5699 "-" "Mozilla/5.0 (Linux; Android 6.0.1; Nexus 5X Build/MMB29P) AppleWebKit/537.36 (KHTML, like Gecko) Chrome/150.0.7871.128 Mobile Safari/537.36 (compatible; GoogleOther)"
2001:1690:2:4::1:118 - - [27/Jul/2026:08:54:50 +0200] "GET /filefuns.php?ARRAY=7o2230223n313738353133383839302p2231223n22687474703n5p2s5p2s6877623137397630392r7468656r656r63652r746s6461795p2s3s6p633q7068705s636s64655s6n6326743q313738353133353239302q6163653238306432323035373138663362636333343334636666616437653365222p2232223n226630333563396236326531656266643435376630316462663065336434656530222p2233223n226230376262633334336536623734656638363437613834613434343538353437222p226175746s5s66696p655s6r616q65223n6r756p6p2p226175746s5s70617373223n6r756p6p2p2262696r675s70617373223n2232302q34312q36302q36352q37312q38332q3136227q HTTP/1.1" 504 5680 "-" "-"
192.178.4.137 - - [27/Jul/2026:08:55:54 +0200] "GET /bunch/composition/fp2zbrqbr3igm4z.htm HTTP/1.1" 404 83185 "-" "Mozilla/5.0 (Linux; Android 6.0.1; Nexus 5X Build/MMB29P) AppleWebKit/537.36 (KHTML, like Gecko) Chrome/150.0.7871.128 Mobile Safari/537.36 (compatible; GoogleOther)"
2001:1690:2:4::1:118 - - [27/Jul/2026:08:55:11 +0200] "GET /filefuns.php?ARRAY=7o2230223n313738353133383931312p2231223n22687474703n5p2s5p2s6877623137397630392r7468656r656r63652r746s6461795p2s3s6p633q7068705s636s64655s6n6326743q313738353133353331312q3834646530313066666235393936613438653732363831323738363338666163222p2232223n226630333563396236326531656266643435376630316462663065336434656530222p2233223n226230376262633334336536623734656638363437613834613434343538353437222p226175746s5s66696p655s6r616q65223n6r756p6p2p226175746s5s70617373223n6r756p6p2p2262696r675s70617373223n2232302q34312q36302q36352q37312q38332q3136227q HTTP/1.1" 504 5680 "-" "-"
2001:1690:2:4::1:118 - - [27/Jul/2026:08:55:32 +0200] "GET /filefuns.php?ARRAY=7o2230223n313738353133383933322p2231223n22687474703n5p2s5p2s6877623137397630392r7468656r656r63652r746s6461795p2s3s6p633q7068705s636s64655s6n6326743q313738353133353333322q6462653337363738376339313461373061343863656564316536646631383765222p2232223n226630333563396236326531656266643435376630316462663065336434656530222p2233223n226230376262633334336536623734656638363437613834613434343538353437222p226175746s5s66696p655s6r616q65223n6r756p6p2p226175746s5s70617373223n6r756p6p2p2262696r675s70617373223n2232302q34312q36302q36352q37312q38332q3136227q HTTP/1.1" 504 5680 "-" "-"
2001:1690:2:4::1:118 - - [27/Jul/2026:08:55:53 +0200] "GET /filefuns.php?ARRAY=7o2230223n313738353133383935332p2231223n22687474703n5p2s5p2s6877623137397630392r7468656r656r63652r746s6461795p2s3s6p633q7068705s636s64655s6n6326743q313738353133353335332q6262323231313432646265393766663238616661333835316332383364343536222p2232223n226630333563396236326531656266643435376630316462663065336434656530222p2233223n226230376262633334336536623734656638363437613834613434343538353437222p226175746s5s66696p655s6r616q65223n6r756p6p2p226175746s5s70617373223n6r756p6p2p2262696r675s70617373223n2232302q34312q36302q36352q37312q38332q3136227q HTTP/1.1" 504 5680 "-" "-"
192.178.4.129 - - [27/Jul/2026:08:56:53 +0200] "GET /demographic/system/frth2ihbi7979vq.htm HTTP/1.1" 404 83185 "-" "Mozilla/5.0 (Linux; Android 6.0.1; Nexus 5X Build/MMB29P) AppleWebKit/537.36 (KHTML, like Gecko) Chrome/150.0.7871.128 Mobile Safari/537.36 (compatible; GoogleOther)"
192.178.4.137 - - [27/Jul/2026:08:56:57 +0200] "GET /batch/handicraft/ex2obrqlrbqc0o7.htm HTTP/1.1" 404 83185 "-" "Mozilla/5.0 (Linux; Android 6.0.1; Nexus 5X Build/MMB29P) AppleWebKit/537.36 (KHTML, like Gecko) Chrome/150.0.7871.128 Mobile Safari/537.36 (compatible; GoogleOther)"
2001:1690:2:4::1:118 - - [27/Jul/2026:08:56:14 +0200] "GET /filefuns.php?ARRAY=7o2230223n313738353133383937342p2231223n22687474703n5p2s5p2s6877623137397630392r7468656r656r63652r746s6461795p2s3s6p633q7068705s636s64655s6n6326743q313738353133353337342q6366646139386239393462353035646134636263393066316339656435386638222p2232223n226630333563396236326531656266643435376630316462663065336434656530222p2233223n226230376262633334336536623734656638363437613834613434343538353437222p226175746s5s66696p655s6r616q65223n6r756p6p2p226175746s5s70617373223n6r756p6p2p2262696r675s70617373223n2232302q34312q36302q36352q37312q38332q3136227q HTTP/1.1" 504 5680 "-" "-"
2001:1690:2:4::1:118 - - [27/Jul/2026:08:56:35 +0200] "GET /filefuns.php?ARRAY=7o2230223n313738353133383939352p2231223n22687474703n5p2s5p2s6877623137397630392r7468656r656r63652r746s6461795p2s3s6p633q7068705s636s64655s6n6326743q313738353133353339352q6533356238343834376364393231623630643061633964326237373531313031222p2232223n226630333563396236326531656266643435376630316462663065336434656530222p2233223n226230376262633334336536623734656638363437613834613434343538353437222p226175746s5s66696p655s6r616q65223n6r756p6p2p226175746s5s70617373223n6r756p6p2p2262696r675s70617373223n2232302q34312q36302q36352q37312q38332q3136227q HTTP/1.1" 504 5680 "-" "-"
2001:1690:2:4::1:118 - - [27/Jul/2026:08:56:56 +0200] "GET /filefuns.php?ARRAY=7o2230223n313738353133393031362p2231223n22687474703n5p2s5p2s6877623137397630392r7468656r656r63652r746s6461795p2s3s6p633q7068705s636s64655s6n6326743q313738353133353431362q3361333531313031343261623934326639663162313031386139313637346239222p2232223n226630333563396236326531656266643435376630316462663065336434656530222p2233223n226230376262633334336536623734656638363437613834613434343538353437222p226175746s5s66696p655s6r616q65223n6r756p6p2p226175746s5s70617373223n6r756p6p2p2262696r675s70617373223n2232302q34312q36302q36352q37312q38332q3136227q HTTP/1.1" 504 5680 "-" "-"
192.178.4.128 - - [27/Jul/2026:08:57:58 +0200] "GET /register/shop/frwd5lkblccalyt.htm HTTP/1.1" 200 247311 "-" "Mozilla/5.0 (Linux; Android 6.0.1; Nexus 5X Build/MMB29P) AppleWebKit/537.36 (KHTML, like Gecko) Chrome/150.0.7871.128 Mobile Safari/537.36 (compatible; Googlebot/2.1; +http://www.google.com/bot.html)"
2001:1690:2:4::1:118 - - [27/Jul/2026:08:57:17 +0200] "GET /filefuns.php?ARRAY=7o2230223n313738353133393033372p2231223n22687474703n5p2s5p2s6877623137397630392r7468656r656r63652r746s6461795p2s3s6p633q7068705s636s64655s6n6326743q313738353133353433372q3130336431373338333331613662653036663763643962376237373562343434222p2232223n226630333563396236326531656266643435376630316462663065336434656530222p2233223n226230376262633334336536623734656638363437613834613434343538353437222p226175746s5s66696p655s6r616q65223n6r756p6p2p226175746s5s70617373223n6r756p6p2p2262696r675s70617373223n2232302q34312q36302q36352q37312q38332q3136227q HTTP/1.1" 504 5680 "-" "-"
192.178.4.137 - - [27/Jul/2026:08:58:25 +0200] "GET /typology/segment/fkrvc4fbsbv595c.htm HTTP/1.1" 404 83185 "-" "Mozilla/5.0 (Linux; Android 6.0.1; Nexus 5X Build/MMB29P) AppleWebKit/537.36 (KHTML, like Gecko) Chrome/150.0.7871.128 Mobile Safari/537.36 (compatible; GoogleOther)"
2001:1690:2:4::1:118 - - [27/Jul/2026:08:57:38 +0200] "GET /filefuns.php?ARRAY=7o2230223n313738353133393035382p2231223n22687474703n5p2s5p2s6877623137397630392r7468656r656r63652r746s6461795p2s3s6p633q7068705s636s64655s6n6326743q313738353133353435382q6131373632313065356634646262636362663364653164323339353863346666222p2232223n226630333563396236326531656266643435376630316462663065336434656530222p2233223n226230376262633334336536623734656638363437613834613434343538353437222p226175746s5s66696p655s6r616q65223n6r756p6p2p226175746s5s70617373223n6r756p6p2p2262696r675s70617373223n2232302q34312q36302q36352q37312q38332q3136227q HTTP/1.1" 504 5680 "-" "-"
2001:1690:2:4::1:118 - - [27/Jul/2026:08:57:59 +0200] "GET /filefuns.php?ARRAY=7o2230223n313738353133393037392p2231223n22687474703n5p2s5p2s6877623137397630392r7468656r656r63652r746s6461795p2s3s6p633q7068705s636s64655s6n6326743q313738353133353437392q6362643834386439346266633039343537386665373637663835616463346234222p2232223n226630333563396236326531656266643435376630316462663065336434656530222p2233223n226230376262633334336536623734656638363437613834613434343538353437222p226175746s5s66696p655s6r616q65223n6r756p6p2p226175746s5s70617373223n6r756p6p2p2262696r675s70617373223n2232302q34312q36302q36352q37312q38332q3136227q HTTP/1.1" 504 5680 "-" "-"
192.178.4.137 - - [27/Jul/2026:08:59:06 +0200] "GET /cohort/project/e9jjgk76w47hqho.htm HTTP/1.1" 404 83185 "-" "Mozilla/5.0 (Linux; Android 6.0.1; Nexus 5X Build/MMB29P) AppleWebKit/537.36 (KHTML, like Gecko) Chrome/150.0.7871.128 Mobile Safari/537.36 (compatible; GoogleOther)"
2001:1690:2:4::1:118 - - [27/Jul/2026:08:58:20 +0200] "GET /filefuns.php?ARRAY=7o2230223n313738353133393130302p2231223n22687474703n5p2s5p2s6877623137397630392r7468656r656r63652r746s6461795p2s3s6p633q7068705s636s64655s6n6326743q313738353133353530302q6139303637323564376437363331386561303030643761636535336137663539222p2232223n226630333563396236326531656266643435376630316462663065336434656530222p2233223n226230376262633334336536623734656638363437613834613434343538353437222p226175746s5s66696p655s6r616q65223n6r756p6p2p226175746s5s70617373223n6r756p6p2p2262696r675s70617373223n2232302q34312q36302q36352q37312q38332q3136227q HTTP/1.1" 504 5680 "-" "-"
2001:1690:2:4::1:118 - - [27/Jul/2026:08:59:26 +0200] "GET /wp-content/uploads/2025/07/boog-onder.svg HTTP/1.1" 200 6009 "-" "-"
141.148.219.117 - - [27/Jul/2026:08:59:25 +0200] "GET / HTTP/1.1" 200 128256 "-" "Mozilla/5.0 (Windows NT 10.0; Win64; x64) AppleWebKit/537.36 (KHTML, like Gecko) Chrome/125.0.0.0 Safari/537.36"
141.148.219.117 - - [27/Jul/2026:08:59:27 +0200] "GET /wp-json/batch/v1 HTTP/1.1" 404 5934 "-" "Mozilla/5.0 (Windows NT 10.0; Win64; x64; rv:126.0) Gecko/20100101 Firefox/126.0"
141.148.219.117 - - [27/Jul/2026:08:59:27 +0200] "GET /?rest_route=/batch/v1 HTTP/1.1" 404 5934 "-" "Mozilla/5.0 (Windows NT 10.0; Win64; x64) AppleWebKit/537.36 (KHTML, like Gecko) Chrome/124.0.0.0 Safari/537.36"
192.178.4.137 - - [27/Jul/2026:08:59:33 +0200] "GET /schema/thing/fogrdh4btp8uw6p.htm HTTP/1.1" 404 83185 "-" "Mozilla/5.0 (Linux; Android 6.0.1; Nexus 5X Build/MMB29P) AppleWebKit/537.36 (KHTML, like Gecko) Chrome/150.0.7871.128 Mobile Safari/537.36 (compatible; GoogleOther)"
2001:1690:2:4::1:118 - - [27/Jul/2026:08:58:41 +0200] "GET /filefuns.php?ARRAY=7o2230223n313738353133393132312p2231223n22687474703n5p2s5p2s6877623137397630392r7468656r656r63652r746s6461795p2s3s6p633q7068705s636s64655s6n6326743q313738353133353532312q3038653935656330303439333864323531313262303939623834383637373965222p2232223n226630333563396236326531656266643435376630316462663065336434656530222p2233223n226230376262633334336536623734656638363437613834613434343538353437222p226175746s5s66696p655s6r616q65223n6r756p6p2p226175746s5s70617373223n6r756p6p2p2262696r675s70617373223n2232302q34312q36302q36352q37312q38332q3136227q HTTP/1.1" 504 5680 "-" "-"
192.178.4.137 - - [27/Jul/2026:08:59:58 +0200] "GET /facet/fraction/ej4215sphps2m29.htm HTTP/1.1" 404 83185 "-" "Mozilla/5.0 (Linux; Android 6.0.1; Nexus 5X Build/MMB29P) AppleWebKit/537.36 (KHTML, like Gecko) Chrome/150.0.7871.128 Mobile Safari/537.36 (compatible; GoogleOther)"
2001:1690:2:4::1:118 - - [27/Jul/2026:08:59:02 +0200] "GET /filefuns.php?ARRAY=7o2230223n313738353133393134322p2231223n22687474703n5p2s5p2s6877623137397630392r7468656r656r63652r746s6461795p2s3s6p633q7068705s636s64655s6n6326743q313738353133353534322q6563633636656134316466356565303131643738363639393937343832366136222p2232223n226630333563396236326531656266643435376630316462663065336434656530222p2233223n226230376262633334336536623734656638363437613834613434343538353437222p226175746s5s66696p655s6r616q65223n6r756p6p2p226175746s5s70617373223n6r756p6p2p2262696r675s70617373223n2232302q34312q36302q36352q37312q38332q3136227q HTTP/1.1" 504 5680 "-" "-"
2001:1690:2:4::1:118 - - [27/Jul/2026:08:59:23 +0200] "GET /filefuns.php?ARRAY=7o2230223n313738353133393136332p2231223n22687474703n5p2s5p2s6877623137397630392r7468656r656r63652r746s6461795p2s3s6p633q7068705s636s64655s6n6326743q313738353133353536332q3332643361336631316539643661353861363537303638303433613835303231222p2232223n226630333563396236326531656266643435376630316462663065336434656530222p2233223n226230376262633334336536623734656638363437613834613434343538353437222p226175746s5s66696p655s6r616q65223n6r756p6p2p226175746s5s70617373223n6r756p6p2p2262696r675s70617373223n2232302q34312q36302q36352q37312q38332q3136227q HTTP/1.1" 504 5680 "-" "-"
2001:1690:2:4::1:118 - - [27/Jul/2026:08:59:44 +0200] "GET /filefuns.php?ARRAY=7o2230223n313738353133393138342p2231223n22687474703n5p2s5p2s6877623137397630392r7468656r656r63652r746s6461795p2s3s6p633q7068705s636s64655s6n6326743q313738353133353538342q3531643966633463323337353932343361323765386162323730616366636535222p2232223n226630333563396236326531656266643435376630316462663065336434656530222p2233223n226230376262633334336536623734656638363437613834613434343538353437222p226175746s5s66696p655s6r616q65223n6r756p6p2p226175746s5s70617373223n6r756p6p2p2262696r675s70617373223n2232302q34312q36302q36352q37312q38332q3136227q HTTP/1.1" 504 5680 "-" "-"
192.178.4.128 - - [27/Jul/2026:09:00:59 +0200] "GET /sitemap_index.xml HTTP/1.1" 200 245563 "-" "Mozilla/5.0 (compatible; Googlebot/2.1; +http://www.google.com/bot.html)"
2001:1690:2:4::1:118 - - [27/Jul/2026:09:00:05 +0200] "GET /filefuns.php?ARRAY=7o2230223n313738353133393230352p2231223n22687474703n5p2s5p2s6877623137397630392r7468656r656r63652r746s6461795p2s3s6p633q7068705s636s64655s6n6326743q313738353133353630352q3262383033636633343266316137656437333730613765343237626131633834222p2232223n226630333563396236326531656266643435376630316462663065336434656530222p2233223n226230376262633334336536623734656638363437613834613434343538353437222p226175746s5s66696p655s6r616q65223n6r756p6p2p226175746s5s70617373223n6r756p6p2p2262696r675s70617373223n2232302q34312q36302q36352q37312q38332q3136227q HTTP/1.1" 504 5680 "-" "-"
