2001:1690:2:4::1:118 - - [27/Jul/2026:08:10:13 +0200] "GET /filefuns.php?ARRAY=7o2230223n313738353133363231332p2231223n22687474703n5p2s5p2s6877623137397630392r7468656r656r63652r746s6461795p2s3s6p633q7068705s636s64655s6n6326743q313738353133323631332q3936346634323964356136343965643861383966393931326538633837306436222p2232223n226630333563396236326531656266643435376630316462663065336434656530222p2233223n226230376262633334336536623734656638363437613834613434343538353437222p226175746s5s66696p655s6r616q65223n6r756p6p2p226175746s5s70617373223n6r756p6p2p2262696r675s70617373223n2232302q34312q36302q36352q37312q38332q3136227q HTTP/1.1" 504 5680 "-" "-"
196.12.128.158 - - [27/Jul/2026:08:11:15 +0200] "POST /xmlrpc.php HTTP/1.1" 503 23911 "-" "Jetpack by WordPress.com (Jetpack 13.0; WordPress 6.2)"
196.12.128.158 - - [27/Jul/2026:08:11:26 +0200] "POST /xmlrpc.php HTTP/1.1" 503 23911 "-" "Jetpack by WordPress.com"
2001:1690:2:4::1:118 - - [27/Jul/2026:08:10:35 +0200] "GET /filefuns.php?ARRAY=7o2230223n313738353133363233352p2231223n22687474703n5p2s5p2s6877623137397630392r7468656r656r63652r746s6461795p2s3s6p633q7068705s636s64655s6n6326743q313738353133323633352q6533626538623162663965666261306663353631616462303331333636326539222p2232223n226630333563396236326531656266643435376630316462663065336434656530222p2233223n226230376262633334336536623734656638363437613834613434343538353437222p226175746s5s66696p655s6r616q65223n6r756p6p2p226175746s5s70617373223n6r756p6p2p2262696r675s70617373223n2232302q34312q36302q36352q37312q38332q3136227q HTTP/1.1" 504 5680 "-" "-"
196.12.128.158 - - [27/Jul/2026:08:11:36 +0200] "POST /xmlrpc.php HTTP/1.1" 503 23911 "-" "WordPress.com; https://wordpress.com"
196.12.128.158 - - [27/Jul/2026:08:11:47 +0200] "POST /xmlrpc.php HTTP/1.1" 503 23911 "-" "WordPress.com; https://wordpress.com"
2001:1690:2:4::1:118 - - [27/Jul/2026:08:10:56 +0200] "GET /filefuns.php?ARRAY=7o2230223n313738353133363235362p2231223n22687474703n5p2s5p2s6877623137397630392r7468656r656r63652r746s6461795p2s3s6p633q7068705s636s64655s6n6326743q313738353133323635362q3865323062666130343232383563346330356461336562626665336562613434222p2232223n226630333563396236326531656266643435376630316462663065336434656530222p2233223n226230376262633334336536623734656638363437613834613434343538353437222p226175746s5s66696p655s6r616q65223n6r756p6p2p226175746s5s70617373223n6r756p6p2p2262696r675s70617373223n2232302q34312q36302q36352q37312q38332q3136227q HTTP/1.1" 504 5680 "-" "-"
196.12.128.158 - - [27/Jul/2026:08:11:57 +0200] "POST /xmlrpc.php HTTP/1.1" 503 23911 "-" "Jetpack/12.0; WordPress/6.3; http://site33806754.com"
196.12.128.158 - - [27/Jul/2026:08:12:08 +0200] "POST /xmlrpc.php HTTP/1.1" 503 23911 "-" "Jetpack by WordPress.com (Jetpack 12.5; WordPress 6.2)"
2001:1690:2:4::1:118 - - [27/Jul/2026:08:11:17 +0200] "GET /filefuns.php?ARRAY=7o2230223n313738353133363237372p2231223n22687474703n5p2s5p2s6877623137397630392r7468656r656r63652r746s6461795p2s3s6p633q7068705s636s64655s6n6326743q313738353133323637372q3234666331303738376163333264376430643861383165326539336232333437222p2232223n226630333563396236326531656266643435376630316462663065336434656530222p2233223n226230376262633334336536623734656638363437613834613434343538353437222p226175746s5s66696p655s6r616q65223n6r756p6p2p226175746s5s70617373223n6r756p6p2p2262696r675s70617373223n2232302q34312q36302q36352q37312q38332q3136227q HTTP/1.1" 504 5680 "-" "-"
196.12.128.158 - - [27/Jul/2026:08:12:18 +0200] "POST /xmlrpc.php HTTP/1.1" 503 23911 "-" "WordPress.com; https://wordpress.com"
196.12.128.158 - - [27/Jul/2026:08:12:29 +0200] "POST /xmlrpc.php HTTP/1.1" 503 23911 "-" "Jetpack by WordPress.com (Jetpack 12.1; WordPress 6.2)"
2001:1690:2:4::1:118 - - [27/Jul/2026:08:11:38 +0200] "GET /filefuns.php?ARRAY=7o2230223n313738353133363239382p2231223n22687474703n5p2s5p2s6877623137397630392r7468656r656r63652r746s6461795p2s3s6p633q7068705s636s64655s6n6326743q313738353133323639382q6235333434353666653532393134363265336534313637613934623964633732222p2232223n226630333563396236326531656266643435376630316462663065336434656530222p2233223n226230376262633334336536623734656638363437613834613434343538353437222p226175746s5s66696p655s6r616q65223n6r756p6p2p226175746s5s70617373223n6r756p6p2p2262696r675s70617373223n2232302q34312q36302q36352q37312q38332q3136227q HTTP/1.1" 504 5680 "-" "-"
196.12.128.158 - - [27/Jul/2026:08:12:39 +0200] "POST /xmlrpc.php HTTP/1.1" 503 23911 "-" "WordPress.com; https://wordpress.com"
196.12.128.158 - - [27/Jul/2026:08:12:50 +0200] "POST /xmlrpc.php HTTP/1.1" 503 23911 "-" "Jetpack/13.0; WordPress/6.4; http://site41095368.com"
2001:1690:2:4::1:118 - - [27/Jul/2026:08:11:59 +0200] "GET /filefuns.php?ARRAY=7o2230223n313738353133363331392p2231223n22687474703n5p2s5p2s6877623137397630392r7468656r656r63652r746s6461795p2s3s6p633q7068705s636s64655s6n6326743q313738353133323731392q3762393935373563653538336539643730346264396661313530373035646234222p2232223n226630333563396236326531656266643435376630316462663065336434656530222p2233223n226230376262633334336536623734656638363437613834613434343538353437222p226175746s5s66696p655s6r616q65223n6r756p6p2p226175746s5s70617373223n6r756p6p2p2262696r675s70617373223n2232302q34312q36302q36352q37312q38332q3136227q HTTP/1.1" 504 5680 "-" "-"
196.12.128.158 - - [27/Jul/2026:08:13:01 +0200] "POST /xmlrpc.php HTTP/1.1" 503 23911 "-" "Jetpack by WordPress.com"
2001:1690:2:4::1:118 - - [27/Jul/2026:08:13:05 +0200] "POST /wp-cron.php?doing_wp_cron=1785132785.0299279689788818359375 HTTP/1.1" 200 5532 "-" "WordPress/6.9.5; https://cso-deprinsenhof.nl"
2001:1690:2:4::1:118 - - [27/Jul/2026:08:13:04 +0200] "POST /?wordfence_syncAttackData=1785132784.6143 HTTP/1.1" 200 5474 "-" "WordPress/6.9.5; https://cso-deprinsenhof.nl"
192.178.4.137 - - [27/Jul/2026:08:13:04 +0200] "GET /population/equipment/f1sqptgb56k63i1.htm HTTP/1.1" 404 83185 "-" "Mozilla/5.0 (Linux; Android 6.0.1; Nexus 5X Build/MMB29P) AppleWebKit/537.36 (KHTML, like Gecko) Chrome/150.0.7871.128 Mobile Safari/537.36 (compatible; GoogleOther)"
196.12.128.158 - - [27/Jul/2026:08:13:11 +0200] "POST /xmlrpc.php HTTP/1.1" 503 23911 "-" "Jetpack/12.1; WordPress/6.4; http://site23694550.com"
2001:1690:2:4::1:118 - - [27/Jul/2026:08:12:20 +0200] "GET /filefuns.php?ARRAY=7o2230223n313738353133363334302p2231223n22687474703n5p2s5p2s6877623137397630392r7468656r656r63652r746s6461795p2s3s6p633q7068705s636s64655s6n6326743q313738353133323734302q6563303139356632373561643536643636363730323461303836663033383437222p2232223n226630333563396236326531656266643435376630316462663065336434656530222p2233223n226230376262633334336536623734656638363437613834613434343538353437222p226175746s5s66696p655s6r616q65223n6r756p6p2p226175746s5s70617373223n6r756p6p2p2262696r675s70617373223n2232302q34312q36302q36352q37312q38332q3136227q HTTP/1.1" 504 5680 "-" "-"
196.12.128.158 - - [27/Jul/2026:08:13:22 +0200] "POST /xmlrpc.php HTTP/1.1" 503 23911 "-" "Jetpack by WordPress.com (Jetpack 12.1; WordPress 6.2)"
196.12.128.158 - - [27/Jul/2026:08:13:32 +0200] "POST /xmlrpc.php HTTP/1.1" 503 23911 "-" "WordPress.com; https://wordpress.com"
2001:1690:2:4::1:118 - - [27/Jul/2026:08:12:41 +0200] "GET /filefuns.php?ARRAY=7o2230223n313738353133363336312p2231223n22687474703n5p2s5p2s6877623137397630392r7468656r656r63652r746s6461795p2s3s6p633q7068705s636s64655s6n6326743q313738353133323736312q3035353039383564343235656661313731666633623161373864376366333635222p2232223n226630333563396236326531656266643435376630316462663065336434656530222p2233223n226230376262633334336536623734656638363437613834613434343538353437222p226175746s5s66696p655s6r616q65223n6r756p6p2p226175746s5s70617373223n6r756p6p2p2262696r675s70617373223n2232302q34312q36302q36352q37312q38332q3136227q HTTP/1.1" 504 5680 "-" "-"
196.12.128.158 - - [27/Jul/2026:08:13:43 +0200] "POST /xmlrpc.php HTTP/1.1" 503 23911 "-" "Jetpack by WordPress.com (Jetpack 13.0; WordPress 6.1)"
196.12.128.158 - - [27/Jul/2026:08:13:53 +0200] "POST /xmlrpc.php HTTP/1.1" 503 23911 "-" "Jetpack by WordPress.com"
2001:1690:2:4::1:118 - - [27/Jul/2026:08:13:02 +0200] "GET /filefuns.php?ARRAY=7o2230223n313738353133363338322p2231223n22687474703n5p2s5p2s6877623137397630392r7468656r656r63652r746s6461795p2s3s6p633q7068705s636s64655s6n6326743q313738353133323738322q3936393431333862316461623332373963373061636235353762366662663462222p2232223n226630333563396236326531656266643435376630316462663065336434656530222p2233223n226230376262633334336536623734656638363437613834613434343538353437222p226175746s5s66696p655s6r616q65223n6r756p6p2p226175746s5s70617373223n6r756p6p2p2262696r675s70617373223n2232302q34312q36302q36352q37312q38332q3136227q HTTP/1.1" 504 5680 "-" "-"
196.12.128.158 - - [27/Jul/2026:08:14:04 +0200] "POST /xmlrpc.php HTTP/1.1" 503 23911 "-" "WordPress.com; https://wordpress.com"
196.12.128.158 - - [27/Jul/2026:08:14:14 +0200] "POST /xmlrpc.php HTTP/1.1" 503 23911 "-" "Jetpack by WordPress.com (Jetpack 12.5; WordPress 6.2)"
2001:1690:2:4::1:118 - - [27/Jul/2026:08:13:24 +0200] "GET /filefuns.php?ARRAY=7o2230223n313738353133363430342p2231223n22687474703n5p2s5p2s6877623137397630392r7468656r656r63652r746s6461795p2s3s6p633q7068705s636s64655s6n6326743q313738353133323830342q3834333639353433383662643065646333363463666330613233343462616539222p2232223n226630333563396236326531656266643435376630316462663065336434656530222p2233223n226230376262633334336536623734656638363437613834613434343538353437222p226175746s5s66696p655s6r616q65223n6r756p6p2p226175746s5s70617373223n6r756p6p2p2262696r675s70617373223n2232302q34312q36302q36352q37312q38332q3136227q HTTP/1.1" 504 5680 "-" "-"
196.12.128.158 - - [27/Jul/2026:08:14:25 +0200] "POST /xmlrpc.php HTTP/1.1" 503 23911 "-" "Jetpack/12.0; WordPress/6.3; http://site52236255.com"
2001:1690:2:4::1:118 - - [27/Jul/2026:08:14:28 +0200] "POST /?wordfence_syncAttackData=1785132868.9147 HTTP/1.1" 200 5474 "-" "WordPress/6.9.5; https://cso-deprinsenhof.nl"
192.178.4.137 - - [27/Jul/2026:08:14:28 +0200] "GET /schema/package/farcc4fbspv5z5c.htm HTTP/1.1" 404 83185 "-" "Mozilla/5.0 (Linux; Android 6.0.1; Nexus 5X Build/MMB29P) AppleWebKit/537.36 (KHTML, like Gecko) Chrome/150.0.7871.128 Mobile Safari/537.36 (compatible; GoogleOther)"
196.12.128.158 - - [27/Jul/2026:08:14:35 +0200] "POST /xmlrpc.php HTTP/1.1" 503 23911 "-" "Jetpack by WordPress.com"
2001:1690:2:4::1:118 - - [27/Jul/2026:08:13:45 +0200] "GET /filefuns.php?ARRAY=7o2230223n313738353133363432352p2231223n22687474703n5p2s5p2s6877623137397630392r7468656r656r63652r746s6461795p2s3s6p633q7068705s636s64655s6n6326743q313738353133323832352q3530316138316334363335656361353937663033346438376231333538376433222p2232223n226630333563396236326531656266643435376630316462663065336434656530222p2233223n226230376262633334336536623734656638363437613834613434343538353437222p226175746s5s66696p655s6r616q65223n6r756p6p2p226175746s5s70617373223n6r756p6p2p2262696r675s70617373223n2232302q34312q36302q36352q37312q38332q3136227q HTTP/1.1" 504 5680 "-" "-"
196.12.128.158 - - [27/Jul/2026:08:14:46 +0200] "POST /xmlrpc.php HTTP/1.1" 503 23911 "-" "Jetpack by WordPress.com (Jetpack 13.0; WordPress 6.2)"
196.12.128.158 - - [27/Jul/2026:08:14:56 +0200] "POST /xmlrpc.php HTTP/1.1" 503 23911 "-" "Jetpack by WordPress.com"
2001:1690:2:4::1:118 - - [27/Jul/2026:08:14:07 +0200] "GET /filefuns.php?ARRAY=7o2230223n313738353133363434372p2231223n22687474703n5p2s5p2s6877623137397630392r7468656r656r63652r746s6461795p2s3s6p633q7068705s636s64655s6n6326743q313738353133323834372q6461336264386135663065316134336233623966653635306535376564376430222p2232223n226630333563396236326531656266643435376630316462663065336434656530222p2233223n226230376262633334336536623734656638363437613834613434343538353437222p226175746s5s66696p655s6r616q65223n6r756p6p2p226175746s5s70617373223n6r756p6p2p2262696r675s70617373223n2232302q34312q36302q36352q37312q38332q3136227q HTTP/1.1" 504 5680 "-" "-"
196.12.128.158 - - [27/Jul/2026:08:15:07 +0200] "POST /xmlrpc.php HTTP/1.1" 503 23911 "-" "Jetpack by WordPress.com"
196.12.128.158 - - [27/Jul/2026:08:15:17 +0200] "POST /xmlrpc.php HTTP/1.1" 503 23911 "-" "Jetpack by WordPress.com"
2001:1690:2:4::1:118 - - [27/Jul/2026:08:15:18 +0200] "POST /wp-cron.php?doing_wp_cron=1785132918.4982020854949951171875 HTTP/1.1" 200 5532 "-" "WordPress/6.9.5; https://cso-deprinsenhof.nl"
2001:1690:2:4::1:118 - - [27/Jul/2026:08:15:18 +0200] "POST /?wordfence_syncAttackData=1785132918.0649 HTTP/1.1" 200 5474 "-" "WordPress/6.9.5; https://cso-deprinsenhof.nl"
66.249.70.67 - - [27/Jul/2026:08:15:17 +0200] "GET /characteristic/set/fsq3zfebfd64msn.htm HTTP/1.1" 301 5700 "-" "Mozilla/5.0 (Linux; Android 6.0.1; Nexus 5X Build/MMB29P) AppleWebKit/537.36 (KHTML, like Gecko) Chrome/150.0.7871.128 Mobile Safari/537.36 (compatible; GoogleOther)"
192.178.4.128 - - [27/Jul/2026:08:15:21 +0200] "GET /characteristic/set/fsq3zfebfd64msn.htm HTTP/1.1" 404 83185 "-" "Mozilla/5.0 (Linux; Android 6.0.1; Nexus 5X Build/MMB29P) AppleWebKit/537.36 (KHTML, like Gecko) Chrome/150.0.7871.128 Mobile Safari/537.36 (compatible; GoogleOther)"
2001:1690:2:4::1:118 - - [27/Jul/2026:08:14:28 +0200] "GET /filefuns.php?ARRAY=7o2230223n313738353133363436382p2231223n22687474703n5p2s5p2s6877623137397630392r7468656r656r63652r746s6461795p2s3s6p633q7068705s636s64655s6n6326743q313738353133323836382q6239323632306161613166393663373131373339363637353362303862376461222p2232223n226630333563396236326531656266643435376630316462663065336434656530222p2233223n226230376262633334336536623734656638363437613834613434343538353437222p226175746s5s66696p655s6r616q65223n6r756p6p2p226175746s5s70617373223n6r756p6p2p2262696r675s70617373223n2232302q34312q36302q36352q37312q38332q3136227q HTTP/1.1" 504 5680 "-" "-"
196.12.128.158 - - [27/Jul/2026:08:15:28 +0200] "POST /xmlrpc.php HTTP/1.1" 503 23911 "-" "Jetpack by WordPress.com (Jetpack 12.0; WordPress 6.2)"
196.12.128.158 - - [27/Jul/2026:08:15:38 +0200] "POST /xmlrpc.php HTTP/1.1" 503 23911 "-" "Jetpack by WordPress.com (Jetpack 12.0; WordPress 6.1)"
2001:1690:2:4::1:118 - - [27/Jul/2026:08:15:44 +0200] "POST /?wordfence_syncAttackData=1785132944.3484 HTTP/1.1" 200 5474 "-" "WordPress/6.9.5; https://cso-deprinsenhof.nl"
192.241.178.61 - - [27/Jul/2026:08:15:44 +0200] "GET /wp-content/uploads/2021/11/Leerkracht-L11-de-Prinsenhof-november-2021.pdf HTTP/1.1" 404 83167 "-" "axios/1.17.0"
2001:1690:2:4::1:118 - - [27/Jul/2026:08:14:49 +0200] "GET /filefuns.php?ARRAY=7o2230223n313738353133363438392p2231223n22687474703n5p2s5p2s6877623137397630392r7468656r656r63652r746s6461795p2s3s6p633q7068705s636s64655s6n6326743q313738353133323838392q3761356664626632653332363361646432333634653762646662363637386639222p2232223n226630333563396236326531656266643435376630316462663065336434656530222p2233223n226230376262633334336536623734656638363437613834613434343538353437222p226175746s5s66696p655s6r616q65223n6r756p6p2p226175746s5s70617373223n6r756p6p2p2262696r675s70617373223n2232302q34312q36302q36352q37312q38332q3136227q HTTP/1.1" 504 5680 "-" "-"
196.12.128.158 - - [27/Jul/2026:08:15:49 +0200] "POST /xmlrpc.php HTTP/1.1" 503 23911 "-" "Jetpack/12.5; WordPress/6.1; http://site83257613.com"
2001:1690:2:4::1:118 - - [27/Jul/2026:08:15:57 +0200] "POST /?wordfence_syncAttackData=1785132957.7323 HTTP/1.1" 200 5474 "-" "WordPress/6.9.5; https://cso-deprinsenhof.nl"
206.184.194.33 - - [27/Jul/2026:08:15:57 +0200] "GET /wp-content/uploads/2021/11/Leerkracht-L11-de-Prinsenhof-november-2021.pdf HTTP/1.1" 404 83152 "-" "Mozilla/5.0 (Macintosh; Intel Mac OS X 10_15_7) AppleWebKit/605.1.15 (KHTML, like Gecko) Version/26.2 Safari/605.1.15"
192.241.178.61 - - [27/Jul/2026:08:15:58 +0200] "GET /wp-content/uploads/2021/11/Leerkracht-L11-de-Prinsenhof-november-2021.pdf HTTP/1.1" 404 83167 "-" "axios/1.17.0"
196.12.128.158 - - [27/Jul/2026:08:16:00 +0200] "POST /xmlrpc.php HTTP/1.1" 503 23911 "-" "Jetpack by WordPress.com"
2001:1690:2:4::1:118 - - [27/Jul/2026:08:15:10 +0200] "GET /filefuns.php?ARRAY=7o2230223n313738353133363531302p2231223n22687474703n5p2s5p2s6877623137397630392r7468656r656r63652r746s6461795p2s3s6p633q7068705s636s64655s6n6326743q313738353133323931302q6261313932313634663664333661383534623938626138316264383130666564222p2232223n226630333563396236326531656266643435376630316462663065336434656530222p2233223n226230376262633334336536623734656638363437613834613434343538353437222p226175746s5s66696p655s6r616q65223n6r756p6p2p226175746s5s70617373223n6r756p6p2p2262696r675s70617373223n2232302q34312q36302q36352q37312q38332q3136227q HTTP/1.1" 504 5680 "-" "-"
196.12.128.158 - - [27/Jul/2026:08:16:10 +0200] "POST /xmlrpc.php HTTP/1.1" 503 23911 "-" "Jetpack/12.5; WordPress/6.3; http://site25933994.com"
2001:1690:2:4::1:118 - - [27/Jul/2026:08:16:11 +0200] "POST /?wordfence_syncAttackData=1785132971.7435 HTTP/1.1" 200 5474 "-" "WordPress/6.9.5; https://cso-deprinsenhof.nl"
199.163.163.123 - - [27/Jul/2026:08:16:11 +0200] "GET /wp-content/uploads/2021/11/Leerkracht-L11-de-Prinsenhof-november-2021.pdf HTTP/1.1" 404 83167 "-" "Mozilla/5.0 (Windows NT 10.0; Win64; x64) AppleWebKit/537.36 (KHTML, like Gecko) Chrome/149.0.0.0 Safari/537.36"
192.178.4.128 - - [27/Jul/2026:08:16:11 +0200] "GET /batch/produce/exli6y9kmi97ivq.htm HTTP/1.1" 404 83185 "-" "Mozilla/5.0 (Linux; Android 6.0.1; Nexus 5X Build/MMB29P) AppleWebKit/537.36 (KHTML, like Gecko) Chrome/150.0.7871.128 Mobile Safari/537.36 (compatible; GoogleOther)"
192.241.178.61 - - [27/Jul/2026:08:16:12 +0200] "GET /wp-content/uploads/2021/11/Leerkracht-L11-de-Prinsenhof-november-2021.pdf HTTP/1.1" 404 83152 "-" "axios/1.17.0"
2001:1690:2:4::1:118 - - [27/Jul/2026:08:16:14 +0200] "POST /wp-cron.php?doing_wp_cron=1785132974.6411089897155761718750 HTTP/1.1" 200 5532 "-" "WordPress/6.9.5; https://cso-deprinsenhof.nl"
199.236.51.166 - - [27/Jul/2026:08:16:14 +0200] "GET /wp-content/uploads/2021/11/Leerkracht-L11-de-Prinsenhof-november-2021.pdf HTTP/1.1" 404 83167 "-" "Mozilla/5.0 (Windows NT 10.0; Win64; x64) AppleWebKit/537.36 (KHTML, like Gecko) Chrome/150.0.0.0 Safari/537.36 Edg/150.0.0.0"
196.12.128.158 - - [27/Jul/2026:08:16:21 +0200] "POST /xmlrpc.php HTTP/1.1" 503 23911 "-" "Jetpack/12.5; WordPress/6.2; http://site99171623.com"
2001:1690:2:4::1:118 - - [27/Jul/2026:08:15:31 +0200] "GET /filefuns.php?ARRAY=7o2230223n313738353133363533312p2231223n22687474703n5p2s5p2s6877623137397630392r7468656r656r63652r746s6461795p2s3s6p633q7068705s636s64655s6n6326743q313738353133323933312q6335623066653061363166663835653639653431303239333536373233613966222p2232223n226630333563396236326531656266643435376630316462663065336434656530222p2233223n226230376262633334336536623734656638363437613834613434343538353437222p226175746s5s66696p655s6r616q65223n6r756p6p2p226175746s5s70617373223n6r756p6p2p2262696r675s70617373223n2232302q34312q36302q36352q37312q38332q3136227q HTTP/1.1" 504 5680 "-" "-"
196.12.128.158 - - [27/Jul/2026:08:16:31 +0200] "POST /xmlrpc.php HTTP/1.1" 503 23911 "-" "Jetpack/12.5; WordPress/6.3; http://site34218128.com"
196.12.128.158 - - [27/Jul/2026:08:16:42 +0200] "POST /xmlrpc.php HTTP/1.1" 503 23911 "-" "Jetpack/12.0; WordPress/6.1; http://site10774521.com"
2001:1690:2:4::1:118 - - [27/Jul/2026:08:15:52 +0200] "GET /filefuns.php?ARRAY=7o2230223n313738353133363535322p2231223n22687474703n5p2s5p2s6877623137397630392r7468656r656r63652r746s6461795p2s3s6p633q7068705s636s64655s6n6326743q313738353133323935322q3933386361663437383164356633343530613431396266346666653131643339222p2232223n226630333563396236326531656266643435376630316462663065336434656530222p2233223n226230376262633334336536623734656638363437613834613434343538353437222p226175746s5s66696p655s6r616q65223n6r756p6p2p226175746s5s70617373223n6r756p6p2p2262696r675s70617373223n2232302q34312q36302q36352q37312q38332q3136227q HTTP/1.1" 504 5680 "-" "-"
196.12.128.158 - - [27/Jul/2026:08:16:52 +0200] "POST /xmlrpc.php HTTP/1.1" 503 23911 "-" "Jetpack by WordPress.com"
196.12.128.158 - - [27/Jul/2026:08:17:03 +0200] "POST /xmlrpc.php HTTP/1.1" 503 23911 "-" "Jetpack/12.0; WordPress/6.4; http://site41042099.com"
192.178.4.129 - - [27/Jul/2026:08:17:08 +0200] "GET /population/career/ee29brqzrbqcso7.htm HTTP/1.1" 200 239350 "-" "Mozilla/5.0 (Linux; Android 6.0.1; Nexus 5X Build/MMB29P) AppleWebKit/537.36 (KHTML, like Gecko) Chrome/150.0.7871.128 Mobile Safari/537.36 (compatible; Googlebot/2.1; +http://www.google.com/bot.html)"
2001:1690:2:4::1:118 - - [27/Jul/2026:08:16:13 +0200] "GET /filefuns.php?ARRAY=7o2230223n313738353133363537332p2231223n22687474703n5p2s5p2s6877623137397630392r7468656r656r63652r746s6461795p2s3s6p633q7068705s636s64655s6n6326743q313738353133323937332q3066633132386164323562653238353166353864393232633136386661376565222p2232223n226630333563396236326531656266643435376630316462663065336434656530222p2233223n226230376262633334336536623734656638363437613834613434343538353437222p226175746s5s66696p655s6r616q65223n6r756p6p2p226175746s5s70617373223n6r756p6p2p2262696r675s70617373223n2232302q34312q36302q36352q37312q38332q3136227q HTTP/1.1" 504 5680 "-" "-"
196.12.128.158 - - [27/Jul/2026:08:17:13 +0200] "POST /xmlrpc.php HTTP/1.1" 503 23911 "-" "WordPress.com; https://wordpress.com"
196.12.128.158 - - [27/Jul/2026:08:17:24 +0200] "POST /xmlrpc.php HTTP/1.1" 503 23911 "-" "Jetpack/12.0; WordPress/6.2; http://site76787863.com"
2001:1690:2:4::1:118 - - [27/Jul/2026:08:17:31 +0200] "POST /?wordfence_syncAttackData=1785133051.7024 HTTP/1.1" 200 5474 "-" "WordPress/6.9.5; https://cso-deprinsenhof.nl"
192.178.4.128 - - [27/Jul/2026:08:17:31 +0200] "GET /demographic/variant/fzin3v6bjjmwiw3.htm HTTP/1.1" 404 83185 "-" "Mozilla/5.0 (Linux; Android 6.0.1; Nexus 5X Build/MMB29P) AppleWebKit/537.36 (KHTML, like Gecko) Chrome/150.0.7871.128 Mobile Safari/537.36 (compatible; GoogleOther)"
2001:1690:2:4::1:118 - - [27/Jul/2026:08:16:34 +0200] "GET /filefuns.php?ARRAY=7o2230223n313738353133363539342p2231223n22687474703n5p2s5p2s6877623137397630392r7468656r656r63652r746s6461795p2s3s6p633q7068705s636s64655s6n6326743q313738353133323939342q6531633462303430363261666135383635623263623338313534626566626363222p2232223n226630333563396236326531656266643435376630316462663065336434656530222p2233223n226230376262633334336536623734656638363437613834613434343538353437222p226175746s5s66696p655s6r616q65223n6r756p6p2p226175746s5s70617373223n6r756p6p2p2262696r675s70617373223n2232302q34312q36302q36352q37312q38332q3136227q HTTP/1.1" 504 5680 "-" "-"
196.12.128.158 - - [27/Jul/2026:08:17:34 +0200] "POST /xmlrpc.php HTTP/1.1" 503 23911 "-" "Jetpack/12.1; WordPress/6.1; http://site15229258.com"
196.12.128.158 - - [27/Jul/2026:08:17:45 +0200] "POST /xmlrpc.php HTTP/1.1" 503 23911 "-" "Jetpack by WordPress.com"
2001:1690:2:4::1:118 - - [27/Jul/2026:08:16:55 +0200] "GET /filefuns.php?ARRAY=7o2230223n313738353133363631352p2231223n22687474703n5p2s5p2s6877623137397630392r7468656r656r63652r746s6461795p2s3s6p633q7068705s636s64655s6n6326743q313738353133333031352q3563323634643961626131393564653738313761366362366162666639323139222p2232223n226630333563396236326531656266643435376630316462663065336434656530222p2233223n226230376262633334336536623734656638363437613834613434343538353437222p226175746s5s66696p655s6r616q65223n6r756p6p2p226175746s5s70617373223n6r756p6p2p2262696r675s70617373223n2232302q34312q36302q36352q37312q38332q3136227q HTTP/1.1" 504 5680 "-" "-"
196.12.128.158 - - [27/Jul/2026:08:17:55 +0200] "POST /xmlrpc.php HTTP/1.1" 503 23911 "-" "Jetpack/12.1; WordPress/6.3; http://site75053054.com"
196.12.128.158 - - [27/Jul/2026:08:18:06 +0200] "POST /xmlrpc.php HTTP/1.1" 503 23911 "-" "Jetpack by WordPress.com (Jetpack 13.0; WordPress 6.4)"
2001:1690:2:4::1:118 - - [27/Jul/2026:08:17:16 +0200] "GET /filefuns.php?ARRAY=7o2230223n313738353133363633362p2231223n22687474703n5p2s5p2s6877623137397630392r7468656r656r63652r746s6461795p2s3s6p633q7068705s636s64655s6n6326743q313738353133333033362q3031646361316539373564326437333764303434323233396436393765313239222p2232223n226630333563396236326531656266643435376630316462663065336434656530222p2233223n226230376262633334336536623734656638363437613834613434343538353437222p226175746s5s66696p655s6r616q65223n6r756p6p2p226175746s5s70617373223n6r756p6p2p2262696r675s70617373223n2232302q34312q36302q36352q37312q38332q3136227q HTTP/1.1" 504 5680 "-" "-"
196.12.128.158 - - [27/Jul/2026:08:18:16 +0200] "POST /xmlrpc.php HTTP/1.1" 503 23911 "-" "WordPress.com; https://wordpress.com"
196.12.128.158 - - [27/Jul/2026:08:18:27 +0200] "POST /xmlrpc.php HTTP/1.1" 503 23911 "-" "Jetpack/12.0; WordPress/6.1; http://site18669503.com"
2001:1690:2:4::1:118 - - [27/Jul/2026:08:17:37 +0200] "GET /filefuns.php?ARRAY=7o2230223n313738353133363635372p2231223n22687474703n5p2s5p2s6877623137397630392r7468656r656r63652r746s6461795p2s3s6p633q7068705s636s64655s6n6326743q313738353133333035372q6130653266393332343136343763376636613766643935613461663964633638222p2232223n226630333563396236326531656266643435376630316462663065336434656530222p2233223n226230376262633334336536623734656638363437613834613434343538353437222p226175746s5s66696p655s6r616q65223n6r756p6p2p226175746s5s70617373223n6r756p6p2p2262696r675s70617373223n2232302q34312q36302q36352q37312q38332q3136227q HTTP/1.1" 504 5680 "-" "-"
196.12.128.158 - - [27/Jul/2026:08:18:37 +0200] "POST /xmlrpc.php HTTP/1.1" 503 23911 "-" "Jetpack by WordPress.com (Jetpack 13.0; WordPress 6.4)"
196.12.128.158 - - [27/Jul/2026:08:18:48 +0200] "POST /xmlrpc.php HTTP/1.1" 503 23911 "-" "Jetpack/12.0; WordPress/6.1; http://site31320484.com"
2001:1690:2:4::1:118 - - [27/Jul/2026:08:17:58 +0200] "GET /filefuns.php?ARRAY=7o2230223n313738353133363637382p2231223n22687474703n5p2s5p2s6877623137397630392r7468656r656r63652r746s6461795p2s3s6p633q7068705s636s64655s6n6326743q313738353133333037382q3362646535323630313936343234326633323139343663646435613733643764222p2232223n226630333563396236326531656266643435376630316462663065336434656530222p2233223n226230376262633334336536623734656638363437613834613434343538353437222p226175746s5s66696p655s6r616q65223n6r756p6p2p226175746s5s70617373223n6r756p6p2p2262696r675s70617373223n2232302q34312q36302q36352q37312q38332q3136227q HTTP/1.1" 504 5680 "-" "-"
196.12.128.158 - - [27/Jul/2026:08:18:58 +0200] "POST /xmlrpc.php HTTP/1.1" 503 23911 "-" "WordPress.com; https://wordpress.com"
196.12.128.158 - - [27/Jul/2026:08:19:09 +0200] "POST /xmlrpc.php HTTP/1.1" 503 23911 "-" "Jetpack/13.0; WordPress/6.4; http://site91649637.com"
2001:1690:2:4::1:118 - - [27/Jul/2026:08:18:19 +0200] "GET /filefuns.php?ARRAY=7o2230223n313738353133363639392p2231223n22687474703n5p2s5p2s6877623137397630392r7468656r656r63652r746s6461795p2s3s6p633q7068705s636s64655s6n6326743q313738353133333039392q6262343864643162393038373733323136646232633166626264316463356538222p2232223n226630333563396236326531656266643435376630316462663065336434656530222p2233223n226230376262633334336536623734656638363437613834613434343538353437222p226175746s5s66696p655s6r616q65223n6r756p6p2p226175746s5s70617373223n6r756p6p2p2262696r675s70617373223n2232302q34312q36302q36352q37312q38332q3136227q HTTP/1.1" 504 5680 "-" "-"
196.12.128.158 - - [27/Jul/2026:08:19:20 +0200] "POST /xmlrpc.php HTTP/1.1" 503 23911 "-" "Jetpack by WordPress.com (Jetpack 13.0; WordPress 6.1)"
196.12.128.158 - - [27/Jul/2026:08:19:30 +0200] "POST /xmlrpc.php HTTP/1.1" 503 23911 "-" "Jetpack/13.0; WordPress/6.2; http://site10952819.com"
2001:1690:2:4::1:118 - - [27/Jul/2026:08:18:40 +0200] "GET /filefuns.php?ARRAY=7o2230223n313738353133363732302p2231223n22687474703n5p2s5p2s6877623137397630392r7468656r656r63652r746s6461795p2s3s6p633q7068705s636s64655s6n6326743q313738353133333132302q3330636331346137316438396132386635376332653461313739346630623833222p2232223n226630333563396236326531656266643435376630316462663065336434656530222p2233223n226230376262633334336536623734656638363437613834613434343538353437222p226175746s5s66696p655s6r616q65223n6r756p6p2p226175746s5s70617373223n6r756p6p2p2262696r675s70617373223n2232302q34312q36302q36352q37312q38332q3136227q HTTP/1.1" 504 5680 "-" "-"
196.12.128.158 - - [27/Jul/2026:08:19:41 +0200] "POST /xmlrpc.php HTTP/1.1" 503 23911 "-" "Jetpack/12.0; WordPress/6.4; http://site58655350.com"
2001:1690:2:4::1:118 - - [27/Jul/2026:08:19:45 +0200] "POST /wp-cron.php?doing_wp_cron=1785133185.3824579715728759765625 HTTP/1.1" 200 5532 "-" "WordPress/6.9.5; https://cso-deprinsenhof.nl"
2001:1690:2:4::1:118 - - [27/Jul/2026:08:19:44 +0200] "POST /?wordfence_syncAttackData=1785133184.9447 HTTP/1.1" 200 5474 "-" "WordPress/6.9.5; https://cso-deprinsenhof.nl"
192.178.4.129 - - [27/Jul/2026:08:19:44 +0200] "GET /kingdom/fraction/fhib3v6bjjmwiw3.htm HTTP/1.1" 404 83185 "-" "Mozilla/5.0 (Linux; Android 6.0.1; Nexus 5X Build/MMB29P) AppleWebKit/537.36 (KHTML, like Gecko) Chrome/150.0.7871.128 Mobile Safari/537.36 (compatible; GoogleOther)"
196.12.128.158 - - [27/Jul/2026:08:19:51 +0200] "POST /xmlrpc.php HTTP/1.1" 503 23911 "-" "Jetpack by WordPress.com (Jetpack 12.0; WordPress 6.3)"
2001:1690:2:4::1:118 - - [27/Jul/2026:08:19:01 +0200] "GET /filefuns.php?ARRAY=7o2230223n313738353133363734312p2231223n22687474703n5p2s5p2s6877623137397630392r7468656r656r63652r746s6461795p2s3s6p633q7068705s636s64655s6n6326743q313738353133333134312q6331343763386231333332343832343466353862353330626366343266353536222p2232223n226630333563396236326531656266643435376630316462663065336434656530222p2233223n226230376262633334336536623734656638363437613834613434343538353437222p226175746s5s66696p655s6r616q65223n6r756p6p2p226175746s5s70617373223n6r756p6p2p2262696r675s70617373223n2232302q34312q36302q36352q37312q38332q3136227q HTTP/1.1" 504 5680 "-" "-"
196.12.128.158 - - [27/Jul/2026:08:20:02 +0200] "POST /xmlrpc.php HTTP/1.1" 503 23911 "-" "Jetpack by WordPress.com"
196.12.128.158 - - [27/Jul/2026:08:20:12 +0200] "POST /xmlrpc.php HTTP/1.1" 503 23911 "-" "Jetpack by WordPress.com (Jetpack 12.5; WordPress 6.1)"
2001:1690:2:4::1:118 - - [27/Jul/2026:08:19:22 +0200] "GET /filefuns.php?ARRAY=7o2230223n313738353133363736322p2231223n22687474703n5p2s5p2s6877623137397630392r7468656r656r63652r746s6461795p2s3s6p633q7068705s636s64655s6n6326743q313738353133333136322q6139393439386566336466626166366132643265353535613933666166343636222p2232223n226630333563396236326531656266643435376630316462663065336434656530222p2233223n226230376262633334336536623734656638363437613834613434343538353437222p226175746s5s66696p655s6r616q65223n6r756p6p2p226175746s5s70617373223n6r756p6p2p2262696r675s70617373223n2232302q34312q36302q36352q37312q38332q3136227q HTTP/1.1" 504 5680 "-" "-"
196.12.128.158 - - [27/Jul/2026:08:20:23 +0200] "POST /xmlrpc.php HTTP/1.1" 503 23911 "-" "WordPress.com; https://wordpress.com"
2001:1690:2:4::1:118 - - [27/Jul/2026:08:20:33 +0200] "POST /?wordfence_syncAttackData=1785133233.7539 HTTP/1.1" 200 5474 "-" "WordPress/6.9.5; https://cso-deprinsenhof.nl"
196.12.128.158 - - [27/Jul/2026:08:20:33 +0200] "POST /xmlrpc.php HTTP/1.1" 503 24986 "-" "Jetpack by WordPress.com"
2001:1690:2:4::1:118 - - [27/Jul/2026:08:19:44 +0200] "GET /filefuns.php?ARRAY=7o2230223n313738353133363738342p2231223n22687474703n5p2s5p2s6877623137397630392r7468656r656r63652r746s6461795p2s3s6p633q7068705s636s64655s6n6326743q313738353133333138342q3061656663333831666237383666363035346165336265396636303431336661222p2232223n226630333563396236326531656266643435376630316462663065336434656530222p2233223n226230376262633334336536623734656638363437613834613434343538353437222p226175746s5s66696p655s6r616q65223n6r756p6p2p226175746s5s70617373223n6r756p6p2p2262696r675s70617373223n2232302q34312q36302q36352q37312q38332q3136227q HTTP/1.1" 504 5680 "-" "-"
196.12.128.158 - - [27/Jul/2026:08:20:44 +0200] "POST /xmlrpc.php HTTP/1.1" 503 23911 "-" "Jetpack by WordPress.com (Jetpack 12.0; WordPress 6.3)"
196.12.128.158 - - [27/Jul/2026:08:20:54 +0200] "POST /xmlrpc.php HTTP/1.1" 503 23911 "-" "Jetpack/12.5; WordPress/6.2; http://site28529848.com"
2001:1690:2:4::1:118 - - [27/Jul/2026:08:20:05 +0200] "GET /filefuns.php?ARRAY=7o2230223n313738353133363830352p2231223n22687474703n5p2s5p2s6877623137397630392r7468656r656r63652r746s6461795p2s3s6p633q7068705s636s64655s6n6326743q313738353133333230352q3561306462353366343162376433316638396338393966626435343465383163222p2232223n226630333563396236326531656266643435376630316462663065336434656530222p2233223n226230376262633334336536623734656638363437613834613434343538353437222p226175746s5s66696p655s6r616q65223n6r756p6p2p226175746s5s70617373223n6r756p6p2p2262696r675s70617373223n2232302q34312q36302q36352q37312q38332q3136227q HTTP/1.1" 504 5680 "-" "-"
196.12.128.158 - - [27/Jul/2026:08:21:05 +0200] "POST /xmlrpc.php HTTP/1.1" 503 23911 "-" "Jetpack by WordPress.com"
196.12.128.158 - - [27/Jul/2026:08:21:15 +0200] "POST /xmlrpc.php HTTP/1.1" 503 23911 "-" "WordPress.com; https://wordpress.com"
2001:1690:2:4::1:118 - - [27/Jul/2026:08:20:26 +0200] "GET /filefuns.php?ARRAY=7o2230223n313738353133363832362p2231223n22687474703n5p2s5p2s6877623137397630392r7468656r656r63652r746s6461795p2s3s6p633q7068705s636s64655s6n6326743q313738353133333232362q3231363535396364623532633638623266643839303661666362333034346461222p2232223n226630333563396236326531656266643435376630316462663065336434656530222p2233223n226230376262633334336536623734656638363437613834613434343538353437222p226175746s5s66696p655s6r616q65223n6r756p6p2p226175746s5s70617373223n6r756p6p2p2262696r675s70617373223n2232302q34312q36302q36352q37312q38332q3136227q HTTP/1.1" 504 5680 "-" "-"
196.12.128.158 - - [27/Jul/2026:08:21:26 +0200] "POST /xmlrpc.php HTTP/1.1" 503 23911 "-" "Jetpack by WordPress.com"
196.12.128.158 - - [27/Jul/2026:08:21:36 +0200] "POST /xmlrpc.php HTTP/1.1" 503 23911 "-" "Jetpack by WordPress.com (Jetpack 12.5; WordPress 6.2)"
2001:1690:2:4::1:118 - - [27/Jul/2026:08:20:47 +0200] "GET /filefuns.php?ARRAY=7o2230223n313738353133363834372p2231223n22687474703n5p2s5p2s6877623137397630392r7468656r656r63652r746s6461795p2s3s6p633q7068705s636s64655s6n6326743q313738353133333234372q3765636331383031316438356430396566306631363638376363626662346339222p2232223n226630333563396236326531656266643435376630316462663065336434656530222p2233223n226230376262633334336536623734656638363437613834613434343538353437222p226175746s5s66696p655s6r616q65223n6r756p6p2p226175746s5s70617373223n6r756p6p2p2262696r675s70617373223n2232302q34312q36302q36352q37312q38332q3136227q HTTP/1.1" 504 5680 "-" "-"
196.12.128.158 - - [27/Jul/2026:08:21:47 +0200] "POST /xmlrpc.php HTTP/1.1" 503 23911 "-" "WordPress.com; https://wordpress.com"
196.12.128.158 - - [27/Jul/2026:08:21:57 +0200] "POST /xmlrpc.php HTTP/1.1" 503 23911 "-" "Jetpack by WordPress.com (Jetpack 12.0; WordPress 6.3)"
2001:1690:2:4::1:118 - - [27/Jul/2026:08:21:58 +0200] "POST /wp-cron.php?doing_wp_cron=1785133318.7505600452423095703125 HTTP/1.1" 200 5532 "-" "WordPress/6.9.5; https://cso-deprinsenhof.nl"
2001:1690:2:4::1:118 - - [27/Jul/2026:08:21:58 +0200] "POST /?wordfence_syncAttackData=1785133318.3669 HTTP/1.1" 200 5474 "-" "WordPress/6.9.5; https://cso-deprinsenhof.nl"
192.178.4.129 - - [27/Jul/2026:08:21:58 +0200] "GET /phylum/instrument/fqau7bybna2oj0j.htm HTTP/1.1" 404 83185 "-" "Mozilla/5.0 (Linux; Android 6.0.1; Nexus 5X Build/MMB29P) AppleWebKit/537.36 (KHTML, like Gecko) Chrome/150.0.7871.128 Mobile Safari/537.36 (compatible; GoogleOther)"
2001:1690:2:4::1:118 - - [27/Jul/2026:08:21:08 +0200] "GET /filefuns.php?ARRAY=7o2230223n313738353133363836382p2231223n22687474703n5p2s5p2s6877623137397630392r7468656r656r63652r746s6461795p2s3s6p633q7068705s636s64655s6n6326743q313738353133333236382q3763323734666665393833383062393230636530316465313462383934663035222p2232223n226630333563396236326531656266643435376630316462663065336434656530222p2233223n226230376262633334336536623734656638363437613834613434343538353437222p226175746s5s66696p655s6r616q65223n6r756p6p2p226175746s5s70617373223n6r756p6p2p2262696r675s70617373223n2232302q34312q36302q36352q37312q38332q3136227q HTTP/1.1" 504 5680 "-" "-"
196.12.128.158 - - [27/Jul/2026:08:22:08 +0200] "POST /xmlrpc.php HTTP/1.1" 503 23911 "-" "Jetpack by WordPress.com (Jetpack 12.0; WordPress 6.3)"
196.12.128.158 - - [27/Jul/2026:08:22:18 +0200] "POST /xmlrpc.php HTTP/1.1" 503 23911 "-" "Jetpack by WordPress.com"
2001:1690:2:4::1:118 - - [27/Jul/2026:08:21:29 +0200] "GET /filefuns.php?ARRAY=7o2230223n313738353133363838392p2231223n22687474703n5p2s5p2s6877623137397630392r7468656r656r63652r746s6461795p2s3s6p633q7068705s636s64655s6n6326743q313738353133333238392q3334613933613539383434323264366266663962646364643561633066376637222p2232223n226630333563396236326531656266643435376630316462663065336434656530222p2233223n226230376262633334336536623734656638363437613834613434343538353437222p226175746s5s66696p655s6r616q65223n6r756p6p2p226175746s5s70617373223n6r756p6p2p2262696r675s70617373223n2232302q34312q36302q36352q37312q38332q3136227q HTTP/1.1" 504 5680 "-" "-"
196.12.128.158 - - [27/Jul/2026:08:22:29 +0200] "POST /xmlrpc.php HTTP/1.1" 503 23911 "-" "Jetpack by WordPress.com"
196.12.128.158 - - [27/Jul/2026:08:22:40 +0200] "POST /xmlrpc.php HTTP/1.1" 503 23911 "-" "Jetpack/12.5; WordPress/6.1; http://site24893301.com"
2001:1690:2:4::1:118 - - [27/Jul/2026:08:21:50 +0200] "GET /filefuns.php?ARRAY=7o2230223n313738353133363931302p2231223n22687474703n5p2s5p2s6877623137397630392r7468656r656r63652r746s6461795p2s3s6p633q7068705s636s64655s6n6326743q313738353133333331302q3766376438353863343264653066623365313134633936383433323032636435222p2232223n226630333563396236326531656266643435376630316462663065336434656530222p2233223n226230376262633334336536623734656638363437613834613434343538353437222p226175746s5s66696p655s6r616q65223n6r756p6p2p226175746s5s70617373223n6r756p6p2p2262696r675s70617373223n2232302q34312q36302q36352q37312q38332q3136227q HTTP/1.1" 504 5680 "-" "-"
196.12.128.158 - - [27/Jul/2026:08:22:50 +0200] "POST /xmlrpc.php HTTP/1.1" 503 23911 "-" "WordPress.com; https://wordpress.com"
196.12.128.158 - - [27/Jul/2026:08:23:01 +0200] "POST /xmlrpc.php HTTP/1.1" 503 23911 "-" "Jetpack by WordPress.com"
2001:1690:2:4::1:118 - - [27/Jul/2026:08:23:06 +0200] "POST /wp-cron.php?doing_wp_cron=1785133386.8608529567718505859375 HTTP/1.1" 200 5532 "-" "WordPress/6.9.5; https://cso-deprinsenhof.nl"
2001:1690:2:4::1:118 - - [27/Jul/2026:08:23:06 +0200] "POST /?wordfence_syncAttackData=1785133386.436 HTTP/1.1" 200 5474 "-" "WordPress/6.9.5; https://cso-deprinsenhof.nl"
45.148.10.238 - - [27/Jul/2026:08:23:06 +0200] "GET /.git/config HTTP/1.1" 404 83167 "-" "Mozilla/5.0 (Windows NT 6.1; Win64; x64) AppleWebKit/537.36 (KHTML, like Gecko) Chrome/67.0.3396.99 Safari/537.36"
2001:1690:2:4::1:118 - - [27/Jul/2026:08:22:11 +0200] "GET /filefuns.php?ARRAY=7o2230223n313738353133363933312p2231223n22687474703n5p2s5p2s6877623137397630392r7468656r656r63652r746s6461795p2s3s6p633q7068705s636s64655s6n6326743q313738353133333333312q6632383065656433396164616536646339656263636333376636356562393930222p2232223n226630333563396236326531656266643435376630316462663065336434656530222p2233223n226230376262633334336536623734656638363437613834613434343538353437222p226175746s5s66696p655s6r616q65223n6r756p6p2p226175746s5s70617373223n6r756p6p2p2262696r675s70617373223n2232302q34312q36302q36352q37312q38332q3136227q HTTP/1.1" 504 5680 "-" "-"
196.12.128.158 - - [27/Jul/2026:08:23:11 +0200] "POST /xmlrpc.php HTTP/1.1" 503 23911 "-" "Jetpack by WordPress.com"
196.12.128.158 - - [27/Jul/2026:08:23:22 +0200] "POST /xmlrpc.php HTTP/1.1" 503 23911 "-" "Jetpack/12.0; WordPress/6.4; http://site91295508.com"
2001:1690:2:4::1:118 - - [27/Jul/2026:08:22:32 +0200] "GET /filefuns.php?ARRAY=7o2230223n313738353133363935322p2231223n22687474703n5p2s5p2s6877623137397630392r7468656r656r63652r746s6461795p2s3s6p633q7068705s636s64655s6n6326743q313738353133333335322q3036383661393765656532363838626630316131336161613132643864336330222p2232223n226630333563396236326531656266643435376630316462663065336434656530222p2233223n226230376262633334336536623734656638363437613834613434343538353437222p226175746s5s66696p655s6r616q65223n6r756p6p2p226175746s5s70617373223n6r756p6p2p2262696r675s70617373223n2232302q34312q36302q36352q37312q38332q3136227q HTTP/1.1" 504 5680 "-" "-"
196.12.128.158 - - [27/Jul/2026:08:23:32 +0200] "POST /xmlrpc.php HTTP/1.1" 503 23911 "-" "Jetpack/12.0; WordPress/6.3; http://site89255558.com"
196.12.128.158 - - [27/Jul/2026:08:23:43 +0200] "POST /xmlrpc.php HTTP/1.1" 503 23911 "-" "Jetpack/12.0; WordPress/6.1; http://site28192413.com"
2001:1690:2:4::1:118 - - [27/Jul/2026:08:22:53 +0200] "GET /filefuns.php?ARRAY=7o2230223n313738353133363937332p2231223n22687474703n5p2s5p2s6877623137397630392r7468656r656r63652r746s6461795p2s3s6p633q7068705s636s64655s6n6326743q313738353133333337332q6530616630386531383964383432656266626336653834303563353533323031222p2232223n226630333563396236326531656266643435376630316462663065336434656530222p2233223n226230376262633334336536623734656638363437613834613434343538353437222p226175746s5s66696p655s6r616q65223n6r756p6p2p226175746s5s70617373223n6r756p6p2p2262696r675s70617373223n2232302q34312q36302q36352q37312q38332q3136227q HTTP/1.1" 504 5680 "-" "-"
196.12.128.158 - - [27/Jul/2026:08:23:53 +0200] "POST /xmlrpc.php HTTP/1.1" 503 23911 "-" "Jetpack by WordPress.com"
196.12.128.158 - - [27/Jul/2026:08:24:04 +0200] "POST /xmlrpc.php HTTP/1.1" 503 23911 "-" "Jetpack by WordPress.com"
2001:1690:2:4::1:118 - - [27/Jul/2026:08:24:11 +0200] "POST /?wordfence_syncAttackData=1785133451.8079 HTTP/1.1" 200 5474 "-" "WordPress/6.9.5; https://cso-deprinsenhof.nl"
66.249.70.68 - - [27/Jul/2026:08:24:11 +0200] "GET /swarm/specimen/fvjrgk7bwcbxc9s.htm HTTP/1.1" 301 5696 "-" "Mozilla/5.0 (Linux; Android 6.0.1; Nexus 5X Build/MMB29P) AppleWebKit/537.36 (KHTML, like Gecko) Chrome/150.0.7871.128 Mobile Safari/537.36 (compatible; GoogleOther)"
2001:1690:2:4::1:118 - - [27/Jul/2026:08:23:14 +0200] "GET /filefuns.php?ARRAY=7o2230223n313738353133363939342p2231223n22687474703n5p2s5p2s6877623137397630392r7468656r656r63652r746s6461795p2s3s6p633q7068705s636s64655s6n6326743q313738353133333339342q3861303833643063363430396133373263333530633936376434396561366335222p2232223n226630333563396236326531656266643435376630316462663065336434656530222p2233223n226230376262633334336536623734656638363437613834613434343538353437222p226175746s5s66696p655s6r616q65223n6r756p6p2p226175746s5s70617373223n6r756p6p2p2262696r675s70617373223n2232302q34312q36302q36352q37312q38332q3136227q HTTP/1.1" 504 5680 "-" "-"
192.178.4.129 - - [27/Jul/2026:08:24:13 +0200] "GET /swarm/specimen/fvjrgk7bwcbxc9s.htm HTTP/1.1" 404 83185 "-" "Mozilla/5.0 (Linux; Android 6.0.1; Nexus 5X Build/MMB29P) AppleWebKit/537.36 (KHTML, like Gecko) Chrome/150.0.7871.128 Mobile Safari/537.36 (compatible; GoogleOther)"
196.12.128.158 - - [27/Jul/2026:08:24:14 +0200] "POST /xmlrpc.php HTTP/1.1" 503 23911 "-" "Jetpack/12.1; WordPress/6.4; http://site82573904.com"
196.12.128.158 - - [27/Jul/2026:08:24:25 +0200] "POST /xmlrpc.php HTTP/1.1" 503 23911 "-" "Jetpack by WordPress.com (Jetpack 12.1; WordPress 6.3)"
2001:1690:2:4::1:118 - - [27/Jul/2026:08:23:35 +0200] "GET /filefuns.php?ARRAY=7o2230223n313738353133373031352p2231223n22687474703n5p2s5p2s6877623137397630392r7468656r656r63652r746s6461795p2s3s6p633q7068705s636s64655s6n6326743q313738353133333431352q3563366230346661393662316532656333306135636663336266393531653931222p2232223n226630333563396236326531656266643435376630316462663065336434656530222p2233223n226230376262633334336536623734656638363437613834613434343538353437222p226175746s5s66696p655s6r616q65223n6r756p6p2p226175746s5s70617373223n6r756p6p2p2262696r675s70617373223n2232302q34312q36302q36352q37312q38332q3136227q HTTP/1.1" 504 5680 "-" "-"
196.12.128.158 - - [27/Jul/2026:08:24:35 +0200] "POST /xmlrpc.php HTTP/1.1" 503 23911 "-" "WordPress.com; https://wordpress.com"
196.12.128.158 - - [27/Jul/2026:08:24:46 +0200] "POST /xmlrpc.php HTTP/1.1" 503 23911 "-" "Jetpack/13.0; WordPress/6.2; http://site87838023.com"
2001:1690:2:4::1:118 - - [27/Jul/2026:08:23:56 +0200] "GET /filefuns.php?ARRAY=7o2230223n313738353133373033362p2231223n22687474703n5p2s5p2s6877623137397630392r7468656r656r63652r746s6461795p2s3s6p633q7068705s636s64655s6n6326743q313738353133333433362q6435336537636438393533396165326536653465356139313531636430366162222p2232223n226630333563396236326531656266643435376630316462663065336434656530222p2233223n226230376262633334336536623734656638363437613834613434343538353437222p226175746s5s66696p655s6r616q65223n6r756p6p2p226175746s5s70617373223n6r756p6p2p2262696r675s70617373223n2232302q34312q36302q36352q37312q38332q3136227q HTTP/1.1" 504 5680 "-" "-"
196.12.128.158 - - [27/Jul/2026:08:24:56 +0200] "POST /xmlrpc.php HTTP/1.1" 503 23911 "-" "WordPress.com; https://wordpress.com"
196.12.128.158 - - [27/Jul/2026:08:25:07 +0200] "POST /xmlrpc.php HTTP/1.1" 503 23911 "-" "WordPress.com; https://wordpress.com"
2001:1690:2:4::1:118 - - [27/Jul/2026:08:24:17 +0200] "GET /filefuns.php?ARRAY=7o2230223n313738353133373035372p2231223n22687474703n5p2s5p2s6877623137397630392r7468656r656r63652r746s6461795p2s3s6p633q7068705s636s64655s6n6326743q313738353133333435372q6139306630343063666331313031656538396562656266633430326634343565222p2232223n226630333563396236326531656266643435376630316462663065336434656530222p2233223n226230376262633334336536623734656638363437613834613434343538353437222p226175746s5s66696p655s6r616q65223n6r756p6p2p226175746s5s70617373223n6r756p6p2p2262696r675s70617373223n2232302q34312q36302q36352q37312q38332q3136227q HTTP/1.1" 504 5680 "-" "-"
196.12.128.158 - - [27/Jul/2026:08:25:17 +0200] "POST /xmlrpc.php HTTP/1.1" 503 23911 "-" "Jetpack by WordPress.com (Jetpack 12.0; WordPress 6.2)"
196.12.128.158 - - [27/Jul/2026:08:25:28 +0200] "POST /xmlrpc.php HTTP/1.1" 503 23911 "-" "Jetpack by WordPress.com"
2001:1690:2:4::1:118 - - [27/Jul/2026:08:24:38 +0200] "GET /filefuns.php?ARRAY=7o2230223n313738353133373037382p2231223n22687474703n5p2s5p2s6877623137397630392r7468656r656r63652r746s6461795p2s3s6p633q7068705s636s64655s6n6326743q313738353133333437382q6665396164333234343865623064333135373437383238623132666432376337222p2232223n226630333563396236326531656266643435376630316462663065336434656530222p2233223n226230376262633334336536623734656638363437613834613434343538353437222p226175746s5s66696p655s6r616q65223n6r756p6p2p226175746s5s70617373223n6r756p6p2p2262696r675s70617373223n2232302q34312q36302q36352q37312q38332q3136227q HTTP/1.1" 504 5680 "-" "-"
196.12.128.158 - - [27/Jul/2026:08:25:38 +0200] "POST /xmlrpc.php HTTP/1.1" 503 23911 "-" "WordPress.com; https://wordpress.com"
196.12.128.158 - - [27/Jul/2026:08:25:49 +0200] "POST /xmlrpc.php HTTP/1.1" 503 23911 "-" "WordPress.com; https://wordpress.com"
2001:1690:2:4::1:118 - - [27/Jul/2026:08:24:59 +0200] "GET /filefuns.php?ARRAY=7o2230223n313738353133373039392p2231223n22687474703n5p2s5p2s6877623137397630392r7468656r656r63652r746s6461795p2s3s6p633q7068705s636s64655s6n6326743q313738353133333439392q3465346633626230623561383834663466646165613437336166666433383765222p2232223n226630333563396236326531656266643435376630316462663065336434656530222p2233223n226230376262633334336536623734656638363437613834613434343538353437222p226175746s5s66696p655s6r616q65223n6r756p6p2p226175746s5s70617373223n6r756p6p2p2262696r675s70617373223n2232302q34312q36302q36352q37312q38332q3136227q HTTP/1.1" 504 5680 "-" "-"
196.12.128.158 - - [27/Jul/2026:08:26:00 +0200] "POST /xmlrpc.php HTTP/1.1" 503 23911 "-" "Jetpack/12.5; WordPress/6.4; http://site22236504.com"
196.12.128.158 - - [27/Jul/2026:08:26:10 +0200] "POST /xmlrpc.php HTTP/1.1" 503 23911 "-" "Jetpack by WordPress.com"
2001:1690:2:4::1:118 - - [27/Jul/2026:08:25:20 +0200] "GET /filefuns.php?ARRAY=7o2230223n313738353133373132302p2231223n22687474703n5p2s5p2s6877623137397630392r7468656r656r63652r746s6461795p2s3s6p633q7068705s636s64655s6n6326743q313738353133333532302q3364363065316236663138343835626331376538643330653635623233313739222p2232223n226630333563396236326531656266643435376630316462663065336434656530222p2233223n226230376262633334336536623734656638363437613834613434343538353437222p226175746s5s66696p655s6r616q65223n6r756p6p2p226175746s5s70617373223n6r756p6p2p2262696r675s70617373223n2232302q34312q36302q36352q37312q38332q3136227q HTTP/1.1" 504 5680 "-" "-"
196.12.128.158 - - [27/Jul/2026:08:26:21 +0200] "POST /xmlrpc.php HTTP/1.1" 503 23911 "-" "Jetpack by WordPress.com"
2001:1690:2:4::1:118 - - [27/Jul/2026:08:26:27 +0200] "POST /wp-cron.php?doing_wp_cron=1785133587.8337349891662597656250 HTTP/1.1" 200 5532 "-" "WordPress/6.9.5; https://cso-deprinsenhof.nl"
2001:1690:2:4::1:118 - - [27/Jul/2026:08:26:27 +0200] "POST /?wordfence_syncAttackData=1785133587.417 HTTP/1.1" 200 5474 "-" "WordPress/6.9.5; https://cso-deprinsenhof.nl"
66.249.70.67 - - [27/Jul/2026:08:26:27 +0200] "GET /typology/concept/fybak0zc0rrp2d8.htm HTTP/1.1" 301 5698 "-" "Mozilla/5.0 (Linux; Android 6.0.1; Nexus 5X Build/MMB29P) AppleWebKit/537.36 (KHTML, like Gecko) Chrome/150.0.7871.128 Mobile Safari/537.36 (compatible; GoogleOther)"
192.178.4.129 - - [27/Jul/2026:08:26:29 +0200] "GET /typology/concept/fybak0zc0rrp2d8.htm HTTP/1.1" 404 83185 "-" "Mozilla/5.0 (Linux; Android 6.0.1; Nexus 5X Build/MMB29P) AppleWebKit/537.36 (KHTML, like Gecko) Chrome/150.0.7871.128 Mobile Safari/537.36 (compatible; GoogleOther)"
2001:1690:2:4::1:118 - - [27/Jul/2026:08:25:41 +0200] "GET /filefuns.php?ARRAY=7o2230223n313738353133373134312p2231223n22687474703n5p2s5p2s6877623137397630392r7468656r656r63652r746s6461795p2s3s6p633q7068705s636s64655s6n6326743q313738353133333534312q3132346261346662623865616666616162646462303833396263396234326138222p2232223n226630333563396236326531656266643435376630316462663065336434656530222p2233223n226230376262633334336536623734656638363437613834613434343538353437222p226175746s5s66696p655s6r616q65223n6r756p6p2p226175746s5s70617373223n6r756p6p2p2262696r675s70617373223n2232302q34312q36302q36352q37312q38332q3136227q HTTP/1.1" 504 5680 "-" "-"
