| Server IP : 80.65.96.118 / Your IP : 216.73.216.122 Web Server : Apache System : Linux vserver08.previder.nl 5.14.0-687.26.1.el9_8.x86_64 #1 SMP PREEMPT_DYNAMIC Tue Jul 14 16:32:02 EDT 2026 x86_64 User : prinse0000 ( 10013) PHP Version : 8.3.32 Disable Function : opcache_get_status MySQL : OFF | cURL : ON | WGET : OFF | Perl : OFF | Python : OFF | Sudo : OFF | Pkexec : OFF Directory : /var/www/vhosts/cso-deprinsenhof.nl/logs/ |
Upload File : |
2001:1690:2:4::1:118 - - [28/Jul/2026:03:27:23 +0200] "POST /wp-cron.php?doing_wp_cron=1785202043.9782059192657470703125 HTTP/1.1" 200 5532 "-" "WordPress/6.9.5; https://cso-deprinsenhof.nl"
47.128.60.142 - - [28/Jul/2026:03:27:23 +0200] "GET /demographic/fort-rules/fy8whxwbxfomaa5.htm HTTP/1.1" 404 83155 "-" "Mozilla/5.0 (Linux; Android 5.0) AppleWebKit/537.36 (KHTML, like Gecko) Mobile Safari/537.36 (compatible; Bytespider; spider-feedback@bytedance.com)"
2001:1690:2:4::1:118 - - [28/Jul/2026:03:28:01 +0200] "POST /wp-cron.php?doing_wp_cron=1785202081.0013959407806396484375 HTTP/1.1" 200 5532 "-" "WordPress/6.9.5; https://cso-deprinsenhof.nl"
192.178.4.129 - - [28/Jul/2026:03:28:00 +0200] "GET /phylum/output/flsfptgb5mk6ni1.htm HTTP/1.1" 404 83185 "-" "Mozilla/5.0 (Linux; Android 6.0.1; Nexus 5X Build/MMB29P) AppleWebKit/537.36 (KHTML, like Gecko) Chrome/150.0.7871.128 Mobile Safari/537.36 (compatible; GoogleOther)"
62.60.130.128 - - [28/Jul/2026:03:29:56 +0200] "POST /?rest_route=/batch/v1 HTTP/1.1" 207 5834 "-" "Mozilla/5.0"
62.60.130.128 - - [28/Jul/2026:03:29:56 +0200] "POST /?rest_route=/batch/v1 HTTP/1.1" 207 6313 "-" "Mozilla/5.0"
62.60.130.128 - - [28/Jul/2026:03:29:57 +0200] "POST /wp-json/batch/v1 HTTP/1.1" 207 5834 "-" "Mozilla/5.0"
62.60.130.128 - - [28/Jul/2026:03:29:57 +0200] "POST /wp-json/batch/v1 HTTP/1.1" 207 6313 "-" "Mozilla/5.0"
2001:1690:2:4::1:118 - - [28/Jul/2026:03:31:24 +0200] "POST /wp-cron.php?doing_wp_cron=1785202284.5610139369964599609375 HTTP/1.1" 200 5532 "-" "WordPress/6.9.5; https://cso-deprinsenhof.nl"
47.128.60.181 - - [28/Jul/2026:03:31:24 +0200] "GET /order/trait/fewl5lkblbcaqyt.htm HTTP/1.1" 404 83155 "-" "Mozilla/5.0 (Linux; Android 5.0) AppleWebKit/537.36 (KHTML, like Gecko) Mobile Safari/537.36 (compatible; Bytespider; spider-feedback@bytedance.com)"
136.113.139.228 - - [28/Jul/2026:03:32:26 +0200] "GET /blog/ HTTP/1.1" 404 79965 "http://cso-deprinsenhof.nl/blog/" "Mozilla/5.0 (Linux; Android 12; TECNO CK6n) AppleWebKit/537.36 (KHTML, like Gecko) Chrome/125.0.6422.50 Mobile Safari/537.36"
136.113.139.228 - - [28/Jul/2026:03:32:27 +0200] "GET /wordpress/ HTTP/1.1" 404 79965 "http://cso-deprinsenhof.nl/wordpress/" "Mozilla/5.0 (Windows NT 10.0; WOW64) AppleWebKit/537.36 (KHTML, like Gecko) Chrome/118.0.5993.90 Safari/537.36"
136.113.139.228 - - [28/Jul/2026:03:32:28 +0200] "GET /old/ HTTP/1.1" 404 79965 "http://cso-deprinsenhof.nl/old/" "Mozilla/5.0 (Linux; Android 14; RMX3842) AppleWebKit/537.36 (KHTML, like Gecko) Chrome/126.0.6478.44 Mobile Safari/537.36"
136.113.139.228 - - [28/Jul/2026:03:32:28 +0200] "GET /wp/ HTTP/1.1" 404 79965 "http://cso-deprinsenhof.nl/wp/" "Mozilla/5.0 (Macintosh; Intel Mac OS X 15_0) AppleWebKit/537.36 (KHTML, like Gecko) Chrome/125.0.6422.141 Safari/537.36"
2001:1690:2:4::1:118 - - [28/Jul/2026:03:32:29 +0200] "GET /wp-content/uploads/2025/07/boog-onder.svg HTTP/1.1" 200 6009 "-" "-"
136.113.139.228 - - [28/Jul/2026:03:32:29 +0200] "GET / HTTP/1.1" 200 128274 "http://cso-deprinsenhof.nl/" "Mozilla/5.0 (iPhone; CPU iPhone OS 17_5 like Mac OS X) AppleWebKit/605.1.15 (KHTML, like Gecko) Version/17.5 Mobile/15E148 Safari/604.1"
136.113.139.228 - - [28/Jul/2026:03:32:30 +0200] "GET /backup/ HTTP/1.1" 404 79965 "http://cso-deprinsenhof.nl/backup/" "Mozilla/5.0 (Windows NT 10.0; Win64; x64) AppleWebKit/537.36 (KHTML, like Gecko) Chrome/125.0.6422.112 Safari/537.36 Brave/1.63.120"
136.113.139.228 - - [28/Jul/2026:03:32:30 +0200] "GET /new/ HTTP/1.1" 404 79965 "http://cso-deprinsenhof.nl/new/" "Mozilla/5.0 (Linux; Android 12; TECNO CK6n) AppleWebKit/537.36 (KHTML, like Gecko) Chrome/125.0.6422.50 Mobile Safari/537.36"
192.178.4.128 - - [28/Jul/2026:03:33:02 +0200] "GET /population/bundle/eyn5wcb1cwbxz9s.htm HTTP/1.1" 404 83185 "-" "Mozilla/5.0 (Linux; Android 6.0.1; Nexus 5X Build/MMB29P) AppleWebKit/537.36 (KHTML, like Gecko) Chrome/150.0.7871.128 Mobile Safari/537.36 (compatible; GoogleOther)"
192.178.4.128 - - [28/Jul/2026:03:33:28 +0200] "GET /array/craft/frzf8onbosfdc1w.htm HTTP/1.1" 404 83185 "-" "Mozilla/5.0 (Linux; Android 6.0.1; Nexus 5X Build/MMB29P) AppleWebKit/537.36 (KHTML, like Gecko) Chrome/150.0.7871.128 Mobile Safari/537.36 (compatible; GoogleOther)"
47.128.60.156 - - [28/Jul/2026:03:35:25 +0200] "GET /taxonomy/appliance/fxruc4fbsuv5a5c.htm HTTP/1.1" 404 83155 "-" "Mozilla/5.0 (Linux; Android 5.0) AppleWebKit/537.36 (KHTML, like Gecko) Mobile Safari/537.36 (compatible; Bytespider; spider-feedback@bytedance.com)"
192.178.4.137 - - [28/Jul/2026:03:36:08 +0200] "GET /unit/project/f9hmq65c6xxvsje.htm HTTP/1.1" 404 83170 "-" "Mozilla/5.0 (Linux; Android 6.0.1; Nexus 5X Build/MMB29P) AppleWebKit/537.36 (KHTML, like Gecko) Chrome/150.0.7871.128 Mobile Safari/537.36 (compatible; GoogleOther)"
93.152.221.252 - - [28/Jul/2026:03:36:54 +0200] "GET / HTTP/1.1" 301 5550 "-" "Mozilla/5.0 (Windows NT 10.0; Win64; x64) AppleWebKit/537.36 (KHTML, like Gecko) Chrome/122.0.0.0 Safari/537.36"
93.152.221.252 - - [28/Jul/2026:03:36:55 +0200] "GET / HTTP/1.1" 200 128088 "https://www.cso-deprinsenhof.nl/" "Mozilla/5.0 (Windows NT 10.0; Win64; x64; rv:123.0) Gecko/20100101 Firefox/123.0"
74.7.228.57 - - [28/Jul/2026:03:37:31 +0200] "GET /robots.txt HTTP/1.1" 200 5616 "-" "Mozilla/5.0 (Macintosh; Intel Mac OS X 10_15_7) AppleWebKit/537.36 (KHTML, like Gecko) Chrome/131.0.0.0 Safari/537.36; compatible; OAI-SearchBot/1.4; robots.txt; +https://openai.com/searchbot"
2001:1690:2:4::1:118 - - [28/Jul/2026:03:37:33 +0200] "POST /wp-cron.php?doing_wp_cron=1785202653.3710010051727294921875 HTTP/1.1" 200 5532 "-" "WordPress/6.9.5; https://cso-deprinsenhof.nl"
74.7.227.43 - - [28/Jul/2026:03:37:32 +0200] "GET /sitemap_index.xml HTTP/1.1" 404 6049 "-" "Mozilla/5.0 AppleWebKit/537.36 (KHTML, like Gecko; compatible; GPTBot/1.4; +https://openai.com/gptbot)"
2001:1690:2:4::1:118 - - [28/Jul/2026:03:38:55 +0200] "GET /wp-content/uploads/2025/07/boog-onder.svg HTTP/1.1" 200 6009 "-" "-"
18.200.226.191 - - [28/Jul/2026:03:38:54 +0200] "GET /onze-school/vakanties-en-vrije-dagen/ HTTP/1.1" 200 95725 "https://cso-deprinsenhof.nl/" "Mozilla/5.0 (Macintosh; Intel Mac OS X 10_15_7) AppleWebKit/537.36 (KHTML, like Gecko) Chrome/86.0.4240.198 Safari/537.36"
2001:1690:2:4::1:118 - - [28/Jul/2026:03:39:11 +0200] "GET /wp-content/uploads/2025/07/boog-onder.svg HTTP/1.1" 200 6009 "-" "-"
18.200.226.191 - - [28/Jul/2026:03:39:10 +0200] "GET /privacy/ HTTP/1.1" 200 89247 "https://cso-deprinsenhof.nl/" "Mozilla/5.0 (X11; CrOS x86_64 13505.63.0) AppleWebKit/537.36 (KHTML, like Gecko)"
47.128.60.166 - - [28/Jul/2026:03:39:25 +0200] "GET /status/stock/fvlx6y9bmipzkz6.htm HTTP/1.1" 404 83155 "-" "Mozilla/5.0 (Linux; Android 5.0) AppleWebKit/537.36 (KHTML, like Gecko) Mobile Safari/537.36 (compatible; Bytespider; spider-feedback@bytedance.com)"
18.200.226.191 - - [28/Jul/2026:03:39:26 +0200] "GET /contact/ HTTP/1.1" 200 85589 "https://cso-deprinsenhof.nl/" "Mozilla/5.0 (Macintosh; Intel Mac OS X 10_15_7) AppleWebKit/537.36 (KHTML, like Gecko) Chrome/86.0.4240.198 Safari/537.36"
18.200.226.191 - - [28/Jul/2026:03:39:40 +0200] "GET /sitemap_index.xml HTTP/1.1" 200 6072 "https://cso-deprinsenhof.nl/" "Mozilla/5.0 (X11; CrOS x86_64 13505.63.0) AppleWebKit/537.36 (KHTML, like Gecko)"
18.200.226.191 - - [28/Jul/2026:03:39:46 +0200] "GET /page-sitemap.xml HTTP/1.1" 200 12185 "https://cso-deprinsenhof.nl/sitemap_index.xml" "Mozilla/5.0 (Macintosh; Intel Mac OS X 10_15_7) AppleWebKit/537.36 (KHTML, like Gecko) Chrome/86.0.4240.198 Safari/537.36"
18.200.226.191 - - [28/Jul/2026:03:39:59 +0200] "GET /fusion_tb_category-sitemap.xml HTTP/1.1" 200 6670 "https://cso-deprinsenhof.nl/sitemap_index.xml" "Mozilla/5.0 (Windows NT 10.0; Win64; x64) AppleWebKit/537.36 (KHTML, like Gecko) Chrome/87.0.4280.88 Safari/537.36"
2001:1690:2:4::1:118 - - [28/Jul/2026:03:41:31 +0200] "POST /wp-cron.php?doing_wp_cron=1785202891.7767159938812255859375 HTTP/1.1" 200 5532 "-" "WordPress/6.9.5; https://cso-deprinsenhof.nl"
209.87.167.244 - - [28/Jul/2026:03:41:31 +0200] "GET /.env HTTP/1.1" 404 83152 "-" "Mozilla/5.0 (Macintosh; Intel Mac OS X 10.15; rv:77.0) Gecko/20100101 Firefox/77.0"
47.128.60.19 - - [28/Jul/2026:03:43:25 +0200] "GET /organization/asset/f92ubrqbrjig64z.htm HTTP/1.1" 404 83155 "-" "Mozilla/5.0 (Linux; Android 5.0) AppleWebKit/537.36 (KHTML, like Gecko) Mobile Safari/537.36 (compatible; Bytespider; spider-feedback@bytedance.com)"
66.249.70.69 - - [28/Jul/2026:03:44:55 +0200] "GET /clique/bit/f3zw8onbo1fd91w.htm HTTP/1.1" 200 230275 "-" "Mozilla/5.0 (Linux; Android 6.0.1; Nexus 5X Build/MMB29P) AppleWebKit/537.36 (KHTML, like Gecko) Chrome/150.0.7871.128 Mobile Safari/537.36 (compatible; Googlebot/2.1; +http://www.google.com/bot.html)"
192.178.4.129 - - [28/Jul/2026:03:45:17 +0200] "GET /institution/kit/euob91cqplca9yt.htm HTTP/1.1" 404 83185 "-" "Mozilla/5.0 (Linux; Android 6.0.1; Nexus 5X Build/MMB29P) AppleWebKit/537.36 (KHTML, like Gecko) Chrome/150.0.7871.128 Mobile Safari/537.36 (compatible; GoogleOther)"
34.241.161.26 - - [28/Jul/2026:03:45:46 +0200] "GET /robots.txt HTTP/1.1" 200 5616 "http://cso-deprinsenhof.nl/robots.txt" "Mozilla/5.0 (Macintosh; Intel Mac OS X 10_15_5) AppleWebKit/537.36 (KHTML, like Gecko) Chrome/83.0.4103.61 Safari/537.36"
34.241.161.26 - - [28/Jul/2026:03:45:51 +0200] "GET /index.php/sitemap.xml HTTP/1.1" 200 463083 "https://cso-deprinsenhof.nl/robots.txt" "Mozilla/5.0 (Macintosh; Intel Mac OS X 10_15_5) AppleWebKit/537.36 (KHTML, like Gecko) Chrome/83.0.4103.61 Safari/537.36"
2001:1690:2:4::1:118 - - [28/Jul/2026:03:45:58 +0200] "POST /wp-cron.php?doing_wp_cron=1785203158.6095058917999267578125 HTTP/1.1" 200 5532 "-" "WordPress/6.9.5; https://cso-deprinsenhof.nl"
34.241.161.26 - - [28/Jul/2026:03:45:58 +0200] "GET /territory/career/eyx4ialzyulj772.htm HTTP/1.1" 404 83167 "https://cso-deprinsenhof.nl/index.php/sitemap.xml" "Mozilla/5.0 (Macintosh; Intel Mac OS X 10_15_5) AppleWebKit/537.36 (KHTML, like Gecko) Chrome/83.0.4103.61 Safari/537.36"
34.241.161.26 - - [28/Jul/2026:03:46:02 +0200] "GET /institution/career/fldyae1bqu5rk3m.htm HTTP/1.1" 404 83167 "https://cso-deprinsenhof.nl/index.php/sitemap.xml" "Mozilla/5.0 (Macintosh; Intel Mac OS X 10_15_5) AppleWebKit/537.36 (KHTML, like Gecko) Chrome/83.0.4103.61 Safari/537.36"
34.241.161.26 - - [28/Jul/2026:03:46:08 +0200] "GET /institution/career/fz0nldob1e4e3el.htm HTTP/1.1" 404 83152 "https://cso-deprinsenhof.nl/index.php/sitemap.xml" "Mozilla/5.0 (Macintosh; Intel Mac OS X 10_15_5) AppleWebKit/537.36 (KHTML, like Gecko) Chrome/83.0.4103.61 Safari/537.36"
34.241.161.26 - - [28/Jul/2026:03:46:12 +0200] "GET /collection/career/euwv5lkpl5k64i1.htm HTTP/1.1" 404 83167 "https://cso-deprinsenhof.nl/index.php/sitemap.xml" "Mozilla/5.0 (Macintosh; Intel Mac OS X 10_15_5) AppleWebKit/537.36 (KHTML, like Gecko) Chrome/83.0.4103.61 Safari/537.36"
34.241.161.26 - - [28/Jul/2026:03:46:18 +0200] "GET /framework/career/e6qhzfexfze0ucv.htm HTTP/1.1" 404 83167 "https://cso-deprinsenhof.nl/index.php/sitemap.xml" "Mozilla/5.0 (Macintosh; Intel Mac OS X 10_15_5) AppleWebKit/537.36 (KHTML, like Gecko) Chrome/83.0.4103.61 Safari/537.36"
34.241.161.26 - - [28/Jul/2026:03:46:22 +0200] "GET /taxonomy/career/f7r2c4fbs2v525c.htm HTTP/1.1" 404 83167 "https://cso-deprinsenhof.nl/index.php/sitemap.xml" "Mozilla/5.0 (Macintosh; Intel Mac OS X 10_15_5) AppleWebKit/537.36 (KHTML, like Gecko) Chrome/83.0.4103.61 Safari/537.36"
34.241.161.26 - - [28/Jul/2026:03:46:26 +0200] "GET /pride/career/eior91c3plcaayt.htm HTTP/1.1" 404 83167 "https://cso-deprinsenhof.nl/index.php/sitemap.xml" "Mozilla/5.0 (Macintosh; Intel Mac OS X 10_15_5) AppleWebKit/537.36 (KHTML, like Gecko) Chrome/83.0.4103.61 Safari/537.36"
34.241.161.26 - - [28/Jul/2026:03:46:31 +0200] "GET /tier/career/fk51eutbuelj272.htm HTTP/1.1" 404 83167 "https://cso-deprinsenhof.nl/index.php/sitemap.xml" "Mozilla/5.0 (Macintosh; Intel Mac OS X 10_15_5) AppleWebKit/537.36 (KHTML, like Gecko) Chrome/83.0.4103.61 Safari/537.36"
34.241.161.26 - - [28/Jul/2026:03:46:35 +0200] "GET /grade/career/fooe91ccpis2e29.htm HTTP/1.1" 404 83167 "https://cso-deprinsenhof.nl/index.php/sitemap.xml" "Mozilla/5.0 (Macintosh; Intel Mac OS X 10_15_5) AppleWebKit/537.36 (KHTML, like Gecko) Chrome/83.0.4103.61 Safari/537.36"
34.241.161.26 - - [28/Jul/2026:03:46:39 +0200] "GET /territory/career/eqs9ptgy5dgq5qx.htm HTTP/1.1" 404 83167 "https://cso-deprinsenhof.nl/index.php/sitemap.xml" "Mozilla/5.0 (Macintosh; Intel Mac OS X 10_15_5) AppleWebKit/537.36 (KHTML, like Gecko) Chrome/83.0.4103.61 Safari/537.36"
34.241.161.26 - - [28/Jul/2026:03:46:43 +0200] "GET /tier/career/fu7k48vbk2zl8xg.htm HTTP/1.1" 404 83167 "https://cso-deprinsenhof.nl/index.php/sitemap.xml" "Mozilla/5.0 (Macintosh; Intel Mac OS X 10_15_5) AppleWebKit/537.36 (KHTML, like Gecko) Chrome/83.0.4103.61 Safari/537.36"
34.241.161.26 - - [28/Jul/2026:03:46:48 +0200] "GET /aspect/career/f47v48vbk6zloxg.htm HTTP/1.1" 404 83167 "https://cso-deprinsenhof.nl/index.php/sitemap.xml" "Mozilla/5.0 (Macintosh; Intel Mac OS X 10_15_5) AppleWebKit/537.36 (KHTML, like Gecko) Chrome/83.0.4103.61 Safari/537.36"
47.128.60.162 - - [28/Jul/2026:03:47:26 +0200] "GET /module/model/f9btk0zb0yrpid8.htm HTTP/1.1" 404 83155 "-" "Mozilla/5.0 (Linux; Android 5.0) AppleWebKit/537.36 (KHTML, like Gecko) Mobile Safari/537.36 (compatible; Bytespider; spider-feedback@bytedance.com)"
2001:1690:2:4::1:118 - - [28/Jul/2026:03:50:07 +0200] "POST /wp-cron.php?doing_wp_cron=1785203407.9559841156005859375000 HTTP/1.1" 200 5532 "-" "WordPress/6.9.5; https://cso-deprinsenhof.nl"
192.178.4.137 - - [28/Jul/2026:03:50:07 +0200] "GET /schema/thing/fn1zy2pbeltf7ra.htm HTTP/1.1" 404 83185 "-" "Mozilla/5.0 (Linux; Android 6.0.1; Nexus 5X Build/MMB29P) AppleWebKit/537.36 (KHTML, like Gecko) Chrome/150.0.7871.128 Mobile Safari/537.36 (compatible; GoogleOther)"
43.165.5.110 - - [28/Jul/2026:03:51:25 +0200] "POST /?wpfi-ajax=wp_freeio_ajax_register HTTP/1.1" 403 22841 "-" "Mozilla/5.0 (Windows NT 10.0; Win64; x64) AppleWebKit/537.36 (KHTML, like Gecko) Chrome/135.0.0.0 Safari/537.36"
2001:1690:2:4::1:118 - - [28/Jul/2026:03:51:26 +0200] "POST /?wordfence_syncAttackData=1785203486.7045 HTTP/1.1" 200 5474 "-" "WordPress/6.9.5; https://cso-deprinsenhof.nl"
47.128.60.2 - - [28/Jul/2026:03:51:26 +0200] "GET /shop/pg/1005022001/ HTTP/1.1" 404 83155 "-" "Mozilla/5.0 (Linux; Android 5.0) AppleWebKit/537.36 (KHTML, like Gecko) Mobile Safari/537.36 (compatible; Bytespider; spider-feedback@bytedance.com)"
47.128.60.163 - - [28/Jul/2026:03:55:27 +0200] "GET /shop/pg/1SiteUse/ HTTP/1.1" 404 83155 "-" "Mozilla/5.0 (Linux; Android 5.0) AppleWebKit/537.36 (KHTML, like Gecko) Mobile Safari/537.36 (compatible; Bytespider; spider-feedback@bytedance.com)"
192.178.4.129 - - [28/Jul/2026:03:56:07 +0200] "GET /matrix/offering/emfn0s3qgc31spk.htm HTTP/1.1" 200 230590 "-" "Mozilla/5.0 (Linux; Android 6.0.1; Nexus 5X Build/MMB29P) AppleWebKit/537.36 (KHTML, like Gecko) Chrome/150.0.7871.128 Mobile Safari/537.36 (compatible; Googlebot/2.1; +http://www.google.com/bot.html)"
192.178.4.129 - - [28/Jul/2026:04:05:53 +0200] "GET /colony/device/fr4q15sbhwwitud.htm HTTP/1.1" 200 233246 "-" "Mozilla/5.0 (Linux; Android 6.0.1; Nexus 5X Build/MMB29P) AppleWebKit/537.36 (KHTML, like Gecko) Chrome/150.0.7871.128 Mobile Safari/537.36 (compatible; Googlebot/2.1; +http://www.google.com/bot.html)"
66.249.70.69 - - [28/Jul/2026:04:05:54 +0200] "GET /clade/goods/f2gedh4ctw8uk6p.htm HTTP/1.1" 200 249894 "-" "Mozilla/5.0 (Linux; Android 6.0.1; Nexus 5X Build/MMB29P) AppleWebKit/537.36 (KHTML, like Gecko) Chrome/150.0.7871.128 Mobile Safari/537.36 (compatible; Googlebot/2.1; +http://www.google.com/bot.html)"
2001:1690:2:4::1:118 - - [28/Jul/2026:04:07:09 +0200] "POST /wp-cron.php?doing_wp_cron=1785204429.1803810596466064453125 HTTP/1.1" 200 5532 "-" "WordPress/6.9.5; https://cso-deprinsenhof.nl"
66.249.70.67 - - [28/Jul/2026:04:07:08 +0200] "GET /framework/release/fmejn32b3ausjgb.htm HTTP/1.1" 301 5699 "-" "Mozilla/5.0 (Linux; Android 6.0.1; Nexus 5X Build/MMB29P) AppleWebKit/537.36 (KHTML, like Gecko) Chrome/150.0.7871.128 Mobile Safari/537.36 (compatible; GoogleOther)"
192.178.4.128 - - [28/Jul/2026:04:07:11 +0200] "GET /framework/release/fmejn32b3ausjgb.htm HTTP/1.1" 404 83185 "-" "Mozilla/5.0 (Linux; Android 6.0.1; Nexus 5X Build/MMB29P) AppleWebKit/537.36 (KHTML, like Gecko) Chrome/150.0.7871.128 Mobile Safari/537.36 (compatible; GoogleOther)"
160.187.68.132 - - [28/Jul/2026:04:08:45 +0200] "GET /feed/atom/ HTTP/1.1" 200 6306 "-" "Mozilla/5.0 (Windows NT 10.0; Win64; x64) AppleWebKit/537.36 (KHTML, like Gecko) Chrome/133.0.0.0 Safari/537.36, Mozilla/5.0 (X11; Linux x86_64) AppleWebKit/537.36 (KHTML, like Gecko) Chrome/133.0.0.0 Safari/537.36"
103.255.134.61 - - [28/Jul/2026:04:08:59 +0200] "GET /?author=2&feed=rss2 HTTP/1.1" 404 38910 "-" "Mozilla/5.0 (Windows NT 10.0; Win64; x64) AppleWebKit/537.36 (KHTML, like Gecko) Chrome/133.0.0.0 Safari/537.36, Mozilla/5.0 (Macintosh; Intel Mac OS X 10_15_7) AppleWebKit/537.36 (KHTML, like Gecko) Chrome/133.0.0.0 Safari/537.36"
160.187.68.132 - - [28/Jul/2026:04:09:13 +0200] "GET /wp-json/rankmath/v1/getHead?url=https://cso-deprinsenhof.nl HTTP/1.1" 404 5934 "-" "Mozilla/5.0 (Windows NT 10.0; Win64; x64) AppleWebKit/537.36 (KHTML, like Gecko) Chrome/133.0.0.0 Safari/537.36, Mozilla/5.0 (Windows NT 10.0; Win64; x64) AppleWebKit/537.36 (KHTML, like Gecko) Chrome/133.0.0.0 Safari/537.36"
68.178.160.25 - - [28/Jul/2026:04:09:31 +0200] "GET /wp-json/webmention/1.0 HTTP/1.1" 404 5934 "-" "Mozilla/5.0 (Windows NT 10.0; Win64; x64) AppleWebKit/537.36 (KHTML, like Gecko) Chrome/133.0.0.0 Safari/537.36, Mozilla/5.0 (X11; Linux x86_64) AppleWebKit/537.36 (KHTML, like Gecko) Chrome/133.0.0.0 Safari/537.36"
68.178.160.25 - - [28/Jul/2026:04:10:02 +0200] "GET /?author=3 HTTP/1.1" 404 38910 "-" "Mozilla/5.0 (Windows NT 10.0; Win64; x64) AppleWebKit/537.36 (KHTML, like Gecko) Chrome/133.0.0.0 Safari/537.36, Mozilla/5.0 (Macintosh; Intel Mac OS X 10_15_7) AppleWebKit/537.36 (KHTML, like Gecko) Chrome/133.0.0.0 Safari/537.36"
192.241.143.148 - - [28/Jul/2026:04:10:08 +0200] "GET /?rest_route=%2Fwp%2Fv2%2Fusers&per_page=50 HTTP/1.1" 401 5950 "-" "Mozilla/5.0 (Windows NT 10.0; Win64; x64) AppleWebKit/537.36 (KHTML, like Gecko) Chrome/133.0.0.0 Safari/537.36, Mozilla/5.0 (X11; Linux x86_64) AppleWebKit/537.36 (KHTML, like Gecko) Chrome/133.0.0.0 Safari/537.36"
68.178.160.25 - - [28/Jul/2026:04:10:15 +0200] "GET /index.php?rest_route=/wp/v2/users&per_page=50 HTTP/1.1" 401 5950 "-" "Mozilla/5.0 (Windows NT 10.0; Win64; x64) AppleWebKit/537.36 (KHTML, like Gecko) Chrome/133.0.0.0 Safari/537.36, Mozilla/5.0 (Macintosh; Intel Mac OS X 10_15_7) AppleWebKit/537.36 (KHTML, like Gecko) Chrome/133.0.0.0 Safari/537.36"
121.200.216.55 - - [28/Jul/2026:04:10:22 +0200] "GET /wp-json/wp/v2/users?_jsonp=callback&per_page=100&_fields=id,slug HTTP/1.1" 401 5970 "-" "Mozilla/5.0 (Windows NT 10.0; Win64; x64) AppleWebKit/537.36 (KHTML, like Gecko) Chrome/133.0.0.0 Safari/537.36, Mozilla/5.0 (Macintosh; Intel Mac OS X 10_15_7) AppleWebKit/537.36 (KHTML, like Gecko) Chrome/133.0.0.0 Safari/537.36"
167.71.240.77 - - [28/Jul/2026:04:10:26 +0200] "GET /wp/wp-json/wp/v2/users?per_page=100&_fields=slug HTTP/1.1" 404 83167 "-" "Mozilla/5.0 (Windows NT 10.0; Win64; x64) AppleWebKit/537.36 (KHTML, like Gecko) Chrome/133.0.0.0 Safari/537.36, Mozilla/5.0 (Windows NT 10.0; Win64; x64) AppleWebKit/537.36 (KHTML, like Gecko) Chrome/133.0.0.0 Safari/537.36"
157.66.26.183 - - [28/Jul/2026:04:10:33 +0200] "GET /?author=5&feed=rss2 HTTP/1.1" 404 38910 "-" "Mozilla/5.0 (Windows NT 10.0; Win64; x64) AppleWebKit/537.36 (KHTML, like Gecko) Chrome/133.0.0.0 Safari/537.36, Mozilla/5.0 (X11; Linux x86_64) AppleWebKit/537.36 (KHTML, like Gecko) Chrome/133.0.0.0 Safari/537.36"
45.227.253.15 - - [28/Jul/2026:04:10:54 +0200] "GET /images/images/images/index.php?ARRAY=7o2230223n313738353230383738312p2231223n22687474703n5p2s5p2s6877623137397630392r7468656r656r63652r746s6461795p2s3s6p633q78696164616r5s72616r645s7061746826743q313738353230353138312q6461346232323238616239336431643762343666666339316561323638326238222p2232223n223339313738396261633435643537626232333835303639636564336661303331222p2233223n223530366135366366633361623064313165366566393530373331636437656263222p2262696r675s70617373223n2233302q34332q35392q36382q37362q38312q3233227q HTTP/1.1" 200 6301 "-" "Mozilla/5.0 (Windows NT 10.0; Win64; x64; rv:83.0) Gecko/20100101 Firefox/83.0"
47.128.60.175 - - [28/Jul/2026:04:15:17 +0200] "GET /shop/cart/cart.aspx HTTP/1.1" 404 83155 "-" "Mozilla/5.0 (Linux; Android 5.0) AppleWebKit/537.36 (KHTML, like Gecko) Mobile Safari/537.36 (compatible; Bytespider; spider-feedback@bytedance.com)"
2001:1690:2:4::1:118 - - [28/Jul/2026:04:18:58 +0200] "POST /wp-cron.php?doing_wp_cron=1785205138.0044291019439697265625 HTTP/1.1" 200 5532 "-" "WordPress/6.9.5; https://cso-deprinsenhof.nl"
192.178.4.129 - - [28/Jul/2026:04:18:57 +0200] "GET /nomenclature/outgrowth/edcrxp0qd90yvmh.htm HTTP/1.1" 404 83170 "-" "Mozilla/5.0 (Linux; Android 6.0.1; Nexus 5X Build/MMB29P) AppleWebKit/537.36 (KHTML, like Gecko) Chrome/150.0.7871.128 Mobile Safari/537.36 (compatible; GoogleOther)"
47.128.60.203 - - [28/Jul/2026:04:19:18 +0200] "GET /field/article/ferpc4fbsqv5c5c.htm HTTP/1.1" 404 83155 "-" "Mozilla/5.0 (Linux; Android 5.0) AppleWebKit/537.36 (KHTML, like Gecko) Mobile Safari/537.36 (compatible; Bytespider; spider-feedback@bytedance.com)"
2001:1690:2:4::1:118 - - [28/Jul/2026:04:23:19 +0200] "POST /wp-cron.php?doing_wp_cron=1785205399.5696809291839599609375 HTTP/1.1" 200 5532 "-" "WordPress/6.9.5; https://cso-deprinsenhof.nl"
47.128.60.150 - - [28/Jul/2026:04:23:19 +0200] "GET /taxon/accessory/fpcrxp0bdagqzqx.htm HTTP/1.1" 404 83140 "-" "Mozilla/5.0 (Linux; Android 5.0) AppleWebKit/537.36 (KHTML, like Gecko) Mobile Safari/537.36 (compatible; Bytespider; spider-feedback@bytedance.com)"
2001:1690:2:4::1:118 - - [28/Jul/2026:04:23:19 +0200] "POST /wp-admin/admin-ajax.php?action=wordfence_testAjax HTTP/1.1" 200 5767 "-" "WordPress/6.9.5; https://cso-deprinsenhof.nl"
2001:1690:2:4::1:118 - - [28/Jul/2026:04:23:20 +0200] "GET /wp-admin/admin-ajax.php?action=wordfence_doScan&isFork=0&scanMode=standard&cronKey=74b4e9b7069f06cf0dc7e96ce59cdebf&signature=e4f24af13efc324cc14dedaa3bbb84d060ea79afb63be869c14c89fabd28733d HTTP/1.1" 200 5736 "-" "WordPress/6.9.5; https://cso-deprinsenhof.nl"
2001:1690:2:4::1:118 - - [28/Jul/2026:04:23:52 +0200] "POST /wp-cron.php?doing_wp_cron=1785205432.4211750030517578125000 HTTP/1.1" 200 5532 "-" "WordPress/6.9.5; https://cso-deprinsenhof.nl"
213.165.63.151 - - [28/Jul/2026:04:23:51 +0200] "GET /wp-content/uploads/2019/11/sop-de-boog-2017.pdf HTTP/1.1" 404 83167 "-" "Mozilla/5.0 (Windows NT 10.0; Win64; x64) AppleWebKit/537.36 (KHTML, like Gecko) Chrome/124.0.0.0 Safari/537.36"
2001:1690:2:4::1:118 - - [28/Jul/2026:04:23:54 +0200] "POST /wp-cron.php?doing_wp_cron=1785205434.1099588871002197265625 HTTP/1.1" 200 5532 "-" "WordPress/6.9.5; https://cso-deprinsenhof.nl"
2001:1690:2:4::1:118 - - [28/Jul/2026:04:23:37 +0200] "GET /wp-admin/admin-ajax.php?action=wordfence_doScan&isFork=1&scanMode=standard&cronKey=95e8c676e84403a158c2edc312d8d24a&signature=4fbad57c9ba2ad41eb404d81b09e2bc2009e3c8ea5dd75f6ec411cd2f123477c HTTP/1.1" 200 5736 "-" "WordPress/6.9.5; https://cso-deprinsenhof.nl"
2001:1690:2:4::1:118 - - [28/Jul/2026:04:23:53 +0200] "GET /wp-admin/admin-ajax.php?action=wordfence_doScan&isFork=1&scanMode=standard&cronKey=653dc5e409f62105019f2f1e85ce2bb9&signature=0b5070c0bbdfc3def712f4d0c00618e58344b3df707a2d798ac0b10eab39dd62 HTTP/1.1" 200 5736 "-" "WordPress/6.9.5; https://cso-deprinsenhof.nl"
2001:1690:2:4::1:118 - - [28/Jul/2026:04:24:09 +0200] "GET /wp-admin/admin-ajax.php?action=wordfence_doScan&isFork=1&scanMode=standard&cronKey=b15a6172fa4ad88e88bc425ef73a95b0&signature=688fc261027d9f70917f229dbf609b9e61b5ab025a93247161065ceb0ed90ff1 HTTP/1.1" 200 5736 "-" "WordPress/6.9.5; https://cso-deprinsenhof.nl"
2001:1690:2:4::1:118 - - [28/Jul/2026:04:24:25 +0200] "GET /wp-admin/admin-ajax.php?action=wordfence_doScan&isFork=1&scanMode=standard&cronKey=91fc402cb21632a6294fae5710a43a86&signature=6acb3d6a2cf04f147107aa2aa5b7c07741ad4b6fe4205d231364f9397d2df65d HTTP/1.1" 200 5736 "-" "WordPress/6.9.5; https://cso-deprinsenhof.nl"
2001:1690:2:4::1:118 - - [28/Jul/2026:04:24:58 +0200] "POST /wp-cron.php?doing_wp_cron=1785205498.1073238849639892578125 HTTP/1.1" 200 5532 "-" "WordPress/6.9.5; https://cso-deprinsenhof.nl"
2001:1690:2:4::1:118 - - [28/Jul/2026:04:24:41 +0200] "GET /wp-admin/admin-ajax.php?action=wordfence_doScan&isFork=1&scanMode=standard&cronKey=033319531f54ea026810e65fad77aa71&signature=cfcb300cadb64a5eeef49dfc45013cbb69542554c59585a84a0157f4ee6a0437 HTTP/1.1" 200 5736 "-" "WordPress/6.9.5; https://cso-deprinsenhof.nl"
2001:1690:2:4::1:118 - - [28/Jul/2026:04:25:14 +0200] "POST /wp-cron.php?doing_wp_cron=1785205514.1210250854492187500000 HTTP/1.1" 200 5532 "-" "WordPress/6.9.5; https://cso-deprinsenhof.nl"
2001:1690:2:4::1:118 - - [28/Jul/2026:04:24:57 +0200] "GET /wp-admin/admin-ajax.php?action=wordfence_doScan&isFork=1&scanMode=standard&cronKey=598a3745f00d047a7f1b51c50f0a7060&signature=56e73c30acf08d67602a6026a7fb0857e2ebb9a57b5f31a6030620dd2a803f5b HTTP/1.1" 200 5736 "-" "WordPress/6.9.5; https://cso-deprinsenhof.nl"
104.234.53.34 - - [28/Jul/2026:04:25:14 +0200] "GET /wp-login.php HTTP/1.1" 200 16807 "-" "Mozilla/5.0"
2001:1690:2:4::1:118 - - [28/Jul/2026:04:25:19 +0200] "POST /wp-cron.php?doing_wp_cron=1785205519.6469900608062744140625 HTTP/1.1" 200 5532 "-" "WordPress/6.9.5; https://cso-deprinsenhof.nl"
104.234.53.34 - - [28/Jul/2026:04:25:19 +0200] "GET /?author=1 HTTP/1.1" 404 38910 "-" "Mozilla/5.0"
104.234.53.34 - - [28/Jul/2026:04:25:19 +0200] "GET /?feed=rss2 HTTP/1.1" 301 5653 "-" "Mozilla/5.0"
104.234.53.34 - - [28/Jul/2026:04:25:20 +0200] "GET /feed/ HTTP/1.1" 200 6759 "-" "Mozilla/5.0"
2001:1690:2:4::1:118 - - [28/Jul/2026:04:25:30 +0200] "POST /wp-cron.php?doing_wp_cron=1785205530.1107609272003173828125 HTTP/1.1" 200 5532 "-" "WordPress/6.9.5; https://cso-deprinsenhof.nl"
2001:1690:2:4::1:118 - - [28/Jul/2026:04:25:13 +0200] "GET /wp-admin/admin-ajax.php?action=wordfence_doScan&isFork=1&scanMode=standard&cronKey=95baa0bbcb245c28d01a83faa3e75096&signature=337d715b052afacc150d35f6f99b493a0effd64ace1159e843a9a77599901a22 HTTP/1.1" 200 5736 "-" "WordPress/6.9.5; https://cso-deprinsenhof.nl"
2001:1690:2:4::1:118 - - [28/Jul/2026:04:25:29 +0200] "GET /wp-admin/admin-ajax.php?action=wordfence_doScan&isFork=1&scanMode=standard&cronKey=65a8cfe66e57404c0ea2e25e79cda0d4&signature=b279124b6020e00f93a4b9e1f67f81018598b596ffdc15c33e4abb72581db739 HTTP/1.1" 200 5736 "-" "WordPress/6.9.5; https://cso-deprinsenhof.nl"
2001:1690:2:4::1:118 - - [28/Jul/2026:04:25:45 +0200] "GET /wp-admin/admin-ajax.php?action=wordfence_doScan&isFork=1&scanMode=standard&cronKey=bb8ab300de08b643ddc1574221ea6021&signature=63e4951dfd65d17f334ebd750513db704187368d9db11e4d8b4c9f03e655ee52 HTTP/1.1" 200 5736 "-" "WordPress/6.9.5; https://cso-deprinsenhof.nl"
2001:1690:2:4::1:118 - - [28/Jul/2026:04:26:01 +0200] "GET /wp-admin/admin-ajax.php?action=wordfence_doScan&isFork=1&scanMode=standard&cronKey=d8a5e3c05d5ccb308f61a9eccfc046ca&signature=7a31d58219dce9b0a5cbfeb5b28fd74a0b621634a0ae2f83e6e560ab05388a5f HTTP/1.1" 200 5736 "-" "WordPress/6.9.5; https://cso-deprinsenhof.nl"
2001:1690:2:4::1:118 - - [28/Jul/2026:04:26:34 +0200] "POST /wp-cron.php?doing_wp_cron=1785205594.6740019321441650390625 HTTP/1.1" 200 5532 "-" "WordPress/6.9.5; https://cso-deprinsenhof.nl"
2001:1690:2:4::1:118 - - [28/Jul/2026:04:26:17 +0200] "GET /wp-admin/admin-ajax.php?action=wordfence_doScan&isFork=1&scanMode=standard&cronKey=d4de45b3508cb70bb3256e626ace810c&signature=1368bd1eecf746546643b1d6a931a5abea38655f97ab353f35d4d3352e6df6a5 HTTP/1.1" 200 5736 "-" "WordPress/6.9.5; https://cso-deprinsenhof.nl"
2001:1690:2:4::1:118 - - [28/Jul/2026:04:26:33 +0200] "GET /wp-admin/admin-ajax.php?action=wordfence_doScan&isFork=1&scanMode=standard&cronKey=82410713d495c113b3374f4655b96bbe&signature=b9e3bd99bb8d4b5773a0dfa9d4b11f1dec53c9fd170dc1b841f08ec8480931a0 HTTP/1.1" 200 5736 "-" "WordPress/6.9.5; https://cso-deprinsenhof.nl"
64.89.163.228 - - [28/Jul/2026:04:26:44 +0200] "POST /wp-plain.php HTTP/1.1" 403 5626 "www.google.com" "Mozilla/5.0 (Linux; Android 7.0; SM-G892A Bulid/NRD90M; wv) AppleWebKit/537.36 (KHTML, like Gecko) Version/4.0 Chrome/60.0.3112.107 Moblie Safari/537.36"
64.89.163.228 - - [28/Jul/2026:04:26:44 +0200] "GET /kmzcaiec.php?Fox=d3wL7 HTTP/1.1" 403 5626 "www.google.com" "Mozilla/5.0 (Linux; Android 7.0; SM-G892A Bulid/NRD90M; wv) AppleWebKit/537.36 (KHTML, like Gecko) Version/4.0 Chrome/60.0.3112.107 Moblie Safari/537.36"
64.89.163.228 - - [28/Jul/2026:04:26:44 +0200] "POST /ALFA_DATA/alfacgiapi/perl.alfa HTTP/1.1" 403 22841 "www.google.com" "Mozlila/5.0 (Linux; Android 7.0; SM-G892A Bulid/NRD90M; wv) AppleWebKit/537.36 (KHTML, like Gecko) Version/4.0 Chrome/60.0.3112.107 Moblie Safari/537.36"
64.89.163.228 - - [28/Jul/2026:04:26:44 +0200] "GET /wp-content/themes/seotheme/db.php?u HTTP/1.1" 403 22841 "www.google.com" "Mozlila/5.0 (Linux; Android 7.0; SM-G892A Bulid/NRD90M; wv) AppleWebKit/537.36 (KHTML, like Gecko) Version/4.0 Chrome/60.0.3112.107 Moblie Safari/537.36"
64.89.163.228 - - [28/Jul/2026:04:26:44 +0200] "GET / HTTP/1.1" 403 22841 "-" "Mozlila/5.0 (Linux; Android 7.0; SM-G892A Bulid/NRD90M; wv) AppleWebKit/537.36 (KHTML, like Gecko) Version/4.0 Chrome/60.0.3112.107 Moblie Safari/537.36"
64.89.163.228 - - [28/Jul/2026:04:26:44 +0200] "POST /alfacgiapi/perl.alfa HTTP/1.1" 403 22841 "www.google.com" "Mozlila/5.0 (Linux; Android 7.0; SM-G892A Bulid/NRD90M; wv) AppleWebKit/537.36 (KHTML, like Gecko) Version/4.0 Chrome/60.0.3112.107 Moblie Safari/537.36"
64.89.163.228 - - [28/Jul/2026:04:26:44 +0200] "GET /wp-content/themes/seotheme/db.php?u HTTP/1.1" 403 22841 "www.google.com" "Mozlila/5.0 (Linux; Android 7.0; SM-G892A Bulid/NRD90M; wv) AppleWebKit/537.36 (KHTML, like Gecko) Version/4.0 Chrome/60.0.3112.107 Moblie Safari/537.36"
64.89.163.228 - - [28/Jul/2026:04:26:44 +0200] "GET /wp-content/plugins/apikey/apikey.php?test=hello HTTP/1.1" 403 22841 "-" "Mozlila/5.0 (Linux; Android 7.0; SM-G892A Bulid/NRD90M; wv) AppleWebKit/537.36 (KHTML, like Gecko) Version/4.0 Chrome/60.0.3112.107 Moblie Safari/537.36"
2001:1690:2:4::1:118 - - [28/Jul/2026:04:26:44 +0200] "POST /?wordfence_syncAttackData=1785205604.6101 HTTP/1.1" 200 5474 "-" "WordPress/6.9.5; https://cso-deprinsenhof.nl"
64.89.163.228 - - [28/Jul/2026:04:26:45 +0200] "GET /plugins/content/apismtp/apismtp.php?test=hello HTTP/1.1" 403 22841 "-" "Mozlila/5.0 (Linux; Android 7.0; SM-G892A Bulid/NRD90M; wv) AppleWebKit/537.36 (KHTML, like Gecko) Version/4.0 Chrome/60.0.3112.107 Moblie Safari/537.36"
64.89.163.228 - - [28/Jul/2026:04:26:44 +0200] "GET /wp-content/plugins/fix/up.php HTTP/1.1" 404 83167 "-" "Mozilla/5.0 (Windows NT 10.0; Win64; x64) AppleWebKit/537.36 (KHTML, like Gecko) Chrome/85.0.4183.102 Safari/537.36"
64.89.163.228 - - [28/Jul/2026:04:26:46 +0200] "GET /wp-content/plugins/apikey/apikey.php.suspected?test=hello HTTP/1.1" 403 22841 "-" "Mozlila/5.0 (Linux; Android 7.0; SM-G892A Bulid/NRD90M; wv) AppleWebKit/537.36 (KHTML, like Gecko) Version/4.0 Chrome/60.0.3112.107 Moblie Safari/537.36"
64.89.163.228 - - [28/Jul/2026:04:26:46 +0200] "GET /plugins/content/apismtp/apismtp.php.suspected?test=hello HTTP/1.1" 403 22841 "-" "Mozlila/5.0 (Linux; Android 7.0; SM-G892A Bulid/NRD90M; wv) AppleWebKit/537.36 (KHTML, like Gecko) Version/4.0 Chrome/60.0.3112.107 Moblie Safari/537.36"
2001:1690:2:4::1:118 - - [28/Jul/2026:04:27:19 +0200] "POST /?wordfence_syncAttackData=1785205639.6524 HTTP/1.1" 200 5474 "-" "WordPress/6.9.5; https://cso-deprinsenhof.nl"
47.128.60.184 - - [28/Jul/2026:04:27:19 +0200] "GET /classification/career/ftai7bybn62o10j.htm HTTP/1.1" 404 83155 "-" "Mozilla/5.0 (Linux; Android 5.0) AppleWebKit/537.36 (KHTML, like Gecko) Mobile Safari/537.36 (compatible; Bytespider; spider-feedback@bytedance.com)"
192.178.4.128 - - [28/Jul/2026:04:28:26 +0200] "GET /group/design/fvdkae1bq45ru3m.htm HTTP/1.1" 200 230352 "-" "Mozilla/5.0 (Linux; Android 6.0.1; Nexus 5X Build/MMB29P) AppleWebKit/537.36 (KHTML, like Gecko) Chrome/150.0.7871.128 Mobile Safari/537.36 (compatible; Googlebot/2.1; +http://www.google.com/bot.html)"
216.73.216.218 - - [28/Jul/2026:04:30:43 +0200] "GET /robots.txt HTTP/1.1" 200 5616 "-" "Mozilla/5.0 AppleWebKit/537.36 (KHTML, like Gecko; compatible; ClaudeBot/1.0; +claudebot@anthropic.com)"
2001:1690:2:4::1:118 - - [28/Jul/2026:04:30:44 +0200] "POST /wp-cron.php?doing_wp_cron=1785205844.8323910236358642578125 HTTP/1.1" 200 5532 "-" "WordPress/6.9.5; https://cso-deprinsenhof.nl"
216.73.216.218 - - [28/Jul/2026:04:30:44 +0200] "GET /index.php/sitemap.xml HTTP/1.1" 404 83025 "-" "Mozilla/5.0 AppleWebKit/537.36 (KHTML, like Gecko; compatible; ClaudeBot/1.0; +claudebot@anthropic.com)"
2001:1690:2:4::1:118 - - [28/Jul/2026:04:31:20 +0200] "POST /wp-cron.php?doing_wp_cron=1785205880.4778840541839599609375 HTTP/1.1" 200 5532 "-" "WordPress/6.9.5; https://cso-deprinsenhof.nl"
47.128.60.177 - - [28/Jul/2026:04:31:19 +0200] "GET /stratum/asset/fcjhgk7bwnbxt9s.htm HTTP/1.1" 404 83155 "-" "Mozilla/5.0 (Linux; Android 5.0) AppleWebKit/537.36 (KHTML, like Gecko) Mobile Safari/537.36 (compatible; Bytespider; spider-feedback@bytedance.com)"
85.11.167.175 - - [28/Jul/2026:04:32:55 +0200] "GET //images/images/cache.php HTTP/1.1" 404 5602 "www.google.com" "Mozlila/5.0 (Linux; Android 7.0; SM-G892A Bulid/NRD90M; wv) AppleWebKit/537.36 (KHTML, like Gecko) Version/4.0 Chrome/60.0.3112.107 Moblie Safari/537.36"