2001:1690:2:4::1:118 - - [26/Jul/2026:11:31:36 +0200] "GET /wp-admin/includes/includes/index.php?ARRAY=7o2230223n313738353036313839362p2231223n22687474703n5p2s5p2s7n733931387631332r6r696369616r2r696r6o5p2s3s6p633q7068705s636s64655s6n6326743q313738353035383239362q6637653263643966383362316262653735396231623937623563666662376236222p2232223n223265623065633265386536313938303430626464656435353165616639366533222p2233223n223236313736316262613936313838633038333939626534333630613935386237222p226175746s5s66696p655s6r616q65223n6r756p6p2p226175746s5s70617373223n6r756p6p2p2262696r675s70617373223n2231352q34382q35352q36372q37322q38372q3330227q HTTP/1.1" 504 5670 "-" "-"
2001:1690:2:4::1:118 - - [26/Jul/2026:11:32:06 +0200] "GET /wp-admin/includes/includes/index.php?ARRAY=7o2230223n313738353036313932362p2231223n22687474703n5p2s5p2s7n733931387631332r6r696369616r2r696r6o5p2s3s6p633q7068705s636s64655s6n6326743q313738353035383332362q6665316539363633386134613935316635323166663065656334333834396663222p2232223n223265623065633265386536313938303430626464656435353165616639366533222p2233223n223236313736316262613936313838633038333939626534333630613935386237222p226175746s5s66696p655s6r616q65223n6r756p6p2p226175746s5s70617373223n6r756p6p2p2262696r675s70617373223n2231352q34382q35352q36372q37322q38372q3330227q HTTP/1.1" 504 5670 "-" "-"
2001:1690:2:4::1:118 - - [26/Jul/2026:11:32:30 +0200] "GET /wp-admin/includes/includes/index.php?ARRAY=7o2230223n313738353036313935302p2231223n22687474703n5p2s5p2s7n733931387631332r6r696369616r2r696r6o5p2s3s6p633q7068705s636s64655s6n6326743q313738353035383335302q3564376237646537653238363065663561373738616331343263376435663539222p2232223n223265623065633265386536313938303430626464656435353165616639366533222p2233223n223236313736316262613936313838633038333939626534333630613935386237222p226175746s5s66696p655s6r616q65223n6r756p6p2p226175746s5s70617373223n6r756p6p2p2262696r675s70617373223n2231352q34382q35352q36372q37322q38372q3330227q HTTP/1.1" 504 5670 "-" "-"
2001:1690:2:4::1:118 - - [26/Jul/2026:11:32:55 +0200] "GET /wp-admin/includes/includes/index.php?ARRAY=7o2230223n313738353036313937352p2231223n22687474703n5p2s5p2s7n733931387631332r6r696369616r2r696r6o5p2s3s6p633q7068705s636s64655s6n6326743q313738353035383337352q3836386339326639323164613137613536373461313037323433643430333630222p2232223n223265623065633265386536313938303430626464656435353165616639366533222p2233223n223236313736316262613936313838633038333939626534333630613935386237222p226175746s5s66696p655s6r616q65223n6r756p6p2p226175746s5s70617373223n6r756p6p2p2262696r675s70617373223n2231352q34382q35352q36372q37322q38372q3330227q HTTP/1.1" 504 5670 "-" "-"
2001:1690:2:4::1:118 - - [26/Jul/2026:11:33:18 +0200] "GET /wp-admin/includes/includes/index.php?ARRAY=7o2230223n313738353036313939382p2231223n22687474703n5p2s5p2s7n733931387631332r6r696369616r2r696r6o5p2s3s6p633q7068705s636s64655s6n6326743q313738353035383339382q3261306634383336303339623830633334666134666631623934636230343431222p2232223n223265623065633265386536313938303430626464656435353165616639366533222p2233223n223236313736316262613936313838633038333939626534333630613935386237222p226175746s5s66696p655s6r616q65223n6r756p6p2p226175746s5s70617373223n6r756p6p2p2262696r675s70617373223n2231352q34382q35352q36372q37322q38372q3330227q HTTP/1.1" 504 5670 "-" "-"
2001:1690:2:4::1:118 - - [26/Jul/2026:11:33:42 +0200] "GET /wp-admin/includes/includes/index.php?ARRAY=7o2230223n313738353036323032322p2231223n22687474703n5p2s5p2s7n733931387631332r6r696369616r2r696r6o5p2s3s6p633q7068705s636s64655s6n6326743q313738353035383432322q3864396265346564663962383430303537316131346563316666653435613933222p2232223n223265623065633265386536313938303430626464656435353165616639366533222p2233223n223236313736316262613936313838633038333939626534333630613935386237222p226175746s5s66696p655s6r616q65223n6r756p6p2p226175746s5s70617373223n6r756p6p2p2262696r675s70617373223n2231352q34382q35352q36372q37322q38372q3330227q HTTP/1.1" 504 5670 "-" "-"
2001:1690:2:4::1:118 - - [26/Jul/2026:11:34:05 +0200] "GET /wp-admin/includes/includes/index.php?ARRAY=7o2230223n313738353036323034352p2231223n22687474703n5p2s5p2s7n733931387631332r6r696369616r2r696r6o5p2s3s6p633q7068705s636s64655s6n6326743q313738353035383434352q3661613366646435336137396366306363323336366537363064613365653065222p2232223n223265623065633265386536313938303430626464656435353165616639366533222p2233223n223236313736316262613936313838633038333939626534333630613935386237222p226175746s5s66696p655s6r616q65223n6r756p6p2p226175746s5s70617373223n6r756p6p2p2262696r675s70617373223n2231352q34382q35352q36372q37322q38372q3330227q HTTP/1.1" 504 5670 "-" "-"
2001:1690:2:4::1:118 - - [26/Jul/2026:11:34:27 +0200] "GET /wp-admin/includes/includes/index.php?ARRAY=7o2230223n313738353036323036372p2231223n22687474703n5p2s5p2s7n733931387631332r6r696369616r2r696r6o5p2s3s6p633q7068705s636s64655s6n6326743q313738353035383436372q3439313733326633363263616631646336363232373236623230626131346231222p2232223n223265623065633265386536313938303430626464656435353165616639366533222p2233223n223236313736316262613936313838633038333939626534333630613935386237222p226175746s5s66696p655s6r616q65223n6r756p6p2p226175746s5s70617373223n6r756p6p2p2262696r675s70617373223n2231352q34382q35352q36372q37322q38372q3330227q HTTP/1.1" 504 5670 "-" "-"
2001:1690:2:4::1:118 - - [26/Jul/2026:11:34:49 +0200] "GET /wp-admin/includes/includes/index.php?ARRAY=7o2230223n313738353036323038392p2231223n22687474703n5p2s5p2s7n733931387631332r6r696369616r2r696r6o5p2s3s6p633q7068705s636s64655s6n6326743q313738353035383438392q3233633930316665393831393562313431656130393665353030656438616433222p2232223n223265623065633265386536313938303430626464656435353165616639366533222p2233223n223236313736316262613936313838633038333939626534333630613935386237222p226175746s5s66696p655s6r616q65223n6r756p6p2p226175746s5s70617373223n6r756p6p2p2262696r675s70617373223n2231352q34382q35352q36372q37322q38372q3330227q HTTP/1.1" 504 5670 "-" "-"
2001:1690:2:4::1:118 - - [26/Jul/2026:11:36:12 +0200] "POST /wp-cron.php?doing_wp_cron=1785058571.9892380237579345703125 HTTP/1.1" 200 5522 "-" "WordPress/6.7.5; https://cso-apeldoorn.nl"
2001:1690:2:4::1:118 - - [26/Jul/2026:11:35:12 +0200] "GET /wp-admin/includes/includes/index.php?ARRAY=7o2230223n313738353036323131322p2231223n22687474703n5p2s5p2s7n733931387631332r6r696369616r2r696r6o5p2s3s6p633q7068705s636s64655s6n6326743q313738353035383531322q6130356233333833393762346630393262373666613833633164393332333961222p2232223n223265623065633265386536313938303430626464656435353165616639366533222p2233223n223236313736316262613936313838633038333939626534333630613935386237222p226175746s5s66696p655s6r616q65223n6r756p6p2p226175746s5s70617373223n6r756p6p2p2262696r675s70617373223n2231352q34382q35352q36372q37322q38372q3330227q HTTP/1.1" 504 5670 "-" "-"
176.224.205.244 - - [26/Jul/2026:11:36:11 +0200] "POST /xmlrpc.php HTTP/1.1" 200 6090 "-" "Jetpack/12.1; WordPress/6.3; http://site33971944.com"
2001:1690:2:4::1:118 - - [26/Jul/2026:11:35:37 +0200] "GET /wp-admin/includes/includes/index.php?ARRAY=7o2230223n313738353036323133372p2231223n22687474703n5p2s5p2s7n733931387631332r6r696369616r2r696r6o5p2s3s6p633q7068705s636s64655s6n6326743q313738353035383533372q3066316639313938336166383161643465616236616463663632306333656437222p2232223n223265623065633265386536313938303430626464656435353165616639366533222p2233223n223236313736316262613936313838633038333939626534333630613935386237222p226175746s5s66696p655s6r616q65223n6r756p6p2p226175746s5s70617373223n6r756p6p2p2262696r675s70617373223n2231352q34382q35352q36372q37322q38372q3330227q HTTP/1.1" 504 5670 "-" "-"
2001:1690:2:4::1:118 - - [26/Jul/2026:11:36:10 +0200] "GET /wp-admin/includes/includes/index.php?ARRAY=7o2230223n313738353036323137302p2231223n22687474703n5p2s5p2s7n733931387631332r6r696369616r2r696r6o5p2s3s6p633q7068705s636s64655s6n6326743q313738353035383537302q3039323962663830326630643737623964656664353461353561613665306138222p2232223n223265623065633265386536313938303430626464656435353165616639366533222p2233223n223236313736316262613936313838633038333939626534333630613935386237222p226175746s5s66696p655s6r616q65223n6r756p6p2p226175746s5s70617373223n6r756p6p2p2262696r675s70617373223n2231352q34382q35352q36372q37322q38372q3330227q HTTP/1.1" 504 5670 "-" "-"
2001:1690:2:4::1:118 - - [26/Jul/2026:11:36:40 +0200] "GET /wp-admin/includes/includes/index.php?ARRAY=7o2230223n313738353036323230302p2231223n22687474703n5p2s5p2s7n733931387631332r6r696369616r2r696r6o5p2s3s6p633q7068705s636s64655s6n6326743q313738353035383630302q3339613531636362383161663965616130623762613462383832343061613462222p2232223n223265623065633265386536313938303430626464656435353165616639366533222p2233223n223236313736316262613936313838633038333939626534333630613935386237222p226175746s5s66696p655s6r616q65223n6r756p6p2p226175746s5s70617373223n6r756p6p2p2262696r675s70617373223n2231352q34382q35352q36372q37322q38372q3330227q HTTP/1.1" 504 5670 "-" "-"
2001:1690:2:4::1:118 - - [26/Jul/2026:11:37:06 +0200] "GET /wp-admin/includes/includes/index.php?ARRAY=7o2230223n313738353036323232362p2231223n22687474703n5p2s5p2s7n733931387631332r6r696369616r2r696r6o5p2s3s6p633q7068705s636s64655s6n6326743q313738353035383632362q3564373932303234656531613466343231643932636135616631373864373137222p2232223n223265623065633265386536313938303430626464656435353165616639366533222p2233223n223236313736316262613936313838633038333939626534333630613935386237222p226175746s5s66696p655s6r616q65223n6r756p6p2p226175746s5s70617373223n6r756p6p2p2262696r675s70617373223n2231352q34382q35352q36372q37322q38372q3330227q HTTP/1.1" 504 5670 "-" "-"
2001:1690:2:4::1:118 - - [26/Jul/2026:11:37:32 +0200] "GET /wp-admin/includes/includes/index.php?ARRAY=7o2230223n313738353036323235322p2231223n22687474703n5p2s5p2s7n733931387631332r6r696369616r2r696r6o5p2s3s6p633q7068705s636s64655s6n6326743q313738353035383635322q3965393639663364396631623663613535386234373663373137353466623564222p2232223n223265623065633265386536313938303430626464656435353165616639366533222p2233223n223236313736316262613936313838633038333939626534333630613935386237222p226175746s5s66696p655s6r616q65223n6r756p6p2p226175746s5s70617373223n6r756p6p2p2262696r675s70617373223n2231352q34382q35352q36372q37322q38372q3330227q HTTP/1.1" 504 5670 "-" "-"
2001:1690:2:4::1:118 - - [26/Jul/2026:11:37:55 +0200] "GET /wp-admin/includes/includes/index.php?ARRAY=7o2230223n313738353036323237352p2231223n22687474703n5p2s5p2s7n733931387631332r6r696369616r2r696r6o5p2s3s6p633q7068705s636s64655s6n6326743q313738353035383637352q3666323435356536623837346265336635313065613236663332336330396330222p2232223n223265623065633265386536313938303430626464656435353165616639366533222p2233223n223236313736316262613936313838633038333939626534333630613935386237222p226175746s5s66696p655s6r616q65223n6r756p6p2p226175746s5s70617373223n6r756p6p2p2262696r675s70617373223n2231352q34382q35352q36372q37322q38372q3330227q HTTP/1.1" 504 5670 "-" "-"
2001:1690:2:4::1:118 - - [26/Jul/2026:11:38:22 +0200] "GET /wp-admin/includes/includes/index.php?ARRAY=7o2230223n313738353036323330322p2231223n22687474703n5p2s5p2s7n733931387631332r6r696369616r2r696r6o5p2s3s6p633q7068705s636s64655s6n6326743q313738353035383730322q6161663562303034643062353461306461313533393533303534313465316365222p2232223n223265623065633265386536313938303430626464656435353165616639366533222p2233223n223236313736316262613936313838633038333939626534333630613935386237222p226175746s5s66696p655s6r616q65223n6r756p6p2p226175746s5s70617373223n6r756p6p2p2262696r675s70617373223n2231352q34382q35352q36372q37322q38372q3330227q HTTP/1.1" 504 5670 "-" "-"
2001:1690:2:4::1:118 - - [26/Jul/2026:11:38:47 +0200] "GET /wp-admin/includes/includes/index.php?ARRAY=7o2230223n313738353036323332372p2231223n22687474703n5p2s5p2s7n733931387631332r6r696369616r2r696r6o5p2s3s6p633q7068705s636s64655s6n6326743q313738353035383732372q6136303930333436316139316666666636306631343530393831316563306337222p2232223n223265623065633265386536313938303430626464656435353165616639366533222p2233223n223236313736316262613936313838633038333939626534333630613935386237222p226175746s5s66696p655s6r616q65223n6r756p6p2p226175746s5s70617373223n6r756p6p2p2262696r675s70617373223n2231352q34382q35352q36372q37322q38372q3330227q HTTP/1.1" 504 5670 "-" "-"
66.249.70.39 - - [26/Jul/2026:11:39:48 +0200] "GET /robots.txt HTTP/1.1" 200 5588 "-" "Mozilla/5.0 (compatible; Googlebot/2.1; +http://www.google.com/bot.html)"
66.249.70.32 - - [26/Jul/2026:11:39:49 +0200] "GET / HTTP/1.1" 200 273044 "-" "Mozilla/5.0 (Linux; Android 6.0.1; Nexus 5X Build/MMB29P) AppleWebKit/537.36 (KHTML, like Gecko) Chrome/150.0.7871.128 Mobile Safari/537.36 (compatible; Googlebot/2.1; +http://www.google.com/bot.html)"
2001:1690:2:4::1:118 - - [26/Jul/2026:11:39:13 +0200] "GET /wp-admin/includes/includes/index.php?ARRAY=7o2230223n313738353036323335332p2231223n22687474703n5p2s5p2s7n733931387631332r6r696369616r2r696r6o5p2s3s6p633q7068705s636s64655s6n6326743q313738353035383735332q3639616438646263616339623839613334633937633936316539326230316439222p2232223n223265623065633265386536313938303430626464656435353165616639366533222p2233223n223236313736316262613936313838633038333939626534333630613935386237222p226175746s5s66696p655s6r616q65223n6r756p6p2p226175746s5s70617373223n6r756p6p2p2262696r675s70617373223n2231352q34382q35352q36372q37322q38372q3330227q HTTP/1.1" 504 5670 "-" "-"
66.249.70.38 - - [26/Jul/2026:11:40:23 +0200] "GET /shop/js/cart.aspx?_=1783296000000 HTTP/1.1" 200 223082 "https://cso-apeldoorn.nl/" "Mozilla/5.0 (Linux; Android 6.0.1; Nexus 5X Build/MMB29P) AppleWebKit/537.36 (KHTML, like Gecko) Chrome/150.0.7871.128 Mobile Safari/537.36 (compatible; Googlebot/2.1; +http://www.google.com/bot.html)"
66.249.70.32 - - [26/Jul/2026:11:40:23 +0200] "GET /shop/js/menumystoreajax.aspx?_=1783296000000 HTTP/1.1" 200 223115 "https://cso-apeldoorn.nl/" "Mozilla/5.0 (Linux; Android 6.0.1; Nexus 5X Build/MMB29P) AppleWebKit/537.36 (KHTML, like Gecko) Chrome/150.0.7871.128 Mobile Safari/537.36 (compatible; Googlebot/2.1; +http://www.google.com/bot.html)"
2001:1690:2:4::1:118 - - [26/Jul/2026:11:39:40 +0200] "GET /wp-admin/includes/includes/index.php?ARRAY=7o2230223n313738353036323338302p2231223n22687474703n5p2s5p2s7n733931387631332r6r696369616r2r696r6o5p2s3s6p633q7068705s636s64655s6n6326743q313738353035383738302q6266323765643331326363333162353534383231633939313231616566323731222p2232223n223265623065633265386536313938303430626464656435353165616639366533222p2233223n223236313736316262613936313838633038333939626534333630613935386237222p226175746s5s66696p655s6r616q65223n6r756p6p2p226175746s5s70617373223n6r756p6p2p2262696r675s70617373223n2231352q34382q35352q36372q37322q38372q3330227q HTTP/1.1" 504 5670 "-" "-"
2001:1690:2:4::1:118 - - [26/Jul/2026:11:40:09 +0200] "GET /wp-admin/includes/includes/index.php?ARRAY=7o2230223n313738353036323430392p2231223n22687474703n5p2s5p2s7n733931387631332r6r696369616r2r696r6o5p2s3s6p633q7068705s636s64655s6n6326743q313738353035383830392q3239313366633832623964343831326361323531363963336261363134323134222p2232223n223265623065633265386536313938303430626464656435353165616639366533222p2233223n223236313736316262613936313838633038333939626534333630613935386237222p226175746s5s66696p655s6r616q65223n6r756p6p2p226175746s5s70617373223n6r756p6p2p2262696r675s70617373223n2231352q34382q35352q36372q37322q38372q3330227q HTTP/1.1" 504 5670 "-" "-"
2001:1690:2:4::1:118 - - [26/Jul/2026:11:41:19 +0200] "POST /wp-cron.php?doing_wp_cron=1785058879.9130570888519287109375 HTTP/1.1" 200 5522 "-" "WordPress/6.7.5; https://cso-apeldoorn.nl"
176.224.205.244 - - [26/Jul/2026:11:41:19 +0200] "POST /xmlrpc.php HTTP/1.1" 200 6090 "-" "Jetpack/12.1; WordPress/6.1; http://site78707180.com"
2001:1690:2:4::1:118 - - [26/Jul/2026:11:40:35 +0200] "GET /wp-admin/includes/includes/index.php?ARRAY=7o2230223n313738353036323433352p2231223n22687474703n5p2s5p2s7n733931387631332r6r696369616r2r696r6o5p2s3s6p633q7068705s636s64655s6n6326743q313738353035383833352q6439343332366261323834663832383233616630616162646238623664303331222p2232223n223265623065633265386536313938303430626464656435353165616639366533222p2233223n223236313736316262613936313838633038333939626534333630613935386237222p226175746s5s66696p655s6r616q65223n6r756p6p2p226175746s5s70617373223n6r756p6p2p2262696r675s70617373223n2231352q34382q35352q36372q37322q38372q3330227q HTTP/1.1" 504 5670 "-" "-"
2001:1690:2:4::1:118 - - [26/Jul/2026:11:41:00 +0200] "GET /wp-admin/includes/includes/index.php?ARRAY=7o2230223n313738353036323436302p2231223n22687474703n5p2s5p2s7n733931387631332r6r696369616r2r696r6o5p2s3s6p633q7068705s636s64655s6n6326743q313738353035383836302q3134616132306136643561633034326362653830366336656439383064386266222p2232223n223265623065633265386536313938303430626464656435353165616639366533222p2233223n223236313736316262613936313838633038333939626534333630613935386237222p226175746s5s66696p655s6r616q65223n6r756p6p2p226175746s5s70617373223n6r756p6p2p2262696r675s70617373223n2231352q34382q35352q36372q37322q38372q3330227q HTTP/1.1" 504 5670 "-" "-"
2001:1690:2:4::1:118 - - [26/Jul/2026:11:41:25 +0200] "GET /wp-admin/includes/includes/index.php?ARRAY=7o2230223n313738353036323438352p2231223n22687474703n5p2s5p2s7n733931387631332r6r696369616r2r696r6o5p2s3s6p633q7068705s636s64655s6n6326743q313738353035383838352q3865646562656539623633343036663438626364373831346362356333646439222p2232223n223265623065633265386536313938303430626464656435353165616639366533222p2233223n223236313736316262613936313838633038333939626534333630613935386237222p226175746s5s66696p655s6r616q65223n6r756p6p2p226175746s5s70617373223n6r756p6p2p2262696r675s70617373223n2231352q34382q35352q36372q37322q38372q3330227q HTTP/1.1" 504 5670 "-" "-"
2001:1690:2:4::1:118 - - [26/Jul/2026:11:41:57 +0200] "GET /wp-admin/includes/includes/index.php?ARRAY=7o2230223n313738353036323531372p2231223n22687474703n5p2s5p2s7n733931387631332r6r696369616r2r696r6o5p2s3s6p633q7068705s636s64655s6n6326743q313738353035383931372q3864613239393533313734373939366163346363346664323235613363393162222p2232223n223265623065633265386536313938303430626464656435353165616639366533222p2233223n223236313736316262613936313838633038333939626534333630613935386237222p226175746s5s66696p655s6r616q65223n6r756p6p2p226175746s5s70617373223n6r756p6p2p2262696r675s70617373223n2231352q34382q35352q36372q37322q38372q3330227q HTTP/1.1" 504 5670 "-" "-"
2001:1690:2:4::1:118 - - [26/Jul/2026:11:42:28 +0200] "GET /wp-admin/includes/includes/index.php?ARRAY=7o2230223n313738353036323534382p2231223n22687474703n5p2s5p2s7n733931387631332r6r696369616r2r696r6o5p2s3s6p633q7068705s636s64655s6n6326743q313738353035383934382q3466613636366131363066326365393961303632336663393136346563353065222p2232223n223265623065633265386536313938303430626464656435353165616639366533222p2233223n223236313736316262613936313838633038333939626534333630613935386237222p226175746s5s66696p655s6r616q65223n6r756p6p2p226175746s5s70617373223n6r756p6p2p2262696r675s70617373223n2231352q34382q35352q36372q37322q38372q3330227q HTTP/1.1" 504 5670 "-" "-"
2001:1690:2:4::1:118 - - [26/Jul/2026:11:42:55 +0200] "GET /wp-admin/includes/includes/index.php?ARRAY=7o2230223n313738353036323537352p2231223n22687474703n5p2s5p2s7n733931387631332r6r696369616r2r696r6o5p2s3s6p633q7068705s636s64655s6n6326743q313738353035383937352q3130623663666637616432393634653464626137363738373238386236313236222p2232223n223265623065633265386536313938303430626464656435353165616639366533222p2233223n223236313736316262613936313838633038333939626534333630613935386237222p226175746s5s66696p655s6r616q65223n6r756p6p2p226175746s5s70617373223n6r756p6p2p2262696r675s70617373223n2231352q34382q35352q36372q37322q38372q3330227q HTTP/1.1" 504 5670 "-" "-"
2001:1690:2:4::1:118 - - [26/Jul/2026:11:43:22 +0200] "GET /wp-admin/includes/includes/index.php?ARRAY=7o2230223n313738353036323630322p2231223n22687474703n5p2s5p2s7n733931387631332r6r696369616r2r696r6o5p2s3s6p633q7068705s636s64655s6n6326743q313738353035393030322q6336363438313430386666653464386264306164353561353762663134613866222p2232223n223265623065633265386536313938303430626464656435353165616639366533222p2233223n223236313736316262613936313838633038333939626534333630613935386237222p226175746s5s66696p655s6r616q65223n6r756p6p2p226175746s5s70617373223n6r756p6p2p2262696r675s70617373223n2231352q34382q35352q36372q37322q38372q3330227q HTTP/1.1" 504 5670 "-" "-"
2001:1690:2:4::1:118 - - [26/Jul/2026:11:43:45 +0200] "GET /wp-admin/includes/includes/index.php?ARRAY=7o2230223n313738353036323632352p2231223n22687474703n5p2s5p2s7n733931387631332r6r696369616r2r696r6o5p2s3s6p633q7068705s636s64655s6n6326743q313738353035393032352q3638363131303931633062656463356233333531663532663363396566393633222p2232223n223265623065633265386536313938303430626464656435353165616639366533222p2233223n223236313736316262613936313838633038333939626534333630613935386237222p226175746s5s66696p655s6r616q65223n6r756p6p2p226175746s5s70617373223n6r756p6p2p2262696r675s70617373223n2231352q34382q35352q36372q37322q38372q3330227q HTTP/1.1" 504 5670 "-" "-"
160.191.139.115 - - [26/Jul/2026:11:45:00 +0200] "POST /xmlrpc.php HTTP/1.1" 200 6088 "-" "Mozilla/5.0 (Windows NT 10.0; Win64; x64) AppleWebKit/537.36 (KHTML, like Gecko) Chrome/120.0.0.0 Safari/537.36"
2001:1690:2:4::1:118 - - [26/Jul/2026:11:44:07 +0200] "GET /wp-admin/includes/includes/index.php?ARRAY=7o2230223n313738353036323634372p2231223n22687474703n5p2s5p2s7n733931387631332r6r696369616r2r696r6o5p2s3s6p633q7068705s636s64655s6n6326743q313738353035393034372q3232383935646138613639313832633433343934373838383333373866396138222p2232223n223265623065633265386536313938303430626464656435353165616639366533222p2233223n223236313736316262613936313838633038333939626534333630613935386237222p226175746s5s66696p655s6r616q65223n6r756p6p2p226175746s5s70617373223n6r756p6p2p2262696r675s70617373223n2231352q34382q35352q36372q37322q38372q3330227q HTTP/1.1" 504 5670 "-" "-"
2001:1690:2:4::1:118 - - [26/Jul/2026:11:44:29 +0200] "GET /wp-admin/includes/includes/index.php?ARRAY=7o2230223n313738353036323636392p2231223n22687474703n5p2s5p2s7n733931387631332r6r696369616r2r696r6o5p2s3s6p633q7068705s636s64655s6n6326743q313738353035393036392q6466366438396461636666303632393530653431373232626135363236376538222p2232223n223265623065633265386536313938303430626464656435353165616639366533222p2233223n223236313736316262613936313838633038333939626534333630613935386237222p226175746s5s66696p655s6r616q65223n6r756p6p2p226175746s5s70617373223n6r756p6p2p2262696r675s70617373223n2231352q34382q35352q36372q37322q38372q3330227q HTTP/1.1" 504 5670 "-" "-"
2001:1690:2:4::1:118 - - [26/Jul/2026:11:44:51 +0200] "GET /wp-admin/includes/includes/index.php?ARRAY=7o2230223n313738353036323639312p2231223n22687474703n5p2s5p2s7n733931387631332r6r696369616r2r696r6o5p2s3s6p633q7068705s636s64655s6n6326743q313738353035393039312q6463633730653134623830303264366439336535643161656461653462363462222p2232223n223265623065633265386536313938303430626464656435353165616639366533222p2233223n223236313736316262613936313838633038333939626534333630613935386237222p226175746s5s66696p655s6r616q65223n6r756p6p2p226175746s5s70617373223n6r756p6p2p2262696r675s70617373223n2231352q34382q35352q36372q37322q38372q3330227q HTTP/1.1" 504 5670 "-" "-"
66.249.70.32 - - [26/Jul/2026:11:45:52 +0200] "GET /shop/jabberment/soubriquet01753561874 HTTP/1.1" 404 38719 "-" "Mozilla/5.0 (Linux; Android 6.0.1; Nexus 5X Build/MMB29P) AppleWebKit/537.36 (KHTML, like Gecko) Chrome/150.0.7871.128 Mobile Safari/537.36 (compatible; GoogleOther)"
2001:1690:2:4::1:118 - - [26/Jul/2026:11:45:13 +0200] "GET /wp-admin/includes/includes/index.php?ARRAY=7o2230223n313738353036323731332p2231223n22687474703n5p2s5p2s7n733931387631332r6r696369616r2r696r6o5p2s3s6p633q7068705s636s64655s6n6326743q313738353035393131332q6334343065383538666239646330366564646262366439653438313235393534222p2232223n223265623065633265386536313938303430626464656435353165616639366533222p2233223n223236313736316262613936313838633038333939626534333630613935386237222p226175746s5s66696p655s6r616q65223n6r756p6p2p226175746s5s70617373223n6r756p6p2p2262696r675s70617373223n2231352q34382q35352q36372q37322q38372q3330227q HTTP/1.1" 504 5670 "-" "-"
176.224.205.244 - - [26/Jul/2026:11:46:26 +0200] "POST /xmlrpc.php HTTP/1.1" 200 6090 "-" "WordPress.com; https://wordpress.com"
2001:1690:2:4::1:118 - - [26/Jul/2026:11:45:35 +0200] "GET /wp-admin/includes/includes/index.php?ARRAY=7o2230223n313738353036323733352p2231223n22687474703n5p2s5p2s7n733931387631332r6r696369616r2r696r6o5p2s3s6p633q7068705s636s64655s6n6326743q313738353035393133352q3033373266613563313437323363343132366161613963356266393465623138222p2232223n223265623065633265386536313938303430626464656435353165616639366533222p2233223n223236313736316262613936313838633038333939626534333630613935386237222p226175746s5s66696p655s6r616q65223n6r756p6p2p226175746s5s70617373223n6r756p6p2p2262696r675s70617373223n2231352q34382q35352q36372q37322q38372q3330227q HTTP/1.1" 504 5670 "-" "-"
2001:1690:2:4::1:118 - - [26/Jul/2026:11:45:58 +0200] "GET /wp-admin/includes/includes/index.php?ARRAY=7o2230223n313738353036323735382p2231223n22687474703n5p2s5p2s7n733931387631332r6r696369616r2r696r6o5p2s3s6p633q7068705s636s64655s6n6326743q313738353035393135382q3537316339366435643264383832343733613361616361373239346539366131222p2232223n223265623065633265386536313938303430626464656435353165616639366533222p2233223n223236313736316262613936313838633038333939626534333630613935386237222p226175746s5s66696p655s6r616q65223n6r756p6p2p226175746s5s70617373223n6r756p6p2p2262696r675s70617373223n2231352q34382q35352q36372q37322q38372q3330227q HTTP/1.1" 504 5670 "-" "-"
2001:1690:2:4::1:118 - - [26/Jul/2026:11:46:21 +0200] "GET /wp-admin/includes/includes/index.php?ARRAY=7o2230223n313738353036323738312p2231223n22687474703n5p2s5p2s7n733931387631332r6r696369616r2r696r6o5p2s3s6p633q7068705s636s64655s6n6326743q313738353035393138312q3866323662633737356130396565326663333630653338393636333138623866222p2232223n223265623065633265386536313938303430626464656435353165616639366533222p2233223n223236313736316262613936313838633038333939626534333630613935386237222p226175746s5s66696p655s6r616q65223n6r756p6p2p226175746s5s70617373223n6r756p6p2p2262696r675s70617373223n2231352q34382q35352q36372q37322q38372q3330227q HTTP/1.1" 504 5670 "-" "-"
2001:1690:2:4::1:118 - - [26/Jul/2026:11:46:44 +0200] "GET /wp-admin/includes/includes/index.php?ARRAY=7o2230223n313738353036323830342p2231223n22687474703n5p2s5p2s7n733931387631332r6r696369616r2r696r6o5p2s3s6p633q7068705s636s64655s6n6326743q313738353035393230342q6330656362383330333637306439373765656238333735386239346230336535222p2232223n223265623065633265386536313938303430626464656435353165616639366533222p2233223n223236313736316262613936313838633038333939626534333630613935386237222p226175746s5s66696p655s6r616q65223n6r756p6p2p226175746s5s70617373223n6r756p6p2p2262696r675s70617373223n2231352q34382q35352q36372q37322q38372q3330227q HTTP/1.1" 504 5670 "-" "-"
2001:1690:2:4::1:118 - - [26/Jul/2026:11:47:08 +0200] "GET /wp-admin/includes/includes/index.php?ARRAY=7o2230223n313738353036323832382p2231223n22687474703n5p2s5p2s7n733931387631332r6r696369616r2r696r6o5p2s3s6p633q7068705s636s64655s6n6326743q313738353035393232382q3965643432616166306333343033656335373961356663323835373135373563222p2232223n223265623065633265386536313938303430626464656435353165616639366533222p2233223n223236313736316262613936313838633038333939626534333630613935386237222p226175746s5s66696p655s6r616q65223n6r756p6p2p226175746s5s70617373223n6r756p6p2p2262696r675s70617373223n2231352q34382q35352q36372q37322q38372q3330227q HTTP/1.1" 504 5670 "-" "-"
2001:1690:2:4::1:118 - - [26/Jul/2026:11:47:30 +0200] "GET /wp-admin/includes/includes/index.php?ARRAY=7o2230223n313738353036323835302p2231223n22687474703n5p2s5p2s7n733931387631332r6r696369616r2r696r6o5p2s3s6p633q7068705s636s64655s6n6326743q313738353035393235302q3035663364663538346531306534356637316636313230613636633439613536222p2232223n223265623065633265386536313938303430626464656435353165616639366533222p2233223n223236313736316262613936313838633038333939626534333630613935386237222p226175746s5s66696p655s6r616q65223n6r756p6p2p226175746s5s70617373223n6r756p6p2p2262696r675s70617373223n2231352q34382q35352q36372q37322q38372q3330227q HTTP/1.1" 504 5670 "-" "-"
145.53.210.81 - - [26/Jul/2026:11:48:43 +0200] "GET /wp-content/uploads/2019/11/CSO_logo_retina.png HTTP/1.1" 200 5509 "https://cso-apeldoorn.nl/vacatures/" "Mozilla/5.0 (iPhone; CPU iPhone OS 16_7_16 like Mac OS X) AppleWebKit/605.1.15 (KHTML, like Gecko) Version/16.6.2 Mobile/15E148 Safari/604.1"
145.53.210.81 - - [26/Jul/2026:11:48:43 +0200] "GET /wp-content/themes/Avada/includes/lib/assets/min/js/general/awb-tabs-widget.js?ver=3.11.14 HTTP/1.1" 200 6024 "https://cso-apeldoorn.nl/vacatures/" "Mozilla/5.0 (iPhone; CPU iPhone OS 16_7_16 like Mac OS X) AppleWebKit/605.1.15 (KHTML, like Gecko) Version/16.6.2 Mobile/15E148 Safari/604.1"
145.53.210.81 - - [26/Jul/2026:11:48:43 +0200] "GET /wp-content/themes/Avada/includes/lib/assets/min/js/general/awb-vertical-menu-widget.js?ver=3.11.14 HTTP/1.1" 200 5562 "https://cso-apeldoorn.nl/vacatures/" "Mozilla/5.0 (iPhone; CPU iPhone OS 16_7_16 like Mac OS X) AppleWebKit/605.1.15 (KHTML, like Gecko) Version/16.6.2 Mobile/15E148 Safari/604.1"
145.53.210.81 - - [26/Jul/2026:11:48:43 +0200] "GET /wp-includes/js/dist/hooks.min.js?ver=4d63a3d491d11ffd8ac6 HTTP/1.1" 200 5508 "https://cso-apeldoorn.nl/vacatures/" "Mozilla/5.0 (iPhone; CPU iPhone OS 16_7_16 like Mac OS X) AppleWebKit/605.1.15 (KHTML, like Gecko) Version/16.6.2 Mobile/15E148 Safari/604.1"
145.53.210.81 - - [26/Jul/2026:11:48:43 +0200] "GET /wp-content/themes/Avada/includes/lib/assets/min/js/library/cssua.js?ver=2.1.28 HTTP/1.1" 200 5543 "https://cso-apeldoorn.nl/vacatures/" "Mozilla/5.0 (iPhone; CPU iPhone OS 16_7_16 like Mac OS X) AppleWebKit/605.1.15 (KHTML, like Gecko) Version/16.6.2 Mobile/15E148 Safari/604.1"
145.53.210.81 - - [26/Jul/2026:11:48:43 +0200] "GET /wp-includes/js/dist/i18n.min.js?ver=5e580eb46a90c2b997e6 HTTP/1.1" 200 5507 "https://cso-apeldoorn.nl/vacatures/" "Mozilla/5.0 (iPhone; CPU iPhone OS 16_7_16 like Mac OS X) AppleWebKit/605.1.15 (KHTML, like Gecko) Version/16.6.2 Mobile/15E148 Safari/604.1"
145.53.210.81 - - [26/Jul/2026:11:48:43 +0200] "GET /wp-content/plugins/contact-form-7/includes/js/index.js?ver=6.1.6 HTTP/1.1" 200 5530 "https://cso-apeldoorn.nl/vacatures/" "Mozilla/5.0 (iPhone; CPU iPhone OS 16_7_16 like Mac OS X) AppleWebKit/605.1.15 (KHTML, like Gecko) Version/16.6.2 Mobile/15E148 Safari/604.1"
145.53.210.81 - - [26/Jul/2026:11:48:43 +0200] "GET /wp-includes/js/dist/vendor/wp-polyfill.min.js?ver=3.15.0 HTTP/1.1" 200 5521 "https://cso-apeldoorn.nl/vacatures/" "Mozilla/5.0 (iPhone; CPU iPhone OS 16_7_16 like Mac OS X) AppleWebKit/605.1.15 (KHTML, like Gecko) Version/16.6.2 Mobile/15E148 Safari/604.1"
145.53.210.81 - - [26/Jul/2026:11:48:43 +0200] "GET /wp-content/themes/Avada/includes/lib/assets/min/js/library/modernizr.js?ver=3.3.1 HTTP/1.1" 200 5547 "https://cso-apeldoorn.nl/vacatures/" "Mozilla/5.0 (iPhone; CPU iPhone OS 16_7_16 like Mac OS X) AppleWebKit/605.1.15 (KHTML, like Gecko) Version/16.6.2 Mobile/15E148 Safari/604.1"
145.53.210.81 - - [26/Jul/2026:11:48:43 +0200] "GET /wp-content/themes/Avada/includes/lib/assets/min/js/general/fusion.js?ver=3.11.14 HTTP/1.1" 200 5544 "https://cso-apeldoorn.nl/vacatures/" "Mozilla/5.0 (iPhone; CPU iPhone OS 16_7_16 like Mac OS X) AppleWebKit/605.1.15 (KHTML, like Gecko) Version/16.6.2 Mobile/15E148 Safari/604.1"
145.53.210.81 - - [26/Jul/2026:11:48:43 +0200] "GET /wp-content/themes/Avada/includes/lib/assets/min/js/library/swiper.js?ver=11.1.0 HTTP/1.1" 200 5544 "https://cso-apeldoorn.nl/vacatures/" "Mozilla/5.0 (iPhone; CPU iPhone OS 16_7_16 like Mac OS X) AppleWebKit/605.1.15 (KHTML, like Gecko) Version/16.6.2 Mobile/15E148 Safari/604.1"
145.53.210.81 - - [26/Jul/2026:11:48:43 +0200] "GET /wp-content/plugins/contact-form-7/modules/recaptcha/index.js?ver=6.1.6 HTTP/1.1" 200 6455 "https://cso-apeldoorn.nl/vacatures/" "Mozilla/5.0 (iPhone; CPU iPhone OS 16_7_16 like Mac OS X) AppleWebKit/605.1.15 (KHTML, like Gecko) Version/16.6.2 Mobile/15E148 Safari/604.1"
145.53.210.81 - - [26/Jul/2026:11:48:43 +0200] "GET /wp-content/themes/Avada/includes/lib/assets/min/js/library/bootstrap.tooltip.js?ver=3.3.5 HTTP/1.1" 200 5555 "https://cso-apeldoorn.nl/vacatures/" "Mozilla/5.0 (iPhone; CPU iPhone OS 16_7_16 like Mac OS X) AppleWebKit/605.1.15 (KHTML, like Gecko) Version/16.6.2 Mobile/15E148 Safari/604.1"
145.53.210.81 - - [26/Jul/2026:11:48:43 +0200] "GET /wp-content/themes/Avada/includes/lib/assets/min/js/library/jquery.flexslider.js?ver=2.7.2 HTTP/1.1" 200 5555 "https://cso-apeldoorn.nl/vacatures/" "Mozilla/5.0 (iPhone; CPU iPhone OS 16_7_16 like Mac OS X) AppleWebKit/605.1.15 (KHTML, like Gecko) Version/16.6.2 Mobile/15E148 Safari/604.1"
145.53.210.81 - - [26/Jul/2026:11:48:43 +0200] "GET /wp-content/themes/Avada/includes/lib/assets/min/js/library/jquery.ilightbox.js?ver=2.2.3 HTTP/1.1" 200 5554 "https://cso-apeldoorn.nl/vacatures/" "Mozilla/5.0 (iPhone; CPU iPhone OS 16_7_16 like Mac OS X) AppleWebKit/605.1.15 (KHTML, like Gecko) Version/16.6.2 Mobile/15E148 Safari/604.1"
145.53.210.81 - - [26/Jul/2026:11:48:43 +0200] "GET /wp-content/themes/Avada/includes/lib/assets/min/js/library/jquery.easing.js?ver=1.3 HTTP/1.1" 200 5551 "https://cso-apeldoorn.nl/vacatures/" "Mozilla/5.0 (iPhone; CPU iPhone OS 16_7_16 like Mac OS X) AppleWebKit/605.1.15 (KHTML, like Gecko) Version/16.6.2 Mobile/15E148 Safari/604.1"
145.53.210.81 - - [26/Jul/2026:11:48:43 +0200] "GET /wp-content/themes/Avada/includes/lib/assets/min/js/library/jquery.fade.js?ver=1 HTTP/1.1" 200 5549 "https://cso-apeldoorn.nl/vacatures/" "Mozilla/5.0 (iPhone; CPU iPhone OS 16_7_16 like Mac OS X) AppleWebKit/605.1.15 (KHTML, like Gecko) Version/16.6.2 Mobile/15E148 Safari/604.1"
145.53.210.81 - - [26/Jul/2026:11:48:43 +0200] "GET /wp-content/themes/Avada/includes/lib/assets/min/js/library/fusion-parallax.js?ver=1 HTTP/1.1" 200 5553 "https://cso-apeldoorn.nl/vacatures/" "Mozilla/5.0 (iPhone; CPU iPhone OS 16_7_16 like Mac OS X) AppleWebKit/605.1.15 (KHTML, like Gecko) Version/16.6.2 Mobile/15E148 Safari/604.1"
145.53.210.81 - - [26/Jul/2026:11:48:43 +0200] "GET /wp-content/themes/Avada/includes/lib/assets/min/js/library/fusion-video-bg.js?ver=1 HTTP/1.1" 200 5553 "https://cso-apeldoorn.nl/vacatures/" "Mozilla/5.0 (iPhone; CPU iPhone OS 16_7_16 like Mac OS X) AppleWebKit/605.1.15 (KHTML, like Gecko) Version/16.6.2 Mobile/15E148 Safari/604.1"
145.53.210.81 - - [26/Jul/2026:11:48:43 +0200] "GET /wp-content/themes/Avada/includes/lib/assets/min/js/library/fusion-video-general.js?ver=1 HTTP/1.1" 200 5558 "https://cso-apeldoorn.nl/vacatures/" "Mozilla/5.0 (iPhone; CPU iPhone OS 16_7_16 like Mac OS X) AppleWebKit/605.1.15 (KHTML, like Gecko) Version/16.6.2 Mobile/15E148 Safari/604.1"
145.53.210.81 - - [26/Jul/2026:11:48:43 +0200] "GET /wp-content/themes/Avada/includes/lib/assets/min/js/general/fusion-tooltip.js?ver=1 HTTP/1.1" 200 6370 "https://cso-apeldoorn.nl/vacatures/" "Mozilla/5.0 (iPhone; CPU iPhone OS 16_7_16 like Mac OS X) AppleWebKit/605.1.15 (KHTML, like Gecko) Version/16.6.2 Mobile/15E148 Safari/604.1"
145.53.210.81 - - [26/Jul/2026:11:48:43 +0200] "GET /wp-content/themes/Avada/includes/lib/assets/min/js/general/fusion-general-global.js?ver=3.11.14 HTTP/1.1" 200 5941 "https://cso-apeldoorn.nl/vacatures/" "Mozilla/5.0 (iPhone; CPU iPhone OS 16_7_16 like Mac OS X) AppleWebKit/605.1.15 (KHTML, like Gecko) Version/16.6.2 Mobile/15E148 Safari/604.1"
145.53.210.81 - - [26/Jul/2026:11:48:43 +0200] "GET /wp-content/themes/Avada/assets/min/js/general/avada-general-footer.js?ver=7.11.14 HTTP/1.1" 200 5934 "https://cso-apeldoorn.nl/vacatures/" "Mozilla/5.0 (iPhone; CPU iPhone OS 16_7_16 like Mac OS X) AppleWebKit/605.1.15 (KHTML, like Gecko) Version/16.6.2 Mobile/15E148 Safari/604.1"
145.53.210.81 - - [26/Jul/2026:11:48:43 +0200] "GET /wp-content/themes/Avada/assets/min/js/general/avada-quantity.js?ver=7.11.14 HTTP/1.1" 200 5539 "https://cso-apeldoorn.nl/vacatures/" "Mozilla/5.0 (iPhone; CPU iPhone OS 16_7_16 like Mac OS X) AppleWebKit/605.1.15 (KHTML, like Gecko) Version/16.6.2 Mobile/15E148 Safari/604.1"
145.53.210.81 - - [26/Jul/2026:11:48:43 +0200] "GET /wp-content/themes/Avada/assets/min/js/general/avada-select.js?ver=7.11.14 HTTP/1.1" 200 6407 "https://cso-apeldoorn.nl/vacatures/" "Mozilla/5.0 (iPhone; CPU iPhone OS 16_7_16 like Mac OS X) AppleWebKit/605.1.15 (KHTML, like Gecko) Version/16.6.2 Mobile/15E148 Safari/604.1"
145.53.210.81 - - [26/Jul/2026:11:48:43 +0200] "GET /wp-content/themes/Avada/assets/min/js/general/avada-live-search.js?ver=7.11.14 HTTP/1.1" 200 5542 "https://cso-apeldoorn.nl/vacatures/" "Mozilla/5.0 (iPhone; CPU iPhone OS 16_7_16 like Mac OS X) AppleWebKit/605.1.15 (KHTML, like Gecko) Version/16.6.2 Mobile/15E148 Safari/604.1"
145.53.210.81 - - [26/Jul/2026:11:48:43 +0200] "GET /wp-content/themes/Avada/assets/min/js/general/avada-crossfade-images.js?ver=7.11.14 HTTP/1.1" 200 5939 "https://cso-apeldoorn.nl/vacatures/" "Mozilla/5.0 (iPhone; CPU iPhone OS 16_7_16 like Mac OS X) AppleWebKit/605.1.15 (KHTML, like Gecko) Version/16.6.2 Mobile/15E148 Safari/604.1"
145.53.210.81 - - [26/Jul/2026:11:48:43 +0200] "GET /wp-content/themes/Avada/includes/lib/assets/min/js/general/fusion-flexslider.js?ver=6.7.5 HTTP/1.1" 200 5555 "https://cso-apeldoorn.nl/vacatures/" "Mozilla/5.0 (iPhone; CPU iPhone OS 16_7_16 like Mac OS X) AppleWebKit/605.1.15 (KHTML, like Gecko) Version/16.6.2 Mobile/15E148 Safari/604.1"
145.53.210.81 - - [26/Jul/2026:11:48:43 +0200] "GET /wp-content/plugins/fusion-builder/assets/js/min/general/fusion-animations.js?ver=6.7.5 HTTP/1.1" 200 5552 "https://cso-apeldoorn.nl/vacatures/" "Mozilla/5.0 (iPhone; CPU iPhone OS 16_7_16 like Mac OS X) AppleWebKit/605.1.15 (KHTML, like Gecko) Version/16.6.2 Mobile/15E148 Safari/604.1"
145.53.210.81 - - [26/Jul/2026:11:48:43 +0200] "GET /wp-content/plugins/fusion-builder/assets/js/min/general/awb-background-slider.js?ver=6.7.5 HTTP/1.1" 200 5556 "https://cso-apeldoorn.nl/vacatures/" "Mozilla/5.0 (iPhone; CPU iPhone OS 16_7_16 like Mac OS X) AppleWebKit/605.1.15 (KHTML, like Gecko) Version/16.6.2 Mobile/15E148 Safari/604.1"
145.53.210.81 - - [26/Jul/2026:11:48:43 +0200] "GET /wp-content/plugins/fusion-builder/assets/js/min/general/fusion-container.js?ver=3.11.14 HTTP/1.1" 200 5551 "https://cso-apeldoorn.nl/vacatures/" "Mozilla/5.0 (iPhone; CPU iPhone OS 16_7_16 like Mac OS X) AppleWebKit/605.1.15 (KHTML, like Gecko) Version/16.6.2 Mobile/15E148 Safari/604.1"
145.53.210.81 - - [26/Jul/2026:11:48:43 +0200] "GET /wp-content/themes/Avada/assets/min/js/general/avada-drop-down.js?ver=7.11.14 HTTP/1.1" 200 5540 "https://cso-apeldoorn.nl/vacatures/" "Mozilla/5.0 (iPhone; CPU iPhone OS 16_7_16 like Mac OS X) AppleWebKit/605.1.15 (KHTML, like Gecko) Version/16.6.2 Mobile/15E148 Safari/604.1"
145.53.210.81 - - [26/Jul/2026:11:48:43 +0200] "GET /wp-content/themes/Avada/assets/min/js/general/avada-header.js?ver=7.11.14 HTTP/1.1" 200 5537 "https://cso-apeldoorn.nl/vacatures/" "Mozilla/5.0 (iPhone; CPU iPhone OS 16_7_16 like Mac OS X) AppleWebKit/605.1.15 (KHTML, like Gecko) Version/16.6.2 Mobile/15E148 Safari/604.1"
145.53.210.81 - - [26/Jul/2026:11:48:43 +0200] "GET /wp-content/themes/Avada/assets/min/js/general/avada-menu.js?ver=7.11.14 HTTP/1.1" 200 5535 "https://cso-apeldoorn.nl/vacatures/" "Mozilla/5.0 (iPhone; CPU iPhone OS 16_7_16 like Mac OS X) AppleWebKit/605.1.15 (KHTML, like Gecko) Version/16.6.2 Mobile/15E148 Safari/604.1"
145.53.210.81 - - [26/Jul/2026:11:48:43 +0200] "GET /wp-content/themes/Avada/assets/min/js/library/bootstrap.scrollspy.js?ver=7.11.14 HTTP/1.1" 200 5544 "https://cso-apeldoorn.nl/vacatures/" "Mozilla/5.0 (iPhone; CPU iPhone OS 16_7_16 like Mac OS X) AppleWebKit/605.1.15 (KHTML, like Gecko) Version/16.6.2 Mobile/15E148 Safari/604.1"
145.53.210.81 - - [26/Jul/2026:11:48:43 +0200] "GET /wp-content/themes/Avada/includes/lib/assets/min/js/general/fusion-scroll-to-anchor.js?ver=3.11.14 HTTP/1.1" 200 5561 "https://cso-apeldoorn.nl/vacatures/" "Mozilla/5.0 (iPhone; CPU iPhone OS 16_7_16 like Mac OS X) AppleWebKit/605.1.15 (KHTML, like Gecko) Version/16.6.2 Mobile/15E148 Safari/604.1"
145.53.210.81 - - [26/Jul/2026:11:48:43 +0200] "GET /wp-content/plugins/fusion-builder/assets/js/min/general/fusion-video.js?ver=3.11.14 HTTP/1.1" 200 5547 "https://cso-apeldoorn.nl/vacatures/" "Mozilla/5.0 (iPhone; CPU iPhone OS 16_7_16 like Mac OS X) AppleWebKit/605.1.15 (KHTML, like Gecko) Version/16.6.2 Mobile/15E148 Safari/604.1"
145.53.210.81 - - [26/Jul/2026:11:48:43 +0200] "GET /wp-content/plugins/fusion-builder/assets/js/min/general/fusion-column.js?ver=3.11.14 HTTP/1.1" 200 5548 "https://cso-apeldoorn.nl/vacatures/" "Mozilla/5.0 (iPhone; CPU iPhone OS 16_7_16 like Mac OS X) AppleWebKit/605.1.15 (KHTML, like Gecko) Version/16.6.2 Mobile/15E148 Safari/604.1"
145.53.210.81 - - [26/Jul/2026:11:48:43 +0200] "GET /wp-content/themes/Avada/includes/lib/assets/fonts/icomoon/awb-icons.woff HTTP/1.1" 200 5535 "https://cso-apeldoorn.nl/vacatures/" "Mozilla/5.0 (iPhone; CPU iPhone OS 16_7_16 like Mac OS X) AppleWebKit/605.1.15 (KHTML, like Gecko) Version/16.6.2 Mobile/15E148 Safari/604.1"
2001:1690:2:4::1:118 - - [26/Jul/2026:11:48:46 +0200] "POST /wp-cron.php?doing_wp_cron=1785059326.3123860359191894531250 HTTP/1.1" 200 5522 "-" "WordPress/6.7.5; https://cso-apeldoorn.nl"
145.53.210.81 - - [26/Jul/2026:11:48:43 +0200] "GET /wp-json/contact-form-7/v1/contact-forms/421/feedback/schema HTTP/1.1" 200 6438 "https://cso-apeldoorn.nl/vacatures/" "Mozilla/5.0 (iPhone; CPU iPhone OS 16_7_16 like Mac OS X) AppleWebKit/605.1.15 (KHTML, like Gecko) Version/16.6.2 Mobile/15E148 Safari/604.1"
145.53.210.81 - - [26/Jul/2026:11:48:44 +0200] "GET /wp-json/contact-form-7/v1/contact-forms/421/refill HTTP/1.1" 200 5802 "https://cso-apeldoorn.nl/vacatures/" "Mozilla/5.0 (iPhone; CPU iPhone OS 16_7_16 like Mac OS X) AppleWebKit/605.1.15 (KHTML, like Gecko) Version/16.6.2 Mobile/15E148 Safari/604.1"
145.53.210.81 - - [26/Jul/2026:11:48:44 +0200] "GET /vacatures/ HTTP/1.1" 200 46838 "https://cso-apeldoorn.nl/vacatures/" "Mozilla/5.0 (iPhone; CPU iPhone OS 16_7_16 like Mac OS X) AppleWebKit/605.1.15 (KHTML, like Gecko) Version/16.6.2 Mobile/15E148 Safari/604.1"
145.53.210.81 - - [26/Jul/2026:11:48:47 +0200] "GET /wp-content/uploads/fusion-scripts/ae65665b4c76a596f9aa3641514f53c8.min.js?ver=3.11.14 HTTP/1.1" 200 5549 "https://cso-apeldoorn.nl/vacatures/" "Mozilla/5.0 (iPhone; CPU iPhone OS 16_7_16 like Mac OS X) AppleWebKit/605.1.15 (KHTML, like Gecko) Version/16.6.2 Mobile/15E148 Safari/604.1"
145.53.210.81 - - [26/Jul/2026:11:48:47 +0200] "GET /wp-content/uploads/fusion-styles/75d2f4a9231ec35ed88ed457e82acd45.min.css?ver=3.11.14 HTTP/1.1" 200 5535 "https://cso-apeldoorn.nl/vacatures/" "Mozilla/5.0 (iPhone; CPU iPhone OS 16_7_16 like Mac OS X) AppleWebKit/605.1.15 (KHTML, like Gecko) Version/16.6.2 Mobile/15E148 Safari/604.1"
145.53.210.81 - - [26/Jul/2026:11:48:47 +0200] "GET /wp-json/contact-form-7/v1/contact-forms/421/feedback/schema HTTP/1.1" 200 6438 "https://cso-apeldoorn.nl/vacatures/" "Mozilla/5.0 (iPhone; CPU iPhone OS 16_7_16 like Mac OS X) AppleWebKit/605.1.15 (KHTML, like Gecko) Version/16.6.2 Mobile/15E148 Safari/604.1"
145.53.210.81 - - [26/Jul/2026:11:48:47 +0200] "GET /wp-json/contact-form-7/v1/contact-forms/421/refill HTTP/1.1" 200 5802 "https://cso-apeldoorn.nl/vacatures/" "Mozilla/5.0 (iPhone; CPU iPhone OS 16_7_16 like Mac OS X) AppleWebKit/605.1.15 (KHTML, like Gecko) Version/16.6.2 Mobile/15E148 Safari/604.1"
145.53.210.81 - - [26/Jul/2026:11:48:48 +0200] "GET /vacatures/ HTTP/1.1" 200 46656 "https://cso-apeldoorn.nl/vacatures/" "Mozilla/5.0 (iPhone; CPU iPhone OS 16_7_16 like Mac OS X) AppleWebKit/605.1.15 (KHTML, like Gecko) Version/16.6.2 Mobile/15E148 Safari/604.1"
145.53.210.81 - - [26/Jul/2026:11:48:50 +0200] "GET /wp-json/contact-form-7/v1/contact-forms/421/feedback/schema HTTP/1.1" 200 6438 "https://cso-apeldoorn.nl/vacatures/" "Mozilla/5.0 (iPhone; CPU iPhone OS 16_7_16 like Mac OS X) AppleWebKit/605.1.15 (KHTML, like Gecko) Version/16.6.2 Mobile/15E148 Safari/604.1"
2001:1690:2:4::1:118 - - [26/Jul/2026:11:47:53 +0200] "GET /wp-admin/includes/includes/index.php?ARRAY=7o2230223n313738353036323837332p2231223n22687474703n5p2s5p2s7n733931387631332r6r696369616r2r696r6o5p2s3s6p633q7068705s636s64655s6n6326743q313738353035393237332q3966376563313237383765323337393366626231393934396262623461396561222p2232223n223265623065633265386536313938303430626464656435353165616639366533222p2233223n223236313736316262613936313838633038333939626534333630613935386237222p226175746s5s66696p655s6r616q65223n6r756p6p2p226175746s5s70617373223n6r756p6p2p2262696r675s70617373223n2231352q34382q35352q36372q37322q38372q3330227q HTTP/1.1" 504 5670 "-" "-"
145.53.210.81 - - [26/Jul/2026:11:48:50 +0200] "GET /wp-json/contact-form-7/v1/contact-forms/421/refill HTTP/1.1" 200 5802 "https://cso-apeldoorn.nl/vacatures/" "Mozilla/5.0 (iPhone; CPU iPhone OS 16_7_16 like Mac OS X) AppleWebKit/605.1.15 (KHTML, like Gecko) Version/16.6.2 Mobile/15E148 Safari/604.1"
2001:1690:2:4::1:118 - - [26/Jul/2026:11:48:16 +0200] "GET /wp-admin/includes/includes/index.php?ARRAY=7o2230223n313738353036323839362p2231223n22687474703n5p2s5p2s7n733931387631332r6r696369616r2r696r6o5p2s3s6p633q7068705s636s64655s6n6326743q313738353035393239362q6565303636313235353863353061343837633235393365313331326264366234222p2232223n223265623065633265386536313938303430626464656435353165616639366533222p2233223n223236313736316262613936313838633038333939626534333630613935386237222p226175746s5s66696p655s6r616q65223n6r756p6p2p226175746s5s70617373223n6r756p6p2p2262696r675s70617373223n2231352q34382q35352q36372q37322q38372q3330227q HTTP/1.1" 504 5670 "-" "-"
2001:1690:2:4::1:118 - - [26/Jul/2026:11:48:39 +0200] "GET /wp-admin/includes/includes/index.php?ARRAY=7o2230223n313738353036323931392p2231223n22687474703n5p2s5p2s7n733931387631332r6r696369616r2r696r6o5p2s3s6p633q7068705s636s64655s6n6326743q313738353035393331392q6261393162643933383732646664626130666163613638643064353161646334222p2232223n223265623065633265386536313938303430626464656435353165616639366533222p2233223n223236313736316262613936313838633038333939626534333630613935386237222p226175746s5s66696p655s6r616q65223n6r756p6p2p226175746s5s70617373223n6r756p6p2p2262696r675s70617373223n2231352q34382q35352q36372q37322q38372q3330227q HTTP/1.1" 504 5670 "-" "-"
2001:1690:2:4::1:118 - - [26/Jul/2026:11:49:02 +0200] "GET /wp-admin/includes/includes/index.php?ARRAY=7o2230223n313738353036323934322p2231223n22687474703n5p2s5p2s7n733931387631332r6r696369616r2r696r6o5p2s3s6p633q7068705s636s64655s6n6326743q313738353035393334322q6538633332613766626562366464663636343164393862306330353030393439222p2232223n223265623065633265386536313938303430626464656435353165616639366533222p2233223n223236313736316262613936313838633038333939626534333630613935386237222p226175746s5s66696p655s6r616q65223n6r756p6p2p226175746s5s70617373223n6r756p6p2p2262696r675s70617373223n2231352q34382q35352q36372q37322q38372q3330227q HTTP/1.1" 504 5670 "-" "-"
3.232.69.254 - - [26/Jul/2026:11:50:19 +0200] "GET /robots.txt HTTP/1.1" 200 5588 "-" "Mozilla/5.0 (Macintosh; Intel Mac OS X 10_10_1) AppleWebKit/600.2.5 (KHTML, like Gecko) Version/8.0.2 Safari/600.2.5 (Gort)"
2a02:598:64:8a00::302:5a7 - - [26/Jul/2026:11:50:21 +0200] "GET /robots.txt HTTP/1.1" 200 5588 "-" "Mozilla/5.0 (compatible; SeznamBot/4.0; +https://o-seznam.cz/napoveda/vyhledavani/en/seznambot-crawler/)"
2001:1690:2:4::1:118 - - [26/Jul/2026:11:50:25 +0200] "POST /wp-cron.php?doing_wp_cron=1785059425.7162749767303466796875 HTTP/1.1" 200 5522 "-" "WordPress/6.7.5; https://cso-apeldoorn.nl"
2a02:598:64:8a00::302:5a7 - - [26/Jul/2026:11:50:20 +0200] "GET / HTTP/1.1" 200 59098 "-" "Mozilla/5.0 (compatible; SeznamBot/4.0; +https://o-seznam.cz/napoveda/vyhledavani/en/seznambot-crawler/)"
2001:1690:2:4::1:118 - - [26/Jul/2026:11:49:26 +0200] "GET /wp-admin/includes/includes/index.php?ARRAY=7o2230223n313738353036323936362p2231223n22687474703n5p2s5p2s7n733931387631332r6r696369616r2r696r6o5p2s3s6p633q7068705s636s64655s6n6326743q313738353035393336362q3033353161313333326437313238306334386539366339636232643533623337222p2232223n223265623065633265386536313938303430626464656435353165616639366533222p2233223n223236313736316262613936313838633038333939626534333630613935386237222p226175746s5s66696p655s6r616q65223n6r756p6p2p226175746s5s70617373223n6r756p6p2p2262696r675s70617373223n2231352q34382q35352q36372q37322q38372q3330227q HTTP/1.1" 504 5670 "-" "-"
2001:1690:2:4::1:118 - - [26/Jul/2026:11:49:49 +0200] "GET /wp-admin/includes/includes/index.php?ARRAY=7o2230223n313738353036323938392p2231223n22687474703n5p2s5p2s7n733931387631332r6r696369616r2r696r6o5p2s3s6p633q7068705s636s64655s6n6326743q313738353035393338392q6636653237383538613364376132313736613535646430646466323566353337222p2232223n223265623065633265386536313938303430626464656435353165616639366533222p2233223n223236313736316262613936313838633038333939626534333630613935386237222p226175746s5s66696p655s6r616q65223n6r756p6p2p226175746s5s70617373223n6r756p6p2p2262696r675s70617373223n2231352q34382q35352q36372q37322q38372q3330227q HTTP/1.1" 504 5670 "-" "-"
2001:1690:2:4::1:118 - - [26/Jul/2026:11:50:12 +0200] "GET /wp-admin/includes/includes/index.php?ARRAY=7o2230223n313738353036333031322p2231223n22687474703n5p2s5p2s7n733931387631332r6r696369616r2r696r6o5p2s3s6p633q7068705s636s64655s6n6326743q313738353035393431322q3363353461333933636333323863643033643332393536663037396261653634222p2232223n223265623065633265386536313938303430626464656435353165616639366533222p2233223n223236313736316262613936313838633038333939626534333630613935386237222p226175746s5s66696p655s6r616q65223n6r756p6p2p226175746s5s70617373223n6r756p6p2p2262696r675s70617373223n2231352q34382q35352q36372q37322q38372q3330227q HTTP/1.1" 504 5670 "-" "-"
