52.167.144.176 - - [26/Jul/2026:04:17:41 +0200] "GET /shop/excerp/tiffany203649424072 HTTP/1.1" 200 217803 "-" "Mozilla/5.0 AppleWebKit/537.36 (KHTML, like Gecko; compatible; bingbot/2.0; +http://www.bing.com/bingbot.htm) Chrome/116.0.1938.76 Safari/537.36"
52.167.144.176 - - [26/Jul/2026:04:17:47 +0200] "GET /shop/asking/extramission202219886693 HTTP/1.1" 200 221760 "-" "Mozilla/5.0 AppleWebKit/537.36 (KHTML, like Gecko; compatible; bingbot/2.0; +http://www.bing.com/bingbot.htm) Chrome/116.0.1938.76 Safari/537.36"
52.167.144.176 - - [26/Jul/2026:04:17:54 +0200] "GET /shop/treatment/eradiating20197773210 HTTP/1.1" 200 217859 "-" "Mozilla/5.0 AppleWebKit/537.36 (KHTML, like Gecko; compatible; bingbot/2.0; +http://www.bing.com/bingbot.htm) Chrome/116.0.1938.76 Safari/537.36"
52.167.144.176 - - [26/Jul/2026:04:18:00 +0200] "GET /shop/bizonal/obtending202516444601 HTTP/1.1" 200 222469 "-" "Mozilla/5.0 AppleWebKit/537.36 (KHTML, like Gecko; compatible; bingbot/2.0; +http://www.bing.com/bingbot.htm) Chrome/116.0.1938.76 Safari/537.36"
52.167.144.176 - - [26/Jul/2026:04:18:05 +0200] "GET /shop/crochet/puttock202981630888 HTTP/1.1" 200 221400 "-" "Mozilla/5.0 AppleWebKit/537.36 (KHTML, like Gecko; compatible; bingbot/2.0; +http://www.bing.com/bingbot.htm) Chrome/116.0.1938.76 Safari/537.36"
52.167.144.176 - - [26/Jul/2026:04:18:05 +0200] "GET /shop/teatish/forcipal204043747099 HTTP/1.1" 200 223026 "-" "Mozilla/5.0 AppleWebKit/537.36 (KHTML, like Gecko; compatible; bingbot/2.0; +http://www.bing.com/bingbot.htm) Chrome/116.0.1938.76 Safari/537.36"
52.167.144.176 - - [26/Jul/2026:04:18:11 +0200] "GET /shop/propagative/determinator20156753350 HTTP/1.1" 200 218947 "-" "Mozilla/5.0 AppleWebKit/537.36 (KHTML, like Gecko; compatible; bingbot/2.0; +http://www.bing.com/bingbot.htm) Chrome/116.0.1938.76 Safari/537.36"
52.167.144.176 - - [26/Jul/2026:04:18:18 +0200] "GET /shop/palatableness/underfoot201714779032 HTTP/1.1" 200 223832 "-" "Mozilla/5.0 AppleWebKit/537.36 (KHTML, like Gecko; compatible; bingbot/2.0; +http://www.bing.com/bingbot.htm) Chrome/116.0.1938.76 Safari/537.36"
52.167.144.176 - - [26/Jul/2026:04:18:22 +0200] "GET /shop/aspalax/neolatin201037966252 HTTP/1.1" 200 219460 "-" "Mozilla/5.0 AppleWebKit/537.36 (KHTML, like Gecko; compatible; bingbot/2.0; +http://www.bing.com/bingbot.htm) Chrome/116.0.1938.76 Safari/537.36"
52.167.144.176 - - [26/Jul/2026:04:18:23 +0200] "GET /shop/phototonic/arthrochondritis201011877248 HTTP/1.1" 200 222146 "-" "Mozilla/5.0 AppleWebKit/537.36 (KHTML, like Gecko; compatible; bingbot/2.0; +http://www.bing.com/bingbot.htm) Chrome/116.0.1938.76 Safari/537.36"
52.167.144.176 - - [26/Jul/2026:04:18:31 +0200] "GET /shop/tafferer/applesauce2058407168 HTTP/1.1" 200 226274 "-" "Mozilla/5.0 AppleWebKit/537.36 (KHTML, like Gecko; compatible; bingbot/2.0; +http://www.bing.com/bingbot.htm) Chrome/116.0.1938.76 Safari/537.36"
40.77.167.14 - - [26/Jul/2026:04:18:32 +0200] "GET /shop/poureliche/provenient202490519136 HTTP/1.1" 200 227975 "-" "Mozilla/5.0 AppleWebKit/537.36 (KHTML, like Gecko; compatible; bingbot/2.0; +http://www.bing.com/bingbot.htm) Chrome/116.0.1938.76 Safari/537.36"
40.77.167.14 - - [26/Jul/2026:04:18:39 +0200] "GET /shop/blubbery/pinax202262118668 HTTP/1.1" 200 221778 "-" "Mozilla/5.0 AppleWebKit/537.36 (KHTML, like Gecko; compatible; bingbot/2.0; +http://www.bing.com/bingbot.htm) Chrome/116.0.1938.76 Safari/537.36"
40.77.167.14 - - [26/Jul/2026:04:18:47 +0200] "GET /shop/parsimoniousness/fidgetiness20468405637 HTTP/1.1" 200 218361 "-" "Mozilla/5.0 AppleWebKit/537.36 (KHTML, like Gecko; compatible; bingbot/2.0; +http://www.bing.com/bingbot.htm) Chrome/116.0.1938.76 Safari/537.36"
40.77.167.14 - - [26/Jul/2026:04:18:53 +0200] "GET /shop/relinquish/archdiocese201839050711 HTTP/1.1" 200 225695 "-" "Mozilla/5.0 AppleWebKit/537.36 (KHTML, like Gecko; compatible; bingbot/2.0; +http://www.bing.com/bingbot.htm) Chrome/116.0.1938.76 Safari/537.36"
40.77.167.14 - - [26/Jul/2026:04:19:00 +0200] "GET /shop/facingly/distend201350135914 HTTP/1.1" 200 224957 "-" "Mozilla/5.0 AppleWebKit/537.36 (KHTML, like Gecko; compatible; bingbot/2.0; +http://www.bing.com/bingbot.htm) Chrome/116.0.1938.76 Safari/537.36"
52.167.144.176 - - [26/Jul/2026:04:19:02 +0200] "GET /shop/powerlessness/nazarene201762159321 HTTP/1.1" 200 219220 "-" "Mozilla/5.0 AppleWebKit/537.36 (KHTML, like Gecko; compatible; bingbot/2.0; +http://www.bing.com/bingbot.htm) Chrome/116.0.1938.76 Safari/537.36"
52.167.144.176 - - [26/Jul/2026:04:19:08 +0200] "GET /shop/syndic/calceiform203782715363 HTTP/1.1" 200 222491 "-" "Mozilla/5.0 AppleWebKit/537.36 (KHTML, like Gecko; compatible; bingbot/2.0; +http://www.bing.com/bingbot.htm) Chrome/116.0.1938.76 Safari/537.36"
40.77.167.14 - - [26/Jul/2026:04:19:11 +0200] "GET /shop/profusive/thoroughbred201926056958 HTTP/1.1" 200 224839 "-" "Mozilla/5.0 AppleWebKit/537.36 (KHTML, like Gecko; compatible; bingbot/2.0; +http://www.bing.com/bingbot.htm) Chrome/116.0.1938.76 Safari/537.36"
40.77.167.14 - - [26/Jul/2026:04:19:17 +0200] "GET /shop/mildly/ilium204208856803 HTTP/1.1" 200 221498 "-" "Mozilla/5.0 AppleWebKit/537.36 (KHTML, like Gecko; compatible; bingbot/2.0; +http://www.bing.com/bingbot.htm) Chrome/116.0.1938.76 Safari/537.36"
40.77.167.14 - - [26/Jul/2026:04:19:17 +0200] "GET /shop/coventry/similor20519371546 HTTP/1.1" 200 222685 "-" "Mozilla/5.0 AppleWebKit/537.36 (KHTML, like Gecko; compatible; bingbot/2.0; +http://www.bing.com/bingbot.htm) Chrome/116.0.1938.76 Safari/537.36"
40.77.167.14 - - [26/Jul/2026:04:19:22 +0200] "GET /shop/equipollence/redshank202997773843 HTTP/1.1" 200 224249 "-" "Mozilla/5.0 AppleWebKit/537.36 (KHTML, like Gecko; compatible; bingbot/2.0; +http://www.bing.com/bingbot.htm) Chrome/116.0.1938.76 Safari/537.36"
40.77.167.14 - - [26/Jul/2026:04:19:26 +0200] "GET /shop/dynamometer/aconddylose20790816812 HTTP/1.1" 200 212810 "-" "Mozilla/5.0 AppleWebKit/537.36 (KHTML, like Gecko; compatible; bingbot/2.0; +http://www.bing.com/bingbot.htm) Chrome/116.0.1938.76 Safari/537.36"
52.167.144.160 - - [26/Jul/2026:04:19:32 +0200] "GET /collections/02181568518 HTTP/1.1" 200 270345 "-" "Mozilla/5.0 AppleWebKit/537.36 (KHTML, like Gecko; compatible; bingbot/2.0; +http://www.bing.com/bingbot.htm) Chrome/116.0.1938.76 Safari/537.36"
40.77.167.14 - - [26/Jul/2026:04:19:37 +0200] "GET /shop/larinus/significator208998700 HTTP/1.1" 200 221160 "-" "Mozilla/5.0 AppleWebKit/537.36 (KHTML, like Gecko; compatible; bingbot/2.0; +http://www.bing.com/bingbot.htm) Chrome/116.0.1938.76 Safari/537.36"
40.77.167.14 - - [26/Jul/2026:04:19:46 +0200] "GET /shop/excalfactive/brasses20672742023 HTTP/1.1" 200 218517 "-" "Mozilla/5.0 AppleWebKit/537.36 (KHTML, like Gecko; compatible; bingbot/2.0; +http://www.bing.com/bingbot.htm) Chrome/116.0.1938.76 Safari/537.36"
2001:1690:2:4::1:118 - - [26/Jul/2026:04:20:02 +0200] "POST /wp-cron.php?doing_wp_cron=1785032402.3085489273071289062500 HTTP/1.1" 200 5522 "-" "WordPress/6.7.5; https://cso-apeldoorn.nl"
209.99.191.65 - - [26/Jul/2026:04:19:59 +0200] "GET /?rest_route=/fluentsmtp/v1/settings HTTP/1.1" 404 5921 "-" "Mozilla/5.0 (compatible; SecurityResearch/1.0; )"
209.99.191.65 - - [26/Jul/2026:04:20:02 +0200] "GET /?rest_route=/post-smtp/v1/get-logs HTTP/1.1" 404 5921 "-" "Mozilla/5.0 (compatible; SecurityResearch/1.0; )"
209.99.191.65 - - [26/Jul/2026:04:20:05 +0200] "GET /?rest_route=/developer/v1/settings HTTP/1.1" 404 5921 "-" "Mozilla/5.0 (compatible; SecurityResearch/1.0; )"
209.99.191.65 - - [26/Jul/2026:04:20:08 +0200] "GET /?rest_route=/gravitysmtp/v1/tests/mock-data&page=gravitysmtp-settings HTTP/1.1" 404 5921 "-" "Mozilla/5.0 (compatible; SecurityResearch/1.0; )"
209.99.191.65 - - [26/Jul/2026:04:20:11 +0200] "GET /?rest_route=/wp-mail-smtp/v1/options HTTP/1.1" 404 5921 "-" "Mozilla/5.0 (compatible; SecurityResearch/1.0; )"
209.99.191.65 - - [26/Jul/2026:04:20:14 +0200] "GET /?rest_route=/wp/v2/settings HTTP/1.1" 401 5899 "-" "Mozilla/5.0 (compatible; SecurityResearch/1.0; )"
209.99.191.65 - - [26/Jul/2026:04:20:17 +0200] "GET /?rest_route=/wp/v2/settings HTTP/1.1" 401 5899 "-" "Mozilla/5.0 (compatible; SecurityResearch/1.0; )"
52.154.19.224 - - [26/Jul/2026:04:21:07 +0200] "GET /wp-login.php HTTP/1.1" 200 17026 "-" "Mozilla/5.0 (Windows NT 10.0; Win64; x64) AppleWebKit/537.36 (KHTML, like Gecko) Chrome/120.0.0.0 Safari/537.36"
52.154.19.224 - - [26/Jul/2026:04:21:07 +0200] "POST /wp-login.php HTTP/1.1" 200 21727 "https://cso-apeldoorn.nl/wp-login.php" "Mozilla/5.0 (Windows NT 10.0; Win64; x64) AppleWebKit/537.36 (KHTML, like Gecko) Chrome/120.0.0.0 Safari/537.36"
66.249.70.38 - - [26/Jul/2026:04:21:47 +0200] "GET /shop/putty/disinthrall054282338598 HTTP/1.1" 404 38719 "-" "Mozilla/5.0 (Linux; Android 6.0.1; Nexus 5X Build/MMB29P) AppleWebKit/537.36 (KHTML, like Gecko) Chrome/150.0.7871.128 Mobile Safari/537.36 (compatible; GoogleOther)"
2001:1690:2:4::1:118 - - [26/Jul/2026:04:33:30 +0200] "POST /wp-cron.php?doing_wp_cron=1785033210.5945999622344970703125 HTTP/1.1" 200 5522 "-" "WordPress/6.7.5; https://cso-apeldoorn.nl"
34.28.79.114 - - [26/Jul/2026:04:33:29 +0200] "GET /auditrapport-vso-de-zonnehoek HTTP/1.1" 301 5586 "-" "Mozilla/5.0 AppleWebKit/537.36 (KHTML, like Gecko; compatible; SleepBot/1.0; +http://sleepbot.com/) Chrome/131.0.0.0 Safari/537.36"
34.28.79.114 - - [26/Jul/2026:04:33:30 +0200] "GET /auditrapport-vso-de-zonnehoek/ HTTP/1.1" 200 43446 "https://cso-apeldoorn.nl/auditrapport-vso-de-zonnehoek" "Mozilla/5.0 AppleWebKit/537.36 (KHTML, like Gecko; compatible; SleepBot/1.0; +http://sleepbot.com/) Chrome/131.0.0.0 Safari/537.36"
147.93.169.102 - - [26/Jul/2026:04:40:59 +0200] "GET /wp-login.php HTTP/1.1" 200 17026 "-" "Mozilla/5.0 (WordPress CMS Scanner)"
66.249.70.38 - - [26/Jul/2026:04:42:01 +0200] "GET /shop/weevilly/bacteriophagic011061646614 HTTP/1.1" 404 38719 "-" "Mozilla/5.0 (Linux; Android 6.0.1; Nexus 5X Build/MMB29P) AppleWebKit/537.36 (KHTML, like Gecko) Chrome/150.0.7871.128 Mobile Safari/537.36 (compatible; GoogleOther)"
66.249.70.38 - - [26/Jul/2026:04:42:35 +0200] "GET /shop/horde/discernible013946636941 HTTP/1.1" 404 38719 "-" "Mozilla/5.0 (Linux; Android 6.0.1; Nexus 5X Build/MMB29P) AppleWebKit/537.36 (KHTML, like Gecko) Chrome/150.0.7871.128 Mobile Safari/537.36 (compatible; GoogleOther)"
52.204.174.139 - - [26/Jul/2026:04:42:58 +0200] "GET /vacatures/embed/ HTTP/1.1" 200 26593 "-" "Mozilla/5.0 AppleWebKit/537.36 (KHTML, like Gecko; compatible; Amazonbot/0.1; +https://developer.amazon.com/support/amazonbot) Chrome/119.0.6045.214 Safari/537.36"
2001:1690:2:4::1:118 - - [26/Jul/2026:04:48:54 +0200] "POST /wp-cron.php?doing_wp_cron=1785034134.3892118930816650390625 HTTP/1.1" 200 5522 "-" "WordPress/6.7.5; https://cso-apeldoorn.nl"
192.42.116.67 - - [26/Jul/2026:04:48:53 +0200] "GET /wp-json/ HTTP/1.1" 200 247232 "-" "Mozilla/5.0 (X11; Linux x86_64) AppleWebKit/537.36 (KHTML, like Gecko) Chrome/125.0.0.0 Safari/537.36"
192.42.116.67 - - [26/Jul/2026:04:48:55 +0200] "GET /?rest_route=/ HTTP/1.1" 200 247232 "-" "Mozilla/5.0 (X11; Linux x86_64) AppleWebKit/537.36 (KHTML, like Gecko) Chrome/125.0.0.0 Safari/537.36"
192.42.116.67 - - [26/Jul/2026:04:48:56 +0200] "GET /feed/ HTTP/1.1" 200 33087 "-" "Mozilla/5.0 (X11; Linux x86_64) AppleWebKit/537.36 (KHTML, like Gecko) Chrome/125.0.0.0 Safari/537.36"
192.42.116.20 - - [26/Jul/2026:04:48:58 +0200] "GET /wp-json/batch/v1 HTTP/1.1" 404 5921 "-" "Mozilla/5.0 (iPhone; CPU iPhone OS 16_7 like Mac OS X) AppleWebKit/605.1.15 (KHTML, like Gecko) CriOS/126.0.6478.35 Mobile/15E148 Safari/604.1"
192.42.116.20 - - [26/Jul/2026:04:49:00 +0200] "GET /?rest_route=/batch/v1 HTTP/1.1" 404 5921 "-" "Mozilla/5.0 (X11; Ubuntu; Linux x86_64; rv:127.0) Gecko/20100101 Firefox/127.0"
192.42.116.20 - - [26/Jul/2026:04:49:02 +0200] "GET /wp-json/batch/v1 HTTP/1.1" 404 5921 "-" "Mozilla/5.0 (Windows NT 10.0; Win64; x64) AppleWebKit/537.36 (KHTML, like Gecko) Chrome/126.0.0.0 Safari/537.36 Edg/126.0.0.0"
74.7.228.63 - - [26/Jul/2026:04:50:58 +0200] "GET /robots.txt HTTP/1.1" 200 5588 "http://cso-apeldoorn.nl/robots.txt" "Mozilla/5.0 (Macintosh; Intel Mac OS X 10_15_7) AppleWebKit/537.36 (KHTML, like Gecko) Chrome/131.0.0.0 Safari/537.36; compatible; OAI-SearchBot/1.4; robots.txt; +https://openai.com/searchbot"
2a01:4f8:c015:5dc3::1 - - [26/Jul/2026:04:51:50 +0200] "GET /robots.txt HTTP/1.1" 200 5588 "-" "PipericBot/1.0 (+https://piperic.com/bot)"
2a01:4f8:c015:5dc3::1 - - [26/Jul/2026:04:51:50 +0200] "GET /ai.txt HTTP/1.1" 404 38453 "-" "PipericBot/1.0 (+https://piperic.com/bot)"
2001:1690:2:4::1:118 - - [26/Jul/2026:04:51:52 +0200] "POST /wp-cron.php?doing_wp_cron=1785034311.9028239250183105468750 HTTP/1.1" 200 5522 "-" "WordPress/6.7.5; https://cso-apeldoorn.nl"
2a01:4f8:c015:5dc3::1 - - [26/Jul/2026:04:51:50 +0200] "GET /humans.txt HTTP/1.1" 404 38453 "-" "PipericBot/1.0 (+https://piperic.com/bot)"
2a01:4f8:c015:5dc3::1 - - [26/Jul/2026:04:51:50 +0200] "GET /llms.txt HTTP/1.1" 404 38453 "-" "PipericBot/1.0 (+https://piperic.com/bot)"
2a01:4f8:c015:5dc3::1 - - [26/Jul/2026:04:51:50 +0200] "GET / HTTP/1.1" 200 59098 "-" "PipericBot/1.0 (+https://piperic.com/bot)"
20.78.139.214 - - [26/Jul/2026:04:52:11 +0200] "GET /wp-content/plugins/hellopress/wp_filemanager.php HTTP/1.1" 404 38728 "-" "-"
2001:1690:2:4::1:118 - - [26/Jul/2026:05:04:01 +0200] "POST /wp-cron.php?doing_wp_cron=1785035041.3878030776977539062500 HTTP/1.1" 200 5522 "-" "WordPress/6.7.5; https://cso-apeldoorn.nl"
66.249.70.38 - - [26/Jul/2026:05:04:00 +0200] "GET /shop/roulade/valkyrian01189023644 HTTP/1.1" 404 38719 "-" "Mozilla/5.0 (Linux; Android 6.0.1; Nexus 5X Build/MMB29P) AppleWebKit/537.36 (KHTML, like Gecko) Chrome/150.0.7871.128 Mobile Safari/537.36 (compatible; GoogleOther)"
2001:1690:2:4::1:118 - - [26/Jul/2026:05:04:58 +0200] "POST /wp-cron.php?doing_wp_cron=1785035098.2068200111389160156250 HTTP/1.1" 200 5522 "-" "WordPress/6.7.5; https://cso-apeldoorn.nl"
3.215.59.93 - - [26/Jul/2026:05:04:57 +0200] "GET / HTTP/1.1" 301 5556 "-" "Mozilla/5.0 AppleWebKit/537.36 (KHTML, like Gecko; compatible; Amazonbot/0.1; +https://developer.amazon.com/support/amazonbot) Chrome/119.0.6045.214 Safari/537.36"
3.220.148.166 - - [26/Jul/2026:05:04:58 +0200] "GET / HTTP/1.1" 200 59098 "-" "Mozilla/5.0 AppleWebKit/537.36 (KHTML, like Gecko; compatible; Amazonbot/0.1; +https://developer.amazon.com/support/amazonbot) Chrome/119.0.6045.214 Safari/537.36"
45.13.186.14 - - [26/Jul/2026:05:06:56 +0200] "GET / HTTP/1.1" 200 59401 "https://www.google.com/" "Mozilla/5.0 (Windows NT 10.0; Win64; x64) AppleWebKit/537.36 (KHTML, like Gecko) Chrome/120.0.0.0 Safari/537.36"
66.249.70.32 - - [26/Jul/2026:05:07:02 +0200] "GET /shop/lysiloma/calycophyllum013655517893 HTTP/1.1" 404 38719 "-" "Mozilla/5.0 (Linux; Android 6.0.1; Nexus 5X Build/MMB29P) AppleWebKit/537.36 (KHTML, like Gecko) Chrome/150.0.7871.128 Mobile Safari/537.36 (compatible; GoogleOther)"
66.249.70.39 - - [26/Jul/2026:05:07:55 +0200] "GET /shop/planter/abreption012007830054 HTTP/1.1" 404 38719 "-" "Mozilla/5.0 (Linux; Android 6.0.1; Nexus 5X Build/MMB29P) AppleWebKit/537.36 (KHTML, like Gecko) Chrome/150.0.7871.128 Mobile Safari/537.36 (compatible; GoogleOther)"
104.198.164.23 - - [26/Jul/2026:05:08:24 +0200] "GET /robots.txt HTTP/1.1" 200 5588 "http://cso-apeldoorn.nl/robots.txt" "Mozilla/5.0 AppleWebKit/537.36 (KHTML, like Gecko; compatible; SleepBot/1.0; +http://sleepbot.com/) Chrome/131.0.0.0 Safari/537.36"
40.77.167.132 - - [26/Jul/2026:05:08:52 +0200] "GET /wp-content/uploads/2023/06/Poster-SBP-2023-2027-1-1024x715.jpg HTTP/1.1" 200 5526 "-" "Mozilla/5.0 AppleWebKit/537.36 (KHTML, like Gecko; compatible; bingbot/2.0; +http://www.bing.com/bingbot.htm) Chrome/116.0.1938.76 Safari/537.36"
136.114.42.190 - - [26/Jul/2026:05:09:25 +0200] "GET / HTTP/1.1" 200 59174 "http://cso-apeldoorn.nl/" "Mozilla/5.0 AppleWebKit/537.36 (KHTML, like Gecko; compatible; SleepBot/1.0; +http://sleepbot.com/) Chrome/131.0.0.0 Safari/537.36"
2001:1690:2:4::1:118 - - [26/Jul/2026:05:16:47 +0200] "POST /wp-cron.php?doing_wp_cron=1785035807.6097540855407714843750 HTTP/1.1" 200 5522 "-" "WordPress/6.7.5; https://cso-apeldoorn.nl"
66.249.70.32 - - [26/Jul/2026:05:16:46 +0200] "GET /collections/013753554844 HTTP/1.1" 404 38538 "-" "Mozilla/5.0 (Linux; Android 6.0.1; Nexus 5X Build/MMB29P) AppleWebKit/537.36 (KHTML, like Gecko) Chrome/150.0.7871.128 Mobile Safari/537.36 (compatible; GoogleOther)"
45.227.253.15 - - [26/Jul/2026:05:18:34 +0200] "GET /index.php/jk HTTP/1.1" 200 5492 "-" "Mozilla/5.0 (Windows NT 10.0; Win64; x64) AppleWebKit/537.36 (KHTML, like Gecko) Chrome/75.0.3780 Safari/537.36 Edg/75.0.139"
34.132.179.81 - - [26/Jul/2026:05:20:17 +0200] "GET /category/nieuws HTTP/1.1" 301 5523 "-" "Mozilla/5.0 AppleWebKit/537.36 (KHTML, like Gecko; compatible; SleepBot/1.0; +http://sleepbot.com/) Chrome/131.0.0.0 Safari/537.36"
34.132.179.81 - - [26/Jul/2026:05:20:18 +0200] "GET /category/nieuws/ HTTP/1.1" 200 62434 "https://cso-apeldoorn.nl/category/nieuws" "Mozilla/5.0 AppleWebKit/537.36 (KHTML, like Gecko; compatible; SleepBot/1.0; +http://sleepbot.com/) Chrome/131.0.0.0 Safari/537.36"
5.188.87.40 - - [26/Jul/2026:05:21:39 +0200] "GET / HTTP/1.1" 200 59174 "-" "Mozilla/5.0"
66.249.70.38 - - [26/Jul/2026:05:25:27 +0200] "GET /shop/deformities/disintegrated012178793675 HTTP/1.1" 404 38719 "-" "Mozilla/5.0 (Linux; Android 6.0.1; Nexus 5X Build/MMB29P) AppleWebKit/537.36 (KHTML, like Gecko) Chrome/150.0.7871.128 Mobile Safari/537.36 (compatible; GoogleOther)"
104.210.140.134 - - [26/Jul/2026:05:31:48 +0200] "GET /robots.txt HTTP/1.1" 200 5588 "-" "Mozilla/5.0 (Macintosh; Intel Mac OS X 10_15_7) AppleWebKit/537.36 (KHTML, like Gecko) Chrome/131.0.0.0 Safari/537.36; compatible; OAI-SearchBot/1.0; +https://openai.com/searchbot"
2001:1690:2:4::1:118 - - [26/Jul/2026:05:32:02 +0200] "POST /wp-cron.php?doing_wp_cron=1785036722.5948009490966796875000 HTTP/1.1" 200 5522 "-" "WordPress/6.7.5; https://cso-apeldoorn.nl"
66.249.70.39 - - [26/Jul/2026:05:32:01 +0200] "GET /shop/gunters/unmovably103936439010 HTTP/1.1" 404 38719 "-" "Mozilla/5.0 (Linux; Android 6.0.1; Nexus 5X Build/MMB29P) AppleWebKit/537.36 (KHTML, like Gecko) Chrome/150.0.7871.128 Mobile Safari/537.36 (compatible; GoogleOther)"
216.73.217.43 - - [26/Jul/2026:05:41:44 +0200] "GET /robots.txt HTTP/1.1" 200 5588 "-" "Mozilla/5.0 AppleWebKit/537.36 (KHTML, like Gecko; compatible; ClaudeBot/1.0; +claudebot@anthropic.com)"
216.73.217.43 - - [26/Jul/2026:05:41:44 +0200] "GET /sitemap.xml HTTP/1.1" 301 5524 "-" "Mozilla/5.0 AppleWebKit/537.36 (KHTML, like Gecko; compatible; ClaudeBot/1.0; +claudebot@anthropic.com)"
216.73.217.43 - - [26/Jul/2026:05:41:45 +0200] "GET /sitemap_index.xml HTTP/1.1" 200 6402 "https://cso-apeldoorn.nl/sitemap.xml" "Mozilla/5.0 AppleWebKit/537.36 (KHTML, like Gecko; compatible; ClaudeBot/1.0; +claudebot@anthropic.com)"
2001:1690:2:4::1:118 - - [26/Jul/2026:05:46:35 +0200] "POST /wp-cron.php?doing_wp_cron=1785037595.6553950309753417968750 HTTP/1.1" 200 5522 "-" "WordPress/6.7.5; https://cso-apeldoorn.nl"
43.157.52.37 - - [26/Jul/2026:05:46:35 +0200] "GET / HTTP/1.1" 200 59414 "http://cso-apeldoorn.nl" "Mozilla/5.0 (iPhone; CPU iPhone OS 13_2_3 like Mac OS X) AppleWebKit/605.1.15 (KHTML, like Gecko) Version/13.0.3 Mobile/15E148 Safari/604.1"
2001:1690:2:4::1:118 - - [26/Jul/2026:05:57:02 +0200] "POST /wp-cron.php?doing_wp_cron=1785038222.5149049758911132812500 HTTP/1.1" 200 5522 "-" "WordPress/6.7.5; https://cso-apeldoorn.nl"
66.249.70.38 - - [26/Jul/2026:05:57:01 +0200] "GET /shop/sunnud/insinuate102777715861 HTTP/1.1" 404 38719 "-" "Mozilla/5.0 (Linux; Android 6.0.1; Nexus 5X Build/MMB29P) AppleWebKit/537.36 (KHTML, like Gecko) Chrome/150.0.7871.128 Mobile Safari/537.36 (compatible; GoogleOther)"
2001:1690:2:4::1:118 - - [26/Jul/2026:06:15:27 +0200] "POST /wp-cron.php?doing_wp_cron=1785039327.4082839488983154296875 HTTP/1.1" 200 5522 "-" "WordPress/6.7.5; https://cso-apeldoorn.nl"
66.249.70.38 - - [26/Jul/2026:06:15:26 +0200] "GET /shop/subclavian/chair013099789680 HTTP/1.1" 404 38719 "-" "Mozilla/5.0 (Linux; Android 6.0.1; Nexus 5X Build/MMB29P) AppleWebKit/537.36 (KHTML, like Gecko) Chrome/150.0.7871.128 Mobile Safari/537.36 (compatible; GoogleOther)"
2001:1690:2:4::1:118 - - [26/Jul/2026:06:21:57 +0200] "POST /wp-cron.php?doing_wp_cron=1785039717.2930428981781005859375 HTTP/1.1" 200 5522 "-" "WordPress/6.7.5; https://cso-apeldoorn.nl"
172.71.146.147 - - [26/Jul/2026:06:21:56 +0200] "GET / HTTP/1.1" 200 59401 "-" "Mozilla/5.0 (Macintosh; Intel Mac OS X 10_15_7) AppleWebKit/537.36 (KHTML, like Gecko) Chrome/147.0.0.0 Safari/537.36 CloudflareWebScanner/1.0"
52.167.144.213 - - [26/Jul/2026:06:24:38 +0200] "GET /onze-scholen/ HTTP/1.1" 200 216273 "-" "Mozilla/5.0 AppleWebKit/537.36 (KHTML, like Gecko; compatible; bingbot/2.0; +http://www.bing.com/bingbot.htm) Chrome/116.0.1938.76 Safari/537.36"
34.174.145.162 - - [26/Jul/2026:06:30:05 +0200] "GET /wp-content/uploads/2024/02/Organogram-2024-CSO-Apeldoorn.pdf HTTP/1.1" 200 5529 "-" "Mozilla/5.0 (compatible; datalab-training-crawler/1.0; +https://www.datalab.to)"
2001:1690:2:4::1:118 - - [26/Jul/2026:06:32:35 +0200] "POST /wp-cron.php?doing_wp_cron=1785040355.6244521141052246093750 HTTP/1.1" 200 5522 "-" "WordPress/6.7.5; https://cso-apeldoorn.nl"
66.249.70.38 - - [26/Jul/2026:06:32:35 +0200] "GET /collections/011934729155 HTTP/1.1" 404 38538 "-" "Mozilla/5.0 (Linux; Android 6.0.1; Nexus 5X Build/MMB29P) AppleWebKit/537.36 (KHTML, like Gecko) Chrome/150.0.7871.128 Mobile Safari/537.36 (compatible; GoogleOther)"
5.189.165.142 - - [26/Jul/2026:06:34:03 +0200] "GET / HTTP/1.1" 301 5586 "-" "Mozilla/5.0 (Windows NT 6.3; WOW64) AppleWebKit/537.36 (KHTML, like Gecko) Chrome/40.0.2214.115 Safari/537.36"
5.189.165.142 - - [26/Jul/2026:06:34:09 +0200] "GET / HTTP/1.1" 200 59174 "-" "Mozilla/5.0 (Windows NT 6.3; WOW64) AppleWebKit/537.36 (KHTML, like Gecko) Chrome/40.0.2214.115 Safari/537.36"
43.130.110.130 - - [26/Jul/2026:06:34:13 +0200] "GET / HTTP/1.1" 301 5586 "http://www.cso-apeldoorn.nl" "Mozilla/5.0 (iPhone; CPU iPhone OS 13_2_3 like Mac OS X) AppleWebKit/605.1.15 (KHTML, like Gecko) Version/13.0.3 Mobile/15E148 Safari/604.1"
43.130.110.130 - - [26/Jul/2026:06:34:17 +0200] "GET / HTTP/1.1" 200 59174 "https://www.cso-apeldoorn.nl/" "Mozilla/5.0 (iPhone; CPU iPhone OS 13_2_3 like Mac OS X) AppleWebKit/605.1.15 (KHTML, like Gecko) Version/13.0.3 Mobile/15E148 Safari/604.1"
5.189.165.142 - - [26/Jul/2026:06:35:44 +0200] "GET /contact/ HTTP/1.1" 200 52805 "-" "Mozilla/5.0 (Windows NT 6.3; WOW64) AppleWebKit/537.36 (KHTML, like Gecko) Chrome/40.0.2214.115 Safari/537.36"
5.189.165.142 - - [26/Jul/2026:06:36:20 +0200] "GET /rvt/ HTTP/1.1" 200 59006 "-" "Mozilla/5.0 (Windows NT 6.3; WOW64) AppleWebKit/537.36 (KHTML, like Gecko) Chrome/40.0.2214.115 Safari/537.36"
5.189.165.142 - - [26/Jul/2026:06:36:49 +0200] "GET /beleid/ HTTP/1.1" 200 46573 "-" "Mozilla/5.0 (Windows NT 6.3; WOW64) AppleWebKit/537.36 (KHTML, like Gecko) Chrome/40.0.2214.115 Safari/537.36"
217.113.196.76 - - [26/Jul/2026:06:40:35 +0200] "GET /robots.txt HTTP/1.1" 200 5588 "-" "Mozilla/5.0 (compatible; IbouBot/1.0; +bot@ibou.io; +https://ibou.io/iboubot.html)"
217.113.196.84 - - [26/Jul/2026:06:40:45 +0200] "GET / HTTP/1.1" 200 59174 "-" "Mozilla/5.0 (compatible; IbouBot/1.0; +bot@ibou.io; +https://ibou.io/iboubot.html)"
66.249.70.38 - - [26/Jul/2026:06:40:47 +0200] "GET /shop/plattdeutsch/phragmosiphon01559662360 HTTP/1.1" 200 219986 "-" "Mozilla/5.0 (Linux; Android 6.0.1; Nexus 5X Build/MMB29P) AppleWebKit/537.36 (KHTML, like Gecko) Chrome/150.0.7871.128 Mobile Safari/537.36 (compatible; Googlebot/2.1; +http://www.google.com/bot.html)"
2001:1690:2:4::1:118 - - [26/Jul/2026:06:48:27 +0200] "POST /wp-cron.php?doing_wp_cron=1785041307.5972969532012939453125 HTTP/1.1" 200 5522 "-" "WordPress/6.7.5; https://cso-apeldoorn.nl"
2a00:23c8:71ba:7001:81c5:c32b:1dd7:d813 - - [26/Jul/2026:06:48:27 +0200] "POST /xmlrpc.php HTTP/1.1" 200 6057 "-" "WordPress.com; https://wordpress.com"
2a00:23c8:71ba:7001:81c5:c32b:1dd7:d813 - - [26/Jul/2026:06:48:37 +0200] "POST /xmlrpc.php HTTP/1.1" 200 6057 "-" "Jetpack by WordPress.com (Jetpack 12.0; WordPress 6.3)"
2a00:23c8:71ba:7001:81c5:c32b:1dd7:d813 - - [26/Jul/2026:06:48:48 +0200] "POST /xmlrpc.php HTTP/1.1" 200 6090 "-" "Jetpack by WordPress.com (Jetpack 12.5; WordPress 6.3)"
2a00:23c8:71ba:7001:81c5:c32b:1dd7:d813 - - [26/Jul/2026:06:48:59 +0200] "POST /xmlrpc.php HTTP/1.1" 200 6090 "-" "Jetpack/12.0; WordPress/6.4; http://site22951889.com"
2a00:23c8:71ba:7001:81c5:c32b:1dd7:d813 - - [26/Jul/2026:06:49:09 +0200] "POST /xmlrpc.php HTTP/1.1" 200 6090 "-" "WordPress.com; https://wordpress.com"
2a00:23c8:71ba:7001:81c5:c32b:1dd7:d813 - - [26/Jul/2026:06:49:20 +0200] "POST /xmlrpc.php HTTP/1.1" 200 6090 "-" "Jetpack by WordPress.com"
2a00:23c8:71ba:7001:81c5:c32b:1dd7:d813 - - [26/Jul/2026:06:49:31 +0200] "POST /xmlrpc.php HTTP/1.1" 200 6090 "-" "Jetpack by WordPress.com"
2a00:23c8:71ba:7001:81c5:c32b:1dd7:d813 - - [26/Jul/2026:06:49:41 +0200] "POST /xmlrpc.php HTTP/1.1" 200 6090 "-" "WordPress.com; https://wordpress.com"
2001:1690:2:4::1:118 - - [26/Jul/2026:06:49:52 +0200] "POST /wp-cron.php?doing_wp_cron=1785041392.7225430011749267578125 HTTP/1.1" 200 5522 "-" "WordPress/6.7.5; https://cso-apeldoorn.nl"
2a00:23c8:71ba:7001:81c5:c32b:1dd7:d813 - - [26/Jul/2026:06:49:52 +0200] "POST /xmlrpc.php HTTP/1.1" 200 6090 "-" "Jetpack by WordPress.com (Jetpack 13.0; WordPress 6.4)"
2a00:23c8:71ba:7001:81c5:c32b:1dd7:d813 - - [26/Jul/2026:06:50:03 +0200] "POST /xmlrpc.php HTTP/1.1" 200 6090 "-" "Jetpack by WordPress.com (Jetpack 12.0; WordPress 6.1)"
2a00:23c8:71ba:7001:81c5:c32b:1dd7:d813 - - [26/Jul/2026:06:50:13 +0200] "POST /xmlrpc.php HTTP/1.1" 200 6090 "-" "Jetpack by WordPress.com"
2a00:23c8:71ba:7001:81c5:c32b:1dd7:d813 - - [26/Jul/2026:06:50:24 +0200] "POST /xmlrpc.php HTTP/1.1" 200 6090 "-" "Jetpack/12.1; WordPress/6.1; http://site22741102.com"
2a00:23c8:71ba:7001:81c5:c32b:1dd7:d813 - - [26/Jul/2026:06:50:35 +0200] "POST /xmlrpc.php HTTP/1.1" 200 6090 "-" "WordPress.com; https://wordpress.com"
2a00:23c8:71ba:7001:81c5:c32b:1dd7:d813 - - [26/Jul/2026:06:50:45 +0200] "POST /xmlrpc.php HTTP/1.1" 200 6090 "-" "Jetpack by WordPress.com (Jetpack 13.0; WordPress 6.2)"
2a00:23c8:71ba:7001:81c5:c32b:1dd7:d813 - - [26/Jul/2026:06:50:56 +0200] "POST /xmlrpc.php HTTP/1.1" 200 6090 "-" "WordPress.com; https://wordpress.com"
2a00:23c8:71ba:7001:81c5:c32b:1dd7:d813 - - [26/Jul/2026:06:51:07 +0200] "POST /xmlrpc.php HTTP/1.1" 200 6090 "-" "Jetpack by WordPress.com"
2a00:23c8:71ba:7001:81c5:c32b:1dd7:d813 - - [26/Jul/2026:06:51:17 +0200] "POST /xmlrpc.php HTTP/1.1" 200 6090 "-" "Jetpack by WordPress.com (Jetpack 12.1; WordPress 6.2)"
2a00:23c8:71ba:7001:81c5:c32b:1dd7:d813 - - [26/Jul/2026:06:51:28 +0200] "POST /xmlrpc.php HTTP/1.1" 200 6090 "-" "Jetpack by WordPress.com (Jetpack 13.0; WordPress 6.3)"
2a00:23c8:71ba:7001:81c5:c32b:1dd7:d813 - - [26/Jul/2026:06:51:39 +0200] "POST /xmlrpc.php HTTP/1.1" 200 6090 "-" "Jetpack/12.0; WordPress/6.4; http://site37690647.com"
2a00:23c8:71ba:7001:81c5:c32b:1dd7:d813 - - [26/Jul/2026:06:51:49 +0200] "POST /xmlrpc.php HTTP/1.1" 200 6090 "-" "WordPress.com; https://wordpress.com"
2a00:23c8:71ba:7001:81c5:c32b:1dd7:d813 - - [26/Jul/2026:06:52:00 +0200] "POST /xmlrpc.php HTTP/1.1" 200 6090 "-" "Jetpack by WordPress.com"
2a00:23c8:71ba:7001:81c5:c32b:1dd7:d813 - - [26/Jul/2026:06:52:11 +0200] "POST /xmlrpc.php HTTP/1.1" 200 6090 "-" "Jetpack by WordPress.com (Jetpack 13.0; WordPress 6.4)"
2a00:23c8:71ba:7001:81c5:c32b:1dd7:d813 - - [26/Jul/2026:06:52:22 +0200] "POST /xmlrpc.php HTTP/1.1" 200 6090 "-" "Jetpack/12.1; WordPress/6.2; http://site82579766.com"
2a00:23c8:71ba:7001:81c5:c32b:1dd7:d813 - - [26/Jul/2026:06:52:32 +0200] "POST /xmlrpc.php HTTP/1.1" 200 6090 "-" "Jetpack by WordPress.com"
2a00:23c8:71ba:7001:81c5:c32b:1dd7:d813 - - [26/Jul/2026:06:52:43 +0200] "POST /xmlrpc.php HTTP/1.1" 200 6090 "-" "Jetpack by WordPress.com"
2a00:23c8:71ba:7001:81c5:c32b:1dd7:d813 - - [26/Jul/2026:06:52:54 +0200] "POST /xmlrpc.php HTTP/1.1" 200 6090 "-" "Jetpack by WordPress.com (Jetpack 12.1; WordPress 6.4)"
2a00:23c8:71ba:7001:81c5:c32b:1dd7:d813 - - [26/Jul/2026:06:53:04 +0200] "POST /xmlrpc.php HTTP/1.1" 200 6090 "-" "Jetpack by WordPress.com"
2a00:23c8:71ba:7001:81c5:c32b:1dd7:d813 - - [26/Jul/2026:06:53:15 +0200] "POST /xmlrpc.php HTTP/1.1" 200 6090 "-" "Jetpack by WordPress.com"
2a00:23c8:71ba:7001:81c5:c32b:1dd7:d813 - - [26/Jul/2026:06:53:26 +0200] "POST /xmlrpc.php HTTP/1.1" 200 6090 "-" "WordPress.com; https://wordpress.com"
2a00:23c8:71ba:7001:81c5:c32b:1dd7:d813 - - [26/Jul/2026:06:53:36 +0200] "POST /xmlrpc.php HTTP/1.1" 200 6090 "-" "Jetpack by WordPress.com"
2a00:23c8:71ba:7001:81c5:c32b:1dd7:d813 - - [26/Jul/2026:06:53:47 +0200] "POST /xmlrpc.php HTTP/1.1" 200 6090 "-" "Jetpack/13.0; WordPress/6.2; http://site68375833.com"
2a00:23c8:71ba:7001:81c5:c32b:1dd7:d813 - - [26/Jul/2026:06:53:58 +0200] "POST /xmlrpc.php HTTP/1.1" 200 6090 "-" "Jetpack/13.0; WordPress/6.2; http://site25195548.com"
2a00:23c8:71ba:7001:81c5:c32b:1dd7:d813 - - [26/Jul/2026:06:54:08 +0200] "POST /xmlrpc.php HTTP/1.1" 200 6090 "-" "Jetpack by WordPress.com (Jetpack 13.0; WordPress 6.2)"
2a00:23c8:71ba:7001:81c5:c32b:1dd7:d813 - - [26/Jul/2026:06:54:19 +0200] "POST /xmlrpc.php HTTP/1.1" 200 6090 "-" "Jetpack/12.0; WordPress/6.2; http://site44393063.com"
2a00:23c8:71ba:7001:81c5:c32b:1dd7:d813 - - [26/Jul/2026:06:54:30 +0200] "POST /xmlrpc.php HTTP/1.1" 200 6090 "-" "Jetpack/12.0; WordPress/6.2; http://site78383267.com"
2a00:23c8:71ba:7001:81c5:c32b:1dd7:d813 - - [26/Jul/2026:06:54:40 +0200] "POST /xmlrpc.php HTTP/1.1" 200 6090 "-" "Jetpack by WordPress.com (Jetpack 12.5; WordPress 6.1)"
2a00:23c8:71ba:7001:81c5:c32b:1dd7:d813 - - [26/Jul/2026:06:54:51 +0200] "POST /xmlrpc.php HTTP/1.1" 200 6090 "-" "Jetpack by WordPress.com (Jetpack 13.0; WordPress 6.4)"
2a00:23c8:71ba:7001:81c5:c32b:1dd7:d813 - - [26/Jul/2026:06:55:02 +0200] "POST /xmlrpc.php HTTP/1.1" 200 6090 "-" "Jetpack by WordPress.com (Jetpack 13.0; WordPress 6.2)"
2a00:23c8:71ba:7001:81c5:c32b:1dd7:d813 - - [26/Jul/2026:06:55:12 +0200] "POST /xmlrpc.php HTTP/1.1" 200 6090 "-" "Jetpack/12.0; WordPress/6.4; http://site80771461.com"
2a00:23c8:71ba:7001:81c5:c32b:1dd7:d813 - - [26/Jul/2026:06:55:23 +0200] "POST /xmlrpc.php HTTP/1.1" 200 6090 "-" "Jetpack by WordPress.com"
2a00:23c8:71ba:7001:81c5:c32b:1dd7:d813 - - [26/Jul/2026:06:55:34 +0200] "POST /xmlrpc.php HTTP/1.1" 200 6090 "-" "WordPress.com; https://wordpress.com"
2a00:23c8:71ba:7001:81c5:c32b:1dd7:d813 - - [26/Jul/2026:06:55:44 +0200] "POST /xmlrpc.php HTTP/1.1" 200 6090 "-" "Jetpack by WordPress.com"
2a00:23c8:71ba:7001:81c5:c32b:1dd7:d813 - - [26/Jul/2026:06:55:55 +0200] "POST /xmlrpc.php HTTP/1.1" 200 6090 "-" "Jetpack by WordPress.com (Jetpack 12.5; WordPress 6.3)"
2a00:23c8:71ba:7001:81c5:c32b:1dd7:d813 - - [26/Jul/2026:06:56:06 +0200] "POST /xmlrpc.php HTTP/1.1" 200 6090 "-" "Jetpack by WordPress.com (Jetpack 13.0; WordPress 6.2)"
2a00:23c8:71ba:7001:81c5:c32b:1dd7:d813 - - [26/Jul/2026:06:56:16 +0200] "POST /xmlrpc.php HTTP/1.1" 200 6090 "-" "Jetpack by WordPress.com"
2a00:23c8:71ba:7001:81c5:c32b:1dd7:d813 - - [26/Jul/2026:06:56:27 +0200] "POST /xmlrpc.php HTTP/1.1" 200 6090 "-" "Jetpack by WordPress.com (Jetpack 12.5; WordPress 6.4)"
2a00:23c8:71ba:7001:81c5:c32b:1dd7:d813 - - [26/Jul/2026:06:56:38 +0200] "POST /xmlrpc.php HTTP/1.1" 200 6090 "-" "Jetpack/12.1; WordPress/6.4; http://site44362839.com"
2a00:23c8:71ba:7001:81c5:c32b:1dd7:d813 - - [26/Jul/2026:06:56:48 +0200] "POST /xmlrpc.php HTTP/1.1" 200 6090 "-" "Jetpack by WordPress.com (Jetpack 12.0; WordPress 6.1)"
2a00:23c8:71ba:7001:81c5:c32b:1dd7:d813 - - [26/Jul/2026:06:56:59 +0200] "POST /xmlrpc.php HTTP/1.1" 200 6090 "-" "Jetpack/12.0; WordPress/6.2; http://site73639920.com"
2a00:23c8:71ba:7001:81c5:c32b:1dd7:d813 - - [26/Jul/2026:06:57:10 +0200] "POST /xmlrpc.php HTTP/1.1" 200 6090 "-" "Jetpack by WordPress.com"
2a00:23c8:71ba:7001:81c5:c32b:1dd7:d813 - - [26/Jul/2026:06:57:20 +0200] "POST /xmlrpc.php HTTP/1.1" 200 6090 "-" "Jetpack by WordPress.com"
2a00:23c8:71ba:7001:81c5:c32b:1dd7:d813 - - [26/Jul/2026:06:57:31 +0200] "POST /xmlrpc.php HTTP/1.1" 200 6090 "-" "Jetpack by WordPress.com"
2a00:23c8:71ba:7001:81c5:c32b:1dd7:d813 - - [26/Jul/2026:06:57:42 +0200] "POST /xmlrpc.php HTTP/1.1" 200 6090 "-" "Jetpack/12.5; WordPress/6.1; http://site56765016.com"
2a00:23c8:71ba:7001:81c5:c32b:1dd7:d813 - - [26/Jul/2026:06:57:52 +0200] "POST /xmlrpc.php HTTP/1.1" 200 6090 "-" "Jetpack by WordPress.com (Jetpack 12.0; WordPress 6.4)"
2a00:23c8:71ba:7001:81c5:c32b:1dd7:d813 - - [26/Jul/2026:06:58:03 +0200] "POST /xmlrpc.php HTTP/1.1" 200 6090 "-" "WordPress.com; https://wordpress.com"
2a00:23c8:71ba:7001:81c5:c32b:1dd7:d813 - - [26/Jul/2026:06:58:14 +0200] "POST /xmlrpc.php HTTP/1.1" 200 6090 "-" "WordPress.com; https://wordpress.com"
2a00:23c8:71ba:7001:81c5:c32b:1dd7:d813 - - [26/Jul/2026:06:58:24 +0200] "POST /xmlrpc.php HTTP/1.1" 200 6090 "-" "Jetpack/12.5; WordPress/6.3; http://site82225925.com"
2001:1690:2:4::1:118 - - [26/Jul/2026:06:58:35 +0200] "POST /wp-cron.php?doing_wp_cron=1785041915.6255080699920654296875 HTTP/1.1" 200 5522 "-" "WordPress/6.7.5; https://cso-apeldoorn.nl"
2a00:23c8:71ba:7001:81c5:c32b:1dd7:d813 - - [26/Jul/2026:06:58:35 +0200] "POST /xmlrpc.php HTTP/1.1" 200 6090 "-" "Jetpack by WordPress.com"
2a05:d018:1a8b:4009:8b21:7176:af2e:f468 - - [26/Jul/2026:06:58:35 +0200] "GET / HTTP/1.1" 200 59401 "-" "Deno/2.1.4 (variant; SupabaseEdgeRuntime/1.74.2)"
2a00:23c8:71ba:7001:81c5:c32b:1dd7:d813 - - [26/Jul/2026:06:58:46 +0200] "POST /xmlrpc.php HTTP/1.1" 200 6090 "-" "Jetpack/12.1; WordPress/6.3; http://site65694613.com"
2a00:23c8:71ba:7001:81c5:c32b:1dd7:d813 - - [26/Jul/2026:06:58:56 +0200] "POST /xmlrpc.php HTTP/1.1" 200 6090 "-" "Jetpack by WordPress.com"
2a00:23c8:71ba:7001:81c5:c32b:1dd7:d813 - - [26/Jul/2026:06:59:07 +0200] "POST /xmlrpc.php HTTP/1.1" 200 6090 "-" "Jetpack by WordPress.com (Jetpack 12.1; WordPress 6.3)"
2a00:23c8:71ba:7001:81c5:c32b:1dd7:d813 - - [26/Jul/2026:06:59:18 +0200] "POST /xmlrpc.php HTTP/1.1" 200 6090 "-" "Jetpack by WordPress.com"
2a00:23c8:71ba:7001:81c5:c32b:1dd7:d813 - - [26/Jul/2026:06:59:28 +0200] "POST /xmlrpc.php HTTP/1.1" 200 6090 "-" "WordPress.com; https://wordpress.com"
2a00:23c8:71ba:7001:81c5:c32b:1dd7:d813 - - [26/Jul/2026:06:59:39 +0200] "POST /xmlrpc.php HTTP/1.1" 200 6090 "-" "Jetpack by WordPress.com"
2a00:23c8:71ba:7001:81c5:c32b:1dd7:d813 - - [26/Jul/2026:06:59:49 +0200] "POST /xmlrpc.php HTTP/1.1" 200 6090 "-" "Jetpack by WordPress.com (Jetpack 13.0; WordPress 6.4)"
2a00:23c8:71ba:7001:81c5:c32b:1dd7:d813 - - [26/Jul/2026:07:00:00 +0200] "POST /xmlrpc.php HTTP/1.1" 200 6090 "-" "Jetpack by WordPress.com"
2a00:23c8:71ba:7001:81c5:c32b:1dd7:d813 - - [26/Jul/2026:07:00:11 +0200] "POST /xmlrpc.php HTTP/1.1" 200 6090 "-" "Jetpack/12.1; WordPress/6.3; http://site45794498.com"
2a00:23c8:71ba:7001:81c5:c32b:1dd7:d813 - - [26/Jul/2026:07:00:21 +0200] "POST /xmlrpc.php HTTP/1.1" 200 6090 "-" "Jetpack/12.5; WordPress/6.1; http://site42615684.com"
2a00:23c8:71ba:7001:81c5:c32b:1dd7:d813 - - [26/Jul/2026:07:00:32 +0200] "POST /xmlrpc.php HTTP/1.1" 200 6090 "-" "Jetpack/12.1; WordPress/6.2; http://site30172315.com"
2a00:23c8:71ba:7001:81c5:c32b:1dd7:d813 - - [26/Jul/2026:07:00:43 +0200] "POST /xmlrpc.php HTTP/1.1" 200 6090 "-" "Jetpack by WordPress.com"
2a00:23c8:71ba:7001:81c5:c32b:1dd7:d813 - - [26/Jul/2026:07:00:54 +0200] "POST /xmlrpc.php HTTP/1.1" 200 6090 "-" "WordPress.com; https://wordpress.com"
2a00:23c8:71ba:7001:81c5:c32b:1dd7:d813 - - [26/Jul/2026:07:01:04 +0200] "POST /xmlrpc.php HTTP/1.1" 200 6090 "-" "Jetpack by WordPress.com"
2a00:23c8:71ba:7001:81c5:c32b:1dd7:d813 - - [26/Jul/2026:07:01:15 +0200] "POST /xmlrpc.php HTTP/1.1" 200 6090 "-" "WordPress.com; https://wordpress.com"
2a00:23c8:71ba:7001:81c5:c32b:1dd7:d813 - - [26/Jul/2026:07:01:25 +0200] "POST /xmlrpc.php HTTP/1.1" 200 6090 "-" "Jetpack/13.0; WordPress/6.1; http://site32417794.com"
2a00:23c8:71ba:7001:81c5:c32b:1dd7:d813 - - [26/Jul/2026:07:01:36 +0200] "POST /xmlrpc.php HTTP/1.1" 200 6090 "-" "Jetpack by WordPress.com (Jetpack 12.5; WordPress 6.2)"
2001:1690:2:4::1:118 - - [26/Jul/2026:07:01:47 +0200] "POST /wp-cron.php?doing_wp_cron=1785042107.4999630451202392578125 HTTP/1.1" 200 5522 "-" "WordPress/6.7.5; https://cso-apeldoorn.nl"
2a00:23c8:71ba:7001:81c5:c32b:1dd7:d813 - - [26/Jul/2026:07:01:46 +0200] "POST /xmlrpc.php HTTP/1.1" 200 6090 "-" "Jetpack by WordPress.com (Jetpack 12.5; WordPress 6.3)"
2a00:23c8:71ba:7001:81c5:c32b:1dd7:d813 - - [26/Jul/2026:07:01:57 +0200] "POST /xmlrpc.php HTTP/1.1" 200 6090 "-" "Jetpack by WordPress.com"
2a00:23c8:71ba:7001:81c5:c32b:1dd7:d813 - - [26/Jul/2026:07:02:08 +0200] "POST /xmlrpc.php HTTP/1.1" 200 6090 "-" "Jetpack by WordPress.com"
2a00:23c8:71ba:7001:81c5:c32b:1dd7:d813 - - [26/Jul/2026:07:02:18 +0200] "POST /xmlrpc.php HTTP/1.1" 200 6090 "-" "Jetpack/13.0; WordPress/6.2; http://site71963153.com"
2a00:23c8:71ba:7001:81c5:c32b:1dd7:d813 - - [26/Jul/2026:07:02:29 +0200] "POST /xmlrpc.php HTTP/1.1" 200 6090 "-" "Jetpack by WordPress.com (Jetpack 12.0; WordPress 6.2)"
2a00:23c8:71ba:7001:81c5:c32b:1dd7:d813 - - [26/Jul/2026:07:02:39 +0200] "POST /xmlrpc.php HTTP/1.1" 200 6090 "-" "WordPress.com; https://wordpress.com"
2a00:23c8:71ba:7001:81c5:c32b:1dd7:d813 - - [26/Jul/2026:07:02:50 +0200] "POST /xmlrpc.php HTTP/1.1" 200 6090 "-" "WordPress.com; https://wordpress.com"
2a00:23c8:71ba:7001:81c5:c32b:1dd7:d813 - - [26/Jul/2026:07:03:01 +0200] "POST /xmlrpc.php HTTP/1.1" 200 6090 "-" "WordPress.com; https://wordpress.com"
2a00:23c8:71ba:7001:81c5:c32b:1dd7:d813 - - [26/Jul/2026:07:03:11 +0200] "POST /xmlrpc.php HTTP/1.1" 200 6090 "-" "Jetpack by WordPress.com"
2a00:23c8:71ba:7001:81c5:c32b:1dd7:d813 - - [26/Jul/2026:07:03:22 +0200] "POST /xmlrpc.php HTTP/1.1" 200 6090 "-" "Jetpack by WordPress.com"
2a00:23c8:71ba:7001:81c5:c32b:1dd7:d813 - - [26/Jul/2026:07:03:33 +0200] "POST /xmlrpc.php HTTP/1.1" 200 6090 "-" "WordPress.com; https://wordpress.com"
2a00:23c8:71ba:7001:81c5:c32b:1dd7:d813 - - [26/Jul/2026:07:03:43 +0200] "POST /xmlrpc.php HTTP/1.1" 200 6090 "-" "Jetpack by WordPress.com"
2a00:23c8:71ba:7001:81c5:c32b:1dd7:d813 - - [26/Jul/2026:07:03:54 +0200] "POST /xmlrpc.php HTTP/1.1" 200 6090 "-" "Jetpack by WordPress.com"
2a00:23c8:71ba:7001:81c5:c32b:1dd7:d813 - - [26/Jul/2026:07:04:04 +0200] "POST /xmlrpc.php HTTP/1.1" 200 6090 "-" "Jetpack/12.1; WordPress/6.4; http://site14131590.com"
2a00:23c8:71ba:7001:81c5:c32b:1dd7:d813 - - [26/Jul/2026:07:04:15 +0200] "POST /xmlrpc.php HTTP/1.1" 200 6090 "-" "Jetpack by WordPress.com"
2001:1690:2:4::1:118 - - [26/Jul/2026:07:04:26 +0200] "POST /wp-cron.php?doing_wp_cron=1785042266.6965560913085937500000 HTTP/1.1" 200 5522 "-" "WordPress/6.7.5; https://cso-apeldoorn.nl"
2a00:23c8:71ba:7001:81c5:c32b:1dd7:d813 - - [26/Jul/2026:07:04:26 +0200] "POST /xmlrpc.php HTTP/1.1" 200 6090 "-" "Jetpack by WordPress.com (Jetpack 13.0; WordPress 6.4)"
2a00:23c8:71ba:7001:81c5:c32b:1dd7:d813 - - [26/Jul/2026:07:04:36 +0200] "POST /xmlrpc.php HTTP/1.1" 200 6090 "-" "Jetpack/13.0; WordPress/6.2; http://site97506083.com"
2a00:23c8:71ba:7001:81c5:c32b:1dd7:d813 - - [26/Jul/2026:07:04:47 +0200] "POST /xmlrpc.php HTTP/1.1" 200 6090 "-" "Jetpack/12.0; WordPress/6.4; http://site42856422.com"
2a00:23c8:71ba:7001:81c5:c32b:1dd7:d813 - - [26/Jul/2026:07:04:57 +0200] "POST /xmlrpc.php HTTP/1.1" 200 6090 "-" "WordPress.com; https://wordpress.com"
2a00:23c8:71ba:7001:81c5:c32b:1dd7:d813 - - [26/Jul/2026:07:05:08 +0200] "POST /xmlrpc.php HTTP/1.1" 200 6090 "-" "WordPress.com; https://wordpress.com"
2a00:23c8:71ba:7001:81c5:c32b:1dd7:d813 - - [26/Jul/2026:07:05:18 +0200] "POST /xmlrpc.php HTTP/1.1" 200 6090 "-" "Jetpack by WordPress.com"
2a00:23c8:71ba:7001:81c5:c32b:1dd7:d813 - - [26/Jul/2026:07:05:29 +0200] "POST /xmlrpc.php HTTP/1.1" 200 6090 "-" "Jetpack by WordPress.com (Jetpack 13.0; WordPress 6.3)"
2a00:23c8:71ba:7001:81c5:c32b:1dd7:d813 - - [26/Jul/2026:07:05:40 +0200] "POST /xmlrpc.php HTTP/1.1" 200 6090 "-" "Jetpack by WordPress.com (Jetpack 12.1; WordPress 6.3)"
2a00:23c8:71ba:7001:81c5:c32b:1dd7:d813 - - [26/Jul/2026:07:05:50 +0200] "POST /xmlrpc.php HTTP/1.1" 200 6090 "-" "WordPress.com; https://wordpress.com"
2a00:23c8:71ba:7001:81c5:c32b:1dd7:d813 - - [26/Jul/2026:07:06:01 +0200] "POST /xmlrpc.php HTTP/1.1" 200 6090 "-" "WordPress.com; https://wordpress.com"
2a00:23c8:71ba:7001:81c5:c32b:1dd7:d813 - - [26/Jul/2026:07:06:11 +0200] "POST /xmlrpc.php HTTP/1.1" 200 6090 "-" "WordPress.com; https://wordpress.com"
2a00:23c8:71ba:7001:81c5:c32b:1dd7:d813 - - [26/Jul/2026:07:06:22 +0200] "POST /xmlrpc.php HTTP/1.1" 200 6090 "-" "Jetpack by WordPress.com"
2a00:23c8:71ba:7001:81c5:c32b:1dd7:d813 - - [26/Jul/2026:07:06:33 +0200] "POST /xmlrpc.php HTTP/1.1" 200 6090 "-" "Jetpack/12.5; WordPress/6.1; http://site26398813.com"
2a00:23c8:71ba:7001:81c5:c32b:1dd7:d813 - - [26/Jul/2026:07:06:43 +0200] "POST /xmlrpc.php HTTP/1.1" 200 6090 "-" "WordPress.com; https://wordpress.com"
2a00:23c8:71ba:7001:81c5:c32b:1dd7:d813 - - [26/Jul/2026:07:06:54 +0200] "POST /xmlrpc.php HTTP/1.1" 200 6090 "-" "Jetpack by WordPress.com"
2a00:23c8:71ba:7001:81c5:c32b:1dd7:d813 - - [26/Jul/2026:07:07:04 +0200] "POST /xmlrpc.php HTTP/1.1" 200 6090 "-" "Jetpack/12.1; WordPress/6.3; http://site42976214.com"
2a00:23c8:71ba:7001:81c5:c32b:1dd7:d813 - - [26/Jul/2026:07:07:15 +0200] "POST /xmlrpc.php HTTP/1.1" 200 6090 "-" "WordPress.com; https://wordpress.com"
2a00:23c8:71ba:7001:81c5:c32b:1dd7:d813 - - [26/Jul/2026:07:07:25 +0200] "POST /xmlrpc.php HTTP/1.1" 200 6090 "-" "WordPress.com; https://wordpress.com"
2a00:23c8:71ba:7001:81c5:c32b:1dd7:d813 - - [26/Jul/2026:07:07:36 +0200] "POST /xmlrpc.php HTTP/1.1" 200 6090 "-" "Jetpack/13.0; WordPress/6.2; http://site79563417.com"
2a00:23c8:71ba:7001:81c5:c32b:1dd7:d813 - - [26/Jul/2026:07:07:47 +0200] "POST /xmlrpc.php HTTP/1.1" 200 6090 "-" "Jetpack/12.0; WordPress/6.1; http://site35054614.com"
2a00:23c8:71ba:7001:81c5:c32b:1dd7:d813 - - [26/Jul/2026:07:07:57 +0200] "POST /xmlrpc.php HTTP/1.1" 200 6090 "-" "WordPress.com; https://wordpress.com"
2a00:23c8:71ba:7001:81c5:c32b:1dd7:d813 - - [26/Jul/2026:07:08:08 +0200] "POST /xmlrpc.php HTTP/1.1" 200 6090 "-" "Jetpack by WordPress.com"
2a00:23c8:71ba:7001:81c5:c32b:1dd7:d813 - - [26/Jul/2026:07:08:18 +0200] "POST /xmlrpc.php HTTP/1.1" 200 6090 "-" "WordPress.com; https://wordpress.com"
2a00:23c8:71ba:7001:81c5:c32b:1dd7:d813 - - [26/Jul/2026:07:08:29 +0200] "POST /xmlrpc.php HTTP/1.1" 200 6090 "-" "Jetpack by WordPress.com (Jetpack 12.1; WordPress 6.1)"
2001:1690:2:4::1:118 - - [26/Jul/2026:07:08:40 +0200] "POST /wp-cron.php?doing_wp_cron=1785042520.8026540279388427734375 HTTP/1.1" 200 5522 "-" "WordPress/6.7.5; https://cso-apeldoorn.nl"
2a00:23c8:71ba:7001:81c5:c32b:1dd7:d813 - - [26/Jul/2026:07:08:40 +0200] "POST /xmlrpc.php HTTP/1.1" 200 6090 "-" "Jetpack by WordPress.com"
2a00:23c8:71ba:7001:81c5:c32b:1dd7:d813 - - [26/Jul/2026:07:08:51 +0200] "POST /xmlrpc.php HTTP/1.1" 200 6090 "-" "Jetpack/12.0; WordPress/6.4; http://site59647951.com"
2a00:23c8:71ba:7001:81c5:c32b:1dd7:d813 - - [26/Jul/2026:07:09:01 +0200] "POST /xmlrpc.php HTTP/1.1" 200 6090 "-" "Jetpack by WordPress.com (Jetpack 12.0; WordPress 6.3)"
2a00:23c8:71ba:7001:81c5:c32b:1dd7:d813 - - [26/Jul/2026:07:09:12 +0200] "POST /xmlrpc.php HTTP/1.1" 200 6090 "-" "Jetpack by WordPress.com"
2a00:23c8:71ba:7001:81c5:c32b:1dd7:d813 - - [26/Jul/2026:07:09:23 +0200] "POST /xmlrpc.php HTTP/1.1" 200 6090 "-" "WordPress.com; https://wordpress.com"
2a00:23c8:71ba:7001:81c5:c32b:1dd7:d813 - - [26/Jul/2026:07:09:33 +0200] "POST /xmlrpc.php HTTP/1.1" 200 6090 "-" "Jetpack by WordPress.com (Jetpack 12.1; WordPress 6.1)"
2a00:23c8:71ba:7001:81c5:c32b:1dd7:d813 - - [26/Jul/2026:07:09:44 +0200] "POST /xmlrpc.php HTTP/1.1" 200 6090 "-" "WordPress.com; https://wordpress.com"
2a00:23c8:71ba:7001:81c5:c32b:1dd7:d813 - - [26/Jul/2026:07:09:54 +0200] "POST /xmlrpc.php HTTP/1.1" 200 6090 "-" "Jetpack by WordPress.com"
2a00:23c8:71ba:7001:81c5:c32b:1dd7:d813 - - [26/Jul/2026:07:10:05 +0200] "POST /xmlrpc.php HTTP/1.1" 200 6090 "-" "Jetpack by WordPress.com (Jetpack 13.0; WordPress 6.2)"
2a00:23c8:71ba:7001:81c5:c32b:1dd7:d813 - - [26/Jul/2026:07:10:16 +0200] "POST /xmlrpc.php HTTP/1.1" 200 6090 "-" "Jetpack by WordPress.com (Jetpack 12.1; WordPress 6.2)"
2a00:23c8:71ba:7001:81c5:c32b:1dd7:d813 - - [26/Jul/2026:07:10:26 +0200] "POST /xmlrpc.php HTTP/1.1" 200 6090 "-" "Jetpack by WordPress.com"
2a00:23c8:71ba:7001:81c5:c32b:1dd7:d813 - - [26/Jul/2026:07:10:37 +0200] "POST /xmlrpc.php HTTP/1.1" 200 6090 "-" "Jetpack by WordPress.com"
2a00:23c8:71ba:7001:81c5:c32b:1dd7:d813 - - [26/Jul/2026:07:10:48 +0200] "POST /xmlrpc.php HTTP/1.1" 200 6090 "-" "Jetpack by WordPress.com"
2a00:23c8:71ba:7001:81c5:c32b:1dd7:d813 - - [26/Jul/2026:07:10:58 +0200] "POST /xmlrpc.php HTTP/1.1" 200 6090 "-" "Jetpack by WordPress.com (Jetpack 12.0; WordPress 6.2)"
2a00:23c8:71ba:7001:81c5:c32b:1dd7:d813 - - [26/Jul/2026:07:11:09 +0200] "POST /xmlrpc.php HTTP/1.1" 200 6090 "-" "Jetpack by WordPress.com (Jetpack 12.0; WordPress 6.1)"
2a00:23c8:71ba:7001:81c5:c32b:1dd7:d813 - - [26/Jul/2026:07:11:19 +0200] "POST /xmlrpc.php HTTP/1.1" 200 6090 "-" "Jetpack/13.0; WordPress/6.2; http://site89682912.com"
2a00:23c8:71ba:7001:81c5:c32b:1dd7:d813 - - [26/Jul/2026:07:11:30 +0200] "POST /xmlrpc.php HTTP/1.1" 200 6090 "-" "WordPress.com; https://wordpress.com"
2a00:23c8:71ba:7001:81c5:c32b:1dd7:d813 - - [26/Jul/2026:07:11:41 +0200] "POST /xmlrpc.php HTTP/1.1" 200 6090 "-" "Jetpack/13.0; WordPress/6.4; http://site77301217.com"
2a00:23c8:71ba:7001:81c5:c32b:1dd7:d813 - - [26/Jul/2026:07:11:51 +0200] "POST /xmlrpc.php HTTP/1.1" 200 6090 "-" "Jetpack by WordPress.com (Jetpack 12.0; WordPress 6.4)"
2a00:23c8:71ba:7001:81c5:c32b:1dd7:d813 - - [26/Jul/2026:07:12:02 +0200] "POST /xmlrpc.php HTTP/1.1" 200 6090 "-" "Jetpack by WordPress.com (Jetpack 12.0; WordPress 6.2)"
2a00:23c8:71ba:7001:81c5:c32b:1dd7:d813 - - [26/Jul/2026:07:12:12 +0200] "POST /xmlrpc.php HTTP/1.1" 200 6090 "-" "Jetpack/12.0; WordPress/6.2; http://site31941908.com"
2a00:23c8:71ba:7001:81c5:c32b:1dd7:d813 - - [26/Jul/2026:07:12:23 +0200] "POST /xmlrpc.php HTTP/1.1" 200 6090 "-" "Jetpack by WordPress.com"
2a00:23c8:71ba:7001:81c5:c32b:1dd7:d813 - - [26/Jul/2026:07:12:34 +0200] "POST /xmlrpc.php HTTP/1.1" 200 6090 "-" "WordPress.com; https://wordpress.com"
2a00:23c8:71ba:7001:81c5:c32b:1dd7:d813 - - [26/Jul/2026:07:12:44 +0200] "POST /xmlrpc.php HTTP/1.1" 200 6090 "-" "WordPress.com; https://wordpress.com"
2a00:23c8:71ba:7001:81c5:c32b:1dd7:d813 - - [26/Jul/2026:07:12:55 +0200] "POST /xmlrpc.php HTTP/1.1" 200 6090 "-" "WordPress.com; https://wordpress.com"
2a00:23c8:71ba:7001:81c5:c32b:1dd7:d813 - - [26/Jul/2026:07:13:05 +0200] "POST /xmlrpc.php HTTP/1.1" 200 6090 "-" "Jetpack by WordPress.com (Jetpack 12.0; WordPress 6.4)"
2a00:23c8:71ba:7001:81c5:c32b:1dd7:d813 - - [26/Jul/2026:07:13:16 +0200] "POST /xmlrpc.php HTTP/1.1" 200 6090 "-" "Jetpack by WordPress.com (Jetpack 12.1; WordPress 6.3)"
2a00:23c8:71ba:7001:81c5:c32b:1dd7:d813 - - [26/Jul/2026:07:13:27 +0200] "POST /xmlrpc.php HTTP/1.1" 200 6090 "-" "Jetpack by WordPress.com"
2a00:23c8:71ba:7001:81c5:c32b:1dd7:d813 - - [26/Jul/2026:07:13:37 +0200] "POST /xmlrpc.php HTTP/1.1" 200 6090 "-" "Jetpack/12.0; WordPress/6.3; http://site58836077.com"
2a00:23c8:71ba:7001:81c5:c32b:1dd7:d813 - - [26/Jul/2026:07:13:48 +0200] "POST /xmlrpc.php HTTP/1.1" 200 6090 "-" "Jetpack by WordPress.com (Jetpack 12.0; WordPress 6.4)"
2a00:23c8:71ba:7001:81c5:c32b:1dd7:d813 - - [26/Jul/2026:07:13:59 +0200] "POST /xmlrpc.php HTTP/1.1" 200 6090 "-" "WordPress.com; https://wordpress.com"
2a00:23c8:71ba:7001:81c5:c32b:1dd7:d813 - - [26/Jul/2026:07:14:09 +0200] "POST /xmlrpc.php HTTP/1.1" 200 6090 "-" "WordPress.com; https://wordpress.com"
2a00:23c8:71ba:7001:81c5:c32b:1dd7:d813 - - [26/Jul/2026:07:14:20 +0200] "POST /xmlrpc.php HTTP/1.1" 200 6090 "-" "Jetpack/12.1; WordPress/6.2; http://site84272996.com"
2a00:23c8:71ba:7001:81c5:c32b:1dd7:d813 - - [26/Jul/2026:07:14:30 +0200] "POST /xmlrpc.php HTTP/1.1" 200 6090 "-" "WordPress.com; https://wordpress.com"
2a00:23c8:71ba:7001:81c5:c32b:1dd7:d813 - - [26/Jul/2026:07:14:41 +0200] "POST /xmlrpc.php HTTP/1.1" 200 6090 "-" "Jetpack by WordPress.com (Jetpack 13.0; WordPress 6.4)"
2a00:23c8:71ba:7001:81c5:c32b:1dd7:d813 - - [26/Jul/2026:07:14:52 +0200] "POST /xmlrpc.php HTTP/1.1" 200 6090 "-" "Jetpack/12.0; WordPress/6.3; http://site30997013.com"
2a03:2880:16ff:59:: - - [26/Jul/2026:07:16:16 +0200] "GET /robots.txt HTTP/1.1" 206 5631 "-" "facebookexternalhit/1.1 (+http://www.facebook.com/externalhit_uatext.php)"
2a03:2880:16ff:c:: - - [26/Jul/2026:07:16:17 +0200] "GET /robots.txt HTTP/1.1" 206 5631 "-" "facebookexternalhit/1.1 (+http://www.facebook.com/externalhit_uatext.php)"
2001:1690:2:4::1:118 - - [26/Jul/2026:07:17:43 +0200] "POST /wp-cron.php?doing_wp_cron=1785043062.9888579845428466796875 HTTP/1.1" 200 5522 "-" "WordPress/6.7.5; https://cso-apeldoorn.nl"
68.183.5.181 - - [26/Jul/2026:07:17:42 +0200] "GET /wp-json/gravitysmtp/v1/tests/mock-data?page=gravitysmtp-settings HTTP/1.1" 404 5921 "-" "Mozilla/5.0"
178.16.55.206 - - [26/Jul/2026:07:21:04 +0200] "GET / HTTP/1.1" 200 59174 "-" "-"
2001:1690:2:4::1:118 - - [26/Jul/2026:07:21:06 +0200] "POST /wp-cron.php?doing_wp_cron=1785043266.4119870662689208984375 HTTP/1.1" 200 5522 "-" "WordPress/6.7.5; https://cso-apeldoorn.nl"
178.16.55.206 - - [26/Jul/2026:07:21:06 +0200] "POST /wp-login.php?action=register HTTP/1.1" 302 5722 "-" "-"
20.52.54.143 - - [26/Jul/2026:07:27:18 +0200] "GET /wp-content/themes/admin.php HTTP/1.1" 403 5616 "-" "Mozilla/5.0 (Windows NT 10.0; Win64; x64) AppleWebKit/537.36 (KHTML, like Gecko) Chrome/120.0.0.0 Safari/537.36"
