5.127.122.14 - - [26/Jul/2026:09:27:02 +0200] "POST /xmlrpc.php HTTP/1.1" 200 6090 "-" "WordPress.com; https://wordpress.com"
172.71.159.94 - - [26/Jul/2026:09:27:07 +0200] "GET / HTTP/1.1" 200 59174 "-" "Mozilla/5.0 (Macintosh; Intel Mac OS X 10_15_7) AppleWebKit/537.36 (KHTML, like Gecko) Chrome/147.0.0.0 Safari/537.36 CloudflareWebScanner/1.0"
5.127.122.14 - - [26/Jul/2026:09:27:13 +0200] "POST /xmlrpc.php HTTP/1.1" 200 6090 "-" "Jetpack by WordPress.com (Jetpack 12.0; WordPress 6.3)"
5.127.122.14 - - [26/Jul/2026:09:27:23 +0200] "POST /xmlrpc.php HTTP/1.1" 200 6090 "-" "WordPress.com; https://wordpress.com"
5.127.122.14 - - [26/Jul/2026:09:27:34 +0200] "POST /xmlrpc.php HTTP/1.1" 200 6090 "-" "Jetpack/12.0; WordPress/6.1; http://site66708443.com"
5.127.122.14 - - [26/Jul/2026:09:27:44 +0200] "POST /xmlrpc.php HTTP/1.1" 200 6090 "-" "Jetpack by WordPress.com (Jetpack 12.0; WordPress 6.2)"
5.127.122.14 - - [26/Jul/2026:09:27:55 +0200] "POST /xmlrpc.php HTTP/1.1" 200 6090 "-" "Jetpack by WordPress.com"
5.127.122.14 - - [26/Jul/2026:09:28:06 +0200] "POST /xmlrpc.php HTTP/1.1" 200 6090 "-" "WordPress.com; https://wordpress.com"
5.127.122.14 - - [26/Jul/2026:09:28:16 +0200] "POST /xmlrpc.php HTTP/1.1" 200 6090 "-" "Jetpack/12.5; WordPress/6.4; http://site75822007.com"
5.127.122.14 - - [26/Jul/2026:09:28:27 +0200] "POST /xmlrpc.php HTTP/1.1" 200 6090 "-" "Jetpack by WordPress.com (Jetpack 12.1; WordPress 6.2)"
66.249.70.32 - - [26/Jul/2026:09:28:30 +0200] "GET /shop/blameworthiness/fingerboard012044616904 HTTP/1.1" 404 38719 "-" "Mozilla/5.0 (Linux; Android 6.0.1; Nexus 5X Build/MMB29P) AppleWebKit/537.36 (KHTML, like Gecko) Chrome/150.0.7871.128 Mobile Safari/537.36 (compatible; GoogleOther)"
5.127.122.14 - - [26/Jul/2026:09:28:38 +0200] "POST /xmlrpc.php HTTP/1.1" 200 6090 "-" "Jetpack by WordPress.com (Jetpack 12.5; WordPress 6.4)"
5.127.122.14 - - [26/Jul/2026:09:28:49 +0200] "POST /xmlrpc.php HTTP/1.1" 200 6090 "-" "Jetpack/13.0; WordPress/6.3; http://site16145962.com"
5.127.122.14 - - [26/Jul/2026:09:29:00 +0200] "POST /xmlrpc.php HTTP/1.1" 200 6090 "-" "WordPress.com; https://wordpress.com"
5.127.122.14 - - [26/Jul/2026:09:29:10 +0200] "POST /xmlrpc.php HTTP/1.1" 200 6090 "-" "WordPress.com; https://wordpress.com"
5.127.122.14 - - [26/Jul/2026:09:29:21 +0200] "POST /xmlrpc.php HTTP/1.1" 200 6090 "-" "Jetpack/13.0; WordPress/6.3; http://site48132449.com"
5.127.122.14 - - [26/Jul/2026:09:29:32 +0200] "POST /xmlrpc.php HTTP/1.1" 200 6090 "-" "Jetpack by WordPress.com (Jetpack 12.5; WordPress 6.2)"
5.127.122.14 - - [26/Jul/2026:09:29:43 +0200] "POST /xmlrpc.php HTTP/1.1" 200 6090 "-" "Jetpack/12.0; WordPress/6.1; http://site93065930.com"
5.127.122.14 - - [26/Jul/2026:09:29:53 +0200] "POST /xmlrpc.php HTTP/1.1" 200 6090 "-" "Jetpack by WordPress.com (Jetpack 12.0; WordPress 6.2)"
5.127.122.14 - - [26/Jul/2026:09:30:04 +0200] "POST /xmlrpc.php HTTP/1.1" 200 6090 "-" "Jetpack by WordPress.com"
5.127.122.14 - - [26/Jul/2026:09:30:15 +0200] "POST /xmlrpc.php HTTP/1.1" 200 6090 "-" "Jetpack by WordPress.com"
5.127.122.14 - - [26/Jul/2026:09:30:26 +0200] "POST /xmlrpc.php HTTP/1.1" 200 6090 "-" "Jetpack/12.1; WordPress/6.4; http://site89176692.com"
5.127.122.14 - - [26/Jul/2026:09:30:36 +0200] "POST /xmlrpc.php HTTP/1.1" 200 6090 "-" "Jetpack/12.0; WordPress/6.2; http://site73511498.com"
5.127.122.14 - - [26/Jul/2026:09:30:47 +0200] "POST /xmlrpc.php HTTP/1.1" 200 6090 "-" "Jetpack/12.0; WordPress/6.1; http://site56587502.com"
176.224.205.244 - - [26/Jul/2026:09:30:58 +0200] "POST /xmlrpc.php HTTP/1.1" 200 6090 "-" "Jetpack by WordPress.com"
5.127.122.14 - - [26/Jul/2026:09:30:58 +0200] "POST /xmlrpc.php HTTP/1.1" 200 6090 "-" "Jetpack by WordPress.com"
5.127.122.14 - - [26/Jul/2026:09:31:09 +0200] "POST /xmlrpc.php HTTP/1.1" 200 6090 "-" "Jetpack/13.0; WordPress/6.1; http://site95830298.com"
5.127.122.14 - - [26/Jul/2026:09:31:20 +0200] "POST /xmlrpc.php HTTP/1.1" 200 6090 "-" "Jetpack by WordPress.com (Jetpack 12.0; WordPress 6.4)"
5.127.122.14 - - [26/Jul/2026:09:31:30 +0200] "POST /xmlrpc.php HTTP/1.1" 200 6090 "-" "WordPress.com; https://wordpress.com"
5.127.122.14 - - [26/Jul/2026:09:31:41 +0200] "POST /xmlrpc.php HTTP/1.1" 200 6090 "-" "Jetpack/12.1; WordPress/6.3; http://site10574865.com"
2001:1690:2:4::1:118 - - [26/Jul/2026:09:31:52 +0200] "POST /wp-cron.php?doing_wp_cron=1785051112.7298579216003417968750 HTTP/1.1" 200 5522 "-" "WordPress/6.7.5; https://cso-apeldoorn.nl"
5.127.122.14 - - [26/Jul/2026:09:31:52 +0200] "POST /xmlrpc.php HTTP/1.1" 200 6090 "-" "Jetpack by WordPress.com (Jetpack 12.5; WordPress 6.2)"
5.127.122.14 - - [26/Jul/2026:09:32:02 +0200] "POST /xmlrpc.php HTTP/1.1" 200 6090 "-" "Jetpack/12.0; WordPress/6.1; http://site61375252.com"
5.127.122.14 - - [26/Jul/2026:09:32:13 +0200] "POST /xmlrpc.php HTTP/1.1" 200 6090 "-" "Jetpack by WordPress.com"
5.127.122.14 - - [26/Jul/2026:09:32:24 +0200] "POST /xmlrpc.php HTTP/1.1" 200 6090 "-" "WordPress.com; https://wordpress.com"
5.127.122.14 - - [26/Jul/2026:09:32:35 +0200] "POST /xmlrpc.php HTTP/1.1" 200 6090 "-" "Jetpack by WordPress.com (Jetpack 12.1; WordPress 6.1)"
5.127.122.14 - - [26/Jul/2026:09:32:56 +0200] "POST /xmlrpc.php HTTP/1.1" 200 6090 "-" "Jetpack by WordPress.com"
5.127.122.14 - - [26/Jul/2026:09:33:07 +0200] "POST /xmlrpc.php HTTP/1.1" 200 6090 "-" "Jetpack/13.0; WordPress/6.2; http://site88239711.com"
5.127.122.14 - - [26/Jul/2026:09:33:18 +0200] "POST /xmlrpc.php HTTP/1.1" 200 6090 "-" "Jetpack by WordPress.com (Jetpack 12.1; WordPress 6.1)"
5.127.122.14 - - [26/Jul/2026:09:33:31 +0200] "POST /xmlrpc.php HTTP/1.1" 200 6090 "-" "Jetpack by WordPress.com"
5.127.122.14 - - [26/Jul/2026:09:33:44 +0200] "POST /xmlrpc.php HTTP/1.1" 200 6090 "-" "Jetpack by WordPress.com (Jetpack 12.0; WordPress 6.1)"
5.127.122.14 - - [26/Jul/2026:09:33:50 +0200] "POST /xmlrpc.php HTTP/1.1" 200 6090 "-" "Jetpack/12.1; WordPress/6.1; http://site80202776.com"
216.73.217.43 - - [26/Jul/2026:09:33:56 +0200] "GET /robots.txt HTTP/1.1" 200 5588 "-" "Mozilla/5.0 AppleWebKit/537.36 (KHTML, like Gecko; compatible; ClaudeBot/1.0; +claudebot@anthropic.com)"
216.73.217.43 - - [26/Jul/2026:09:33:56 +0200] "GET /sitemap.xml HTTP/1.1" 301 5524 "-" "Mozilla/5.0 AppleWebKit/537.36 (KHTML, like Gecko; compatible; ClaudeBot/1.0; +claudebot@anthropic.com)"
216.73.217.43 - - [26/Jul/2026:09:33:57 +0200] "GET /sitemap_index.xml HTTP/1.1" 200 6402 "https://cso-apeldoorn.nl/sitemap.xml" "Mozilla/5.0 AppleWebKit/537.36 (KHTML, like Gecko; compatible; ClaudeBot/1.0; +claudebot@anthropic.com)"
5.127.122.14 - - [26/Jul/2026:09:34:01 +0200] "POST /xmlrpc.php HTTP/1.1" 200 6090 "-" "Jetpack by WordPress.com (Jetpack 12.0; WordPress 6.4)"
5.127.122.14 - - [26/Jul/2026:09:34:11 +0200] "POST /xmlrpc.php HTTP/1.1" 200 6090 "-" "Jetpack/13.0; WordPress/6.2; http://site30496841.com"
5.127.122.14 - - [26/Jul/2026:09:34:22 +0200] "POST /xmlrpc.php HTTP/1.1" 200 6090 "-" "Jetpack by WordPress.com (Jetpack 13.0; WordPress 6.2)"
5.127.122.14 - - [26/Jul/2026:09:34:33 +0200] "POST /xmlrpc.php HTTP/1.1" 200 6090 "-" "WordPress.com; https://wordpress.com"
5.127.122.14 - - [26/Jul/2026:09:34:47 +0200] "POST /xmlrpc.php HTTP/1.1" 200 6090 "-" "Jetpack/12.5; WordPress/6.3; http://site11562294.com"
5.127.122.14 - - [26/Jul/2026:09:35:05 +0200] "POST /xmlrpc.php HTTP/1.1" 200 6090 "-" "Jetpack by WordPress.com (Jetpack 13.0; WordPress 6.3)"
5.127.122.14 - - [26/Jul/2026:09:35:16 +0200] "POST /xmlrpc.php HTTP/1.1" 200 6090 "-" "Jetpack by WordPress.com"
5.127.122.14 - - [26/Jul/2026:09:35:27 +0200] "POST /xmlrpc.php HTTP/1.1" 200 6090 "-" "WordPress.com; https://wordpress.com"
5.127.122.14 - - [26/Jul/2026:09:35:37 +0200] "POST /xmlrpc.php HTTP/1.1" 200 6090 "-" "Jetpack/13.0; WordPress/6.1; http://site10894464.com"
2001:1690:2:4::1:118 - - [26/Jul/2026:09:35:47 +0200] "POST /wp-cron.php?doing_wp_cron=1785051347.4969000816345214843750 HTTP/1.1" 200 5522 "-" "WordPress/6.7.5; https://cso-apeldoorn.nl"
52.230.237.18 - - [26/Jul/2026:09:35:42 +0200] "GET / HTTP/1.1" 200 59401 "-" "Mozilla/5.0 (compatible; MarketSizerDomainHealth/1.0; +https://marketsizer.io)"
5.127.122.14 - - [26/Jul/2026:09:35:49 +0200] "POST /xmlrpc.php HTTP/1.1" 200 6090 "-" "Jetpack by WordPress.com (Jetpack 12.1; WordPress 6.1)"
5.127.122.14 - - [26/Jul/2026:09:36:00 +0200] "POST /xmlrpc.php HTTP/1.1" 200 6090 "-" "Jetpack by WordPress.com"
5.127.122.14 - - [26/Jul/2026:09:36:11 +0200] "POST /xmlrpc.php HTTP/1.1" 200 6090 "-" "Jetpack by WordPress.com"
5.127.122.14 - - [26/Jul/2026:09:36:21 +0200] "POST /xmlrpc.php HTTP/1.1" 200 6090 "-" "Jetpack by WordPress.com (Jetpack 12.5; WordPress 6.2)"
5.127.122.14 - - [26/Jul/2026:09:36:34 +0200] "POST /xmlrpc.php HTTP/1.1" 200 6090 "-" "WordPress.com; https://wordpress.com"
5.127.122.14 - - [26/Jul/2026:09:36:42 +0200] "POST /xmlrpc.php HTTP/1.1" 200 6090 "-" "Jetpack by WordPress.com (Jetpack 12.1; WordPress 6.1)"
5.127.122.14 - - [26/Jul/2026:09:36:54 +0200] "POST /xmlrpc.php HTTP/1.1" 200 6090 "-" "Jetpack by WordPress.com (Jetpack 12.5; WordPress 6.1)"
5.127.122.14 - - [26/Jul/2026:09:37:04 +0200] "POST /xmlrpc.php HTTP/1.1" 200 6090 "-" "WordPress.com; https://wordpress.com"
5.127.122.14 - - [26/Jul/2026:09:37:15 +0200] "POST /xmlrpc.php HTTP/1.1" 200 6090 "-" "Jetpack by WordPress.com"
5.127.122.14 - - [26/Jul/2026:09:37:25 +0200] "POST /xmlrpc.php HTTP/1.1" 200 6090 "-" "Jetpack by WordPress.com (Jetpack 12.5; WordPress 6.4)"
176.224.205.244 - - [26/Jul/2026:09:37:25 +0200] "POST /xmlrpc.php HTTP/1.1" 200 6090 "-" "Jetpack by WordPress.com"
5.127.122.14 - - [26/Jul/2026:09:37:35 +0200] "POST /xmlrpc.php HTTP/1.1" 200 6090 "-" "WordPress.com; https://wordpress.com"
5.127.122.14 - - [26/Jul/2026:09:37:47 +0200] "POST /xmlrpc.php HTTP/1.1" 200 6090 "-" "WordPress.com; https://wordpress.com"
5.127.122.14 - - [26/Jul/2026:09:37:56 +0200] "POST /xmlrpc.php HTTP/1.1" 200 6090 "-" "Jetpack/12.5; WordPress/6.2; http://site32459437.com"
5.127.122.14 - - [26/Jul/2026:09:38:07 +0200] "POST /xmlrpc.php HTTP/1.1" 200 6090 "-" "WordPress.com; https://wordpress.com"
5.127.122.14 - - [26/Jul/2026:09:38:17 +0200] "POST /xmlrpc.php HTTP/1.1" 200 6090 "-" "WordPress.com; https://wordpress.com"
5.127.122.14 - - [26/Jul/2026:09:38:28 +0200] "POST /xmlrpc.php HTTP/1.1" 200 6090 "-" "Jetpack by WordPress.com (Jetpack 12.0; WordPress 6.3)"
5.127.122.14 - - [26/Jul/2026:09:38:39 +0200] "POST /xmlrpc.php HTTP/1.1" 200 6090 "-" "Jetpack by WordPress.com"
5.127.122.14 - - [26/Jul/2026:09:38:50 +0200] "POST /xmlrpc.php HTTP/1.1" 200 6090 "-" "Jetpack by WordPress.com (Jetpack 12.1; WordPress 6.4)"
5.127.122.14 - - [26/Jul/2026:09:39:00 +0200] "POST /xmlrpc.php HTTP/1.1" 200 6090 "-" "Jetpack by WordPress.com"
5.127.122.14 - - [26/Jul/2026:09:39:11 +0200] "POST /xmlrpc.php HTTP/1.1" 200 6090 "-" "Jetpack by WordPress.com (Jetpack 13.0; WordPress 6.3)"
5.127.122.14 - - [26/Jul/2026:09:39:24 +0200] "POST /xmlrpc.php HTTP/1.1" 200 6090 "-" "Jetpack by WordPress.com"
5.127.122.14 - - [26/Jul/2026:09:39:32 +0200] "POST /xmlrpc.php HTTP/1.1" 200 6090 "-" "Jetpack by WordPress.com (Jetpack 13.0; WordPress 6.4)"
5.127.122.14 - - [26/Jul/2026:09:39:42 +0200] "POST /xmlrpc.php HTTP/1.1" 200 6090 "-" "Jetpack by WordPress.com (Jetpack 13.0; WordPress 6.4)"
5.127.122.14 - - [26/Jul/2026:09:39:54 +0200] "POST /xmlrpc.php HTTP/1.1" 200 6090 "-" "Jetpack/12.0; WordPress/6.4; http://site69535535.com"
5.127.122.14 - - [26/Jul/2026:09:40:03 +0200] "POST /xmlrpc.php HTTP/1.1" 200 6090 "-" "Jetpack by WordPress.com (Jetpack 13.0; WordPress 6.4)"
5.127.122.14 - - [26/Jul/2026:09:40:14 +0200] "POST /xmlrpc.php HTTP/1.1" 200 6090 "-" "Jetpack by WordPress.com"
5.127.122.14 - - [26/Jul/2026:09:40:24 +0200] "POST /xmlrpc.php HTTP/1.1" 200 6090 "-" "WordPress.com; https://wordpress.com"
5.127.122.14 - - [26/Jul/2026:09:40:36 +0200] "POST /xmlrpc.php HTTP/1.1" 200 6090 "-" "Jetpack by WordPress.com (Jetpack 12.0; WordPress 6.3)"
5.127.122.14 - - [26/Jul/2026:09:40:45 +0200] "POST /xmlrpc.php HTTP/1.1" 200 6090 "-" "WordPress.com; https://wordpress.com"
5.127.122.14 - - [26/Jul/2026:09:40:56 +0200] "POST /xmlrpc.php HTTP/1.1" 200 6090 "-" "Jetpack by WordPress.com (Jetpack 12.5; WordPress 6.4)"
5.127.122.14 - - [26/Jul/2026:09:41:07 +0200] "POST /xmlrpc.php HTTP/1.1" 200 6090 "-" "Jetpack by WordPress.com (Jetpack 12.5; WordPress 6.3)"
5.127.122.14 - - [26/Jul/2026:09:41:20 +0200] "POST /xmlrpc.php HTTP/1.1" 200 6090 "-" "Jetpack/12.5; WordPress/6.4; http://site55499759.com"
34.229.250.18 - - [26/Jul/2026:09:41:40 +0200] "GET /category/nieuws/%3Csvg%20xmlns%3D%27http%3A%2F%2Fwww.w3.org%2F2000%2Fsvg%27%20width%3D%271579%27%20height%3D%271201%27%20viewBox%3D%270%200%201579%201201%27%3E%3Crect%20width%3D%271579%27%20height%3D%271201%27%20fill-opacity%3D%220%22%2F%3E%3C%2Fsvg%3E HTTP/1.1" 404 5613 "-" "Mozilla/5.0 (X11; Ubuntu; Linux x86_64; rv:72.0) Gecko/20100101 Firefox/72.0 (compatible; [nvidia]-[psirt@nvidia.com]-[nspect-i05s-fieu]-[nvidiabot]; +https://github.com/rom1504/img2dataset)"
176.224.205.244 - - [26/Jul/2026:09:42:32 +0200] "POST /xmlrpc.php HTTP/1.1" 200 6090 "-" "Jetpack by WordPress.com (Jetpack 12.0; WordPress 6.1)"
34.206.50.36 - - [26/Jul/2026:09:43:59 +0200] "GET /robots.txt HTTP/1.1" 200 5588 "-" "Mozilla/5.0 (Macintosh; Intel Mac OS X 10_10_1) AppleWebKit/600.2.5 (KHTML, like Gecko) Version/8.0.2 Safari/600.2.5 (Gort)"
34.229.250.18 - - [26/Jul/2026:09:46:16 +0200] "GET /contact/%3Csvg%20xmlns%3D%27http%3A%2F%2Fwww.w3.org%2F2000%2Fsvg%27%20width%3D%271765%27%20height%3D%271188%27%20viewBox%3D%270%200%201765%201188%27%3E%3Crect%20width%3D%271765%27%20height%3D%271188%27%20fill-opacity%3D%220%22%2F%3E%3C%2Fsvg%3E HTTP/1.1" 404 5613 "-" "Mozilla/5.0 (X11; Ubuntu; Linux x86_64; rv:72.0) Gecko/20100101 Firefox/72.0 (compatible; [nvidia]-[psirt@nvidia.com]-[nspect-i05s-fieu]-[nvidiabot]; +https://github.com/rom1504/img2dataset)"
2001:1690:2:4::1:118 - - [26/Jul/2026:09:47:39 +0200] "POST /wp-cron.php?doing_wp_cron=1785052059.6890559196472167968750 HTTP/1.1" 200 5522 "-" "WordPress/6.7.5; https://cso-apeldoorn.nl"
176.224.205.244 - - [26/Jul/2026:09:47:39 +0200] "POST /xmlrpc.php HTTP/1.1" 200 6090 "-" "Jetpack/13.0; WordPress/6.3; http://site10786153.com"
135.119.74.228 - - [26/Jul/2026:09:50:03 +0200] "GET /wp-includes/fonts/ HTTP/1.1" 403 5616 "-" "Mozilla/5.0 (Windows NT 10.0; Win64; x64) AppleWebKit/537.36 (KHTML, like Gecko) Chrome/120.0.0.0 Safari/537.36"
135.119.74.228 - - [26/Jul/2026:09:50:04 +0200] "GET /.well-known/db-status.php HTTP/1.1" 403 5616 "-" "Mozilla/5.0 (Windows NT 10.0; Win64; x64) AppleWebKit/537.36 (KHTML, like Gecko) Chrome/120.0.0.0 Safari/537.36"
135.119.74.228 - - [26/Jul/2026:09:50:04 +0200] "GET /wp-content/content.php HTTP/1.1" 403 5616 "-" "Mozilla/5.0 (Windows NT 10.0; Win64; x64) AppleWebKit/537.36 (KHTML, like Gecko) Chrome/120.0.0.0 Safari/537.36"
135.119.74.228 - - [26/Jul/2026:09:50:04 +0200] "GET /wp-content/plugin.php HTTP/1.1" 403 5616 "-" "Mozilla/5.0 (Windows NT 10.0; Win64; x64) AppleWebKit/537.36 (KHTML, like Gecko) Chrome/120.0.0.0 Safari/537.36"
135.119.74.228 - - [26/Jul/2026:09:50:04 +0200] "GET /wp-content/plugins/module.php HTTP/1.1" 403 5616 "-" "Mozilla/5.0 (Windows NT 10.0; Win64; x64) AppleWebKit/537.36 (KHTML, like Gecko) Chrome/120.0.0.0 Safari/537.36"
2001:1690:2:4::1:118 - - [26/Jul/2026:09:50:07 +0200] "POST /wp-cron.php?doing_wp_cron=1785052207.5059049129486083984375 HTTP/1.1" 200 5522 "-" "WordPress/6.7.5; https://cso-apeldoorn.nl"
135.119.74.228 - - [26/Jul/2026:09:50:04 +0200] "GET /wp-admin/link-add.php HTTP/1.1" 302 5678 "-" "Mozilla/5.0 (Windows NT 10.0; Win64; x64) AppleWebKit/537.36 (KHTML, like Gecko) Chrome/120.0.0.0 Safari/537.36"
135.119.74.228 - - [26/Jul/2026:09:50:07 +0200] "GET /wp-content/post.php HTTP/1.1" 404 38520 "-" "Mozilla/5.0 (Windows NT 10.0; Win64; x64) AppleWebKit/537.36 (KHTML, like Gecko) Chrome/120.0.0.0 Safari/537.36"
135.119.74.228 - - [26/Jul/2026:09:50:15 +0200] "GET /about.php525 HTTP/1.1" 404 38520 "-" "Mozilla/5.0 (Windows NT 10.0; Win64; x64) AppleWebKit/537.36 (KHTML, like Gecko) Chrome/120.0.0.0 Safari/537.36"
135.119.74.228 - - [26/Jul/2026:09:50:20 +0200] "GET /xx.php HTTP/1.1" 403 5616 "-" "Mozilla/5.0 (Windows NT 10.0; Win64; x64) AppleWebKit/537.36 (KHTML, like Gecko) Chrome/120.0.0.0 Safari/537.36"
135.119.74.228 - - [26/Jul/2026:09:50:20 +0200] "GET /wp-content/plugins/pwnd/as.php HTTP/1.1" 404 38728 "-" "Mozilla/5.0 (Windows NT 10.0; Win64; x64) AppleWebKit/537.36 (KHTML, like Gecko) Chrome/120.0.0.0 Safari/537.36"
43.156.37.91 - - [26/Jul/2026:09:50:37 +0200] "GET / HTTP/1.1" 200 59174 "http://cso-apeldoorn.nl" "Mozilla/5.0 (iPhone; CPU iPhone OS 13_2_3 like Mac OS X) AppleWebKit/605.1.15 (KHTML, like Gecko) Version/13.0.3 Mobile/15E148 Safari/604.1"
34.229.250.18 - - [26/Jul/2026:09:52:45 +0200] "GET /actueel/%3Csvg%20xmlns%3D%27http%3A%2F%2Fwww.w3.org%2F2000%2Fsvg%27%20width%3D%271246%27%20height%3D%27870%27%20viewBox%3D%270%200%201246%20870%27%3E%3Crect%20width%3D%271246%27%20height%3D%27870%27%20fill-opacity%3D%220%22%2F%3E%3C%2Fsvg%3E HTTP/1.1" 404 5613 "-" "Mozilla/5.0 (X11; Ubuntu; Linux x86_64; rv:72.0) Gecko/20100101 Firefox/72.0 (compatible; [nvidia]-[psirt@nvidia.com]-[nspect-i05s-fieu]-[nvidiabot]; +https://github.com/rom1504/img2dataset)"
34.229.250.18 - - [26/Jul/2026:09:52:48 +0200] "GET /category/nieuws/%3Csvg%20xmlns%3D%27http%3A%2F%2Fwww.w3.org%2F2000%2Fsvg%27%20width%3D%271246%27%20height%3D%27870%27%20viewBox%3D%270%200%201246%20870%27%3E%3Crect%20width%3D%271246%27%20height%3D%27870%27%20fill-opacity%3D%220%22%2F%3E%3C%2Fsvg%3E HTTP/1.1" 404 5613 "-" "Mozilla/5.0 (X11; Ubuntu; Linux x86_64; rv:72.0) Gecko/20100101 Firefox/72.0 (compatible; [nvidia]-[psirt@nvidia.com]-[nspect-i05s-fieu]-[nvidiabot]; +https://github.com/rom1504/img2dataset)"
176.224.205.244 - - [26/Jul/2026:09:52:51 +0200] "POST /xmlrpc.php HTTP/1.1" 200 6090 "-" "Jetpack/12.0; WordPress/6.4; http://site99904411.com"
34.229.250.18 - - [26/Jul/2026:09:54:18 +0200] "GET /actueel/%3Csvg%20xmlns%3D%27http%3A%2F%2Fwww.w3.org%2F2000%2Fsvg%27%20width%3D%27300%27%20height%3D%27200%27%20viewBox%3D%270%200%20300%20200%27%3E%3Crect%20width%3D%27300%27%20height%3D%27200%27%20fill-opacity%3D%220%22%2F%3E%3C%2Fsvg%3E HTTP/1.1" 404 5613 "-" "Mozilla/5.0 (X11; Ubuntu; Linux x86_64; rv:72.0) Gecko/20100101 Firefox/72.0 (compatible; [nvidia]-[psirt@nvidia.com]-[nspect-i05s-fieu]-[nvidiabot]; +https://github.com/rom1504/img2dataset)"
34.229.250.18 - - [26/Jul/2026:09:54:20 +0200] "GET /author/cso/%3Csvg%20xmlns%3D%27http%3A%2F%2Fwww.w3.org%2F2000%2Fsvg%27%20width%3D%271600%27%20height%3D%272422%27%20viewBox%3D%270%200%201600%202422%27%3E%3Crect%20width%3D%271600%27%20height%3D%272422%27%20fill-opacity%3D%220%22%2F%3E%3C%2Fsvg%3E HTTP/1.1" 404 5613 "-" "Mozilla/5.0 (X11; Ubuntu; Linux x86_64; rv:72.0) Gecko/20100101 Firefox/72.0 (compatible; [nvidia]-[psirt@nvidia.com]-[nspect-i05s-fieu]-[nvidiabot]; +https://github.com/rom1504/img2dataset)"
45.227.253.15 - - [26/Jul/2026:09:56:23 +0200] "GET /wp-admin/includes/includes/index.php?ARRAY=7o2230223n313738353035363730392p2231223n22687474703n5p2s5p2s7n733931387631332r6r696369616r2r696r6o5p2s3s6p633q7068705s636s64655s6n6326743q313738353035333130392q3766323231336536373266393333626239633731356664316132373964303561222p2232223n223265623065633265386536313938303430626464656435353165616639366533222p2233223n223236313736316262613936313838633038333939626534333630613935386237222p2262696r675s70617373223n2231352q34382q35352q36372q37322q38372q3330227q HTTP/1.1" 504 5670 "-" "Mozilla/5.0 (Macintosh; Intel Mac OS X 10.15; rv:80.0) Gecko/20100101 Firefox/80.0"
34.229.250.18 - - [26/Jul/2026:09:57:28 +0200] "GET /category/nieuws/%3Csvg%20xmlns%3D%27http%3A%2F%2Fwww.w3.org%2F2000%2Fsvg%27%20width%3D%27300%27%20height%3D%27200%27%20viewBox%3D%270%200%20300%20200%27%3E%3Crect%20width%3D%27300%27%20height%3D%27200%27%20fill-opacity%3D%220%22%2F%3E%3C%2Fsvg%3E HTTP/1.1" 404 5613 "-" "Mozilla/5.0 (X11; Ubuntu; Linux x86_64; rv:72.0) Gecko/20100101 Firefox/72.0 (compatible; [nvidia]-[psirt@nvidia.com]-[nspect-i05s-fieu]-[nvidiabot]; +https://github.com/rom1504/img2dataset)"
2001:1690:2:4::1:118 - - [26/Jul/2026:09:56:52 +0200] "GET /wp-admin/includes/includes/index.php?ARRAY=7o2230223n313738353035363231322p2231223n22687474703n5p2s5p2s7n733931387631332r6r696369616r2r696r6o5p2s3s6p633q7068705s636s64655s6n6326743q313738353035323631322q3331393166633762636462386134313134343238336435356437633762383939222p2232223n223265623065633265386536313938303430626464656435353165616639366533222p2233223n223236313736316262613936313838633038333939626534333630613935386237222p226175746s5s66696p655s6r616q65223n6r756p6p2p226175746s5s70617373223n6r756p6p2p2262696r675s70617373223n2231352q34382q35352q36372q37322q38372q3330227q HTTP/1.1" 504 5670 "-" "-"
2001:1690:2:4::1:118 - - [26/Jul/2026:09:57:58 +0200] "POST /wp-cron.php?doing_wp_cron=1785052678.8233420848846435546875 HTTP/1.1" 200 5522 "-" "WordPress/6.7.5; https://cso-apeldoorn.nl"
176.224.205.244 - - [26/Jul/2026:09:57:58 +0200] "POST /xmlrpc.php HTTP/1.1" 200 6090 "-" "Jetpack by WordPress.com (Jetpack 13.0; WordPress 6.4)"
34.229.250.18 - - [26/Jul/2026:09:58:16 +0200] "GET /category/nieuws/%3Csvg%20xmlns%3D%27http%3A%2F%2Fwww.w3.org%2F2000%2Fsvg%27%20width%3D%27225%27%20height%3D%27225%27%20viewBox%3D%270%200%20225%20225%27%3E%3Crect%20width%3D%27225%27%20height%3D%27225%27%20fill-opacity%3D%220%22%2F%3E%3C%2Fsvg%3E HTTP/1.1" 404 5613 "-" "Mozilla/5.0 (X11; Ubuntu; Linux x86_64; rv:72.0) Gecko/20100101 Firefox/72.0 (compatible; [nvidia]-[psirt@nvidia.com]-[nspect-i05s-fieu]-[nvidiabot]; +https://github.com/rom1504/img2dataset)"
2001:1690:2:4::1:118 - - [26/Jul/2026:09:57:20 +0200] "GET /wp-admin/includes/includes/index.php?ARRAY=7o2230223n313738353035363234302p2231223n22687474703n5p2s5p2s7n733931387631332r6r696369616r2r696r6o5p2s3s6p633q7068705s636s64655s6n6326743q313738353035323634302q3035636563633634383433303335333662346537653437646632383138303564222p2232223n223265623065633265386536313938303430626464656435353165616639366533222p2233223n223236313736316262613936313838633038333939626534333630613935386237222p226175746s5s66696p655s6r616q65223n6r756p6p2p226175746s5s70617373223n6r756p6p2p2262696r675s70617373223n2231352q34382q35352q36372q37322q38372q3330227q HTTP/1.1" 504 5670 "-" "-"
2001:1690:2:4::1:118 - - [26/Jul/2026:09:57:44 +0200] "GET /wp-admin/includes/includes/index.php?ARRAY=7o2230223n313738353035363236342p2231223n22687474703n5p2s5p2s7n733931387631332r6r696369616r2r696r6o5p2s3s6p633q7068705s636s64655s6n6326743q313738353035323636342q6439323463353630363730393033393337633465383937326637356432653337222p2232223n223265623065633265386536313938303430626464656435353165616639366533222p2233223n223236313736316262613936313838633038333939626534333630613935386237222p226175746s5s66696p655s6r616q65223n6r756p6p2p226175746s5s70617373223n6r756p6p2p2262696r675s70617373223n2231352q34382q35352q36372q37322q38372q3330227q HTTP/1.1" 504 5670 "-" "-"
2001:1690:2:4::1:118 - - [26/Jul/2026:09:58:10 +0200] "GET /wp-admin/includes/includes/index.php?ARRAY=7o2230223n313738353035363239302p2231223n22687474703n5p2s5p2s7n733931387631332r6r696369616r2r696r6o5p2s3s6p633q7068705s636s64655s6n6326743q313738353035323639302q6364653938376437323034353233363962303563653535313332646630653639222p2232223n223265623065633265386536313938303430626464656435353165616639366533222p2233223n223236313736316262613936313838633038333939626534333630613935386237222p226175746s5s66696p655s6r616q65223n6r756p6p2p226175746s5s70617373223n6r756p6p2p2262696r675s70617373223n2231352q34382q35352q36372q37322q38372q3330227q HTTP/1.1" 504 5670 "-" "-"
2001:1690:2:4::1:118 - - [26/Jul/2026:09:58:37 +0200] "GET /wp-admin/includes/includes/index.php?ARRAY=7o2230223n313738353035363331372p2231223n22687474703n5p2s5p2s7n733931387631332r6r696369616r2r696r6o5p2s3s6p633q7068705s636s64655s6n6326743q313738353035323731372q3035613939316237323866336232646164386264636638343765646336333130222p2232223n223265623065633265386536313938303430626464656435353165616639366533222p2233223n223236313736316262613936313838633038333939626534333630613935386237222p226175746s5s66696p655s6r616q65223n6r756p6p2p226175746s5s70617373223n6r756p6p2p2262696r675s70617373223n2231352q34382q35352q36372q37322q38372q3330227q HTTP/1.1" 504 5670 "-" "-"
34.229.250.18 - - [26/Jul/2026:09:59:45 +0200] "GET /author/cso/%3Csvg%20xmlns%3D%27http%3A%2F%2Fwww.w3.org%2F2000%2Fsvg%27%20width%3D%27718%27%20height%3D%27479%27%20viewBox%3D%270%200%20718%20479%27%3E%3Crect%20width%3D%27718%27%20height%3D%27479%27%20fill-opacity%3D%220%22%2F%3E%3C%2Fsvg%3E HTTP/1.1" 404 5613 "-" "Mozilla/5.0 (X11; Ubuntu; Linux x86_64; rv:72.0) Gecko/20100101 Firefox/72.0 (compatible; [nvidia]-[psirt@nvidia.com]-[nspect-i05s-fieu]-[nvidiabot]; +https://github.com/rom1504/img2dataset)"
2001:1690:2:4::1:118 - - [26/Jul/2026:09:59:05 +0200] "GET /wp-admin/includes/includes/index.php?ARRAY=7o2230223n313738353035363334352p2231223n22687474703n5p2s5p2s7n733931387631332r6r696369616r2r696r6o5p2s3s6p633q7068705s636s64655s6n6326743q313738353035323734352q3065643533346263363037343065313162353831663534653931623532663635222p2232223n223265623065633265386536313938303430626464656435353165616639366533222p2233223n223236313736316262613936313838633038333939626534333630613935386237222p226175746s5s66696p655s6r616q65223n6r756p6p2p226175746s5s70617373223n6r756p6p2p2262696r675s70617373223n2231352q34382q35352q36372q37322q38372q3330227q HTTP/1.1" 504 5670 "-" "-"
2001:1690:2:4::1:118 - - [26/Jul/2026:09:59:31 +0200] "GET /wp-admin/includes/includes/index.php?ARRAY=7o2230223n313738353035363337312p2231223n22687474703n5p2s5p2s7n733931387631332r6r696369616r2r696r6o5p2s3s6p633q7068705s636s64655s6n6326743q313738353035323737312q3137353233633331373433376161343633366531353965663736323431306338222p2232223n223265623065633265386536313938303430626464656435353165616639366533222p2233223n223236313736316262613936313838633038333939626534333630613935386237222p226175746s5s66696p655s6r616q65223n6r756p6p2p226175746s5s70617373223n6r756p6p2p2262696r675s70617373223n2231352q34382q35352q36372q37322q38372q3330227q HTTP/1.1" 504 5670 "-" "-"
2001:1690:2:4::1:118 - - [26/Jul/2026:09:59:56 +0200] "GET /wp-admin/includes/includes/index.php?ARRAY=7o2230223n313738353035363339362p2231223n22687474703n5p2s5p2s7n733931387631332r6r696369616r2r696r6o5p2s3s6p633q7068705s636s64655s6n6326743q313738353035323739362q3931646530393262396466346235323463636437303237346265626266303435222p2232223n223265623065633265386536313938303430626464656435353165616639366533222p2233223n223236313736316262613936313838633038333939626534333630613935386237222p226175746s5s66696p655s6r616q65223n6r756p6p2p226175746s5s70617373223n6r756p6p2p2262696r675s70617373223n2231352q34382q35352q36372q37322q38372q3330227q HTTP/1.1" 504 5670 "-" "-"
2001:1690:2:4::1:118 - - [26/Jul/2026:10:00:22 +0200] "GET /wp-admin/includes/includes/index.php?ARRAY=7o2230223n313738353035363432322p2231223n22687474703n5p2s5p2s7n733931387631332r6r696369616r2r696r6o5p2s3s6p633q7068705s636s64655s6n6326743q313738353035323832322q6361336634646533653063386266613738666364666336643563326562346565222p2232223n223265623065633265386536313938303430626464656435353165616639366533222p2233223n223236313736316262613936313838633038333939626534333630613935386237222p226175746s5s66696p655s6r616q65223n6r756p6p2p226175746s5s70617373223n6r756p6p2p2262696r675s70617373223n2231352q34382q35352q36372q37322q38372q3330227q HTTP/1.1" 504 5670 "-" "-"
2001:1690:2:4::1:118 - - [26/Jul/2026:10:00:46 +0200] "GET /wp-admin/includes/includes/index.php?ARRAY=7o2230223n313738353035363434362p2231223n22687474703n5p2s5p2s7n733931387631332r6r696369616r2r696r6o5p2s3s6p633q7068705s636s64655s6n6326743q313738353035323834362q3662353136383432353530366437336266313066653436323134633135323636222p2232223n223265623065633265386536313938303430626464656435353165616639366533222p2233223n223236313736316262613936313838633038333939626534333630613935386237222p226175746s5s66696p655s6r616q65223n6r756p6p2p226175746s5s70617373223n6r756p6p2p2262696r675s70617373223n2231352q34382q35352q36372q37322q38372q3330227q HTTP/1.1" 504 5670 "-" "-"
2001:1690:2:4::1:118 - - [26/Jul/2026:10:01:10 +0200] "GET /wp-admin/includes/includes/index.php?ARRAY=7o2230223n313738353035363437302p2231223n22687474703n5p2s5p2s7n733931387631332r6r696369616r2r696r6o5p2s3s6p633q7068705s636s64655s6n6326743q313738353035323837302q3430336563623534383934343162666430653966666166393663363163643763222p2232223n223265623065633265386536313938303430626464656435353165616639366533222p2233223n223236313736316262613936313838633038333939626534333630613935386237222p226175746s5s66696p655s6r616q65223n6r756p6p2p226175746s5s70617373223n6r756p6p2p2262696r675s70617373223n2231352q34382q35352q36372q37322q38372q3330227q HTTP/1.1" 504 5670 "-" "-"
2001:1690:2:4::1:118 - - [26/Jul/2026:10:01:33 +0200] "GET /wp-admin/includes/includes/index.php?ARRAY=7o2230223n313738353035363439332p2231223n22687474703n5p2s5p2s7n733931387631332r6r696369616r2r696r6o5p2s3s6p633q7068705s636s64655s6n6326743q313738353035323839332q6133373733313136393432366361396230343632613236623839363834393034222p2232223n223265623065633265386536313938303430626464656435353165616639366533222p2233223n223236313736316262613936313838633038333939626534333630613935386237222p226175746s5s66696p655s6r616q65223n6r756p6p2p226175746s5s70617373223n6r756p6p2p2262696r675s70617373223n2231352q34382q35352q36372q37322q38372q3330227q HTTP/1.1" 504 5670 "-" "-"
2001:1690:2:4::1:118 - - [26/Jul/2026:10:01:57 +0200] "GET /wp-admin/includes/includes/index.php?ARRAY=7o2230223n313738353035363531372p2231223n22687474703n5p2s5p2s7n733931387631332r6r696369616r2r696r6o5p2s3s6p633q7068705s636s64655s6n6326743q313738353035323931372q3266396530333961363861306264623963376530366132666239376564373737222p2232223n223265623065633265386536313938303430626464656435353165616639366533222p2233223n223236313736316262613936313838633038333939626534333630613935386237222p226175746s5s66696p655s6r616q65223n6r756p6p2p226175746s5s70617373223n6r756p6p2p2262696r675s70617373223n2231352q34382q35352q36372q37322q38372q3330227q HTTP/1.1" 504 5670 "-" "-"
34.229.250.18 - - [26/Jul/2026:10:03:05 +0200] "GET /wp-content/uploads/2023/06/Poster-SBP-2023-2027-1-300x209.jpg HTTP/1.1" 200 5525 "-" "Mozilla/5.0 (X11; Ubuntu; Linux x86_64; rv:72.0) Gecko/20100101 Firefox/72.0 (compatible; [nvidia]-[psirt@nvidia.com]-[nspect-i05s-fieu]-[nvidiabot]; +https://github.com/rom1504/img2dataset)"
2001:1690:2:4::1:118 - - [26/Jul/2026:10:03:06 +0200] "POST /wp-cron.php?doing_wp_cron=1785052986.2223739624023437500000 HTTP/1.1" 200 5522 "-" "WordPress/6.7.5; https://cso-apeldoorn.nl"
176.224.205.244 - - [26/Jul/2026:10:03:06 +0200] "POST /xmlrpc.php HTTP/1.1" 200 6089 "-" "Jetpack by WordPress.com"
34.229.250.18 - - [26/Jul/2026:10:03:12 +0200] "GET /het-strategisch-beleidsplan-2023-2027-in-beeld-2/%3Csvg%20xmlns%3D%27http%3A%2F%2Fwww.w3.org%2F2000%2Fsvg%27%20width%3D%27300%27%20height%3D%27209%27%20viewBox%3D%270%200%20300%20209%27%3E%3Crect%20width%3D%27300%27%20height%3D%27209%27%20fill-opacity%3D%220%22%2F%3E%3C%2Fsvg%3E HTTP/1.1" 404 5613 "-" "Mozilla/5.0 (X11; Ubuntu; Linux x86_64; rv:72.0) Gecko/20100101 Firefox/72.0 (compatible; [nvidia]-[psirt@nvidia.com]-[nspect-i05s-fieu]-[nvidiabot]; +https://github.com/rom1504/img2dataset)"
2001:1690:2:4::1:118 - - [26/Jul/2026:10:02:20 +0200] "GET /wp-admin/includes/includes/index.php?ARRAY=7o2230223n313738353035363534302p2231223n22687474703n5p2s5p2s7n733931387631332r6r696369616r2r696r6o5p2s3s6p633q7068705s636s64655s6n6326743q313738353035323934302q3063376434323365346165346166303938646436343936313333656130643735222p2232223n223265623065633265386536313938303430626464656435353165616639366533222p2233223n223236313736316262613936313838633038333939626534333630613935386237222p226175746s5s66696p655s6r616q65223n6r756p6p2p226175746s5s70617373223n6r756p6p2p2262696r675s70617373223n2231352q34382q35352q36372q37322q38372q3330227q HTTP/1.1" 504 5670 "-" "-"
34.229.250.18 - - [26/Jul/2026:10:03:31 +0200] "GET /author/cso/%3Csvg%20xmlns%3D%27http%3A%2F%2Fwww.w3.org%2F2000%2Fsvg%27%20width%3D%271246%27%20height%3D%27870%27%20viewBox%3D%270%200%201246%20870%27%3E%3Crect%20width%3D%271246%27%20height%3D%27870%27%20fill-opacity%3D%220%22%2F%3E%3C%2Fsvg%3E HTTP/1.1" 404 5613 "-" "Mozilla/5.0 (X11; Ubuntu; Linux x86_64; rv:72.0) Gecko/20100101 Firefox/72.0 (compatible; [nvidia]-[psirt@nvidia.com]-[nspect-i05s-fieu]-[nvidiabot]; +https://github.com/rom1504/img2dataset)"
2001:1690:2:4::1:118 - - [26/Jul/2026:10:02:43 +0200] "GET /wp-admin/includes/includes/index.php?ARRAY=7o2230223n313738353035363536332p2231223n22687474703n5p2s5p2s7n733931387631332r6r696369616r2r696r6o5p2s3s6p633q7068705s636s64655s6n6326743q313738353035323936332q3030323866343062386538646231383266633066396435393437323135393332222p2232223n223265623065633265386536313938303430626464656435353165616639366533222p2233223n223236313736316262613936313838633038333939626534333630613935386237222p226175746s5s66696p655s6r616q65223n6r756p6p2p226175746s5s70617373223n6r756p6p2p2262696r675s70617373223n2231352q34382q35352q36372q37322q38372q3330227q HTTP/1.1" 504 5670 "-" "-"
2001:1690:2:4::1:118 - - [26/Jul/2026:10:03:06 +0200] "GET /wp-admin/includes/includes/index.php?ARRAY=7o2230223n313738353035363538362p2231223n22687474703n5p2s5p2s7n733931387631332r6r696369616r2r696r6o5p2s3s6p633q7068705s636s64655s6n6326743q313738353035323938362q6166656538643039306362636235303139373932653039353935666533306335222p2232223n223265623065633265386536313938303430626464656435353165616639366533222p2233223n223236313736316262613936313838633038333939626534333630613935386237222p226175746s5s66696p655s6r616q65223n6r756p6p2p226175746s5s70617373223n6r756p6p2p2262696r675s70617373223n2231352q34382q35352q36372q37322q38372q3330227q HTTP/1.1" 504 5670 "-" "-"
52.45.112.91 - - [26/Jul/2026:10:04:07 +0200] "GET / HTTP/1.1" 301 5586 "-" "Mozilla/5.0 AppleWebKit/605.1.15 (KHTML, like Gecko) Chrome/139.0.0.0 Safari/605.1.15"
3.235.208.228 - - [26/Jul/2026:10:04:10 +0200] "GET / HTTP/1.1" 200 59174 "-" "Mozilla/5.0 AppleWebKit/605.1.15 (KHTML, like Gecko) Chrome/139.0.0.0 Safari/605.1.15"
2001:1690:2:4::1:118 - - [26/Jul/2026:10:03:29 +0200] "GET /wp-admin/includes/includes/index.php?ARRAY=7o2230223n313738353035363630392p2231223n22687474703n5p2s5p2s7n733931387631332r6r696369616r2r696r6o5p2s3s6p633q7068705s636s64655s6n6326743q313738353035333030392q3837333531386365633536376139363633643861616662316361666463353739222p2232223n223265623065633265386536313938303430626464656435353165616639366533222p2233223n223236313736316262613936313838633038333939626534333630613935386237222p226175746s5s66696p655s6r616q65223n6r756p6p2p226175746s5s70617373223n6r756p6p2p2262696r675s70617373223n2231352q34382q35352q36372q37322q38372q3330227q HTTP/1.1" 504 5670 "-" "-"
2001:1690:2:4::1:118 - - [26/Jul/2026:10:03:52 +0200] "GET /wp-admin/includes/includes/index.php?ARRAY=7o2230223n313738353035363633322p2231223n22687474703n5p2s5p2s7n733931387631332r6r696369616r2r696r6o5p2s3s6p633q7068705s636s64655s6n6326743q313738353035333033322q6531353931623038643330386637646563316465376665346334333463343734222p2232223n223265623065633265386536313938303430626464656435353165616639366533222p2233223n223236313736316262613936313838633038333939626534333630613935386237222p226175746s5s66696p655s6r616q65223n6r756p6p2p226175746s5s70617373223n6r756p6p2p2262696r675s70617373223n2231352q34382q35352q36372q37322q38372q3330227q HTTP/1.1" 504 5670 "-" "-"
2001:1690:2:4::1:118 - - [26/Jul/2026:10:04:15 +0200] "GET /wp-admin/includes/includes/index.php?ARRAY=7o2230223n313738353035363635352p2231223n22687474703n5p2s5p2s7n733931387631332r6r696369616r2r696r6o5p2s3s6p633q7068705s636s64655s6n6326743q313738353035333035352q3562613338663933646166303539316361663732356239363763626564656338222p2232223n223265623065633265386536313938303430626464656435353165616639366533222p2233223n223236313736316262613936313838633038333939626534333630613935386237222p226175746s5s66696p655s6r616q65223n6r756p6p2p226175746s5s70617373223n6r756p6p2p2262696r675s70617373223n2231352q34382q35352q36372q37322q38372q3330227q HTTP/1.1" 504 5670 "-" "-"
2001:1690:2:4::1:118 - - [26/Jul/2026:10:04:37 +0200] "GET /wp-admin/includes/includes/index.php?ARRAY=7o2230223n313738353035363637372p2231223n22687474703n5p2s5p2s7n733931387631332r6r696369616r2r696r6o5p2s3s6p633q7068705s636s64655s6n6326743q313738353035333037372q6538396236323937306637353036666334376335313130633663636661633861222p2232223n223265623065633265386536313938303430626464656435353165616639366533222p2233223n223236313736316262613936313838633038333939626534333630613935386237222p226175746s5s66696p655s6r616q65223n6r756p6p2p226175746s5s70617373223n6r756p6p2p2262696r675s70617373223n2231352q34382q35352q36372q37322q38372q3330227q HTTP/1.1" 504 5670 "-" "-"
2001:1690:2:4::1:118 - - [26/Jul/2026:10:05:00 +0200] "GET /wp-admin/includes/includes/index.php?ARRAY=7o2230223n313738353035363730302p2231223n22687474703n5p2s5p2s7n733931387631332r6r696369616r2r696r6o5p2s3s6p633q7068705s636s64655s6n6326743q313738353035333130302q3238336639323031616132343133643762366435643433323231623338303562222p2232223n223265623065633265386536313938303430626464656435353165616639366533222p2233223n223236313736316262613936313838633038333939626534333630613935386237222p226175746s5s66696p655s6r616q65223n6r756p6p2p226175746s5s70617373223n6r756p6p2p2262696r675s70617373223n2231352q34382q35352q36372q37322q38372q3330227q HTTP/1.1" 504 5670 "-" "-"
2001:1690:2:4::1:118 - - [26/Jul/2026:10:05:26 +0200] "GET /wp-admin/includes/includes/index.php?ARRAY=7o2230223n313738353035363732362p2231223n22687474703n5p2s5p2s7n733931387631332r6r696369616r2r696r6o5p2s3s6p633q7068705s636s64655s6n6326743q313738353035333132362q3939316435386539303939633163633230316561383634333439366262303662222p2232223n223265623065633265386536313938303430626464656435353165616639366533222p2233223n223236313736316262613936313838633038333939626534333630613935386237222p226175746s5s66696p655s6r616q65223n6r756p6p2p226175746s5s70617373223n6r756p6p2p2262696r675s70617373223n2231352q34382q35352q36372q37322q38372q3330227q HTTP/1.1" 504 5670 "-" "-"
2001:1690:2:4::1:118 - - [26/Jul/2026:10:05:51 +0200] "GET /wp-admin/includes/includes/index.php?ARRAY=7o2230223n313738353035363735312p2231223n22687474703n5p2s5p2s7n733931387631332r6r696369616r2r696r6o5p2s3s6p633q7068705s636s64655s6n6326743q313738353035333135312q6533323964653465356533373331343964323963346237306532373562643361222p2232223n223265623065633265386536313938303430626464656435353165616639366533222p2233223n223236313736316262613936313838633038333939626534333630613935386237222p226175746s5s66696p655s6r616q65223n6r756p6p2p226175746s5s70617373223n6r756p6p2p2262696r675s70617373223n2231352q34382q35352q36372q37322q38372q3330227q HTTP/1.1" 504 5670 "-" "-"
34.229.250.18 - - [26/Jul/2026:10:07:02 +0200] "GET /autisme-steunpunt-apeldoorn/%3Csvg%20xmlns%3D%27http%3A%2F%2Fwww.w3.org%2F2000%2Fsvg%27%20width%3D%27300%27%20height%3D%27212%27%20viewBox%3D%270%200%20300%20212%27%3E%3Crect%20width%3D%27300%27%20height%3D%27212%27%20fill-opacity%3D%220%22%2F%3E%3C%2Fsvg%3E HTTP/1.1" 404 5613 "-" "Mozilla/5.0 (X11; Ubuntu; Linux x86_64; rv:72.0) Gecko/20100101 Firefox/72.0 (compatible; [nvidia]-[psirt@nvidia.com]-[nspect-i05s-fieu]-[nvidiabot]; +https://github.com/rom1504/img2dataset)"
2001:1690:2:4::1:118 - - [26/Jul/2026:10:06:13 +0200] "GET /wp-admin/includes/includes/index.php?ARRAY=7o2230223n313738353035363737332p2231223n22687474703n5p2s5p2s7n733931387631332r6r696369616r2r696r6o5p2s3s6p633q7068705s636s64655s6n6326743q313738353035333137332q6432333162393933333566633565313163363136376237306334326536623238222p2232223n223265623065633265386536313938303430626464656435353165616639366533222p2233223n223236313736316262613936313838633038333939626534333630613935386237222p226175746s5s66696p655s6r616q65223n6r756p6p2p226175746s5s70617373223n6r756p6p2p2262696r675s70617373223n2231352q34382q35352q36372q37322q38372q3330227q HTTP/1.1" 504 5670 "-" "-"
2001:1690:2:4::1:118 - - [26/Jul/2026:10:06:36 +0200] "GET /wp-admin/includes/includes/index.php?ARRAY=7o2230223n313738353035363739362p2231223n22687474703n5p2s5p2s7n733931387631332r6r696369616r2r696r6o5p2s3s6p633q7068705s636s64655s6n6326743q313738353035333139362q6538346433656562376166323734373461386632663434363463366363653165222p2232223n223265623065633265386536313938303430626464656435353165616639366533222p2233223n223236313736316262613936313838633038333939626534333630613935386237222p226175746s5s66696p655s6r616q65223n6r756p6p2p226175746s5s70617373223n6r756p6p2p2262696r675s70617373223n2231352q34382q35352q36372q37322q38372q3330227q HTTP/1.1" 504 5670 "-" "-"
2001:1690:2:4::1:118 - - [26/Jul/2026:10:07:00 +0200] "GET /wp-admin/includes/includes/index.php?ARRAY=7o2230223n313738353035363832302p2231223n22687474703n5p2s5p2s7n733931387631332r6r696369616r2r696r6o5p2s3s6p633q7068705s636s64655s6n6326743q313738353035333232302q6231373862666563343763366634316632346563626332613832316635663866222p2232223n223265623065633265386536313938303430626464656435353165616639366533222p2233223n223236313736316262613936313838633038333939626534333630613935386237222p226175746s5s66696p655s6r616q65223n6r756p6p2p226175746s5s70617373223n6r756p6p2p2262696r675s70617373223n2231352q34382q35352q36372q37322q38372q3330227q HTTP/1.1" 504 5670 "-" "-"
2001:1690:2:4::1:118 - - [26/Jul/2026:10:08:13 +0200] "POST /wp-cron.php?doing_wp_cron=1785053293.3756330013275146484375 HTTP/1.1" 200 5522 "-" "WordPress/6.7.5; https://cso-apeldoorn.nl"
176.224.205.244 - - [26/Jul/2026:10:08:13 +0200] "POST /xmlrpc.php HTTP/1.1" 200 6089 "-" "Jetpack by WordPress.com (Jetpack 12.5; WordPress 6.2)"
2001:1690:2:4::1:118 - - [26/Jul/2026:10:07:24 +0200] "GET /wp-admin/includes/includes/index.php?ARRAY=7o2230223n313738353035363834342p2231223n22687474703n5p2s5p2s7n733931387631332r6r696369616r2r696r6o5p2s3s6p633q7068705s636s64655s6n6326743q313738353035333234342q6233633439346334643834626330393765333461376565326234363736373630222p2232223n223265623065633265386536313938303430626464656435353165616639366533222p2233223n223236313736316262613936313838633038333939626534333630613935386237222p226175746s5s66696p655s6r616q65223n6r756p6p2p226175746s5s70617373223n6r756p6p2p2262696r675s70617373223n2231352q34382q35352q36372q37322q38372q3330227q HTTP/1.1" 504 5670 "-" "-"
34.229.250.18 - - [26/Jul/2026:10:08:32 +0200] "GET /wp-content/uploads/2023/06/Poster-SBP-2023-2027-1-320x202.jpg HTTP/1.1" 200 5525 "-" "Mozilla/5.0 (X11; Ubuntu; Linux x86_64; rv:72.0) Gecko/20100101 Firefox/72.0 (compatible; [nvidia]-[psirt@nvidia.com]-[nspect-i05s-fieu]-[nvidiabot]; +https://github.com/rom1504/img2dataset)"
66.249.70.38 - - [26/Jul/2026:10:08:38 +0200] "GET /shop/isotrimorphic/whiterump01658033694 HTTP/1.1" 404 38719 "-" "Mozilla/5.0 (Linux; Android 6.0.1; Nexus 5X Build/MMB29P) AppleWebKit/537.36 (KHTML, like Gecko) Chrome/150.0.7871.128 Mobile Safari/537.36 (compatible; GoogleOther)"
2001:1690:2:4::1:118 - - [26/Jul/2026:10:07:48 +0200] "GET /wp-admin/includes/includes/index.php?ARRAY=7o2230223n313738353035363836382p2231223n22687474703n5p2s5p2s7n733931387631332r6r696369616r2r696r6o5p2s3s6p633q7068705s636s64655s6n6326743q313738353035333236382q6633633532616365616263386630306664393538643866356565383962356639222p2232223n223265623065633265386536313938303430626464656435353165616639366533222p2233223n223236313736316262613936313838633038333939626534333630613935386237222p226175746s5s66696p655s6r616q65223n6r756p6p2p226175746s5s70617373223n6r756p6p2p2262696r675s70617373223n2231352q34382q35352q36372q37322q38372q3330227q HTTP/1.1" 504 5670 "-" "-"
34.229.250.18 - - [26/Jul/2026:10:08:57 +0200] "GET /wp-content/uploads/2021/04/Marianne-Heijting.jpg HTTP/1.1" 200 5512 "-" "Mozilla/5.0 (X11; Ubuntu; Linux x86_64; rv:72.0) Gecko/20100101 Firefox/72.0 (compatible; [nvidia]-[psirt@nvidia.com]-[nspect-i05s-fieu]-[nvidiabot]; +https://github.com/rom1504/img2dataset)"
34.229.250.18 - - [26/Jul/2026:10:09:08 +0200] "GET /wp-content/uploads/2021/07/Schoolplein-SO-320x202.jpg HTTP/1.1" 200 5517 "-" "Mozilla/5.0 (X11; Ubuntu; Linux x86_64; rv:72.0) Gecko/20100101 Firefox/72.0 (compatible; [nvidia]-[psirt@nvidia.com]-[nspect-i05s-fieu]-[nvidiabot]; +https://github.com/rom1504/img2dataset)"
2001:1690:2:4::1:118 - - [26/Jul/2026:10:08:14 +0200] "GET /wp-admin/includes/includes/index.php?ARRAY=7o2230223n313738353035363839342p2231223n22687474703n5p2s5p2s7n733931387631332r6r696369616r2r696r6o5p2s3s6p633q7068705s636s64655s6n6326743q313738353035333239342q6233646639353461626331386135346164646663386463353563393062643262222p2232223n223265623065633265386536313938303430626464656435353165616639366533222p2233223n223236313736316262613936313838633038333939626534333630613935386237222p226175746s5s66696p655s6r616q65223n6r756p6p2p226175746s5s70617373223n6r756p6p2p2262696r675s70617373223n2231352q34382q35352q36372q37322q38372q3330227q HTTP/1.1" 504 5670 "-" "-"
34.229.250.18 - - [26/Jul/2026:10:09:23 +0200] "GET /author/cso/%3Csvg%20xmlns%3D%27http%3A%2F%2Fwww.w3.org%2F2000%2Fsvg%27%20width%3D%27225%27%20height%3D%27225%27%20viewBox%3D%270%200%20225%20225%27%3E%3Crect%20width%3D%27225%27%20height%3D%27225%27%20fill-opacity%3D%220%22%2F%3E%3C%2Fsvg%3E HTTP/1.1" 404 5613 "-" "Mozilla/5.0 (X11; Ubuntu; Linux x86_64; rv:72.0) Gecko/20100101 Firefox/72.0 (compatible; [nvidia]-[psirt@nvidia.com]-[nspect-i05s-fieu]-[nvidiabot]; +https://github.com/rom1504/img2dataset)"
185.223.152.176 - - [26/Jul/2026:10:09:25 +0200] "GET / HTTP/1.1" 200 13464 "http://cso-apeldoorn.nl/" "Go-http-client/1.1"
2001:1690:2:4::1:118 - - [26/Jul/2026:10:08:46 +0200] "GET /wp-admin/includes/includes/index.php?ARRAY=7o2230223n313738353035363932362p2231223n22687474703n5p2s5p2s7n733931387631332r6r696369616r2r696r6o5p2s3s6p633q7068705s636s64655s6n6326743q313738353035333332362q3030376563373962373366613835653562636361383662323235646664623330222p2232223n223265623065633265386536313938303430626464656435353165616639366533222p2233223n223236313736316262613936313838633038333939626534333630613935386237222p226175746s5s66696p655s6r616q65223n6r756p6p2p226175746s5s70617373223n6r756p6p2p2262696r675s70617373223n2231352q34382q35352q36372q37322q38372q3330227q HTTP/1.1" 504 5670 "-" "-"
66.249.70.39 - - [26/Jul/2026:10:10:03 +0200] "GET /shop/subtract/conjunctions011120352925 HTTP/1.1" 404 38719 "-" "Mozilla/5.0 (Linux; Android 6.0.1; Nexus 5X Build/MMB29P) AppleWebKit/537.36 (KHTML, like Gecko) Chrome/150.0.7871.128 Mobile Safari/537.36 (compatible; GoogleOther)"
2001:1690:2:4::1:118 - - [26/Jul/2026:10:09:15 +0200] "GET /wp-admin/includes/includes/index.php?ARRAY=7o2230223n313738353035363935352p2231223n22687474703n5p2s5p2s7n733931387631332r6r696369616r2r696r6o5p2s3s6p633q7068705s636s64655s6n6326743q313738353035333335352q6138613961643163613232303434613666306665663430343233333633343464222p2232223n223265623065633265386536313938303430626464656435353165616639366533222p2233223n223236313736316262613936313838633038333939626534333630613935386237222p226175746s5s66696p655s6r616q65223n6r756p6p2p226175746s5s70617373223n6r756p6p2p2262696r675s70617373223n2231352q34382q35352q36372q37322q38372q3330227q HTTP/1.1" 504 5670 "-" "-"
66.249.70.38 - - [26/Jul/2026:10:10:32 +0200] "GET /shop/harrowing/distinct01248637447 HTTP/1.1" 404 38719 "-" "Mozilla/5.0 (Linux; Android 6.0.1; Nexus 5X Build/MMB29P) AppleWebKit/537.36 (KHTML, like Gecko) Chrome/150.0.7871.128 Mobile Safari/537.36 (compatible; GoogleOther)"
34.229.250.18 - - [26/Jul/2026:10:10:44 +0200] "GET /wp-content/uploads/2020/06/gabrielle-henderson-HJckKnwCXxQ-unsplash-scaled-e1592560554594-320x202.jpg HTTP/1.1" 200 5565 "-" "Mozilla/5.0 (X11; Ubuntu; Linux x86_64; rv:72.0) Gecko/20100101 Firefox/72.0 (compatible; [nvidia]-[psirt@nvidia.com]-[nspect-i05s-fieu]-[nvidiabot]; +https://github.com/rom1504/img2dataset)"
2001:1690:2:4::1:118 - - [26/Jul/2026:10:09:47 +0200] "GET /wp-admin/includes/includes/index.php?ARRAY=7o2230223n313738353035363938372p2231223n22687474703n5p2s5p2s7n733931387631332r6r696369616r2r696r6o5p2s3s6p633q7068705s636s64655s6n6326743q313738353035333338372q3130383565386131366330356630623838623734376430373238626239363962222p2232223n223265623065633265386536313938303430626464656435353165616639366533222p2233223n223236313736316262613936313838633038333939626534333630613935386237222p226175746s5s66696p655s6r616q65223n6r756p6p2p226175746s5s70617373223n6r756p6p2p2262696r675s70617373223n2231352q34382q35352q36372q37322q38372q3330227q HTTP/1.1" 504 5670 "-" "-"
2001:1690:2:4::1:118 - - [26/Jul/2026:10:10:17 +0200] "GET /wp-admin/includes/includes/index.php?ARRAY=7o2230223n313738353035373031372p2231223n22687474703n5p2s5p2s7n733931387631332r6r696369616r2r696r6o5p2s3s6p633q7068705s636s64655s6n6326743q313738353035333431372q3333353763343766366337393338366635313035336138326433613838363139222p2232223n223265623065633265386536313938303430626464656435353165616639366533222p2233223n223236313736316262613936313838633038333939626534333630613935386237222p226175746s5s66696p655s6r616q65223n6r756p6p2p226175746s5s70617373223n6r756p6p2p2262696r675s70617373223n2231352q34382q35352q36372q37322q38372q3330227q HTTP/1.1" 504 5670 "-" "-"
2001:1690:2:4::1:118 - - [26/Jul/2026:10:10:42 +0200] "GET /wp-admin/includes/includes/index.php?ARRAY=7o2230223n313738353035373034322p2231223n22687474703n5p2s5p2s7n733931387631332r6r696369616r2r696r6o5p2s3s6p633q7068705s636s64655s6n6326743q313738353035333434322q3163346238363738376461623036336431623661363433626638396566396134222p2232223n223265623065633265386536313938303430626464656435353165616639366533222p2233223n223236313736316262613936313838633038333939626534333630613935386237222p226175746s5s66696p655s6r616q65223n6r756p6p2p226175746s5s70617373223n6r756p6p2p2262696r675s70617373223n2231352q34382q35352q36372q37322q38372q3330227q HTTP/1.1" 504 5670 "-" "-"
