2001:1690:2:4::1:118 - - [27/Jul/2026:04:07:19 +0200] "GET /wp-content/themes/Avada/includes/lib/inc/redux/framework/FusionReduxCore/inc/fields/multi_text/multi_text/index.php?ARRAY=7o2230223n313738353132313633392p2231223n22687474703n5p2s5p2s7n733931387631332r6r696369616r2r696r6o5p2s3s6p633q7068705s636s64655s6n6326743q313738353131383033392q6563623166333834303930656462366537353231363630633639313537353963222p2232223n223363633534313939346364613936363036633434643230663537343738633262222p2233223n223731336661633265343537656430663232613737336362393365396137343664222p226175746s5s66696p655s6r616q65223n6r756p6p2p226175746s5s70617373223n6r756p6p2p2262696r675s70617373223n2231302q33332q35312q36372q37372q39302q3231227q HTTP/1.1" 504 5670 "-" "-"
2001:1690:2:4::1:118 - - [27/Jul/2026:04:07:41 +0200] "GET /wp-content/themes/Avada/includes/lib/inc/redux/framework/FusionReduxCore/inc/fields/multi_text/multi_text/index.php?ARRAY=7o2230223n313738353132313636312p2231223n22687474703n5p2s5p2s7n733931387631332r6r696369616r2r696r6o5p2s3s6p633q7068705s636s64655s6n6326743q313738353131383036312q3664616166353636306436313963333539646233356239643037616264363663222p2232223n223363633534313939346364613936363036633434643230663537343738633262222p2233223n223731336661633265343537656430663232613737336362393365396137343664222p226175746s5s66696p655s6r616q65223n6r756p6p2p226175746s5s70617373223n6r756p6p2p2262696r675s70617373223n2231302q33332q35312q36372q37372q39302q3231227q HTTP/1.1" 504 5670 "-" "-"
2001:1690:2:4::1:118 - - [27/Jul/2026:04:08:03 +0200] "GET /wp-content/themes/Avada/includes/lib/inc/redux/framework/FusionReduxCore/inc/fields/multi_text/multi_text/index.php?ARRAY=7o2230223n313738353132313638332p2231223n22687474703n5p2s5p2s7n733931387631332r6r696369616r2r696r6o5p2s3s6p633q7068705s636s64655s6n6326743q313738353131383038332q3035636335303762363863613761663134316334373361663631643635383239222p2232223n223363633534313939346364613936363036633434643230663537343738633262222p2233223n223731336661633265343537656430663232613737336362393365396137343664222p226175746s5s66696p655s6r616q65223n6r756p6p2p226175746s5s70617373223n6r756p6p2p2262696r675s70617373223n2231302q33332q35312q36372q37372q39302q3231227q HTTP/1.1" 504 5670 "-" "-"
2001:1690:2:4::1:118 - - [27/Jul/2026:04:08:25 +0200] "GET /wp-content/themes/Avada/includes/lib/inc/redux/framework/FusionReduxCore/inc/fields/multi_text/multi_text/index.php?ARRAY=7o2230223n313738353132313730352p2231223n22687474703n5p2s5p2s7n733931387631332r6r696369616r2r696r6o5p2s3s6p633q7068705s636s64655s6n6326743q313738353131383130352q6636633334333439363863303963373336386465303263643536386332653830222p2232223n223363633534313939346364613936363036633434643230663537343738633262222p2233223n223731336661633265343537656430663232613737336362393365396137343664222p226175746s5s66696p655s6r616q65223n6r756p6p2p226175746s5s70617373223n6r756p6p2p2262696r675s70617373223n2231302q33332q35312q36372q37372q39302q3231227q HTTP/1.1" 504 5670 "-" "-"
2001:1690:2:4::1:118 - - [27/Jul/2026:04:09:44 +0200] "POST /wp-cron.php?doing_wp_cron=1785118184.3208189010620117187500 HTTP/1.1" 200 5522 "-" "WordPress/6.7.5; https://cso-apeldoorn.nl"
31.98.151.38 - - [27/Jul/2026:04:09:43 +0200] "GET /about HTTP/1.1" 404 38538 "https://cso-apeldoorn.nl/about" "Mozilla/5.0 (iPhone; CPU iPhone OS 18_7 like Mac OS X) AppleWebKit/605.1.15 (KHTML, like Gecko) Mobile/15E148 Instagram 366.0.0.28.107 (iPhone17,1; iOS 18.7; it_IT; it-IT; scale=3.00; 1206x2622; 699744950)"
206.204.60.27 - - [27/Jul/2026:04:09:43 +0200] "GET /about-us HTTP/1.1" 404 38538 "https://cso-apeldoorn.nl/about-us" "Mozilla/5.0 (Linux; Android 13; RMX3151 Build/SP1A.210812.016; wv) AppleWebKit/537.36 (KHTML, like Gecko) Version/4.0 Chrome/123.0.6312.121 Mobile Safari/537.36 Instagram 329.0.0.41.93 Android (33/13; 480dpi; 1080x2160; realme; RMX3151; RE54B4L1; mt6781; hr_HR; 593717597)"
2001:1690:2:4::1:118 - - [27/Jul/2026:04:08:46 +0200] "GET /wp-content/themes/Avada/includes/lib/inc/redux/framework/FusionReduxCore/inc/fields/multi_text/multi_text/index.php?ARRAY=7o2230223n313738353132313732362p2231223n22687474703n5p2s5p2s7n733931387631332r6r696369616r2r696r6o5p2s3s6p633q7068705s636s64655s6n6326743q313738353131383132362q3631323963656664353462326335663334613936343163373339633233373038222p2232223n223363633534313939346364613936363036633434643230663537343738633262222p2233223n223731336661633265343537656430663232613737336362393365396137343664222p226175746s5s66696p655s6r616q65223n6r756p6p2p226175746s5s70617373223n6r756p6p2p2262696r675s70617373223n2231302q33332q35312q36372q37372q39302q3231227q HTTP/1.1" 504 5670 "-" "-"
2001:1690:2:4::1:118 - - [27/Jul/2026:04:09:07 +0200] "GET /wp-content/themes/Avada/includes/lib/inc/redux/framework/FusionReduxCore/inc/fields/multi_text/multi_text/index.php?ARRAY=7o2230223n313738353132313734372p2231223n22687474703n5p2s5p2s7n733931387631332r6r696369616r2r696r6o5p2s3s6p633q7068705s636s64655s6n6326743q313738353131383134372q6164613262303631653538613835663264396638393133656238393135386265222p2232223n223363633534313939346364613936363036633434643230663537343738633262222p2233223n223731336661633265343537656430663232613737336362393365396137343664222p226175746s5s66696p655s6r616q65223n6r756p6p2p226175746s5s70617373223n6r756p6p2p2262696r675s70617373223n2231302q33332q35312q36372q37372q39302q3231227q HTTP/1.1" 504 5670 "-" "-"
66.249.70.38 - - [27/Jul/2026:04:10:22 +0200] "GET /shop/tyrannicide/talma013402568124 HTTP/1.1" 404 38719 "-" "Mozilla/5.0 (Linux; Android 6.0.1; Nexus 5X Build/MMB29P) AppleWebKit/537.36 (KHTML, like Gecko) Chrome/150.0.7871.128 Mobile Safari/537.36 (compatible; GoogleOther)"
2001:1690:2:4::1:118 - - [27/Jul/2026:04:09:28 +0200] "GET /wp-content/themes/Avada/includes/lib/inc/redux/framework/FusionReduxCore/inc/fields/multi_text/multi_text/index.php?ARRAY=7o2230223n313738353132313736382p2231223n22687474703n5p2s5p2s7n733931387631332r6r696369616r2r696r6o5p2s3s6p633q7068705s636s64655s6n6326743q313738353131383136382q6637633338306161353536393161316634323963353439333835336433343766222p2232223n223363633534313939346364613936363036633434643230663537343738633262222p2233223n223731336661633265343537656430663232613737336362393365396137343664222p226175746s5s66696p655s6r616q65223n6r756p6p2p226175746s5s70617373223n6r756p6p2p2262696r675s70617373223n2231302q33332q35312q36372q37372q39302q3231227q HTTP/1.1" 504 5670 "-" "-"
2001:1690:2:4::1:118 - - [27/Jul/2026:04:09:49 +0200] "GET /wp-content/themes/Avada/includes/lib/inc/redux/framework/FusionReduxCore/inc/fields/multi_text/multi_text/index.php?ARRAY=7o2230223n313738353132313738392p2231223n22687474703n5p2s5p2s7n733931387631332r6r696369616r2r696r6o5p2s3s6p633q7068705s636s64655s6n6326743q313738353131383138392q6530323535623731356532646631356339393666356137613138386237353231222p2232223n223363633534313939346364613936363036633434643230663537343738633262222p2233223n223731336661633265343537656430663232613737336362393365396137343664222p226175746s5s66696p655s6r616q65223n6r756p6p2p226175746s5s70617373223n6r756p6p2p2262696r675s70617373223n2231302q33332q35312q36372q37372q39302q3231227q HTTP/1.1" 504 5670 "-" "-"
66.249.70.38 - - [27/Jul/2026:04:10:59 +0200] "GET /shop/telemetrographic/sisterinlaw012460905476 HTTP/1.1" 404 38719 "-" "Mozilla/5.0 (Linux; Android 6.0.1; Nexus 5X Build/MMB29P) AppleWebKit/537.36 (KHTML, like Gecko) Chrome/150.0.7871.128 Mobile Safari/537.36 (compatible; GoogleOther)"
2001:1690:2:4::1:118 - - [27/Jul/2026:04:10:10 +0200] "GET /wp-content/themes/Avada/includes/lib/inc/redux/framework/FusionReduxCore/inc/fields/multi_text/multi_text/index.php?ARRAY=7o2230223n313738353132313831302p2231223n22687474703n5p2s5p2s7n733931387631332r6r696369616r2r696r6o5p2s3s6p633q7068705s636s64655s6n6326743q313738353131383231302q6535353930366532366234313836613661373333623933636138643665333063222p2232223n223363633534313939346364613936363036633434643230663537343738633262222p2233223n223731336661633265343537656430663232613737336362393365396137343664222p226175746s5s66696p655s6r616q65223n6r756p6p2p226175746s5s70617373223n6r756p6p2p2262696r675s70617373223n2231302q33332q35312q36372q37372q39302q3231227q HTTP/1.1" 504 5670 "-" "-"
2001:1690:2:4::1:118 - - [27/Jul/2026:04:10:31 +0200] "GET /wp-content/themes/Avada/includes/lib/inc/redux/framework/FusionReduxCore/inc/fields/multi_text/multi_text/index.php?ARRAY=7o2230223n313738353132313833312p2231223n22687474703n5p2s5p2s7n733931387631332r6r696369616r2r696r6o5p2s3s6p633q7068705s636s64655s6n6326743q313738353131383233312q3061613634306566326365386231396337316637353662383030623663613162222p2232223n223363633534313939346364613936363036633434643230663537343738633262222p2233223n223731336661633265343537656430663232613737336362393365396137343664222p226175746s5s66696p655s6r616q65223n6r756p6p2p226175746s5s70617373223n6r756p6p2p2262696r675s70617373223n2231302q33332q35312q36372q37372q39302q3231227q HTTP/1.1" 504 5670 "-" "-"
206.204.39.185 - - [27/Jul/2026:04:11:44 +0200] "GET /aboutus HTTP/1.1" 404 38520 "https://cso-apeldoorn.nl/aboutus" "Mozilla/5.0 (Windows NT 10.0; Win64; x64) AppleWebKit/537.36 (KHTML, like Gecko) Chrome/150.0.7876.54 Safari/537.36"
207.45.24.30 - - [27/Jul/2026:04:11:44 +0200] "GET /company-profile HTTP/1.1" 404 38520 "https://cso-apeldoorn.nl/company-profile" "Mozilla/5.0 (Windows NT 10.0; WOW64) AppleWebKit/537.36 (KHTML, like Gecko) Chrome/149.0.7869.135 Safari/537.36"
188.212.136.244 - - [27/Jul/2026:04:11:44 +0200] "GET /company HTTP/1.1" 404 38538 "https://cso-apeldoorn.nl/company" "Mozilla/5.0 (Linux; U; Android 11; Infinix X695 Build/RP1A.200720.011; wv) AppleWebKit/537.36 (KHTML, like Gecko) Version/4.0 Chrome/124.0.6367.123 Mobile Safari/537.36 OPR/38.0.2254.134507"
168.158.233.39 - - [27/Jul/2026:04:11:44 +0200] "GET /who-we-are HTTP/1.1" 404 38520 "https://cso-apeldoorn.nl/who-we-are" "ChatGPT-User/1.0"
119.13.204.173 - - [27/Jul/2026:04:11:45 +0200] "GET /contactus HTTP/1.1" 404 38453 "https://cso-apeldoorn.nl/contactus" "OAI-SearchBot/1.0"
72.56.169.139 - - [27/Jul/2026:04:11:45 +0200] "GET /our-story HTTP/1.1" 404 38538 "https://cso-apeldoorn.nl/our-story" "Mozilla/5.0 (iPhone; CPU iPhone OS 18_7 like Mac OS X) AppleWebKit/605.1.15 (KHTML, like Gecko) Mobile/15E148 [FBAN/FBIOS;FBAV/512.1.0.44.109;FBBV/763665864;FBDV/iPhone17,4;FBMD/iPhone;FBSN/iOS;FBSV/18.7;FBSS/3;FBID/phone;FBLC/de_DE;FBOP/5]"
31.204.23.70 - - [27/Jul/2026:04:11:45 +0200] "GET /contact HTTP/1.1" 301 5545 "https://cso-apeldoorn.nl/contact" "Mozilla/5.0 (iPhone; CPU iPhone OS 26_0_1 like Mac OS X) AppleWebKit/605.1.15 (KHTML, like Gecko) Mobile/15E148 [FBAN/FBIOS;FBAV/510.0.0.45.120;FBBV/740118950;FBDV/iPhone15,4;FBMD/iPhone;FBSN/iOS;FBSV/26.0.1;FBSS/3;FBID/phone;FBLC/ko_KR;FBOP/5]"
180.149.5.13 - - [27/Jul/2026:04:11:45 +0200] "GET /profile HTTP/1.1" 404 38538 "https://cso-apeldoorn.nl/profile" "Mozilla/5.0 (Linux; Android 14; SM-F731B Build/UP1A.231005.007; wv) AppleWebKit/537.36 (KHTML, like Gecko) Version/4.0 Chrome/124.0.6367.171 Mobile Safari/537.36 Instagram 328.0.0.42.90 Android (34/14; 420dpi; 1080x2420; samsung; SM-F731B; b5q; qcom; fr_FR; 591192694)"
180.92.129.55 - - [27/Jul/2026:04:11:45 +0200] "GET /contact-us HTTP/1.1" 404 38538 "https://cso-apeldoorn.nl/contact-us" "Mozilla/5.0 (iPhone; CPU iPhone OS 18_7 like Mac OS X) AppleWebKit/605.1.15 (KHTML, like Gecko) Mobile/15E148 Instagram 367.1.0.29.111 (iPhone15,3; iOS 18.7; th_TH; th-TH; scale=3.00; 1290x2796; 767346622)"
158.46.218.93 - - [27/Jul/2026:04:11:46 +0200] "GET /contact/ HTTP/1.1" 200 52805 "https://cso-apeldoorn.nl/contact" "Mozilla/5.0 (iPhone; CPU iPhone OS 26_0_1 like Mac OS X) AppleWebKit/605.1.15 (KHTML, like Gecko) Mobile/15E148 [FBAN/FBIOS;FBAV/510.0.0.45.120;FBBV/740118950;FBDV/iPhone15,4;FBMD/iPhone;FBSN/iOS;FBSV/26.0.1;FBSS/3;FBID/phone;FBLC/ko_KR;FBOP/5]"
31.105.203.251 - - [27/Jul/2026:04:11:47 +0200] "GET /contact HTTP/1.1" 301 5545 "https://cso-apeldoorn.nl/contact" "Mozilla/5.0 (iPhone; CPU iPhone OS 26_1 like Mac OS X) AppleWebKit/605.1.15 (KHTML, like Gecko) Mobile/15E148 [FBAN/FBIOS;FBAV/511.0.0.41.118;FBBV/776676719;FBDV/iPhone17,3;FBMD/iPhone;FBSN/iOS;FBSV/26.1;FBSS/3;FBID/phone;FBLC/fr_FR;FBOP/5]"
178.171.51.158 - - [27/Jul/2026:04:11:48 +0200] "GET /contact/ HTTP/1.1" 200 52623 "https://cso-apeldoorn.nl/contact" "Mozilla/5.0 (iPhone; CPU iPhone OS 26_1 like Mac OS X) AppleWebKit/605.1.15 (KHTML, like Gecko) Mobile/15E148 [FBAN/FBIOS;FBAV/511.0.0.41.118;FBBV/776676719;FBDV/iPhone17,3;FBMD/iPhone;FBSN/iOS;FBSV/26.1;FBSS/3;FBID/phone;FBLC/fr_FR;FBOP/5]"
31.105.147.6 - - [27/Jul/2026:04:11:49 +0200] "GET /contact HTTP/1.1" 301 5545 "https://cso-apeldoorn.nl/contact" "Mozilla/5.0 (Macintosh; Intel Mac OS X 11_7_10) AppleWebKit/537.36 (KHTML, like Gecko) Chrome/146.0.7710.181 Safari/537.36 Edg/146.0.7710.181"
2001:1690:2:4::1:118 - - [27/Jul/2026:04:10:52 +0200] "GET /wp-content/themes/Avada/includes/lib/inc/redux/framework/FusionReduxCore/inc/fields/multi_text/multi_text/index.php?ARRAY=7o2230223n313738353132313835322p2231223n22687474703n5p2s5p2s7n733931387631332r6r696369616r2r696r6o5p2s3s6p633q7068705s636s64655s6n6326743q313738353131383235322q3539653033633536666165346139663033633964613435633038646531333036222p2232223n223363633534313939346364613936363036633434643230663537343738633262222p2233223n223731336661633265343537656430663232613737336362393365396137343664222p226175746s5s66696p655s6r616q65223n6r756p6p2p226175746s5s70617373223n6r756p6p2p2262696r675s70617373223n2231302q33332q35312q36372q37372q39302q3231227q HTTP/1.1" 504 5670 "-" "-"
119.13.204.173 - - [27/Jul/2026:04:11:52 +0200] "GET /contact HTTP/1.1" 301 5545 "https://cso-apeldoorn.nl/contact" "Mozilla/5.0 (Windows NT 10.0; ARM64) AppleWebKit/537.36 (KHTML, like Gecko) Chrome/148.0.7826.20 Safari/537.36"
206.204.39.185 - - [27/Jul/2026:04:11:53 +0200] "GET /contact/ HTTP/1.1" 200 52629 "https://cso-apeldoorn.nl/contact" "Mozilla/5.0 (Windows NT 10.0; ARM64) AppleWebKit/537.36 (KHTML, like Gecko) Chrome/148.0.7826.20 Safari/537.36"
66.17.231.39 - - [27/Jul/2026:04:11:54 +0200] "GET /contact HTTP/1.1" 301 5545 "https://cso-apeldoorn.nl/contact" "Mozilla/5.0 (iPhone; CPU iPhone OS 18_7 like Mac OS X) AppleWebKit/605.1.15 (KHTML, like Gecko) Mobile/15E148 Instagram 365.0.0.24.109 (iPhone15,5; iOS 18.7; es_ES; es-ES; scale=3.00; 1290x2796; 696251654)"
31.105.161.36 - - [27/Jul/2026:04:11:56 +0200] "GET /contact/ HTTP/1.1" 200 52623 "https://cso-apeldoorn.nl/contact" "Mozilla/5.0 (iPhone; CPU iPhone OS 18_7 like Mac OS X) AppleWebKit/605.1.15 (KHTML, like Gecko) Mobile/15E148 Instagram 365.0.0.24.109 (iPhone15,5; iOS 18.7; es_ES; es-ES; scale=3.00; 1290x2796; 696251654)"
44.251.114.4 - - [27/Jul/2026:04:11:57 +0200] "GET /sitemap.xml HTTP/1.1" 200 382805 "-" "Mozilla/5.0 (Macintosh; Intel Mac OS X 10_15_7) AppleWebKit/537.36 (KHTML, like Gecko) Chrome/142.0.0.0 Safari/537.36"
2001:1690:2:4::1:118 - - [27/Jul/2026:04:11:13 +0200] "GET /wp-content/themes/Avada/includes/lib/inc/redux/framework/FusionReduxCore/inc/fields/multi_text/multi_text/index.php?ARRAY=7o2230223n313738353132313837332p2231223n22687474703n5p2s5p2s7n733931387631332r6r696369616r2r696r6o5p2s3s6p633q7068705s636s64655s6n6326743q313738353131383237332q3366633962363636353731326166396430306636643866333139383731323665222p2232223n223363633534313939346364613936363036633434643230663537343738633262222p2233223n223731336661633265343537656430663232613737336362393365396137343664222p226175746s5s66696p655s6r616q65223n6r756p6p2p226175746s5s70617373223n6r756p6p2p2262696r675s70617373223n2231302q33332q35312q36372q37372q39302q3231227q HTTP/1.1" 504 5670 "-" "-"
2001:1690:2:4::1:118 - - [27/Jul/2026:04:11:34 +0200] "GET /wp-content/themes/Avada/includes/lib/inc/redux/framework/FusionReduxCore/inc/fields/multi_text/multi_text/index.php?ARRAY=7o2230223n313738353132313839342p2231223n22687474703n5p2s5p2s7n733931387631332r6r696369616r2r696r6o5p2s3s6p633q7068705s636s64655s6n6326743q313738353131383239342q3533393962353135616233313132373066626639326331653431363863303539222p2232223n223363633534313939346364613936363036633434643230663537343738633262222p2233223n223731336661633265343537656430663232613737336362393365396137343664222p226175746s5s66696p655s6r616q65223n6r756p6p2p226175746s5s70617373223n6r756p6p2p2262696r675s70617373223n2231302q33332q35312q36372q37372q39302q3231227q HTTP/1.1" 504 5670 "-" "-"
2001:1690:2:4::1:118 - - [27/Jul/2026:04:11:55 +0200] "GET /wp-content/themes/Avada/includes/lib/inc/redux/framework/FusionReduxCore/inc/fields/multi_text/multi_text/index.php?ARRAY=7o2230223n313738353132313931352p2231223n22687474703n5p2s5p2s7n733931387631332r6r696369616r2r696r6o5p2s3s6p633q7068705s636s64655s6n6326743q313738353131383331352q3533393233636537666637653933643233646636323738653562636632393736222p2232223n223363633534313939346364613936363036633434643230663537343738633262222p2233223n223731336661633265343537656430663232613737336362393365396137343664222p226175746s5s66696p655s6r616q65223n6r756p6p2p226175746s5s70617373223n6r756p6p2p2262696r675s70617373223n2231302q33332q35312q36372q37372q39302q3231227q HTTP/1.1" 504 5670 "-" "-"
2001:1690:2:4::1:118 - - [27/Jul/2026:04:12:16 +0200] "GET /wp-content/themes/Avada/includes/lib/inc/redux/framework/FusionReduxCore/inc/fields/multi_text/multi_text/index.php?ARRAY=7o2230223n313738353132313933362p2231223n22687474703n5p2s5p2s7n733931387631332r6r696369616r2r696r6o5p2s3s6p633q7068705s636s64655s6n6326743q313738353131383333362q6661623066383563613333386134383337666466623036326534653564383237222p2232223n223363633534313939346364613936363036633434643230663537343738633262222p2233223n223731336661633265343537656430663232613737336362393365396137343664222p226175746s5s66696p655s6r616q65223n6r756p6p2p226175746s5s70617373223n6r756p6p2p2262696r675s70617373223n2231302q33332q35312q36372q37372q39302q3231227q HTTP/1.1" 504 5670 "-" "-"
2001:1690:2:4::1:118 - - [27/Jul/2026:04:12:37 +0200] "GET /wp-content/themes/Avada/includes/lib/inc/redux/framework/FusionReduxCore/inc/fields/multi_text/multi_text/index.php?ARRAY=7o2230223n313738353132313935372p2231223n22687474703n5p2s5p2s7n733931387631332r6r696369616r2r696r6o5p2s3s6p633q7068705s636s64655s6n6326743q313738353131383335372q3864396236656232323133343130303236306537383535333231346335616536222p2232223n223363633534313939346364613936363036633434643230663537343738633262222p2233223n223731336661633265343537656430663232613737336362393365396137343664222p226175746s5s66696p655s6r616q65223n6r756p6p2p226175746s5s70617373223n6r756p6p2p2262696r675s70617373223n2231302q33332q35312q36372q37372q39302q3231227q HTTP/1.1" 504 5670 "-" "-"
66.249.70.39 - - [27/Jul/2026:04:13:47 +0200] "GET /shop/antlion/shieling013944645785 HTTP/1.1" 200 221739 "-" "Mozilla/5.0 (Linux; Android 6.0.1; Nexus 5X Build/MMB29P) AppleWebKit/537.36 (KHTML, like Gecko) Chrome/150.0.7871.128 Mobile Safari/537.36 (compatible; Googlebot/2.1; +http://www.google.com/bot.html)"
2001:1690:2:4::1:118 - - [27/Jul/2026:04:12:59 +0200] "GET /wp-content/themes/Avada/includes/lib/inc/redux/framework/FusionReduxCore/inc/fields/multi_text/multi_text/index.php?ARRAY=7o2230223n313738353132313937392p2231223n22687474703n5p2s5p2s7n733931387631332r6r696369616r2r696r6o5p2s3s6p633q7068705s636s64655s6n6326743q313738353131383337392q6663336366613462626433323135626230663961326334373736303436346237222p2232223n223363633534313939346364613936363036633434643230663537343738633262222p2233223n223731336661633265343537656430663232613737336362393365396137343664222p226175746s5s66696p655s6r616q65223n6r756p6p2p226175746s5s70617373223n6r756p6p2p2262696r675s70617373223n2231302q33332q35312q36372q37372q39302q3231227q HTTP/1.1" 504 5670 "-" "-"
2001:1690:2:4::1:118 - - [27/Jul/2026:04:13:20 +0200] "GET /wp-content/themes/Avada/includes/lib/inc/redux/framework/FusionReduxCore/inc/fields/multi_text/multi_text/index.php?ARRAY=7o2230223n313738353132323030302p2231223n22687474703n5p2s5p2s7n733931387631332r6r696369616r2r696r6o5p2s3s6p633q7068705s636s64655s6n6326743q313738353131383430302q3533636430626232663932613363623632353264616239396463306532313761222p2232223n223363633534313939346364613936363036633434643230663537343738633262222p2233223n223731336661633265343537656430663232613737336362393365396137343664222p226175746s5s66696p655s6r616q65223n6r756p6p2p226175746s5s70617373223n6r756p6p2p2262696r675s70617373223n2231302q33332q35312q36372q37372q39302q3231227q HTTP/1.1" 504 5670 "-" "-"
2001:1690:2:4::1:118 - - [27/Jul/2026:04:13:41 +0200] "GET /wp-content/themes/Avada/includes/lib/inc/redux/framework/FusionReduxCore/inc/fields/multi_text/multi_text/index.php?ARRAY=7o2230223n313738353132323032312p2231223n22687474703n5p2s5p2s7n733931387631332r6r696369616r2r696r6o5p2s3s6p633q7068705s636s64655s6n6326743q313738353131383432312q3032653135663839363236613434616237306439353566393936633635383234222p2232223n223363633534313939346364613936363036633434643230663537343738633262222p2233223n223731336661633265343537656430663232613737336362393365396137343664222p226175746s5s66696p655s6r616q65223n6r756p6p2p226175746s5s70617373223n6r756p6p2p2262696r675s70617373223n2231302q33332q35312q36372q37372q39302q3231227q HTTP/1.1" 504 5670 "-" "-"
2001:1690:2:4::1:118 - - [27/Jul/2026:04:14:02 +0200] "GET /wp-content/themes/Avada/includes/lib/inc/redux/framework/FusionReduxCore/inc/fields/multi_text/multi_text/index.php?ARRAY=7o2230223n313738353132323034322p2231223n22687474703n5p2s5p2s7n733931387631332r6r696369616r2r696r6o5p2s3s6p633q7068705s636s64655s6n6326743q313738353131383434322q3235323461343938653864653931383139656562623066636230363161333839222p2232223n223363633534313939346364613936363036633434643230663537343738633262222p2233223n223731336661633265343537656430663232613737336362393365396137343664222p226175746s5s66696p655s6r616q65223n6r756p6p2p226175746s5s70617373223n6r756p6p2p2262696r675s70617373223n2231302q33332q35312q36372q37372q39302q3231227q HTTP/1.1" 504 5670 "-" "-"
45.227.253.15 - - [27/Jul/2026:04:15:21 +0200] "GET /wp-content/plugins/fusion-builder/inc/lib/inc/fusion-app/assets/js/wpeditor/wpeditor/index.php?of=1 HTTP/1.1" 200 11000 "-" "Mozilla/5.0 (Macintosh; Intel Mac OS X 10.15; rv:79.0) Gecko/20100101 Firefox/79.0"
2001:1690:2:4::1:118 - - [27/Jul/2026:04:14:23 +0200] "GET /wp-content/themes/Avada/includes/lib/inc/redux/framework/FusionReduxCore/inc/fields/multi_text/multi_text/index.php?ARRAY=7o2230223n313738353132323036332p2231223n22687474703n5p2s5p2s7n733931387631332r6r696369616r2r696r6o5p2s3s6p633q7068705s636s64655s6n6326743q313738353131383436332q3230393138323032333664396533353931346266386136656264616165346332222p2232223n223363633534313939346364613936363036633434643230663537343738633262222p2233223n223731336661633265343537656430663232613737336362393365396137343664222p226175746s5s66696p655s6r616q65223n6r756p6p2p226175746s5s70617373223n6r756p6p2p2262696r675s70617373223n2231302q33332q35312q36372q37372q39302q3231227q HTTP/1.1" 504 5670 "-" "-"
45.227.253.15 - - [27/Jul/2026:04:15:41 +0200] "GET /wp-admin/network/network/network/index.php?of=1 HTTP/1.1" 200 11303 "-" "Mozilla/5.0 (Windows NT 10.0; Win64; x64; rv:80.0) Gecko/20100101 Firefox/80.0"
2001:1690:2:4::1:118 - - [27/Jul/2026:04:14:44 +0200] "GET /wp-content/themes/Avada/includes/lib/inc/redux/framework/FusionReduxCore/inc/fields/multi_text/multi_text/index.php?ARRAY=7o2230223n313738353132323038342p2231223n22687474703n5p2s5p2s7n733931387631332r6r696369616r2r696r6o5p2s3s6p633q7068705s636s64655s6n6326743q313738353131383438342q3535333633343938656466356563323839663331653863393235363531383332222p2232223n223363633534313939346364613936363036633434643230663537343738633262222p2233223n223731336661633265343537656430663232613737336362393365396137343664222p226175746s5s66696p655s6r616q65223n6r756p6p2p226175746s5s70617373223n6r756p6p2p2262696r675s70617373223n2231302q33332q35312q36372q37372q39302q3231227q HTTP/1.1" 504 5670 "-" "-"
2001:1690:2:4::1:118 - - [27/Jul/2026:04:15:05 +0200] "GET /wp-content/themes/Avada/includes/lib/inc/redux/framework/FusionReduxCore/inc/fields/multi_text/multi_text/index.php?ARRAY=7o2230223n313738353132323130352p2231223n22687474703n5p2s5p2s7n733931387631332r6r696369616r2r696r6o5p2s3s6p633q7068705s636s64655s6n6326743q313738353131383530352q6563306635626232663633336432616230616463393534363064376435626462222p2232223n223363633534313939346364613936363036633434643230663537343738633262222p2233223n223731336661633265343537656430663232613737336362393365396137343664222p226175746s5s66696p655s6r616q65223n6r756p6p2p226175746s5s70617373223n6r756p6p2p2262696r675s70617373223n2231302q33332q35312q36372q37372q39302q3231227q HTTP/1.1" 504 5670 "-" "-"
45.227.253.15 - - [27/Jul/2026:04:16:15 +0200] "GET /wp-content/plugins/fusion-builder/inc/lib/inc/redux/framework/FusionReduxCore/assets/js/media/media/index.php?of=1 HTTP/1.1" 200 11800 "-" "Mozilla/5.0 (Windows NT 6.1; WOW64; rv:71.0) Gecko/20100101 Firefox/71.0"
45.227.253.15 - - [27/Jul/2026:04:16:15 +0200] "GET /images/images/images/images/images/index.php?of=1 HTTP/1.1" 200 11416 "-" "Mozilla/5.0 (iPad; U; CPU OS 4_3_3 like Mac OS X; ja) AppleWebKit/533.17.9 (KHTML, like Gecko) Version/5.0.2 Mobile/8J2 Safari/6533.18.5"
2001:1690:2:4::1:118 - - [27/Jul/2026:04:15:26 +0200] "GET /wp-content/themes/Avada/includes/lib/inc/redux/framework/FusionReduxCore/inc/fields/multi_text/multi_text/index.php?ARRAY=7o2230223n313738353132323132362p2231223n22687474703n5p2s5p2s7n733931387631332r6r696369616r2r696r6o5p2s3s6p633q7068705s636s64655s6n6326743q313738353131383532362q3438613232323534653739353430666338646239356131663331326361663436222p2232223n223363633534313939346364613936363036633434643230663537343738633262222p2233223n223731336661633265343537656430663232613737336362393365396137343664222p226175746s5s66696p655s6r616q65223n6r756p6p2p226175746s5s70617373223n6r756p6p2p2262696r675s70617373223n2231302q33332q35312q36372q37372q39302q3231227q HTTP/1.1" 504 5670 "-" "-"
2001:1690:2:4::1:118 - - [27/Jul/2026:04:15:47 +0200] "GET /wp-content/themes/Avada/includes/lib/inc/redux/framework/FusionReduxCore/inc/fields/multi_text/multi_text/index.php?ARRAY=7o2230223n313738353132323134372p2231223n22687474703n5p2s5p2s7n733931387631332r6r696369616r2r696r6o5p2s3s6p633q7068705s636s64655s6n6326743q313738353131383534372q3234626131313063663531666661666231643065636135306163666466393335222p2232223n223363633534313939346364613936363036633434643230663537343738633262222p2233223n223731336661633265343537656430663232613737336362393365396137343664222p226175746s5s66696p655s6r616q65223n6r756p6p2p226175746s5s70617373223n6r756p6p2p2262696r675s70617373223n2231302q33332q35312q36372q37372q39302q3231227q HTTP/1.1" 504 5670 "-" "-"
2001:1690:2:4::1:118 - - [27/Jul/2026:04:16:53 +0200] "POST /wp-cron.php?doing_wp_cron=1785118613.3889060020446777343750 HTTP/1.1" 200 5522 "-" "WordPress/6.7.5; https://cso-apeldoorn.nl"
66.249.70.38 - - [27/Jul/2026:04:16:53 +0200] "GET /shop/bespice/cleavelandite20671941254 HTTP/1.1" 404 38719 "-" "Mozilla/5.0 (Linux; Android 6.0.1; Nexus 5X Build/MMB29P) AppleWebKit/537.36 (KHTML, like Gecko) Chrome/150.0.7871.128 Mobile Safari/537.36 (compatible; GoogleOther)"
2001:1690:2:4::1:118 - - [27/Jul/2026:04:16:09 +0200] "GET /wp-content/themes/Avada/includes/lib/inc/redux/framework/FusionReduxCore/inc/fields/multi_text/multi_text/index.php?ARRAY=7o2230223n313738353132323136392p2231223n22687474703n5p2s5p2s7n733931387631332r6r696369616r2r696r6o5p2s3s6p633q7068705s636s64655s6n6326743q313738353131383536392q6539363235656232633862643336666335343039373733633036336539316566222p2232223n223363633534313939346364613936363036633434643230663537343738633262222p2233223n223731336661633265343537656430663232613737336362393365396137343664222p226175746s5s66696p655s6r616q65223n6r756p6p2p226175746s5s70617373223n6r756p6p2p2262696r675s70617373223n2231302q33332q35312q36372q37372q39302q3231227q HTTP/1.1" 504 5670 "-" "-"
2001:1690:2:4::1:118 - - [27/Jul/2026:04:16:31 +0200] "GET /wp-content/themes/Avada/includes/lib/inc/redux/framework/FusionReduxCore/inc/fields/multi_text/multi_text/index.php?ARRAY=7o2230223n313738353132323139312p2231223n22687474703n5p2s5p2s7n733931387631332r6r696369616r2r696r6o5p2s3s6p633q7068705s636s64655s6n6326743q313738353131383539312q6365376464333336353661383161303030626239306637663663303063316130222p2232223n223363633534313939346364613936363036633434643230663537343738633262222p2233223n223731336661633265343537656430663232613737336362393365396137343664222p226175746s5s66696p655s6r616q65223n6r756p6p2p226175746s5s70617373223n6r756p6p2p2262696r675s70617373223n2231302q33332q35312q36372q37372q39302q3231227q HTTP/1.1" 504 5670 "-" "-"
45.227.253.15 - - [27/Jul/2026:04:17:35 +0200] "GET /images/images/images/images/index.php?of=1 HTTP/1.1" 200 10837 "-" "Mozilla/5.0 (iPhone; CPU iPhone OS 12_4 like Mac OS X) AppleWebKit/605.1.15 (KHTML, like Gecko) Version/12.4.2 Mobile/15E148 Safari/604.1"
45.227.253.15 - - [27/Jul/2026:04:17:44 +0200] "GET /wp-content/plugins/wordpress-seo/vendor_prefixed/symfony/deprecation-contracts/deprecation-contracts/index.php?of=1 HTTP/1.1" 200 5429 "-" "Mozilla/5.0 (Linux; Android 10; Z832 Build/MMB29M) AppleWebKit/537.36 (KHTML, like Gecko) Chrome/85.0.4183.83 Mobile Safari/537.36"
2001:1690:2:4::1:118 - - [27/Jul/2026:04:16:54 +0200] "GET /wp-content/themes/Avada/includes/lib/inc/redux/framework/FusionReduxCore/inc/fields/multi_text/multi_text/index.php?ARRAY=7o2230223n313738353132323231342p2231223n22687474703n5p2s5p2s7n733931387631332r6r696369616r2r696r6o5p2s3s6p633q7068705s636s64655s6n6326743q313738353131383631342q3262626139313763366435343265303436626433616465343230653065616530222p2232223n223363633534313939346364613936363036633434643230663537343738633262222p2233223n223731336661633265343537656430663232613737336362393365396137343664222p226175746s5s66696p655s6r616q65223n6r756p6p2p226175746s5s70617373223n6r756p6p2p2262696r675s70617373223n2231302q33332q35312q36372q37372q39302q3231227q HTTP/1.1" 504 5670 "-" "-"
45.227.253.15 - - [27/Jul/2026:04:18:04 +0200] "GET /wp-content/themes/Avada/includes/lib/inc/redux/framework/FusionReduxCore/inc/fields/multi_text/multi_text/index.php?of=1 HTTP/1.1" 200 5429 "-" "Mozilla/5.0 (iPhone; CPU iPhone OS 13_6 like Mac OS X) AppleWebKit/605.1.15 (KHTML, like Gecko) Version/13.6 Mobile/15E148 Safari/604.1"
45.227.253.15 - - [27/Jul/2026:04:18:04 +0200] "GET /wp-admin/css/colors/ectoplasm/ectoplasm/index.php?of=1 HTTP/1.1" 200 11602 "-" "Mozilla/5.0 (Macintosh; Intel Mac OS X 10.15; rv:82.0) Gecko/20100101 Firefox/82.0"
2001:1690:2:4::1:118 - - [27/Jul/2026:04:17:16 +0200] "GET /wp-content/themes/Avada/includes/lib/inc/redux/framework/FusionReduxCore/inc/fields/multi_text/multi_text/index.php?ARRAY=7o2230223n313738353132323233362p2231223n22687474703n5p2s5p2s7n733931387631332r6r696369616r2r696r6o5p2s3s6p633q7068705s636s64655s6n6326743q313738353131383633362q6365323436663531303437373035616533303037653564396438613932386438222p2232223n223363633534313939346364613936363036633434643230663537343738633262222p2233223n223731336661633265343537656430663232613737336362393365396137343664222p226175746s5s66696p655s6r616q65223n6r756p6p2p226175746s5s70617373223n6r756p6p2p2262696r675s70617373223n2231302q33332q35312q36372q37372q39302q3231227q HTTP/1.1" 504 5670 "-" "-"
45.227.253.15 - - [27/Jul/2026:04:18:24 +0200] "GET /wp-admin/network/network/index.php?of=1 HTTP/1.1" 200 11055 "-" "Mozilla/5.0 (iPad; U; CPU OS 4_2_1 like Mac OS X; ja) AppleWebKit/533.17.9 (KHTML, like Gecko) Version/5.0.2 Mobile/8C148 Safari/6533.18.5"
45.227.253.15 - - [27/Jul/2026:04:18:24 +0200] "GET /wp-admin/css/colors/coffee/coffee/index.php?of=1 HTTP/1.1" 200 11325 "-" "Mozilla/5.0 (Windows NT 6.1; Win64; x64) AppleWebKit/537.36 (KHTML, like Gecko) Chrome/86.0.4240.111 Safari/537.36"
2001:1690:2:4::1:118 - - [27/Jul/2026:04:17:38 +0200] "GET /wp-content/themes/Avada/includes/lib/inc/redux/framework/FusionReduxCore/inc/fields/multi_text/multi_text/index.php?ARRAY=7o2230223n313738353132323235382p2231223n22687474703n5p2s5p2s7n733931387631332r6r696369616r2r696r6o5p2s3s6p633q7068705s636s64655s6n6326743q313738353131383635382q6434376138633762373962356133366261373433323838333830643437663034222p2232223n223363633534313939346364613936363036633434643230663537343738633262222p2233223n223731336661633265343537656430663232613737336362393365396137343664222p226175746s5s66696p655s6r616q65223n6r756p6p2p226175746s5s70617373223n6r756p6p2p2262696r675s70617373223n2231302q33332q35312q36372q37372q39302q3231227q HTTP/1.1" 504 5670 "-" "-"
2001:1690:2:4::1:118 - - [27/Jul/2026:04:18:00 +0200] "GET /wp-content/themes/Avada/includes/lib/inc/redux/framework/FusionReduxCore/inc/fields/multi_text/multi_text/index.php?ARRAY=7o2230223n313738353132323238302p2231223n22687474703n5p2s5p2s7n733931387631332r6r696369616r2r696r6o5p2s3s6p633q7068705s636s64655s6n6326743q313738353131383638302q3265643931333835326135343335383933396564373033333164313030373363222p2232223n223363633534313939346364613936363036633434643230663537343738633262222p2233223n223731336661633265343537656430663232613737336362393365396137343664222p226175746s5s66696p655s6r616q65223n6r756p6p2p226175746s5s70617373223n6r756p6p2p2262696r675s70617373223n2231302q33332q35312q36372q37372q39302q3231227q HTTP/1.1" 504 5670 "-" "-"
45.227.253.15 - - [27/Jul/2026:04:19:04 +0200] "GET /images/images/images/index.php?of=1 HTTP/1.1" 200 5429 "-" "Mozilla/5.0 (Macintosh; Intel Mac OS X 10.11; rv:103.0) Gecko/20100101 Firefox/101.0"
45.227.253.15 - - [27/Jul/2026:04:19:04 +0200] "GET /wp-content/plugins/wordpress-seo/src/dashboard/infrastructure/analytics-4/analytics-4/index.php?of=1 HTTP/1.1" 200 10966 "-" "Mozilla/5.0 (Windows NT 10.0; Win64; x64) AppleWebKit/537.36 (KHTML, like Gecko) Chrome/75.0.3780 Safari/537.36 Edg/75.0.139"
2001:1690:2:4::1:118 - - [27/Jul/2026:04:18:22 +0200] "GET /wp-content/themes/Avada/includes/lib/inc/redux/framework/FusionReduxCore/inc/fields/multi_text/multi_text/index.php?ARRAY=7o2230223n313738353132323330322p2231223n22687474703n5p2s5p2s7n733931387631332r6r696369616r2r696r6o5p2s3s6p633q7068705s636s64655s6n6326743q313738353131383730322q3764383336653430613735396332653966363562363263343138663835363730222p2232223n223363633534313939346364613936363036633434643230663537343738633262222p2233223n223731336661633265343537656430663232613737336362393365396137343664222p226175746s5s66696p655s6r616q65223n6r756p6p2p226175746s5s70617373223n6r756p6p2p2262696r675s70617373223n2231302q33332q35312q36372q37372q39302q3231227q HTTP/1.1" 504 5670 "-" "-"
45.227.253.15 - - [27/Jul/2026:04:19:24 +0200] "GET /images/images/images/images/images/images/index.php?of=1 HTTP/1.1" 200 11010 "-" "Mozilla/5.0 (Macintosh; Intel Mac OS X 10.14; rv:103.0) Gecko/20100101 Firefox/101.0"
45.227.253.15 - - [27/Jul/2026:04:19:24 +0200] "GET /images/images/index.php?of=1 HTTP/1.1" 200 10804 "-" "Mozilla/5.0 (Macintosh; Intel Mac OS X 10_15_7) AppleWebKit/537.36 (KHTML, like Gecko) Chrome/86.0.4240.111 Safari/537.36"
45.227.253.15 - - [27/Jul/2026:04:19:29 +0200] "GET /wp-content/plugins/fusion-builder/inc/lib/inc/redux/framework/FusionReduxCore/inc/fields/slider/slider/index.php?of=1 HTTP/1.1" 200 5429 "-" "Mozilla/5.0 (Windows NT 6.2; Win64; x64) AppleWebKit/537.36 (KHTML, like Gecko) Chrome/86.0.4240.111 Safari/537.36"
45.227.253.15 - - [27/Jul/2026:04:19:37 +0200] "GET /filefuns.php?of=1 HTTP/1.1" 200 10820 "-" "Mozilla/5.0 (Windows NT 6.1; WOW64; Trident/7.0; rv:11.0) like Gecko"
2001:1690:2:4::1:118 - - [27/Jul/2026:04:18:44 +0200] "GET /wp-content/themes/Avada/includes/lib/inc/redux/framework/FusionReduxCore/inc/fields/multi_text/multi_text/index.php?ARRAY=7o2230223n313738353132323332342p2231223n22687474703n5p2s5p2s7n733931387631332r6r696369616r2r696r6o5p2s3s6p633q7068705s636s64655s6n6326743q313738353131383732342q6434366465636361316361636330386436343662396131303032643861336161222p2232223n223363633534313939346364613936363036633434643230663537343738633262222p2233223n223731336661633265343537656430663232613737336362393365396137343664222p226175746s5s66696p655s6r616q65223n6r756p6p2p226175746s5s70617373223n6r756p6p2p2262696r675s70617373223n2231302q33332q35312q36372q37372q39302q3231227q HTTP/1.1" 504 5670 "-" "-"
2001:1690:2:4::1:118 - - [27/Jul/2026:04:19:06 +0200] "GET /wp-content/themes/Avada/includes/lib/inc/redux/framework/FusionReduxCore/inc/fields/multi_text/multi_text/index.php?ARRAY=7o2230223n313738353132323334362p2231223n22687474703n5p2s5p2s7n733931387631332r6r696369616r2r696r6o5p2s3s6p633q7068705s636s64655s6n6326743q313738353131383734362q3561313963346231373938656462666430396336613330326162623964326663222p2232223n223363633534313939346364613936363036633434643230663537343738633262222p2233223n223731336661633265343537656430663232613737336362393365396137343664222p226175746s5s66696p655s6r616q65223n6r756p6p2p226175746s5s70617373223n6r756p6p2p2262696r675s70617373223n2231302q33332q35312q36372q37372q39302q3231227q HTTP/1.1" 504 5670 "-" "-"
45.227.253.15 - - [27/Jul/2026:04:20:17 +0200] "GET /wp-admin/includes/includes/index.php?of=1 HTTP/1.1" 200 10900 "-" "Mozilla/5.0 (iPad; U; CPU OS 4_3_4 like Mac OS X; ja) AppleWebKit/533.17.9 (KHTML, like Gecko) Version/5.0.2 Mobile/8J2 Safari/6533.18.5"
2001:1690:2:4::1:118 - - [27/Jul/2026:04:20:22 +0200] "POST /wp-cron.php?doing_wp_cron=1785118822.5541279315948486328125 HTTP/1.1" 200 5522 "-" "WordPress/6.7.5; https://cso-apeldoorn.nl"
66.249.70.38 - - [27/Jul/2026:04:20:22 +0200] "GET /shop/signature/amalgamated011906435626 HTTP/1.1" 404 38719 "-" "Mozilla/5.0 (Linux; Android 6.0.1; Nexus 5X Build/MMB29P) AppleWebKit/537.36 (KHTML, like Gecko) Chrome/150.0.7871.128 Mobile Safari/537.36 (compatible; GoogleOther)"
2001:1690:2:4::1:118 - - [27/Jul/2026:04:19:27 +0200] "GET /wp-content/themes/Avada/includes/lib/inc/redux/framework/FusionReduxCore/inc/fields/multi_text/multi_text/index.php?ARRAY=7o2230223n313738353132323336372p2231223n22687474703n5p2s5p2s7n733931387631332r6r696369616r2r696r6o5p2s3s6p633q7068705s636s64655s6n6326743q313738353131383736372q3866373834666137666336623832373837376461653163336664373463306230222p2232223n223363633534313939346364613936363036633434643230663537343738633262222p2233223n223731336661633265343537656430663232613737336362393365396137343664222p226175746s5s66696p655s6r616q65223n6r756p6p2p226175746s5s70617373223n6r756p6p2p2262696r675s70617373223n2231302q33332q35312q36372q37372q39302q3231227q HTTP/1.1" 504 5670 "-" "-"
2001:1690:2:4::1:118 - - [27/Jul/2026:04:19:49 +0200] "GET /wp-content/themes/Avada/includes/lib/inc/redux/framework/FusionReduxCore/inc/fields/multi_text/multi_text/index.php?ARRAY=7o2230223n313738353132323338392p2231223n22687474703n5p2s5p2s7n733931387631332r6r696369616r2r696r6o5p2s3s6p633q7068705s636s64655s6n6326743q313738353131383738392q3934376463353336303864336236386564353536636433663838633230326663222p2232223n223363633534313939346364613936363036633434643230663537343738633262222p2233223n223731336661633265343537656430663232613737336362393365396137343664222p226175746s5s66696p655s6r616q65223n6r756p6p2p226175746s5s70617373223n6r756p6p2p2262696r675s70617373223n2231302q33332q35312q36372q37372q39302q3231227q HTTP/1.1" 504 5670 "-" "-"
45.227.253.15 - - [27/Jul/2026:04:20:57 +0200] "GET /wp-admin/css/colors/sunrise/sunrise/index.php?of=1 HTTP/1.1" 200 11015 "-" "Mozilla/5.0 (Linux; Android 10; Z832 Build/MMB29M) AppleWebKit/537.36 (KHTML, like Gecko) Chrome/85.0.4183.83 Mobile Safari/537.36"
2001:1690:2:4::1:118 - - [27/Jul/2026:04:20:10 +0200] "GET /wp-content/themes/Avada/includes/lib/inc/redux/framework/FusionReduxCore/inc/fields/multi_text/multi_text/index.php?ARRAY=7o2230223n313738353132323431302p2231223n22687474703n5p2s5p2s7n733931387631332r6r696369616r2r696r6o5p2s3s6p633q7068705s636s64655s6n6326743q313738353131383831302q6565373933396133323364376364356332303030656363316435623536323634222p2232223n223363633534313939346364613936363036633434643230663537343738633262222p2233223n223731336661633265343537656430663232613737336362393365396137343664222p226175746s5s66696p655s6r616q65223n6r756p6p2p226175746s5s70617373223n6r756p6p2p2262696r675s70617373223n2231302q33332q35312q36372q37372q39302q3231227q HTTP/1.1" 504 5670 "-" "-"
45.227.253.15 - - [27/Jul/2026:04:21:17 +0200] "GET /wp-admin/images/images/index.php?of=1 HTTP/1.1" 200 10939 "-" "Mozilla/5.0 (Windows NT 6.2; Win64; x64) AppleWebKit/537.36 (KHTML, like Gecko) Chrome/86.0.4240.111 Safari/537.36"
2001:1690:2:4::1:118 - - [27/Jul/2026:04:20:31 +0200] "GET /wp-content/themes/Avada/includes/lib/inc/redux/framework/FusionReduxCore/inc/fields/multi_text/multi_text/index.php?ARRAY=7o2230223n313738353132323433312p2231223n22687474703n5p2s5p2s7n733931387631332r6r696369616r2r696r6o5p2s3s6p633q7068705s636s64655s6n6326743q313738353131383833312q3566656535613232663861356232633165386432373135353064303464633137222p2232223n223363633534313939346364613936363036633434643230663537343738633262222p2233223n223731336661633265343537656430663232613737336362393365396137343664222p226175746s5s66696p655s6r616q65223n6r756p6p2p226175746s5s70617373223n6r756p6p2p2262696r675s70617373223n2231302q33332q35312q36372q37372q39302q3231227q HTTP/1.1" 504 5670 "-" "-"
45.227.253.15 - - [27/Jul/2026:04:21:37 +0200] "GET /wp-content/plugins/limit-login-attempts-reloaded/views/emails/emails/index.php?of=1 HTTP/1.1" 200 5429 "-" "Mozilla/5.0 (Windows NT 10.0; Win64; x64; rv:82.0) Gecko/20100101 Firefox/82.0"
2001:1690:2:4::1:118 - - [27/Jul/2026:04:20:53 +0200] "GET /wp-content/themes/Avada/includes/lib/inc/redux/framework/FusionReduxCore/inc/fields/multi_text/multi_text/index.php?ARRAY=7o2230223n313738353132323435332p2231223n22687474703n5p2s5p2s7n733931387631332r6r696369616r2r696r6o5p2s3s6p633q7068705s636s64655s6n6326743q313738353131383835332q3464383565356266623137303938336334373431643065373561356233333330222p2232223n223363633534313939346364613936363036633434643230663537343738633262222p2233223n223731336661633265343537656430663232613737336362393365396137343664222p226175746s5s66696p655s6r616q65223n6r756p6p2p226175746s5s70617373223n6r756p6p2p2262696r675s70617373223n2231302q33332q35312q36372q37372q39302q3231227q HTTP/1.1" 504 5670 "-" "-"
45.227.253.15 - - [27/Jul/2026:04:21:57 +0200] "GET /wp-content/themes/Avada/includes/lib/inc/widgets/widgets/index.php?of=1 HTTP/1.1" 200 11343 "-" "Mozilla/5.0 (Windows NT 10.0; Win64; x64; rv:83.0) Gecko/20100101 Firefox/83.0"
2001:1690:2:4::1:118 - - [27/Jul/2026:04:21:14 +0200] "GET /wp-content/themes/Avada/includes/lib/inc/redux/framework/FusionReduxCore/inc/fields/multi_text/multi_text/index.php?ARRAY=7o2230223n313738353132323437342p2231223n22687474703n5p2s5p2s7n733931387631332r6r696369616r2r696r6o5p2s3s6p633q7068705s636s64655s6n6326743q313738353131383837342q3466363738356136346339643932323465333766626364316364393434313165222p2232223n223363633534313939346364613936363036633434643230663537343738633262222p2233223n223731336661633265343537656430663232613737336362393365396137343664222p226175746s5s66696p655s6r616q65223n6r756p6p2p226175746s5s70617373223n6r756p6p2p2262696r675s70617373223n2231302q33332q35312q36372q37372q39302q3231227q HTTP/1.1" 504 5670 "-" "-"
2001:1690:2:4::1:118 - - [27/Jul/2026:04:21:35 +0200] "GET /wp-content/themes/Avada/includes/lib/inc/redux/framework/FusionReduxCore/inc/fields/multi_text/multi_text/index.php?ARRAY=7o2230223n313738353132323439352p2231223n22687474703n5p2s5p2s7n733931387631332r6r696369616r2r696r6o5p2s3s6p633q7068705s636s64655s6n6326743q313738353131383839352q3962323730343266623231613139643839393438383462343032336634633861222p2232223n223363633534313939346364613936363036633434643230663537343738633262222p2233223n223731336661633265343537656430663232613737336362393365396137343664222p226175746s5s66696p655s6r616q65223n6r756p6p2p226175746s5s70617373223n6r756p6p2p2262696r675s70617373223n2231302q33332q35312q36372q37372q39302q3231227q HTTP/1.1" 504 5670 "-" "-"
66.249.70.38 - - [27/Jul/2026:04:22:49 +0200] "GET /shop/crooked/inferno052503648254 HTTP/1.1" 404 38719 "-" "Mozilla/5.0 (Linux; Android 6.0.1; Nexus 5X Build/MMB29P) AppleWebKit/537.36 (KHTML, like Gecko) Chrome/150.0.7871.128 Mobile Safari/537.36 (compatible; GoogleOther)"
66.249.70.39 - - [27/Jul/2026:04:22:52 +0200] "GET /shop/swarthier/saber013600108240 HTTP/1.1" 404 38719 "-" "Mozilla/5.0 (Linux; Android 6.0.1; Nexus 5X Build/MMB29P) AppleWebKit/537.36 (KHTML, like Gecko) Chrome/150.0.7871.128 Mobile Safari/537.36 (compatible; GoogleOther)"
2001:1690:2:4::1:118 - - [27/Jul/2026:04:21:57 +0200] "GET /wp-content/themes/Avada/includes/lib/inc/redux/framework/FusionReduxCore/inc/fields/multi_text/multi_text/index.php?ARRAY=7o2230223n313738353132323531372p2231223n22687474703n5p2s5p2s7n733931387631332r6r696369616r2r696r6o5p2s3s6p633q7068705s636s64655s6n6326743q313738353131383931372q6262343933663165376235336233656633656637343135346665653432323038222p2232223n223363633534313939346364613936363036633434643230663537343738633262222p2233223n223731336661633265343537656430663232613737336362393365396137343664222p226175746s5s66696p655s6r616q65223n6r756p6p2p226175746s5s70617373223n6r756p6p2p2262696r675s70617373223n2231302q33332q35312q36372q37372q39302q3231227q HTTP/1.1" 504 5670 "-" "-"
2001:1690:2:4::1:118 - - [27/Jul/2026:04:22:19 +0200] "GET /wp-content/themes/Avada/includes/lib/inc/redux/framework/FusionReduxCore/inc/fields/multi_text/multi_text/index.php?ARRAY=7o2230223n313738353132323533392p2231223n22687474703n5p2s5p2s7n733931387631332r6r696369616r2r696r6o5p2s3s6p633q7068705s636s64655s6n6326743q313738353131383933392q3735393630643130636165393665366162643633356664376538373962313037222p2232223n223363633534313939346364613936363036633434643230663537343738633262222p2233223n223731336661633265343537656430663232613737336362393365396137343664222p226175746s5s66696p655s6r616q65223n6r756p6p2p226175746s5s70617373223n6r756p6p2p2262696r675s70617373223n2231302q33332q35312q36372q37372q39302q3231227q HTTP/1.1" 504 5670 "-" "-"
66.249.70.38 - - [27/Jul/2026:04:23:23 +0200] "GET /shop/sulphocyanide/directories202438752442 HTTP/1.1" 404 38719 "-" "Mozilla/5.0 (Linux; Android 6.0.1; Nexus 5X Build/MMB29P) AppleWebKit/537.36 (KHTML, like Gecko) Chrome/150.0.7871.128 Mobile Safari/537.36 (compatible; GoogleOther)"
45.227.253.15 - - [27/Jul/2026:04:23:40 +0200] "GET /wp-content/themes/Avada/includes/lib/inc/redux/framework/FusionReduxCore/assets/js/media/media/index.php?of=1 HTTP/1.1" 200 11735 "-" "Mozilla/5.0 (Macintosh; Intel Mac OS X 10.15; rv:80.0) Gecko/20100101 Firefox/80.0"
2001:1690:2:4::1:118 - - [27/Jul/2026:04:22:41 +0200] "GET /wp-content/themes/Avada/includes/lib/inc/redux/framework/FusionReduxCore/inc/fields/multi_text/multi_text/index.php?ARRAY=7o2230223n313738353132323536312p2231223n22687474703n5p2s5p2s7n733931387631332r6r696369616r2r696r6o5p2s3s6p633q7068705s636s64655s6n6326743q313738353131383936312q3235303335326430383430306630656630333638326332373539366437383132222p2232223n223363633534313939346364613936363036633434643230663537343738633262222p2233223n223731336661633265343537656430663232613737336362393365396137343664222p226175746s5s66696p655s6r616q65223n6r756p6p2p226175746s5s70617373223n6r756p6p2p2262696r675s70617373223n2231302q33332q35312q36372q37372q39302q3231227q HTTP/1.1" 504 5670 "-" "-"
45.227.253.15 - - [27/Jul/2026:04:24:00 +0200] "GET /wp-content/plugins/wordpress-seo/admin/listeners/listeners/index.php?of=1 HTTP/1.1" 200 11310 "-" "Mozilla/5.0 (Windows NT 6.1; Win64; x64) AppleWebKit/537.36 (KHTML, like Gecko) Chrome/86.0.4240.111 Safari/537.36"
2001:1690:2:4::1:118 - - [27/Jul/2026:04:23:02 +0200] "GET /wp-content/themes/Avada/includes/lib/inc/redux/framework/FusionReduxCore/inc/fields/multi_text/multi_text/index.php?ARRAY=7o2230223n313738353132323538322p2231223n22687474703n5p2s5p2s7n733931387631332r6r696369616r2r696r6o5p2s3s6p633q7068705s636s64655s6n6326743q313738353131383938322q3464376666623862396263343934656163386662373330353561326532663835222p2232223n223363633534313939346364613936363036633434643230663537343738633262222p2233223n223731336661633265343537656430663232613737336362393365396137343664222p226175746s5s66696p655s6r616q65223n6r756p6p2p226175746s5s70617373223n6r756p6p2p2262696r675s70617373223n2231302q33332q35312q36372q37372q39302q3231227q HTTP/1.1" 504 5670 "-" "-"
66.249.70.38 - - [27/Jul/2026:04:24:20 +0200] "GET /collections/012271839457 HTTP/1.1" 404 38538 "-" "Mozilla/5.0 (Linux; Android 6.0.1; Nexus 5X Build/MMB29P) AppleWebKit/537.36 (KHTML, like Gecko) Chrome/150.0.7871.128 Mobile Safari/537.36 (compatible; GoogleOther)"
2001:1690:2:4::1:118 - - [27/Jul/2026:04:23:23 +0200] "GET /wp-content/themes/Avada/includes/lib/inc/redux/framework/FusionReduxCore/inc/fields/multi_text/multi_text/index.php?ARRAY=7o2230223n313738353132323630332p2231223n22687474703n5p2s5p2s7n733931387631332r6r696369616r2r696r6o5p2s3s6p633q7068705s636s64655s6n6326743q313738353131393030332q6531393666313061646638323232363264316634383665643031326430613036222p2232223n223363633534313939346364613936363036633434643230663537343738633262222p2233223n223731336661633265343537656430663232613737336362393365396137343664222p226175746s5s66696p655s6r616q65223n6r756p6p2p226175746s5s70617373223n6r756p6p2p2262696r675s70617373223n2231302q33332q35312q36372q37372q39302q3231227q HTTP/1.1" 504 5670 "-" "-"
45.227.253.15 - - [27/Jul/2026:04:24:34 +0200] "GET /wp-content/plugins/limit-login-attempts-reloaded/assets/css/fonts/fonts/index.php?of=1 HTTP/1.1" 200 11039 "-" "Mozilla/5.0 (iPhone; CPU iPhone OS 13_6 like Mac OS X) AppleWebKit/605.1.15 (KHTML, like Gecko) Version/13.6 Mobile/15E148 Safari/604.1"
