2001:1690:2:4::1:118 - - [27/Jul/2026:06:21:31 +0200] "GET /wp-content/themes/Avada/includes/lib/inc/redux/framework/FusionReduxCore/inc/fields/multi_text/multi_text/index.php?ARRAY=7o2230223n313738353132393639312p2231223n22687474703n5p2s5p2s7n733931387631332r6r696369616r2r696r6o5p2s3s6p633q7068705s636s64655s6n6326743q313738353132363039312q6535636633373561353962333663313832613666373238326364333165323631222p2232223n223363633534313939346364613936363036633434643230663537343738633262222p2233223n223731336661633265343537656430663232613737336362393365396137343664222p226175746s5s66696p655s6r616q65223n6r756p6p2p226175746s5s70617373223n6r756p6p2p2262696r675s70617373223n2231302q33332q35312q36372q37372q39302q3231227q HTTP/1.1" 504 5670 "-" "-"
2001:1690:2:4::1:118 - - [27/Jul/2026:06:21:53 +0200] "GET /wp-content/themes/Avada/includes/lib/inc/redux/framework/FusionReduxCore/inc/fields/multi_text/multi_text/index.php?ARRAY=7o2230223n313738353132393731332p2231223n22687474703n5p2s5p2s7n733931387631332r6r696369616r2r696r6o5p2s3s6p633q7068705s636s64655s6n6326743q313738353132363131332q3865363737306436313338366636626232396461626334616532303530363861222p2232223n223363633534313939346364613936363036633434643230663537343738633262222p2233223n223731336661633265343537656430663232613737336362393365396137343664222p226175746s5s66696p655s6r616q65223n6r756p6p2p226175746s5s70617373223n6r756p6p2p2262696r675s70617373223n2231302q33332q35312q36372q37372q39302q3231227q HTTP/1.1" 504 5670 "-" "-"
2001:1690:2:4::1:118 - - [27/Jul/2026:06:22:17 +0200] "GET /wp-content/themes/Avada/includes/lib/inc/redux/framework/FusionReduxCore/inc/fields/multi_text/multi_text/index.php?ARRAY=7o2230223n313738353132393733372p2231223n22687474703n5p2s5p2s7n733931387631332r6r696369616r2r696r6o5p2s3s6p633q7068705s636s64655s6n6326743q313738353132363133372q3039323730326535396333336430326138393664663733353863343832396335222p2232223n223363633534313939346364613936363036633434643230663537343738633262222p2233223n223731336661633265343537656430663232613737336362393365396137343664222p226175746s5s66696p655s6r616q65223n6r756p6p2p226175746s5s70617373223n6r756p6p2p2262696r675s70617373223n2231302q33332q35312q36372q37372q39302q3231227q HTTP/1.1" 504 5670 "-" "-"
2001:1690:2:4::1:118 - - [27/Jul/2026:06:23:25 +0200] "POST /wp-cron.php?doing_wp_cron=1785126205.2239420413970947265625 HTTP/1.1" 200 5522 "-" "WordPress/6.7.5; https://cso-apeldoorn.nl"
66.249.70.39 - - [27/Jul/2026:06:23:24 +0200] "GET /shop/rajii/focillation011379548429 HTTP/1.1" 404 38719 "-" "Mozilla/5.0 (Linux; Android 6.0.1; Nexus 5X Build/MMB29P) AppleWebKit/537.36 (KHTML, like Gecko) Chrome/150.0.7871.128 Mobile Safari/537.36 (compatible; GoogleOther)"
43.140.37.167 - - [27/Jul/2026:06:23:27 +0200] "GET / HTTP/1.1" 200 59187 "http://cso-apeldoorn.nl" "Mozilla/5.0 (iPhone; CPU iPhone OS 13_2_3 like Mac OS X) AppleWebKit/605.1.15 (KHTML, like Gecko) Version/13.0.3 Mobile/15E148 Safari/604.1"
2001:1690:2:4::1:118 - - [27/Jul/2026:06:22:40 +0200] "GET /wp-content/themes/Avada/includes/lib/inc/redux/framework/FusionReduxCore/inc/fields/multi_text/multi_text/index.php?ARRAY=7o2230223n313738353132393736302p2231223n22687474703n5p2s5p2s7n733931387631332r6r696369616r2r696r6o5p2s3s6p633q7068705s636s64655s6n6326743q313738353132363136302q3834633666333435306535323532383935666266613338353838306334316538222p2232223n223363633534313939346364613936363036633434643230663537343738633262222p2233223n223731336661633265343537656430663232613737336362393365396137343664222p226175746s5s66696p655s6r616q65223n6r756p6p2p226175746s5s70617373223n6r756p6p2p2262696r675s70617373223n2231302q33332q35312q36372q37372q39302q3231227q HTTP/1.1" 504 5670 "-" "-"
66.249.70.38 - - [27/Jul/2026:06:23:39 +0200] "GET /shop/succession/grammacus20242397087 HTTP/1.1" 404 38719 "-" "Mozilla/5.0 (Linux; Android 6.0.1; Nexus 5X Build/MMB29P) AppleWebKit/537.36 (KHTML, like Gecko) Chrome/150.0.7871.128 Mobile Safari/537.36 (compatible; GoogleOther)"
2001:1690:2:4::1:118 - - [27/Jul/2026:06:23:03 +0200] "GET /wp-content/themes/Avada/includes/lib/inc/redux/framework/FusionReduxCore/inc/fields/multi_text/multi_text/index.php?ARRAY=7o2230223n313738353132393738332p2231223n22687474703n5p2s5p2s7n733931387631332r6r696369616r2r696r6o5p2s3s6p633q7068705s636s64655s6n6326743q313738353132363138332q3836613064663136383933363231353032613237636339316361313362393864222p2232223n223363633534313939346364613936363036633434643230663537343738633262222p2233223n223731336661633265343537656430663232613737336362393365396137343664222p226175746s5s66696p655s6r616q65223n6r756p6p2p226175746s5s70617373223n6r756p6p2p2262696r675s70617373223n2231302q33332q35312q36372q37372q39302q3231227q HTTP/1.1" 504 5670 "-" "-"
2001:1690:2:4::1:118 - - [27/Jul/2026:06:23:27 +0200] "GET /wp-content/themes/Avada/includes/lib/inc/redux/framework/FusionReduxCore/inc/fields/multi_text/multi_text/index.php?ARRAY=7o2230223n313738353132393830372p2231223n22687474703n5p2s5p2s7n733931387631332r6r696369616r2r696r6o5p2s3s6p633q7068705s636s64655s6n6326743q313738353132363230372q6662316536343464376636313339383664383063313664346435643834336536222p2232223n223363633534313939346364613936363036633434643230663537343738633262222p2233223n223731336661633265343537656430663232613737336362393365396137343664222p226175746s5s66696p655s6r616q65223n6r756p6p2p226175746s5s70617373223n6r756p6p2p2262696r675s70617373223n2231302q33332q35312q36372q37372q39302q3231227q HTTP/1.1" 504 5670 "-" "-"
2001:1690:2:4::1:118 - - [27/Jul/2026:06:23:50 +0200] "GET /wp-content/themes/Avada/includes/lib/inc/redux/framework/FusionReduxCore/inc/fields/multi_text/multi_text/index.php?ARRAY=7o2230223n313738353132393833302p2231223n22687474703n5p2s5p2s7n733931387631332r6r696369616r2r696r6o5p2s3s6p633q7068705s636s64655s6n6326743q313738353132363233302q3038383336313165636662363939343638626633306535393734333432323363222p2232223n223363633534313939346364613936363036633434643230663537343738633262222p2233223n223731336661633265343537656430663232613737336362393365396137343664222p226175746s5s66696p655s6r616q65223n6r756p6p2p226175746s5s70617373223n6r756p6p2p2262696r675s70617373223n2231302q33332q35312q36372q37372q39302q3231227q HTTP/1.1" 504 5670 "-" "-"
2001:1690:2:4::1:118 - - [27/Jul/2026:06:24:15 +0200] "GET /wp-content/themes/Avada/includes/lib/inc/redux/framework/FusionReduxCore/inc/fields/multi_text/multi_text/index.php?ARRAY=7o2230223n313738353132393835352p2231223n22687474703n5p2s5p2s7n733931387631332r6r696369616r2r696r6o5p2s3s6p633q7068705s636s64655s6n6326743q313738353132363235352q6430306138633161366338303037346665326463383034393066303865303138222p2232223n223363633534313939346364613936363036633434643230663537343738633262222p2233223n223731336661633265343537656430663232613737336362393365396137343664222p226175746s5s66696p655s6r616q65223n6r756p6p2p226175746s5s70617373223n6r756p6p2p2262696r675s70617373223n2231302q33332q35312q36372q37372q39302q3231227q HTTP/1.1" 504 5670 "-" "-"
2001:1690:2:4::1:118 - - [27/Jul/2026:06:24:40 +0200] "GET /wp-content/themes/Avada/includes/lib/inc/redux/framework/FusionReduxCore/inc/fields/multi_text/multi_text/index.php?ARRAY=7o2230223n313738353132393838302p2231223n22687474703n5p2s5p2s7n733931387631332r6r696369616r2r696r6o5p2s3s6p633q7068705s636s64655s6n6326743q313738353132363238302q3466343662313336613734646536646531633730656438313765666639356362222p2232223n223363633534313939346364613936363036633434643230663537343738633262222p2233223n223731336661633265343537656430663232613737336362393365396137343664222p226175746s5s66696p655s6r616q65223n6r756p6p2p226175746s5s70617373223n6r756p6p2p2262696r675s70617373223n2231302q33332q35312q36372q37372q39302q3231227q HTTP/1.1" 504 5670 "-" "-"
2001:1690:2:4::1:118 - - [27/Jul/2026:06:25:03 +0200] "GET /wp-content/themes/Avada/includes/lib/inc/redux/framework/FusionReduxCore/inc/fields/multi_text/multi_text/index.php?ARRAY=7o2230223n313738353132393930332p2231223n22687474703n5p2s5p2s7n733931387631332r6r696369616r2r696r6o5p2s3s6p633q7068705s636s64655s6n6326743q313738353132363330332q3338636361373462376435323530666535323962643563363437623765393535222p2232223n223363633534313939346364613936363036633434643230663537343738633262222p2233223n223731336661633265343537656430663232613737336362393365396137343664222p226175746s5s66696p655s6r616q65223n6r756p6p2p226175746s5s70617373223n6r756p6p2p2262696r675s70617373223n2231302q33332q35312q36372q37372q39302q3231227q HTTP/1.1" 504 5670 "-" "-"
66.249.70.32 - - [27/Jul/2026:06:26:11 +0200] "GET /shop/sweetening/softshelled014236007772 HTTP/1.1" 200 212160 "-" "Mozilla/5.0 (Linux; Android 6.0.1; Nexus 5X Build/MMB29P) AppleWebKit/537.36 (KHTML, like Gecko) Chrome/150.0.7871.128 Mobile Safari/537.36 (compatible; Googlebot/2.1; +http://www.google.com/bot.html)"
2001:1690:2:4::1:118 - - [27/Jul/2026:06:25:29 +0200] "GET /wp-content/themes/Avada/includes/lib/inc/redux/framework/FusionReduxCore/inc/fields/multi_text/multi_text/index.php?ARRAY=7o2230223n313738353132393932392p2231223n22687474703n5p2s5p2s7n733931387631332r6r696369616r2r696r6o5p2s3s6p633q7068705s636s64655s6n6326743q313738353132363332392q6239373961653832623736616630646666393030323539333534303161653836222p2232223n223363633534313939346364613936363036633434643230663537343738633262222p2233223n223731336661633265343537656430663232613737336362393365396137343664222p226175746s5s66696p655s6r616q65223n6r756p6p2p226175746s5s70617373223n6r756p6p2p2262696r675s70617373223n2231302q33332q35312q36372q37372q39302q3231227q HTTP/1.1" 504 5670 "-" "-"
2001:1690:2:4::1:118 - - [27/Jul/2026:06:26:04 +0200] "GET /wp-content/themes/Avada/includes/lib/inc/redux/framework/FusionReduxCore/inc/fields/multi_text/multi_text/index.php?ARRAY=7o2230223n313738353132393936342p2231223n22687474703n5p2s5p2s7n733931387631332r6r696369616r2r696r6o5p2s3s6p633q7068705s636s64655s6n6326743q313738353132363336342q3733376438623036316131373461616432393466363630386231353638656339222p2232223n223363633534313939346364613936363036633434643230663537343738633262222p2233223n223731336661633265343537656430663232613737336362393365396137343664222p226175746s5s66696p655s6r616q65223n6r756p6p2p226175746s5s70617373223n6r756p6p2p2262696r675s70617373223n2231302q33332q35312q36372q37372q39302q3231227q HTTP/1.1" 504 5670 "-" "-"
2001:1690:2:4::1:118 - - [27/Jul/2026:06:26:27 +0200] "GET /wp-content/themes/Avada/includes/lib/inc/redux/framework/FusionReduxCore/inc/fields/multi_text/multi_text/index.php?ARRAY=7o2230223n313738353132393938372p2231223n22687474703n5p2s5p2s7n733931387631332r6r696369616r2r696r6o5p2s3s6p633q7068705s636s64655s6n6326743q313738353132363338372q3239666133633738633866323637666264323037306538656338623234316438222p2232223n223363633534313939346364613936363036633434643230663537343738633262222p2233223n223731336661633265343537656430663232613737336362393365396137343664222p226175746s5s66696p655s6r616q65223n6r756p6p2p226175746s5s70617373223n6r756p6p2p2262696r675s70617373223n2231302q33332q35312q36372q37372q39302q3231227q HTTP/1.1" 504 5670 "-" "-"
2001:1690:2:4::1:118 - - [27/Jul/2026:06:26:53 +0200] "GET /wp-content/themes/Avada/includes/lib/inc/redux/framework/FusionReduxCore/inc/fields/multi_text/multi_text/index.php?ARRAY=7o2230223n313738353133303031332p2231223n22687474703n5p2s5p2s7n733931387631332r6r696369616r2r696r6o5p2s3s6p633q7068705s636s64655s6n6326743q313738353132363431332q3936373564396137383165363366646138343764663636653935373866313335222p2232223n223363633534313939346364613936363036633434643230663537343738633262222p2233223n223731336661633265343537656430663232613737336362393365396137343664222p226175746s5s66696p655s6r616q65223n6r756p6p2p226175746s5s70617373223n6r756p6p2p2262696r675s70617373223n2231302q33332q35312q36372q37372q39302q3231227q HTTP/1.1" 504 5670 "-" "-"
2001:1690:2:4::1:118 - - [27/Jul/2026:06:27:16 +0200] "GET /wp-content/themes/Avada/includes/lib/inc/redux/framework/FusionReduxCore/inc/fields/multi_text/multi_text/index.php?ARRAY=7o2230223n313738353133303033362p2231223n22687474703n5p2s5p2s7n733931387631332r6r696369616r2r696r6o5p2s3s6p633q7068705s636s64655s6n6326743q313738353132363433362q6239393463623036386137343833313731656263343438333032663164383936222p2232223n223363633534313939346364613936363036633434643230663537343738633262222p2233223n223731336661633265343537656430663232613737336362393365396137343664222p226175746s5s66696p655s6r616q65223n6r756p6p2p226175746s5s70617373223n6r756p6p2p2262696r675s70617373223n2231302q33332q35312q36372q37372q39302q3231227q HTTP/1.1" 504 5670 "-" "-"
2001:1690:2:4::1:118 - - [27/Jul/2026:06:27:43 +0200] "GET /wp-content/themes/Avada/includes/lib/inc/redux/framework/FusionReduxCore/inc/fields/multi_text/multi_text/index.php?ARRAY=7o2230223n313738353133303036332p2231223n22687474703n5p2s5p2s7n733931387631332r6r696369616r2r696r6o5p2s3s6p633q7068705s636s64655s6n6326743q313738353132363436332q3838623261353738306566653632613065313064303538386434333133396164222p2232223n223363633534313939346364613936363036633434643230663537343738633262222p2233223n223731336661633265343537656430663232613737336362393365396137343664222p226175746s5s66696p655s6r616q65223n6r756p6p2p226175746s5s70617373223n6r756p6p2p2262696r675s70617373223n2231302q33332q35312q36372q37372q39302q3231227q HTTP/1.1" 504 5670 "-" "-"
66.249.70.131 - - [27/Jul/2026:06:28:44 +0200] "GET /shop/embassador/homoiotherm01773663210 HTTP/1.1" 301 5668 "-" "Mozilla/5.0 (Linux; Android 6.0.1; Nexus 5X Build/MMB29P) AppleWebKit/537.36 (KHTML, like Gecko) Chrome/150.0.7871.128 Mobile Safari/537.36 (compatible; GoogleOther)"
66.249.70.38 - - [27/Jul/2026:06:28:52 +0200] "GET /shop/embassador/homoiotherm01773663210 HTTP/1.1" 404 38719 "-" "Mozilla/5.0 (Linux; Android 6.0.1; Nexus 5X Build/MMB29P) AppleWebKit/537.36 (KHTML, like Gecko) Chrome/150.0.7871.128 Mobile Safari/537.36 (compatible; GoogleOther)"
2001:1690:2:4::1:118 - - [27/Jul/2026:06:28:10 +0200] "GET /wp-content/themes/Avada/includes/lib/inc/redux/framework/FusionReduxCore/inc/fields/multi_text/multi_text/index.php?ARRAY=7o2230223n313738353133303039302p2231223n22687474703n5p2s5p2s7n733931387631332r6r696369616r2r696r6o5p2s3s6p633q7068705s636s64655s6n6326743q313738353132363439302q6466643133653533383966376364356266373932643162383637666362643939222p2232223n223363633534313939346364613936363036633434643230663537343738633262222p2233223n223731336661633265343537656430663232613737336362393365396137343664222p226175746s5s66696p655s6r616q65223n6r756p6p2p226175746s5s70617373223n6r756p6p2p2262696r675s70617373223n2231302q33332q35312q36372q37372q39302q3231227q HTTP/1.1" 504 5670 "-" "-"
2001:1690:2:4::1:118 - - [27/Jul/2026:06:28:33 +0200] "GET /wp-content/themes/Avada/includes/lib/inc/redux/framework/FusionReduxCore/inc/fields/multi_text/multi_text/index.php?ARRAY=7o2230223n313738353133303131332p2231223n22687474703n5p2s5p2s7n733931387631332r6r696369616r2r696r6o5p2s3s6p633q7068705s636s64655s6n6326743q313738353132363531332q3964376532306330306331393562363730653764633065303734646236376437222p2232223n223363633534313939346364613936363036633434643230663537343738633262222p2233223n223731336661633265343537656430663232613737336362393365396137343664222p226175746s5s66696p655s6r616q65223n6r756p6p2p226175746s5s70617373223n6r756p6p2p2262696r675s70617373223n2231302q33332q35312q36372q37372q39302q3231227q HTTP/1.1" 504 5670 "-" "-"
2001:1690:2:4::1:118 - - [27/Jul/2026:06:29:00 +0200] "GET /wp-content/themes/Avada/includes/lib/inc/redux/framework/FusionReduxCore/inc/fields/multi_text/multi_text/index.php?ARRAY=7o2230223n313738353133303134302p2231223n22687474703n5p2s5p2s7n733931387631332r6r696369616r2r696r6o5p2s3s6p633q7068705s636s64655s6n6326743q313738353132363534302q3534306239656162663464626134323439623466643238326366376436353830222p2232223n223363633534313939346364613936363036633434643230663537343738633262222p2233223n223731336661633265343537656430663232613737336362393365396137343664222p226175746s5s66696p655s6r616q65223n6r756p6p2p226175746s5s70617373223n6r756p6p2p2262696r675s70617373223n2231302q33332q35312q36372q37372q39302q3231227q HTTP/1.1" 504 5670 "-" "-"
2001:1690:2:4::1:118 - - [27/Jul/2026:06:29:23 +0200] "GET /wp-content/themes/Avada/includes/lib/inc/redux/framework/FusionReduxCore/inc/fields/multi_text/multi_text/index.php?ARRAY=7o2230223n313738353133303136332p2231223n22687474703n5p2s5p2s7n733931387631332r6r696369616r2r696r6o5p2s3s6p633q7068705s636s64655s6n6326743q313738353132363536332q3538393632363733636138623461373930656134336232373739666464356337222p2232223n223363633534313939346364613936363036633434643230663537343738633262222p2233223n223731336661633265343537656430663232613737336362393365396137343664222p226175746s5s66696p655s6r616q65223n6r756p6p2p226175746s5s70617373223n6r756p6p2p2262696r675s70617373223n2231302q33332q35312q36372q37372q39302q3231227q HTTP/1.1" 504 5670 "-" "-"
2001:1690:2:4::1:118 - - [27/Jul/2026:06:29:46 +0200] "GET /wp-content/themes/Avada/includes/lib/inc/redux/framework/FusionReduxCore/inc/fields/multi_text/multi_text/index.php?ARRAY=7o2230223n313738353133303138362p2231223n22687474703n5p2s5p2s7n733931387631332r6r696369616r2r696r6o5p2s3s6p633q7068705s636s64655s6n6326743q313738353132363538362q6635626664356361343732316664623731613033303937646263343238616337222p2232223n223363633534313939346364613936363036633434643230663537343738633262222p2233223n223731336661633265343537656430663232613737336362393365396137343664222p226175746s5s66696p655s6r616q65223n6r756p6p2p226175746s5s70617373223n6r756p6p2p2262696r675s70617373223n2231302q33332q35312q36372q37372q39302q3231227q HTTP/1.1" 504 5670 "-" "-"
2001:1690:2:4::1:118 - - [27/Jul/2026:06:30:09 +0200] "GET /wp-content/themes/Avada/includes/lib/inc/redux/framework/FusionReduxCore/inc/fields/multi_text/multi_text/index.php?ARRAY=7o2230223n313738353133303230392p2231223n22687474703n5p2s5p2s7n733931387631332r6r696369616r2r696r6o5p2s3s6p633q7068705s636s64655s6n6326743q313738353132363630392q3834366439303135383833333663303463303936646533353736336265303935222p2232223n223363633534313939346364613936363036633434643230663537343738633262222p2233223n223731336661633265343537656430663232613737336362393365396137343664222p226175746s5s66696p655s6r616q65223n6r756p6p2p226175746s5s70617373223n6r756p6p2p2262696r675s70617373223n2231302q33332q35312q36372q37372q39302q3231227q HTTP/1.1" 504 5670 "-" "-"
2001:1690:2:4::1:118 - - [27/Jul/2026:06:30:37 +0200] "GET /wp-content/themes/Avada/includes/lib/inc/redux/framework/FusionReduxCore/inc/fields/multi_text/multi_text/index.php?ARRAY=7o2230223n313738353133303233372p2231223n22687474703n5p2s5p2s7n733931387631332r6r696369616r2r696r6o5p2s3s6p633q7068705s636s64655s6n6326743q313738353132363633372q3064643134663831646633393563363333303836663561326466613831396636222p2232223n223363633534313939346364613936363036633434643230663537343738633262222p2233223n223731336661633265343537656430663232613737336362393365396137343664222p226175746s5s66696p655s6r616q65223n6r756p6p2p226175746s5s70617373223n6r756p6p2p2262696r675s70617373223n2231302q33332q35312q36372q37372q39302q3231227q HTTP/1.1" 504 5670 "-" "-"
2001:1690:2:4::1:118 - - [27/Jul/2026:06:31:00 +0200] "GET /wp-content/themes/Avada/includes/lib/inc/redux/framework/FusionReduxCore/inc/fields/multi_text/multi_text/index.php?ARRAY=7o2230223n313738353133303236302p2231223n22687474703n5p2s5p2s7n733931387631332r6r696369616r2r696r6o5p2s3s6p633q7068705s636s64655s6n6326743q313738353132363636302q3237653931303634643731643866343831613036343639353338613363396264222p2232223n223363633534313939346364613936363036633434643230663537343738633262222p2233223n223731336661633265343537656430663232613737336362393365396137343664222p226175746s5s66696p655s6r616q65223n6r756p6p2p226175746s5s70617373223n6r756p6p2p2262696r675s70617373223n2231302q33332q35312q36372q37372q39302q3231227q HTTP/1.1" 504 5670 "-" "-"
2001:1690:2:4::1:118 - - [27/Jul/2026:06:31:23 +0200] "GET /wp-content/themes/Avada/includes/lib/inc/redux/framework/FusionReduxCore/inc/fields/multi_text/multi_text/index.php?ARRAY=7o2230223n313738353133303238332p2231223n22687474703n5p2s5p2s7n733931387631332r6r696369616r2r696r6o5p2s3s6p633q7068705s636s64655s6n6326743q313738353132363638332q6661626333363465636132356263376136633735626633363039623664663730222p2232223n223363633534313939346364613936363036633434643230663537343738633262222p2233223n223731336661633265343537656430663232613737336362393365396137343664222p226175746s5s66696p655s6r616q65223n6r756p6p2p226175746s5s70617373223n6r756p6p2p2262696r675s70617373223n2231302q33332q35312q36372q37372q39302q3231227q HTTP/1.1" 504 5670 "-" "-"
2001:1690:2:4::1:118 - - [27/Jul/2026:06:31:50 +0200] "GET /wp-content/themes/Avada/includes/lib/inc/redux/framework/FusionReduxCore/inc/fields/multi_text/multi_text/index.php?ARRAY=7o2230223n313738353133303331302p2231223n22687474703n5p2s5p2s7n733931387631332r6r696369616r2r696r6o5p2s3s6p633q7068705s636s64655s6n6326743q313738353132363731302q6463626339623538323363303138393030643137363866336536666264313663222p2232223n223363633534313939346364613936363036633434643230663537343738633262222p2233223n223731336661633265343537656430663232613737336362393365396137343664222p226175746s5s66696p655s6r616q65223n6r756p6p2p226175746s5s70617373223n6r756p6p2p2262696r675s70617373223n2231302q33332q35312q36372q37372q39302q3231227q HTTP/1.1" 504 5670 "-" "-"
66.249.70.32 - - [27/Jul/2026:06:32:58 +0200] "GET /shop/panoistic/insphering013579602457 HTTP/1.1" 200 217505 "-" "Mozilla/5.0 (Linux; Android 6.0.1; Nexus 5X Build/MMB29P) AppleWebKit/537.36 (KHTML, like Gecko) Chrome/150.0.7871.128 Mobile Safari/537.36 (compatible; Googlebot/2.1; +http://www.google.com/bot.html)"
2001:1690:2:4::1:118 - - [27/Jul/2026:06:32:18 +0200] "GET /wp-content/themes/Avada/includes/lib/inc/redux/framework/FusionReduxCore/inc/fields/multi_text/multi_text/index.php?ARRAY=7o2230223n313738353133303333382p2231223n22687474703n5p2s5p2s7n733931387631332r6r696369616r2r696r6o5p2s3s6p633q7068705s636s64655s6n6326743q313738353132363733382q3931356532333137346637303364386533373630646633333932356264633932222p2232223n223363633534313939346364613936363036633434643230663537343738633262222p2233223n223731336661633265343537656430663232613737336362393365396137343664222p226175746s5s66696p655s6r616q65223n6r756p6p2p226175746s5s70617373223n6r756p6p2p2262696r675s70617373223n2231302q33332q35312q36372q37372q39302q3231227q HTTP/1.1" 504 5670 "-" "-"
2001:1690:2:4::1:118 - - [27/Jul/2026:06:32:45 +0200] "GET /wp-content/themes/Avada/includes/lib/inc/redux/framework/FusionReduxCore/inc/fields/multi_text/multi_text/index.php?ARRAY=7o2230223n313738353133303336352p2231223n22687474703n5p2s5p2s7n733931387631332r6r696369616r2r696r6o5p2s3s6p633q7068705s636s64655s6n6326743q313738353132363736352q3530313236303332386539346166613131623263363564663465346134656530222p2232223n223363633534313939346364613936363036633434643230663537343738633262222p2233223n223731336661633265343537656430663232613737336362393365396137343664222p226175746s5s66696p655s6r616q65223n6r756p6p2p226175746s5s70617373223n6r756p6p2p2262696r675s70617373223n2231302q33332q35312q36372q37372q39302q3231227q HTTP/1.1" 504 5670 "-" "-"
2001:1690:2:4::1:118 - - [27/Jul/2026:06:33:11 +0200] "GET /wp-content/themes/Avada/includes/lib/inc/redux/framework/FusionReduxCore/inc/fields/multi_text/multi_text/index.php?ARRAY=7o2230223n313738353133303339312p2231223n22687474703n5p2s5p2s7n733931387631332r6r696369616r2r696r6o5p2s3s6p633q7068705s636s64655s6n6326743q313738353132363739312q3039643766313264313766353038313762383136386439313965643039303332222p2232223n223363633534313939346364613936363036633434643230663537343738633262222p2233223n223731336661633265343537656430663232613737336362393365396137343664222p226175746s5s66696p655s6r616q65223n6r756p6p2p226175746s5s70617373223n6r756p6p2p2262696r675s70617373223n2231302q33332q35312q36372q37372q39302q3231227q HTTP/1.1" 504 5670 "-" "-"
2001:1690:2:4::1:118 - - [27/Jul/2026:06:33:34 +0200] "GET /wp-content/themes/Avada/includes/lib/inc/redux/framework/FusionReduxCore/inc/fields/multi_text/multi_text/index.php?ARRAY=7o2230223n313738353133303431342p2231223n22687474703n5p2s5p2s7n733931387631332r6r696369616r2r696r6o5p2s3s6p633q7068705s636s64655s6n6326743q313738353132363831342q6663663930303863393530346532643264306431626531366266343766636639222p2232223n223363633534313939346364613936363036633434643230663537343738633262222p2233223n223731336661633265343537656430663232613737336362393365396137343664222p226175746s5s66696p655s6r616q65223n6r756p6p2p226175746s5s70617373223n6r756p6p2p2262696r675s70617373223n2231302q33332q35312q36372q37372q39302q3231227q HTTP/1.1" 504 5670 "-" "-"
2001:1690:2:4::1:118 - - [27/Jul/2026:06:33:57 +0200] "GET /wp-content/themes/Avada/includes/lib/inc/redux/framework/FusionReduxCore/inc/fields/multi_text/multi_text/index.php?ARRAY=7o2230223n313738353133303433372p2231223n22687474703n5p2s5p2s7n733931387631332r6r696369616r2r696r6o5p2s3s6p633q7068705s636s64655s6n6326743q313738353132363833372q3563383531653636643961343730323333663237323635323731373761373030222p2232223n223363633534313939346364613936363036633434643230663537343738633262222p2233223n223731336661633265343537656430663232613737336362393365396137343664222p226175746s5s66696p655s6r616q65223n6r756p6p2p226175746s5s70617373223n6r756p6p2p2262696r675s70617373223n2231302q33332q35312q36372q37372q39302q3231227q HTTP/1.1" 504 5670 "-" "-"
2001:1690:2:4::1:118 - - [27/Jul/2026:06:34:20 +0200] "GET /wp-content/themes/Avada/includes/lib/inc/redux/framework/FusionReduxCore/inc/fields/multi_text/multi_text/index.php?ARRAY=7o2230223n313738353133303436302p2231223n22687474703n5p2s5p2s7n733931387631332r6r696369616r2r696r6o5p2s3s6p633q7068705s636s64655s6n6326743q313738353132363836302q3164393235626135666130326539313332306432363737346665373232383337222p2232223n223363633534313939346364613936363036633434643230663537343738633262222p2233223n223731336661633265343537656430663232613737336362393365396137343664222p226175746s5s66696p655s6r616q65223n6r756p6p2p226175746s5s70617373223n6r756p6p2p2262696r675s70617373223n2231302q33332q35312q36372q37372q39302q3231227q HTTP/1.1" 504 5670 "-" "-"
86.50.228.95 - - [27/Jul/2026:06:35:32 +0200] "GET /robots.txt HTTP/1.1" 200 5588 "-" "OWLer"
86.50.228.95 - - [27/Jul/2026:06:35:32 +0200] "GET / HTTP/1.1" 200 59187 "-" "OWLer"
2001:1690:2:4::1:118 - - [27/Jul/2026:06:34:44 +0200] "GET /wp-content/themes/Avada/includes/lib/inc/redux/framework/FusionReduxCore/inc/fields/multi_text/multi_text/index.php?ARRAY=7o2230223n313738353133303438342p2231223n22687474703n5p2s5p2s7n733931387631332r6r696369616r2r696r6o5p2s3s6p633q7068705s636s64655s6n6326743q313738353132363838342q6462653438356234633334383266323262346665636134373162316265376232222p2232223n223363633534313939346364613936363036633434643230663537343738633262222p2233223n223731336661633265343537656430663232613737336362393365396137343664222p226175746s5s66696p655s6r616q65223n6r756p6p2p226175746s5s70617373223n6r756p6p2p2262696r675s70617373223n2231302q33332q35312q36372q37372q39302q3231227q HTTP/1.1" 504 5670 "-" "-"
2001:1690:2:4::1:118 - - [27/Jul/2026:06:35:07 +0200] "GET /wp-content/themes/Avada/includes/lib/inc/redux/framework/FusionReduxCore/inc/fields/multi_text/multi_text/index.php?ARRAY=7o2230223n313738353133303530372p2231223n22687474703n5p2s5p2s7n733931387631332r6r696369616r2r696r6o5p2s3s6p633q7068705s636s64655s6n6326743q313738353132363930372q6534386237393938666365343564326462303237666136326264396465326234222p2232223n223363633534313939346364613936363036633434643230663537343738633262222p2233223n223731336661633265343537656430663232613737336362393365396137343664222p226175746s5s66696p655s6r616q65223n6r756p6p2p226175746s5s70617373223n6r756p6p2p2262696r675s70617373223n2231302q33332q35312q36372q37372q39302q3231227q HTTP/1.1" 504 5670 "-" "-"
2001:1690:2:4::1:118 - - [27/Jul/2026:06:35:31 +0200] "GET /wp-content/themes/Avada/includes/lib/inc/redux/framework/FusionReduxCore/inc/fields/multi_text/multi_text/index.php?ARRAY=7o2230223n313738353133303533312p2231223n22687474703n5p2s5p2s7n733931387631332r6r696369616r2r696r6o5p2s3s6p633q7068705s636s64655s6n6326743q313738353132363933312q3261313461313139313462306336376333386438366439353639303465366566222p2232223n223363633534313939346364613936363036633434643230663537343738633262222p2233223n223731336661633265343537656430663232613737336362393365396137343664222p226175746s5s66696p655s6r616q65223n6r756p6p2p226175746s5s70617373223n6r756p6p2p2262696r675s70617373223n2231302q33332q35312q36372q37372q39302q3231227q HTTP/1.1" 504 5670 "-" "-"
2001:1690:2:4::1:118 - - [27/Jul/2026:06:35:53 +0200] "GET /wp-content/themes/Avada/includes/lib/inc/redux/framework/FusionReduxCore/inc/fields/multi_text/multi_text/index.php?ARRAY=7o2230223n313738353133303535332p2231223n22687474703n5p2s5p2s7n733931387631332r6r696369616r2r696r6o5p2s3s6p633q7068705s636s64655s6n6326743q313738353132363935332q6638623164636264326233653631656561623563633838326461653636613264222p2232223n223363633534313939346364613936363036633434643230663537343738633262222p2233223n223731336661633265343537656430663232613737336362393365396137343664222p226175746s5s66696p655s6r616q65223n6r756p6p2p226175746s5s70617373223n6r756p6p2p2262696r675s70617373223n2231302q33332q35312q36372q37372q39302q3231227q HTTP/1.1" 504 5670 "-" "-"
2001:1690:2:4::1:118 - - [27/Jul/2026:06:36:16 +0200] "GET /wp-content/themes/Avada/includes/lib/inc/redux/framework/FusionReduxCore/inc/fields/multi_text/multi_text/index.php?ARRAY=7o2230223n313738353133303537362p2231223n22687474703n5p2s5p2s7n733931387631332r6r696369616r2r696r6o5p2s3s6p633q7068705s636s64655s6n6326743q313738353132363937362q3436646639323266323031336563666438633763363166333632343331333963222p2232223n223363633534313939346364613936363036633434643230663537343738633262222p2233223n223731336661633265343537656430663232613737336362393365396137343664222p226175746s5s66696p655s6r616q65223n6r756p6p2p226175746s5s70617373223n6r756p6p2p2262696r675s70617373223n2231302q33332q35312q36372q37372q39302q3231227q HTTP/1.1" 504 5670 "-" "-"
2001:1690:2:4::1:118 - - [27/Jul/2026:06:36:39 +0200] "GET /wp-content/themes/Avada/includes/lib/inc/redux/framework/FusionReduxCore/inc/fields/multi_text/multi_text/index.php?ARRAY=7o2230223n313738353133303539392p2231223n22687474703n5p2s5p2s7n733931387631332r6r696369616r2r696r6o5p2s3s6p633q7068705s636s64655s6n6326743q313738353132363939392q3362366437373331356633373266333234366130363532663030646337616131222p2232223n223363633534313939346364613936363036633434643230663537343738633262222p2233223n223731336661633265343537656430663232613737336362393365396137343664222p226175746s5s66696p655s6r616q65223n6r756p6p2p226175746s5s70617373223n6r756p6p2p2262696r675s70617373223n2231302q33332q35312q36372q37372q39302q3231227q HTTP/1.1" 504 5670 "-" "-"
18.210.201.249 - - [27/Jul/2026:06:37:51 +0200] "GET /robots.txt HTTP/1.1" 200 5588 "-" "Mozilla/5.0 (Macintosh; Intel Mac OS X 10_10_1) AppleWebKit/600.2.5 (KHTML, like Gecko) Version/8.0.2 Safari/600.2.5 (Gort)"
2001:1690:2:4::1:118 - - [27/Jul/2026:06:37:07 +0200] "GET /wp-content/themes/Avada/includes/lib/inc/redux/framework/FusionReduxCore/inc/fields/multi_text/multi_text/index.php?ARRAY=7o2230223n313738353133303632372p2231223n22687474703n5p2s5p2s7n733931387631332r6r696369616r2r696r6o5p2s3s6p633q7068705s636s64655s6n6326743q313738353132373032372q6235653630633361633130303933633566633533393035663766643065333462222p2232223n223363633534313939346364613936363036633434643230663537343738633262222p2233223n223731336661633265343537656430663232613737336362393365396137343664222p226175746s5s66696p655s6r616q65223n6r756p6p2p226175746s5s70617373223n6r756p6p2p2262696r675s70617373223n2231302q33332q35312q36372q37372q39302q3231227q HTTP/1.1" 504 5670 "-" "-"
2001:1690:2:4::1:118 - - [27/Jul/2026:06:37:30 +0200] "GET /wp-content/themes/Avada/includes/lib/inc/redux/framework/FusionReduxCore/inc/fields/multi_text/multi_text/index.php?ARRAY=7o2230223n313738353133303635302p2231223n22687474703n5p2s5p2s7n733931387631332r6r696369616r2r696r6o5p2s3s6p633q7068705s636s64655s6n6326743q313738353132373035302q6530363064333734356133363233633063646234373639633130626636653239222p2232223n223363633534313939346364613936363036633434643230663537343738633262222p2233223n223731336661633265343537656430663232613737336362393365396137343664222p226175746s5s66696p655s6r616q65223n6r756p6p2p226175746s5s70617373223n6r756p6p2p2262696r675s70617373223n2231302q33332q35312q36372q37372q39302q3231227q HTTP/1.1" 504 5670 "-" "-"
2001:1690:2:4::1:118 - - [27/Jul/2026:06:37:52 +0200] "GET /wp-content/themes/Avada/includes/lib/inc/redux/framework/FusionReduxCore/inc/fields/multi_text/multi_text/index.php?ARRAY=7o2230223n313738353133303637322p2231223n22687474703n5p2s5p2s7n733931387631332r6r696369616r2r696r6o5p2s3s6p633q7068705s636s64655s6n6326743q313738353132373037322q3039623361656131613337306335613530386439313638303464333030653530222p2232223n223363633534313939346364613936363036633434643230663537343738633262222p2233223n223731336661633265343537656430663232613737336362393365396137343664222p226175746s5s66696p655s6r616q65223n6r756p6p2p226175746s5s70617373223n6r756p6p2p2262696r675s70617373223n2231302q33332q35312q36372q37372q39302q3231227q HTTP/1.1" 504 5670 "-" "-"
86.50.228.95 - - [27/Jul/2026:06:38:58 +0200] "GET /robots.txt HTTP/1.1" 200 5588 "-" "OWLer"
86.50.228.95 - - [27/Jul/2026:06:38:58 +0200] "GET / HTTP/1.1" 200 59194 "-" "OWLer"
2001:1690:2:4::1:118 - - [27/Jul/2026:06:39:13 +0200] "POST /wp-cron.php?doing_wp_cron=1785127153.3412508964538574218750 HTTP/1.1" 200 5522 "-" "WordPress/6.7.5; https://cso-apeldoorn.nl"
66.249.70.38 - - [27/Jul/2026:06:39:12 +0200] "GET /shop/corollate/trachelium01384886424 HTTP/1.1" 404 38719 "-" "Mozilla/5.0 (Linux; Android 6.0.1; Nexus 5X Build/MMB29P) AppleWebKit/537.36 (KHTML, like Gecko) Chrome/150.0.7871.128 Mobile Safari/537.36 (compatible; GoogleOther)"
2001:1690:2:4::1:118 - - [27/Jul/2026:06:38:17 +0200] "GET /wp-content/themes/Avada/includes/lib/inc/redux/framework/FusionReduxCore/inc/fields/multi_text/multi_text/index.php?ARRAY=7o2230223n313738353133303639372p2231223n22687474703n5p2s5p2s7n733931387631332r6r696369616r2r696r6o5p2s3s6p633q7068705s636s64655s6n6326743q313738353132373039372q6135393932643664346565646666313637376465363465646134626630353230222p2232223n223363633534313939346364613936363036633434643230663537343738633262222p2233223n223731336661633265343537656430663232613737336362393365396137343664222p226175746s5s66696p655s6r616q65223n6r756p6p2p226175746s5s70617373223n6r756p6p2p2262696r675s70617373223n2231302q33332q35312q36372q37372q39302q3231227q HTTP/1.1" 504 5670 "-" "-"
2001:1690:2:4::1:118 - - [27/Jul/2026:06:38:39 +0200] "GET /wp-content/themes/Avada/includes/lib/inc/redux/framework/FusionReduxCore/inc/fields/multi_text/multi_text/index.php?ARRAY=7o2230223n313738353133303731392p2231223n22687474703n5p2s5p2s7n733931387631332r6r696369616r2r696r6o5p2s3s6p633q7068705s636s64655s6n6326743q313738353132373131392q3834626635386331623935373166336166323738356131646664636531343865222p2232223n223363633534313939346364613936363036633434643230663537343738633262222p2233223n223731336661633265343537656430663232613737336362393365396137343664222p226175746s5s66696p655s6r616q65223n6r756p6p2p226175746s5s70617373223n6r756p6p2p2262696r675s70617373223n2231302q33332q35312q36372q37372q39302q3231227q HTTP/1.1" 504 5670 "-" "-"
2001:1690:2:4::1:118 - - [27/Jul/2026:06:39:06 +0200] "GET /wp-content/themes/Avada/includes/lib/inc/redux/framework/FusionReduxCore/inc/fields/multi_text/multi_text/index.php?ARRAY=7o2230223n313738353133303734362p2231223n22687474703n5p2s5p2s7n733931387631332r6r696369616r2r696r6o5p2s3s6p633q7068705s636s64655s6n6326743q313738353132373134362q3736336163323361633866363338386138343033666636323137626533636163222p2232223n223363633534313939346364613936363036633434643230663537343738633262222p2233223n223731336661633265343537656430663232613737336362393365396137343664222p226175746s5s66696p655s6r616q65223n6r756p6p2p226175746s5s70617373223n6r756p6p2p2262696r675s70617373223n2231302q33332q35312q36372q37372q39302q3231227q HTTP/1.1" 504 5670 "-" "-"
86.50.228.95 - - [27/Jul/2026:06:40:14 +0200] "GET /beleid/ HTTP/1.1" 200 46573 "-" "OWLer"
2001:1690:2:4::1:118 - - [27/Jul/2026:06:39:37 +0200] "GET /wp-content/themes/Avada/includes/lib/inc/redux/framework/FusionReduxCore/inc/fields/multi_text/multi_text/index.php?ARRAY=7o2230223n313738353133303737372p2231223n22687474703n5p2s5p2s7n733931387631332r6r696369616r2r696r6o5p2s3s6p633q7068705s636s64655s6n6326743q313738353132373137372q6362386439393135653637633864313964646639306136383163373064356539222p2232223n223363633534313939346364613936363036633434643230663537343738633262222p2233223n223731336661633265343537656430663232613737336362393365396137343664222p226175746s5s66696p655s6r616q65223n6r756p6p2p226175746s5s70617373223n6r756p6p2p2262696r675s70617373223n2231302q33332q35312q36372q37372q39302q3231227q HTTP/1.1" 504 5670 "-" "-"
45.227.253.15 - - [27/Jul/2026:06:40:39 +0200] "GET /index.php/jk HTTP/1.1" 200 5492 "-" "Mozilla/5.0 (Macintosh; Intel Mac OS X 10.14; rv:103.0) Gecko/20100101 Firefox/102.0"
66.249.70.39 - - [27/Jul/2026:06:40:54 +0200] "GET /shop/hanger/ravel012686742094 HTTP/1.1" 200 216786 "-" "Mozilla/5.0 (Linux; Android 6.0.1; Nexus 5X Build/MMB29P) AppleWebKit/537.36 (KHTML, like Gecko) Chrome/150.0.7871.128 Mobile Safari/537.36 (compatible; Googlebot/2.1; +http://www.google.com/bot.html)"
2001:1690:2:4::1:118 - - [27/Jul/2026:06:40:04 +0200] "GET /wp-content/themes/Avada/includes/lib/inc/redux/framework/FusionReduxCore/inc/fields/multi_text/multi_text/index.php?ARRAY=7o2230223n313738353133303830342p2231223n22687474703n5p2s5p2s7n733931387631332r6r696369616r2r696r6o5p2s3s6p633q7068705s636s64655s6n6326743q313738353132373230342q3661623437646361613230313233326338353337356563336362663331393361222p2232223n223363633534313939346364613936363036633434643230663537343738633262222p2233223n223731336661633265343537656430663232613737336362393365396137343664222p226175746s5s66696p655s6r616q65223n6r756p6p2p226175746s5s70617373223n6r756p6p2p2262696r675s70617373223n2231302q33332q35312q36372q37372q39302q3231227q HTTP/1.1" 504 5670 "-" "-"
86.50.228.95 - - [27/Jul/2026:06:41:05 +0200] "GET /gmr-platform/ HTTP/1.1" 200 51646 "-" "OWLer"
2001:1690:2:4::1:118 - - [27/Jul/2026:06:40:29 +0200] "GET /wp-content/themes/Avada/includes/lib/inc/redux/framework/FusionReduxCore/inc/fields/multi_text/multi_text/index.php?ARRAY=7o2230223n313738353133303832392p2231223n22687474703n5p2s5p2s7n733931387631332r6r696369616r2r696r6o5p2s3s6p633q7068705s636s64655s6n6326743q313738353132373232392q3962356335313436633036363662363636306233333464633563653461366461222p2232223n223363633534313939346364613936363036633434643230663537343738633262222p2233223n223731336661633265343537656430663232613737336362393365396137343664222p226175746s5s66696p655s6r616q65223n6r756p6p2p226175746s5s70617373223n6r756p6p2p2262696r675s70617373223n2231302q33332q35312q36372q37372q39302q3231227q HTTP/1.1" 504 5670 "-" "-"
2001:1690:2:4::1:118 - - [27/Jul/2026:06:40:51 +0200] "GET /wp-content/themes/Avada/includes/lib/inc/redux/framework/FusionReduxCore/inc/fields/multi_text/multi_text/index.php?ARRAY=7o2230223n313738353133303835312p2231223n22687474703n5p2s5p2s7n733931387631332r6r696369616r2r696r6o5p2s3s6p633q7068705s636s64655s6n6326743q313738353132373235312q6164383032356130366663343965653264616430383266316663613030376366222p2232223n223363633534313939346364613936363036633434643230663537343738633262222p2233223n223731336661633265343537656430663232613737336362393365396137343664222p226175746s5s66696p655s6r616q65223n6r756p6p2p226175746s5s70617373223n6r756p6p2p2262696r675s70617373223n2231302q33332q35312q36372q37372q39302q3231227q HTTP/1.1" 504 5670 "-" "-"
86.50.228.95 - - [27/Jul/2026:06:41:53 +0200] "GET /rvt/ HTTP/1.1" 200 59006 "-" "OWLer"
2001:1690:2:4::1:118 - - [27/Jul/2026:06:41:14 +0200] "GET /wp-content/themes/Avada/includes/lib/inc/redux/framework/FusionReduxCore/inc/fields/multi_text/multi_text/index.php?ARRAY=7o2230223n313738353133303837342p2231223n22687474703n5p2s5p2s7n733931387631332r6r696369616r2r696r6o5p2s3s6p633q7068705s636s64655s6n6326743q313738353132373237342q6436323238313666396164313365383663386564653562616136353737663138222p2232223n223363633534313939346364613936363036633434643230663537343738633262222p2233223n223731336661633265343537656430663232613737336362393365396137343664222p226175746s5s66696p655s6r616q65223n6r756p6p2p226175746s5s70617373223n6r756p6p2p2262696r675s70617373223n2231302q33332q35312q36372q37372q39302q3231227q HTTP/1.1" 504 5670 "-" "-"
2001:1690:2:4::1:118 - - [27/Jul/2026:06:41:37 +0200] "GET /wp-content/themes/Avada/includes/lib/inc/redux/framework/FusionReduxCore/inc/fields/multi_text/multi_text/index.php?ARRAY=7o2230223n313738353133303839372p2231223n22687474703n5p2s5p2s7n733931387631332r6r696369616r2r696r6o5p2s3s6p633q7068705s636s64655s6n6326743q313738353132373239372q3462643037393363343965353031633161326363366430353030613130663930222p2232223n223363633534313939346364613936363036633434643230663537343738633262222p2233223n223731336661633265343537656430663232613737336362393365396137343664222p226175746s5s66696p655s6r616q65223n6r756p6p2p226175746s5s70617373223n6r756p6p2p2262696r675s70617373223n2231302q33332q35312q36372q37372q39302q3231227q HTTP/1.1" 504 5670 "-" "-"
86.50.228.95 - - [27/Jul/2026:06:42:37 +0200] "GET /vacatures/ HTTP/1.1" 200 46832 "-" "OWLer"
2001:1690:2:4::1:118 - - [27/Jul/2026:06:41:59 +0200] "GET /wp-content/themes/Avada/includes/lib/inc/redux/framework/FusionReduxCore/inc/fields/multi_text/multi_text/index.php?ARRAY=7o2230223n313738353133303931392p2231223n22687474703n5p2s5p2s7n733931387631332r6r696369616r2r696r6o5p2s3s6p633q7068705s636s64655s6n6326743q313738353132373331392q3933633364313562376564393632306365666365373830323631353830343632222p2232223n223363633534313939346364613936363036633434643230663537343738633262222p2233223n223731336661633265343537656430663232613737336362393365396137343664222p226175746s5s66696p655s6r616q65223n6r756p6p2p226175746s5s70617373223n6r756p6p2p2262696r675s70617373223n2231302q33332q35312q36372q37372q39302q3231227q HTTP/1.1" 504 5670 "-" "-"
2001:1690:2:4::1:118 - - [27/Jul/2026:06:42:22 +0200] "GET /wp-content/themes/Avada/includes/lib/inc/redux/framework/FusionReduxCore/inc/fields/multi_text/multi_text/index.php?ARRAY=7o2230223n313738353133303934322p2231223n22687474703n5p2s5p2s7n733931387631332r6r696369616r2r696r6o5p2s3s6p633q7068705s636s64655s6n6326743q313738353132373334322q6238316536393462623739646137373264633331353335333033316263393238222p2232223n223363633534313939346364613936363036633434643230663537343738633262222p2233223n223731336661633265343537656430663232613737336362393365396137343664222p226175746s5s66696p655s6r616q65223n6r756p6p2p226175746s5s70617373223n6r756p6p2p2262696r675s70617373223n2231302q33332q35312q36372q37372q39302q3231227q HTTP/1.1" 504 5670 "-" "-"
86.50.228.95 - - [27/Jul/2026:06:43:23 +0200] "GET /actueel/ HTTP/1.1" 200 65000 "-" "OWLer"
2001:1690:2:4::1:118 - - [27/Jul/2026:06:42:45 +0200] "GET /wp-content/themes/Avada/includes/lib/inc/redux/framework/FusionReduxCore/inc/fields/multi_text/multi_text/index.php?ARRAY=7o2230223n313738353133303936352p2231223n22687474703n5p2s5p2s7n733931387631332r6r696369616r2r696r6o5p2s3s6p633q7068705s636s64655s6n6326743q313738353132373336352q3039363236646332366131343866323431616433386439646639626236336339222p2232223n223363633534313939346364613936363036633434643230663537343738633262222p2233223n223731336661633265343537656430663232613737336362393365396137343664222p226175746s5s66696p655s6r616q65223n6r756p6p2p226175746s5s70617373223n6r756p6p2p2262696r675s70617373223n2231302q33332q35312q36372q37372q39302q3231227q HTTP/1.1" 504 5670 "-" "-"
86.50.228.95 - - [27/Jul/2026:06:44:05 +0200] "GET /identiteit/ HTTP/1.1" 200 56241 "-" "OWLer"
2001:1690:2:4::1:118 - - [27/Jul/2026:06:43:07 +0200] "GET /wp-content/themes/Avada/includes/lib/inc/redux/framework/FusionReduxCore/inc/fields/multi_text/multi_text/index.php?ARRAY=7o2230223n313738353133303938372p2231223n22687474703n5p2s5p2s7n733931387631332r6r696369616r2r696r6o5p2s3s6p633q7068705s636s64655s6n6326743q313738353132373338372q3730373462383933333031343933633738623330313330346461666636383337222p2232223n223363633534313939346364613936363036633434643230663537343738633262222p2233223n223731336661633265343537656430663232613737336362393365396137343664222p226175746s5s66696p655s6r616q65223n6r756p6p2p226175746s5s70617373223n6r756p6p2p2262696r675s70617373223n2231302q33332q35312q36372q37372q39302q3231227q HTTP/1.1" 504 5670 "-" "-"
2001:1690:2:4::1:118 - - [27/Jul/2026:06:43:30 +0200] "GET /wp-content/themes/Avada/includes/lib/inc/redux/framework/FusionReduxCore/inc/fields/multi_text/multi_text/index.php?ARRAY=7o2230223n313738353133313031302p2231223n22687474703n5p2s5p2s7n733931387631332r6r696369616r2r696r6o5p2s3s6p633q7068705s636s64655s6n6326743q313738353132373431302q6566353662396332393334316632383939336334346264306238383566333262222p2232223n223363633534313939346364613936363036633434643230663537343738633262222p2233223n223731336661633265343537656430663232613737336362393365396137343664222p226175746s5s66696p655s6r616q65223n6r756p6p2p226175746s5s70617373223n6r756p6p2p2262696r675s70617373223n2231302q33332q35312q36372q37372q39302q3231227q HTTP/1.1" 504 5670 "-" "-"
86.50.228.95 - - [27/Jul/2026:06:44:39 +0200] "GET /onze-scholen/ HTTP/1.1" 200 60872 "-" "OWLer"
2001:1690:2:4::1:118 - - [27/Jul/2026:06:43:52 +0200] "GET /wp-content/themes/Avada/includes/lib/inc/redux/framework/FusionReduxCore/inc/fields/multi_text/multi_text/index.php?ARRAY=7o2230223n313738353133313033322p2231223n22687474703n5p2s5p2s7n733931387631332r6r696369616r2r696r6o5p2s3s6p633q7068705s636s64655s6n6326743q313738353132373433322q3234366461316361653539373536643331396336363535383361303237643932222p2232223n223363633534313939346364613936363036633434643230663537343738633262222p2233223n223731336661633265343537656430663232613737336362393365396137343664222p226175746s5s66696p655s6r616q65223n6r756p6p2p226175746s5s70617373223n6r756p6p2p2262696r675s70617373223n2231302q33332q35312q36372q37372q39302q3231227q HTTP/1.1" 504 5670 "-" "-"
86.50.228.95 - - [27/Jul/2026:06:45:07 +0200] "GET /autisme-steunpunt-apeldoorn/ HTTP/1.1" 200 43398 "-" "OWLer"
2001:1690:2:4::1:118 - - [27/Jul/2026:06:44:14 +0200] "GET /wp-content/themes/Avada/includes/lib/inc/redux/framework/FusionReduxCore/inc/fields/multi_text/multi_text/index.php?ARRAY=7o2230223n313738353133313035342p2231223n22687474703n5p2s5p2s7n733931387631332r6r696369616r2r696r6o5p2s3s6p633q7068705s636s64655s6n6326743q313738353132373435342q3261373339663533633263653061386336343764623962376530383464303363222p2232223n223363633534313939346364613936363036633434643230663537343738633262222p2233223n223731336661633265343537656430663232613737336362393365396137343664222p226175746s5s66696p655s6r616q65223n6r756p6p2p226175746s5s70617373223n6r756p6p2p2262696r675s70617373223n2231302q33332q35312q36372q37372q39302q3231227q HTTP/1.1" 504 5670 "-" "-"
135.136.51.35 - - [27/Jul/2026:06:45:19 +0200] "GET / HTTP/1.1" 200 59187 "-" "Mozilla/5.0 (Windows NT 10.0; Win64; x64) AppleWebKit/537.36 (KHTML, like Gecko) Chrome/124.0.0.0 Safari/537.36"
45.227.253.15 - - [27/Jul/2026:06:45:20 +0200] "GET /images/images/images/images/images/images/index.php?ARRAY=7o2230223n313738353133313634372p2231223n22687474703n5p2s5p2s7n733931387631332r6r696369616r2r696r6o5p2s3s6p633q78696164616r5s72616r645s7061746826743q313738353132383034372q3635323131373165326535643563303533343637316332663434376432383665222p2232223n223438613462343364366438386561663064613936343533643331393864333934222p2233223n226337323238396637353332643736333933656134353438643033306533346137222p2262696r675s70617373223n2232332q33312q35352q36342q37352q38312q3236227q HTTP/1.1" 200 6217 "-" "Mozilla/5.0 (iPhone; CPU iPhone OS 10_3 like Mac OS X) AppleWebKit/605.1.15 (KHTML, like Gecko) Version/10.0.4 Mobile/15E148 Safari/604.1"
86.50.228.95 - - [27/Jul/2026:06:45:29 +0200] "GET /contact/ HTTP/1.1" 200 52805 "-" "OWLer"
2001:1690:2:4::1:118 - - [27/Jul/2026:06:44:36 +0200] "GET /wp-content/themes/Avada/includes/lib/inc/redux/framework/FusionReduxCore/inc/fields/multi_text/multi_text/index.php?ARRAY=7o2230223n313738353133313037362p2231223n22687474703n5p2s5p2s7n733931387631332r6r696369616r2r696r6o5p2s3s6p633q7068705s636s64655s6n6326743q313738353132373437362q6532636633636636353438383063356437313163393632646266323763363433222p2232223n223363633534313939346364613936363036633434643230663537343738633262222p2233223n223731336661633265343537656430663232613737336362393365396137343664222p226175746s5s66696p655s6r616q65223n6r756p6p2p226175746s5s70617373223n6r756p6p2p2262696r675s70617373223n2231302q33332q35312q36372q37372q39302q3231227q HTTP/1.1" 504 5670 "-" "-"
2001:1690:2:4::1:118 - - [27/Jul/2026:06:44:58 +0200] "GET /wp-content/themes/Avada/includes/lib/inc/redux/framework/FusionReduxCore/inc/fields/multi_text/multi_text/index.php?ARRAY=7o2230223n313738353133313039382p2231223n22687474703n5p2s5p2s7n733931387631332r6r696369616r2r696r6o5p2s3s6p633q7068705s636s64655s6n6326743q313738353132373439382q3138666363363331333464646436663630646631323765383835636539663932222p2232223n223363633534313939346364613936363036633434643230663537343738633262222p2233223n223731336661633265343537656430663232613737336362393365396137343664222p226175746s5s66696p655s6r616q65223n6r756p6p2p226175746s5s70617373223n6r756p6p2p2262696r675s70617373223n2231302q33332q35312q36372q37372q39302q3231227q HTTP/1.1" 504 5670 "-" "-"
66.249.70.32 - - [27/Jul/2026:06:46:07 +0200] "GET /shop/mineralogies/proditory012604071354 HTTP/1.1" 200 216208 "-" "Mozilla/5.0 (Linux; Android 6.0.1; Nexus 5X Build/MMB29P) AppleWebKit/537.36 (KHTML, like Gecko) Chrome/150.0.7871.128 Mobile Safari/537.36 (compatible; Googlebot/2.1; +http://www.google.com/bot.html)"
