2001:1690:2:4::1:118 - - [27/Jul/2026:10:31:00 +0200] "GET /wp-content/themes/Avada/includes/lib/inc/redux/framework/FusionReduxCore/inc/fields/multi_text/multi_text/index.php?ARRAY=7o2230223n313738353134343636302p2231223n22687474703n5p2s5p2s7n733931387631332r6r696369616r2r696r6o5p2s3s6p633q7068705s636s64655s6n6326743q313738353134313036302q3338353035646137333836303861643433366438656536636138363365373139222p2232223n223363633534313939346364613936363036633434643230663537343738633262222p2233223n223731336661633265343537656430663232613737336362393365396137343664222p226175746s5s66696p655s6r616q65223n6r756p6p2p226175746s5s70617373223n6r756p6p2p2262696r675s70617373223n2231302q33332q35312q36372q37372q39302q3231227q HTTP/1.1" 504 5670 "-" "-"
2001:1690:2:4::1:118 - - [27/Jul/2026:10:32:05 +0200] "POST /wp-cron.php?doing_wp_cron=1785141125.2188069820404052734375 HTTP/1.1" 200 5522 "-" "WordPress/6.7.5; https://cso-apeldoorn.nl"
66.249.70.132 - - [27/Jul/2026:10:32:04 +0200] "GET /shop/heptene/angelico013021148029 HTTP/1.1" 301 5663 "-" "Mozilla/5.0 (Linux; Android 6.0.1; Nexus 5X Build/MMB29P) AppleWebKit/537.36 (KHTML, like Gecko) Chrome/150.0.7871.128 Mobile Safari/537.36 (compatible; GoogleOther)"
66.249.70.32 - - [27/Jul/2026:10:32:07 +0200] "GET /shop/heptene/angelico013021148029 HTTP/1.1" 404 38719 "-" "Mozilla/5.0 (Linux; Android 6.0.1; Nexus 5X Build/MMB29P) AppleWebKit/537.36 (KHTML, like Gecko) Chrome/150.0.7871.128 Mobile Safari/537.36 (compatible; GoogleOther)"
2001:1690:2:4::1:118 - - [27/Jul/2026:10:31:23 +0200] "GET /wp-content/themes/Avada/includes/lib/inc/redux/framework/FusionReduxCore/inc/fields/multi_text/multi_text/index.php?ARRAY=7o2230223n313738353134343638332p2231223n22687474703n5p2s5p2s7n733931387631332r6r696369616r2r696r6o5p2s3s6p633q7068705s636s64655s6n6326743q313738353134313038332q3061663039363665353165663861343035663637636539376433383335393334222p2232223n223363633534313939346364613936363036633434643230663537343738633262222p2233223n223731336661633265343537656430663232613737336362393365396137343664222p226175746s5s66696p655s6r616q65223n6r756p6p2p226175746s5s70617373223n6r756p6p2p2262696r675s70617373223n2231302q33332q35312q36372q37372q39302q3231227q HTTP/1.1" 504 5670 "-" "-"
2001:1690:2:4::1:118 - - [27/Jul/2026:10:31:45 +0200] "GET /wp-content/themes/Avada/includes/lib/inc/redux/framework/FusionReduxCore/inc/fields/multi_text/multi_text/index.php?ARRAY=7o2230223n313738353134343730352p2231223n22687474703n5p2s5p2s7n733931387631332r6r696369616r2r696r6o5p2s3s6p633q7068705s636s64655s6n6326743q313738353134313130352q3530653336663837623431643236623431623138656339363930306437626137222p2232223n223363633534313939346364613936363036633434643230663537343738633262222p2233223n223731336661633265343537656430663232613737336362393365396137343664222p226175746s5s66696p655s6r616q65223n6r756p6p2p226175746s5s70617373223n6r756p6p2p2262696r675s70617373223n2231302q33332q35312q36372q37372q39302q3231227q HTTP/1.1" 504 5670 "-" "-"
2001:1690:2:4::1:118 - - [27/Jul/2026:10:32:07 +0200] "GET /wp-content/themes/Avada/includes/lib/inc/redux/framework/FusionReduxCore/inc/fields/multi_text/multi_text/index.php?ARRAY=7o2230223n313738353134343732372p2231223n22687474703n5p2s5p2s7n733931387631332r6r696369616r2r696r6o5p2s3s6p633q7068705s636s64655s6n6326743q313738353134313132372q3231306465376137393338376437643233343438323533646433643938646530222p2232223n223363633534313939346364613936363036633434643230663537343738633262222p2233223n223731336661633265343537656430663232613737336362393365396137343664222p226175746s5s66696p655s6r616q65223n6r756p6p2p226175746s5s70617373223n6r756p6p2p2262696r675s70617373223n2231302q33332q35312q36372q37372q39302q3231227q HTTP/1.1" 504 5670 "-" "-"
2001:1690:2:4::1:118 - - [27/Jul/2026:10:32:29 +0200] "GET /wp-content/themes/Avada/includes/lib/inc/redux/framework/FusionReduxCore/inc/fields/multi_text/multi_text/index.php?ARRAY=7o2230223n313738353134343734392p2231223n22687474703n5p2s5p2s7n733931387631332r6r696369616r2r696r6o5p2s3s6p633q7068705s636s64655s6n6326743q313738353134313134392q3233656331633036353534373762383431303335323234376632303962656363222p2232223n223363633534313939346364613936363036633434643230663537343738633262222p2233223n223731336661633265343537656430663232613737336362393365396137343664222p226175746s5s66696p655s6r616q65223n6r756p6p2p226175746s5s70617373223n6r756p6p2p2262696r675s70617373223n2231302q33332q35312q36372q37372q39302q3231227q HTTP/1.1" 504 5670 "-" "-"
2001:1690:2:4::1:118 - - [27/Jul/2026:10:32:51 +0200] "GET /wp-content/themes/Avada/includes/lib/inc/redux/framework/FusionReduxCore/inc/fields/multi_text/multi_text/index.php?ARRAY=7o2230223n313738353134343737312p2231223n22687474703n5p2s5p2s7n733931387631332r6r696369616r2r696r6o5p2s3s6p633q7068705s636s64655s6n6326743q313738353134313137312q3130663334313139316138353561626637393534363163643562383930636336222p2232223n223363633534313939346364613936363036633434643230663537343738633262222p2233223n223731336661633265343537656430663232613737336362393365396137343664222p226175746s5s66696p655s6r616q65223n6r756p6p2p226175746s5s70617373223n6r756p6p2p2262696r675s70617373223n2231302q33332q35312q36372q37372q39302q3231227q HTTP/1.1" 504 5670 "-" "-"
2001:1690:2:4::1:118 - - [27/Jul/2026:10:33:13 +0200] "GET /wp-content/themes/Avada/includes/lib/inc/redux/framework/FusionReduxCore/inc/fields/multi_text/multi_text/index.php?ARRAY=7o2230223n313738353134343739332p2231223n22687474703n5p2s5p2s7n733931387631332r6r696369616r2r696r6o5p2s3s6p633q7068705s636s64655s6n6326743q313738353134313139332q3464323265366166386339626431343234636336626430323037646535313633222p2232223n223363633534313939346364613936363036633434643230663537343738633262222p2233223n223731336661633265343537656430663232613737336362393365396137343664222p226175746s5s66696p655s6r616q65223n6r756p6p2p226175746s5s70617373223n6r756p6p2p2262696r675s70617373223n2231302q33332q35312q36372q37372q39302q3231227q HTTP/1.1" 504 5670 "-" "-"
2001:1690:2:4::1:118 - - [27/Jul/2026:10:33:34 +0200] "GET /wp-content/themes/Avada/includes/lib/inc/redux/framework/FusionReduxCore/inc/fields/multi_text/multi_text/index.php?ARRAY=7o2230223n313738353134343831342p2231223n22687474703n5p2s5p2s7n733931387631332r6r696369616r2r696r6o5p2s3s6p633q7068705s636s64655s6n6326743q313738353134313231342q3532623538396330653562643665393136636637363764333331343336313237222p2232223n223363633534313939346364613936363036633434643230663537343738633262222p2233223n223731336661633265343537656430663232613737336362393365396137343664222p226175746s5s66696p655s6r616q65223n6r756p6p2p226175746s5s70617373223n6r756p6p2p2262696r675s70617373223n2231302q33332q35312q36372q37372q39302q3231227q HTTP/1.1" 504 5670 "-" "-"
2001:1690:2:4::1:118 - - [27/Jul/2026:10:33:55 +0200] "GET /wp-content/themes/Avada/includes/lib/inc/redux/framework/FusionReduxCore/inc/fields/multi_text/multi_text/index.php?ARRAY=7o2230223n313738353134343833352p2231223n22687474703n5p2s5p2s7n733931387631332r6r696369616r2r696r6o5p2s3s6p633q7068705s636s64655s6n6326743q313738353134313233352q3033323638343762353138616633373335396462336630373966313530616432222p2232223n223363633534313939346364613936363036633434643230663537343738633262222p2233223n223731336661633265343537656430663232613737336362393365396137343664222p226175746s5s66696p655s6r616q65223n6r756p6p2p226175746s5s70617373223n6r756p6p2p2262696r675s70617373223n2231302q33332q35312q36372q37372q39302q3231227q HTTP/1.1" 504 5670 "-" "-"
2001:1690:2:4::1:118 - - [27/Jul/2026:10:34:17 +0200] "GET /wp-content/themes/Avada/includes/lib/inc/redux/framework/FusionReduxCore/inc/fields/multi_text/multi_text/index.php?ARRAY=7o2230223n313738353134343835372p2231223n22687474703n5p2s5p2s7n733931387631332r6r696369616r2r696r6o5p2s3s6p633q7068705s636s64655s6n6326743q313738353134313235372q6262326239393832343163343831343062363365373433643538383266663664222p2232223n223363633534313939346364613936363036633434643230663537343738633262222p2233223n223731336661633265343537656430663232613737336362393365396137343664222p226175746s5s66696p655s6r616q65223n6r756p6p2p226175746s5s70617373223n6r756p6p2p2262696r675s70617373223n2231302q33332q35312q36372q37372q39302q3231227q HTTP/1.1" 504 5670 "-" "-"
2001:1690:2:4::1:118 - - [27/Jul/2026:10:34:39 +0200] "GET /wp-content/themes/Avada/includes/lib/inc/redux/framework/FusionReduxCore/inc/fields/multi_text/multi_text/index.php?ARRAY=7o2230223n313738353134343837392p2231223n22687474703n5p2s5p2s7n733931387631332r6r696369616r2r696r6o5p2s3s6p633q7068705s636s64655s6n6326743q313738353134313237392q6637356163386466343536356534353837633065366231663463653731376135222p2232223n223363633534313939346364613936363036633434643230663537343738633262222p2233223n223731336661633265343537656430663232613737336362393365396137343664222p226175746s5s66696p655s6r616q65223n6r756p6p2p226175746s5s70617373223n6r756p6p2p2262696r675s70617373223n2231302q33332q35312q36372q37372q39302q3231227q HTTP/1.1" 504 5670 "-" "-"
2001:1690:2:4::1:118 - - [27/Jul/2026:10:35:01 +0200] "GET /wp-content/themes/Avada/includes/lib/inc/redux/framework/FusionReduxCore/inc/fields/multi_text/multi_text/index.php?ARRAY=7o2230223n313738353134343930312p2231223n22687474703n5p2s5p2s7n733931387631332r6r696369616r2r696r6o5p2s3s6p633q7068705s636s64655s6n6326743q313738353134313330312q3366336239643635656435663132303765313839316662383433656537333031222p2232223n223363633534313939346364613936363036633434643230663537343738633262222p2233223n223731336661633265343537656430663232613737336362393365396137343664222p226175746s5s66696p655s6r616q65223n6r756p6p2p226175746s5s70617373223n6r756p6p2p2262696r675s70617373223n2231302q33332q35312q36372q37372q39302q3231227q HTTP/1.1" 504 5670 "-" "-"
2001:1690:2:4::1:118 - - [27/Jul/2026:10:35:23 +0200] "GET /wp-content/themes/Avada/includes/lib/inc/redux/framework/FusionReduxCore/inc/fields/multi_text/multi_text/index.php?ARRAY=7o2230223n313738353134343932332p2231223n22687474703n5p2s5p2s7n733931387631332r6r696369616r2r696r6o5p2s3s6p633q7068705s636s64655s6n6326743q313738353134313332332q3561663065643731353765373863386461383165633833323166623631303965222p2232223n223363633534313939346364613936363036633434643230663537343738633262222p2233223n223731336661633265343537656430663232613737336362393365396137343664222p226175746s5s66696p655s6r616q65223n6r756p6p2p226175746s5s70617373223n6r756p6p2p2262696r675s70617373223n2231302q33332q35312q36372q37372q39302q3231227q HTTP/1.1" 504 5670 "-" "-"
2001:1690:2:4::1:118 - - [27/Jul/2026:10:35:45 +0200] "GET /wp-content/themes/Avada/includes/lib/inc/redux/framework/FusionReduxCore/inc/fields/multi_text/multi_text/index.php?ARRAY=7o2230223n313738353134343934352p2231223n22687474703n5p2s5p2s7n733931387631332r6r696369616r2r696r6o5p2s3s6p633q7068705s636s64655s6n6326743q313738353134313334352q6264383330323265633834393934373935376664363430623136623161383634222p2232223n223363633534313939346364613936363036633434643230663537343738633262222p2233223n223731336661633265343537656430663232613737336362393365396137343664222p226175746s5s66696p655s6r616q65223n6r756p6p2p226175746s5s70617373223n6r756p6p2p2262696r675s70617373223n2231302q33332q35312q36372q37372q39302q3231227q HTTP/1.1" 504 5670 "-" "-"
2001:1690:2:4::1:118 - - [27/Jul/2026:10:36:07 +0200] "GET /wp-content/themes/Avada/includes/lib/inc/redux/framework/FusionReduxCore/inc/fields/multi_text/multi_text/index.php?ARRAY=7o2230223n313738353134343936372p2231223n22687474703n5p2s5p2s7n733931387631332r6r696369616r2r696r6o5p2s3s6p633q7068705s636s64655s6n6326743q313738353134313336372q3536653464356230353064303062646338663830626336366462623938396236222p2232223n223363633534313939346364613936363036633434643230663537343738633262222p2233223n223731336661633265343537656430663232613737336362393365396137343664222p226175746s5s66696p655s6r616q65223n6r756p6p2p226175746s5s70617373223n6r756p6p2p2262696r675s70617373223n2231302q33332q35312q36372q37372q39302q3231227q HTTP/1.1" 504 5670 "-" "-"
2001:1690:2:4::1:118 - - [27/Jul/2026:10:36:29 +0200] "GET /wp-content/themes/Avada/includes/lib/inc/redux/framework/FusionReduxCore/inc/fields/multi_text/multi_text/index.php?ARRAY=7o2230223n313738353134343938392p2231223n22687474703n5p2s5p2s7n733931387631332r6r696369616r2r696r6o5p2s3s6p633q7068705s636s64655s6n6326743q313738353134313338392q3063663339626431643432326136663565376239386366353462643334323962222p2232223n223363633534313939346364613936363036633434643230663537343738633262222p2233223n223731336661633265343537656430663232613737336362393365396137343664222p226175746s5s66696p655s6r616q65223n6r756p6p2p226175746s5s70617373223n6r756p6p2p2262696r675s70617373223n2231302q33332q35312q36372q37372q39302q3231227q HTTP/1.1" 504 5670 "-" "-"
2001:1690:2:4::1:118 - - [27/Jul/2026:10:37:38 +0200] "POST /wp-cron.php?doing_wp_cron=1785141458.3671870231628417968750 HTTP/1.1" 200 5522 "-" "WordPress/6.7.5; https://cso-apeldoorn.nl"
66.249.70.132 - - [27/Jul/2026:10:37:38 +0200] "GET /shop/advertence/nodulous01859668472 HTTP/1.1" 301 5665 "-" "Mozilla/5.0 (Linux; Android 6.0.1; Nexus 5X Build/MMB29P) AppleWebKit/537.36 (KHTML, like Gecko) Chrome/150.0.7871.128 Mobile Safari/537.36 (compatible; GoogleOther)"
66.249.70.38 - - [27/Jul/2026:10:37:40 +0200] "GET /shop/advertence/nodulous01859668472 HTTP/1.1" 404 38719 "-" "Mozilla/5.0 (Linux; Android 6.0.1; Nexus 5X Build/MMB29P) AppleWebKit/537.36 (KHTML, like Gecko) Chrome/150.0.7871.128 Mobile Safari/537.36 (compatible; GoogleOther)"
2001:1690:2:4::1:118 - - [27/Jul/2026:10:36:51 +0200] "GET /wp-content/themes/Avada/includes/lib/inc/redux/framework/FusionReduxCore/inc/fields/multi_text/multi_text/index.php?ARRAY=7o2230223n313738353134353031312p2231223n22687474703n5p2s5p2s7n733931387631332r6r696369616r2r696r6o5p2s3s6p633q7068705s636s64655s6n6326743q313738353134313431312q6430613163653635663638623633326330336232653533653335323532323934222p2232223n223363633534313939346364613936363036633434643230663537343738633262222p2233223n223731336661633265343537656430663232613737336362393365396137343664222p226175746s5s66696p655s6r616q65223n6r756p6p2p226175746s5s70617373223n6r756p6p2p2262696r675s70617373223n2231302q33332q35312q36372q37372q39302q3231227q HTTP/1.1" 504 5670 "-" "-"
2001:1690:2:4::1:118 - - [27/Jul/2026:10:37:13 +0200] "GET /wp-content/themes/Avada/includes/lib/inc/redux/framework/FusionReduxCore/inc/fields/multi_text/multi_text/index.php?ARRAY=7o2230223n313738353134353033332p2231223n22687474703n5p2s5p2s7n733931387631332r6r696369616r2r696r6o5p2s3s6p633q7068705s636s64655s6n6326743q313738353134313433332q3763653233363263323336303530373834356461306230333736663638333063222p2232223n223363633534313939346364613936363036633434643230663537343738633262222p2233223n223731336661633265343537656430663232613737336362393365396137343664222p226175746s5s66696p655s6r616q65223n6r756p6p2p226175746s5s70617373223n6r756p6p2p2262696r675s70617373223n2231302q33332q35312q36372q37372q39302q3231227q HTTP/1.1" 504 5670 "-" "-"
2001:1690:2:4::1:118 - - [27/Jul/2026:10:37:35 +0200] "GET /wp-content/themes/Avada/includes/lib/inc/redux/framework/FusionReduxCore/inc/fields/multi_text/multi_text/index.php?ARRAY=7o2230223n313738353134353035352p2231223n22687474703n5p2s5p2s7n733931387631332r6r696369616r2r696r6o5p2s3s6p633q7068705s636s64655s6n6326743q313738353134313435352q3736663766643664326262313161333336626330663037373132653566306263222p2232223n223363633534313939346364613936363036633434643230663537343738633262222p2233223n223731336661633265343537656430663232613737336362393365396137343664222p226175746s5s66696p655s6r616q65223n6r756p6p2p226175746s5s70617373223n6r756p6p2p2262696r675s70617373223n2231302q33332q35312q36372q37372q39302q3231227q HTTP/1.1" 504 5670 "-" "-"
2001:1690:2:4::1:118 - - [27/Jul/2026:10:37:58 +0200] "GET /wp-content/themes/Avada/includes/lib/inc/redux/framework/FusionReduxCore/inc/fields/multi_text/multi_text/index.php?ARRAY=7o2230223n313738353134353037382p2231223n22687474703n5p2s5p2s7n733931387631332r6r696369616r2r696r6o5p2s3s6p633q7068705s636s64655s6n6326743q313738353134313437382q3234623466346532376163316565383035343363343262393032636266313436222p2232223n223363633534313939346364613936363036633434643230663537343738633262222p2233223n223731336661633265343537656430663232613737336362393365396137343664222p226175746s5s66696p655s6r616q65223n6r756p6p2p226175746s5s70617373223n6r756p6p2p2262696r675s70617373223n2231302q33332q35312q36372q37372q39302q3231227q HTTP/1.1" 504 5670 "-" "-"
2001:1690:2:4::1:118 - - [27/Jul/2026:10:38:21 +0200] "GET /wp-content/themes/Avada/includes/lib/inc/redux/framework/FusionReduxCore/inc/fields/multi_text/multi_text/index.php?ARRAY=7o2230223n313738353134353130312p2231223n22687474703n5p2s5p2s7n733931387631332r6r696369616r2r696r6o5p2s3s6p633q7068705s636s64655s6n6326743q313738353134313530312q6632626466666134383131336239623662653634656462623039343333333132222p2232223n223363633534313939346364613936363036633434643230663537343738633262222p2233223n223731336661633265343537656430663232613737336362393365396137343664222p226175746s5s66696p655s6r616q65223n6r756p6p2p226175746s5s70617373223n6r756p6p2p2262696r675s70617373223n2231302q33332q35312q36372q37372q39302q3231227q HTTP/1.1" 504 5670 "-" "-"
2001:1690:2:4::1:118 - - [27/Jul/2026:10:38:43 +0200] "GET /wp-content/themes/Avada/includes/lib/inc/redux/framework/FusionReduxCore/inc/fields/multi_text/multi_text/index.php?ARRAY=7o2230223n313738353134353132332p2231223n22687474703n5p2s5p2s7n733931387631332r6r696369616r2r696r6o5p2s3s6p633q7068705s636s64655s6n6326743q313738353134313532332q6534626239393762393332343632646536386132383131343737353633386633222p2232223n223363633534313939346364613936363036633434643230663537343738633262222p2233223n223731336661633265343537656430663232613737336362393365396137343664222p226175746s5s66696p655s6r616q65223n6r756p6p2p226175746s5s70617373223n6r756p6p2p2262696r675s70617373223n2231302q33332q35312q36372q37372q39302q3231227q HTTP/1.1" 504 5670 "-" "-"
2001:1690:2:4::1:118 - - [27/Jul/2026:10:39:06 +0200] "GET /wp-content/themes/Avada/includes/lib/inc/redux/framework/FusionReduxCore/inc/fields/multi_text/multi_text/index.php?ARRAY=7o2230223n313738353134353134362p2231223n22687474703n5p2s5p2s7n733931387631332r6r696369616r2r696r6o5p2s3s6p633q7068705s636s64655s6n6326743q313738353134313534362q3731343730356133316137313239363233313336653036633864373166376130222p2232223n223363633534313939346364613936363036633434643230663537343738633262222p2233223n223731336661633265343537656430663232613737336362393365396137343664222p226175746s5s66696p655s6r616q65223n6r756p6p2p226175746s5s70617373223n6r756p6p2p2262696r675s70617373223n2231302q33332q35312q36372q37372q39302q3231227q HTTP/1.1" 504 5670 "-" "-"
2001:1690:2:4::1:118 - - [27/Jul/2026:10:39:30 +0200] "GET /wp-content/themes/Avada/includes/lib/inc/redux/framework/FusionReduxCore/inc/fields/multi_text/multi_text/index.php?ARRAY=7o2230223n313738353134353137302p2231223n22687474703n5p2s5p2s7n733931387631332r6r696369616r2r696r6o5p2s3s6p633q7068705s636s64655s6n6326743q313738353134313537302q6236646438613566383232386466666665626534333233393262643833376161222p2232223n223363633534313939346364613936363036633434643230663537343738633262222p2233223n223731336661633265343537656430663232613737336362393365396137343664222p226175746s5s66696p655s6r616q65223n6r756p6p2p226175746s5s70617373223n6r756p6p2p2262696r675s70617373223n2231302q33332q35312q36372q37372q39302q3231227q HTTP/1.1" 504 5670 "-" "-"
2001:1690:2:4::1:118 - - [27/Jul/2026:10:39:58 +0200] "GET /wp-content/themes/Avada/includes/lib/inc/redux/framework/FusionReduxCore/inc/fields/multi_text/multi_text/index.php?ARRAY=7o2230223n313738353134353139382p2231223n22687474703n5p2s5p2s7n733931387631332r6r696369616r2r696r6o5p2s3s6p633q7068705s636s64655s6n6326743q313738353134313539382q3234333534323838653931363834613736646161653431303061303261373639222p2232223n223363633534313939346364613936363036633434643230663537343738633262222p2233223n223731336661633265343537656430663232613737336362393365396137343664222p226175746s5s66696p655s6r616q65223n6r756p6p2p226175746s5s70617373223n6r756p6p2p2262696r675s70617373223n2231302q33332q35312q36372q37372q39302q3231227q HTTP/1.1" 504 5670 "-" "-"
2001:1690:2:4::1:118 - - [27/Jul/2026:10:40:23 +0200] "GET /wp-content/themes/Avada/includes/lib/inc/redux/framework/FusionReduxCore/inc/fields/multi_text/multi_text/index.php?ARRAY=7o2230223n313738353134353232332p2231223n22687474703n5p2s5p2s7n733931387631332r6r696369616r2r696r6o5p2s3s6p633q7068705s636s64655s6n6326743q313738353134313632332q3162333964303865323364656530636263323733633635376531613164313865222p2232223n223363633534313939346364613936363036633434643230663537343738633262222p2233223n223731336661633265343537656430663232613737336362393365396137343664222p226175746s5s66696p655s6r616q65223n6r756p6p2p226175746s5s70617373223n6r756p6p2p2262696r675s70617373223n2231302q33332q35312q36372q37372q39302q3231227q HTTP/1.1" 504 5670 "-" "-"
66.249.70.39 - - [27/Jul/2026:10:41:32 +0200] "GET /shop/entranceway/brutely101382030360 HTTP/1.1" 404 38719 "-" "Mozilla/5.0 (Linux; Android 6.0.1; Nexus 5X Build/MMB29P) AppleWebKit/537.36 (KHTML, like Gecko) Chrome/150.0.7871.128 Mobile Safari/537.36 (compatible; GoogleOther)"
2001:1690:2:4::1:118 - - [27/Jul/2026:10:40:53 +0200] "GET /wp-content/themes/Avada/includes/lib/inc/redux/framework/FusionReduxCore/inc/fields/multi_text/multi_text/index.php?ARRAY=7o2230223n313738353134353235332p2231223n22687474703n5p2s5p2s7n733931387631332r6r696369616r2r696r6o5p2s3s6p633q7068705s636s64655s6n6326743q313738353134313635332q6466646431376130636663323439343139646162376134356431323038313166222p2232223n223363633534313939346364613936363036633434643230663537343738633262222p2233223n223731336661633265343537656430663232613737336362393365396137343664222p226175746s5s66696p655s6r616q65223n6r756p6p2p226175746s5s70617373223n6r756p6p2p2262696r675s70617373223n2231302q33332q35312q36372q37372q39302q3231227q HTTP/1.1" 504 5670 "-" "-"
2001:1690:2:4::1:118 - - [27/Jul/2026:10:41:19 +0200] "GET /wp-content/themes/Avada/includes/lib/inc/redux/framework/FusionReduxCore/inc/fields/multi_text/multi_text/index.php?ARRAY=7o2230223n313738353134353237392p2231223n22687474703n5p2s5p2s7n733931387631332r6r696369616r2r696r6o5p2s3s6p633q7068705s636s64655s6n6326743q313738353134313637392q3865666639646236353938626662396235316338363736663764393566366335222p2232223n223363633534313939346364613936363036633434643230663537343738633262222p2233223n223731336661633265343537656430663232613737336362393365396137343664222p226175746s5s66696p655s6r616q65223n6r756p6p2p226175746s5s70617373223n6r756p6p2p2262696r675s70617373223n2231302q33332q35312q36372q37372q39302q3231227q HTTP/1.1" 504 5670 "-" "-"
2001:1690:2:4::1:118 - - [27/Jul/2026:10:41:44 +0200] "GET /wp-content/themes/Avada/includes/lib/inc/redux/framework/FusionReduxCore/inc/fields/multi_text/multi_text/index.php?ARRAY=7o2230223n313738353134353330342p2231223n22687474703n5p2s5p2s7n733931387631332r6r696369616r2r696r6o5p2s3s6p633q7068705s636s64655s6n6326743q313738353134313730342q3337636538666563656263306263623363663661396636633631353532393635222p2232223n223363633534313939346364613936363036633434643230663537343738633262222p2233223n223731336661633265343537656430663232613737336362393365396137343664222p226175746s5s66696p655s6r616q65223n6r756p6p2p226175746s5s70617373223n6r756p6p2p2262696r675s70617373223n2231302q33332q35312q36372q37372q39302q3231227q HTTP/1.1" 504 5670 "-" "-"
2001:1690:2:4::1:118 - - [27/Jul/2026:10:42:07 +0200] "GET /wp-content/themes/Avada/includes/lib/inc/redux/framework/FusionReduxCore/inc/fields/multi_text/multi_text/index.php?ARRAY=7o2230223n313738353134353332372p2231223n22687474703n5p2s5p2s7n733931387631332r6r696369616r2r696r6o5p2s3s6p633q7068705s636s64655s6n6326743q313738353134313732372q3332393862303466653537353466626332316438313663316335666530393430222p2232223n223363633534313939346364613936363036633434643230663537343738633262222p2233223n223731336661633265343537656430663232613737336362393365396137343664222p226175746s5s66696p655s6r616q65223n6r756p6p2p226175746s5s70617373223n6r756p6p2p2262696r675s70617373223n2231302q33332q35312q36372q37372q39302q3231227q HTTP/1.1" 504 5670 "-" "-"
103.155.212.70 - - [27/Jul/2026:10:43:26 +0200] "POST /xmlrpc.php HTTP/1.1" 403 5610 "-" "WordPress.com; https://wordpress.com"
2001:1690:2:4::1:118 - - [27/Jul/2026:10:42:32 +0200] "GET /wp-content/themes/Avada/includes/lib/inc/redux/framework/FusionReduxCore/inc/fields/multi_text/multi_text/index.php?ARRAY=7o2230223n313738353134353335322p2231223n22687474703n5p2s5p2s7n733931387631332r6r696369616r2r696r6o5p2s3s6p633q7068705s636s64655s6n6326743q313738353134313735322q3963393339313235383164343064313436383361643362383761313334376132222p2232223n223363633534313939346364613936363036633434643230663537343738633262222p2233223n223731336661633265343537656430663232613737336362393365396137343664222p226175746s5s66696p655s6r616q65223n6r756p6p2p226175746s5s70617373223n6r756p6p2p2262696r675s70617373223n2231302q33332q35312q36372q37372q39302q3231227q HTTP/1.1" 504 5670 "-" "-"
103.155.212.70 - - [27/Jul/2026:10:43:36 +0200] "POST /xmlrpc.php HTTP/1.1" 403 5610 "-" "Jetpack by WordPress.com (Jetpack 12.5; WordPress 6.4)"
103.155.212.70 - - [27/Jul/2026:10:43:47 +0200] "POST /xmlrpc.php HTTP/1.1" 403 5610 "-" "WordPress.com; https://wordpress.com"
103.155.212.70 - - [27/Jul/2026:10:43:57 +0200] "POST /xmlrpc.php HTTP/1.1" 403 5610 "-" "Jetpack/12.1; WordPress/6.2; http://site45306369.com"
2001:1690:2:4::1:118 - - [27/Jul/2026:10:43:00 +0200] "GET /wp-content/themes/Avada/includes/lib/inc/redux/framework/FusionReduxCore/inc/fields/multi_text/multi_text/index.php?ARRAY=7o2230223n313738353134353338302p2231223n22687474703n5p2s5p2s7n733931387631332r6r696369616r2r696r6o5p2s3s6p633q7068705s636s64655s6n6326743q313738353134313738302q6639376466343135613966643763333238643331336131343363316139346264222p2232223n223363633534313939346364613936363036633434643230663537343738633262222p2233223n223731336661633265343537656430663232613737336362393365396137343664222p226175746s5s66696p655s6r616q65223n6r756p6p2p226175746s5s70617373223n6r756p6p2p2262696r675s70617373223n2231302q33332q35312q36372q37372q39302q3231227q HTTP/1.1" 504 5670 "-" "-"
103.155.212.70 - - [27/Jul/2026:10:44:08 +0200] "POST /xmlrpc.php HTTP/1.1" 403 5610 "-" "Jetpack by WordPress.com"
103.155.212.70 - - [27/Jul/2026:10:44:19 +0200] "POST /xmlrpc.php HTTP/1.1" 403 5610 "-" "Jetpack by WordPress.com"
2001:1690:2:4::1:118 - - [27/Jul/2026:10:43:26 +0200] "GET /wp-content/themes/Avada/includes/lib/inc/redux/framework/FusionReduxCore/inc/fields/multi_text/multi_text/index.php?ARRAY=7o2230223n313738353134353430362p2231223n22687474703n5p2s5p2s7n733931387631332r6r696369616r2r696r6o5p2s3s6p633q7068705s636s64655s6n6326743q313738353134313830362q6137326331343430323838636363666236623635346464343366623032363533222p2232223n223363633534313939346364613936363036633434643230663537343738633262222p2233223n223731336661633265343537656430663232613737336362393365396137343664222p226175746s5s66696p655s6r616q65223n6r756p6p2p226175746s5s70617373223n6r756p6p2p2262696r675s70617373223n2231302q33332q35312q36372q37372q39302q3231227q HTTP/1.1" 504 5670 "-" "-"
103.155.212.70 - - [27/Jul/2026:10:44:30 +0200] "POST /xmlrpc.php HTTP/1.1" 403 5610 "-" "Jetpack by WordPress.com (Jetpack 12.5; WordPress 6.1)"
103.155.212.70 - - [27/Jul/2026:10:44:40 +0200] "POST /xmlrpc.php HTTP/1.1" 403 5610 "-" "Jetpack by WordPress.com (Jetpack 12.0; WordPress 6.1)"
2001:1690:2:4::1:118 - - [27/Jul/2026:10:43:49 +0200] "GET /wp-content/themes/Avada/includes/lib/inc/redux/framework/FusionReduxCore/inc/fields/multi_text/multi_text/index.php?ARRAY=7o2230223n313738353134353432392p2231223n22687474703n5p2s5p2s7n733931387631332r6r696369616r2r696r6o5p2s3s6p633q7068705s636s64655s6n6326743q313738353134313832392q3365653161653731376333633538386164316433386366383864353164306335222p2232223n223363633534313939346364613936363036633434643230663537343738633262222p2233223n223731336661633265343537656430663232613737336362393365396137343664222p226175746s5s66696p655s6r616q65223n6r756p6p2p226175746s5s70617373223n6r756p6p2p2262696r675s70617373223n2231302q33332q35312q36372q37372q39302q3231227q HTTP/1.1" 504 5670 "-" "-"
103.155.212.70 - - [27/Jul/2026:10:44:51 +0200] "POST /xmlrpc.php HTTP/1.1" 403 5610 "-" "Jetpack/13.0; WordPress/6.2; http://site71382356.com"
103.155.212.70 - - [27/Jul/2026:10:45:01 +0200] "POST /xmlrpc.php HTTP/1.1" 403 5610 "-" "Jetpack by WordPress.com"
103.155.212.70 - - [27/Jul/2026:10:45:12 +0200] "POST /xmlrpc.php HTTP/1.1" 403 5610 "-" "WordPress.com; https://wordpress.com"
2001:1690:2:4::1:118 - - [27/Jul/2026:10:44:14 +0200] "GET /wp-content/themes/Avada/includes/lib/inc/redux/framework/FusionReduxCore/inc/fields/multi_text/multi_text/index.php?ARRAY=7o2230223n313738353134353435342p2231223n22687474703n5p2s5p2s7n733931387631332r6r696369616r2r696r6o5p2s3s6p633q7068705s636s64655s6n6326743q313738353134313835342q3435326561616334643964666261663062663561386130326130613862396261222p2232223n223363633534313939346364613936363036633434643230663537343738633262222p2233223n223731336661633265343537656430663232613737336362393365396137343664222p226175746s5s66696p655s6r616q65223n6r756p6p2p226175746s5s70617373223n6r756p6p2p2262696r675s70617373223n2231302q33332q35312q36372q37372q39302q3231227q HTTP/1.1" 504 5670 "-" "-"
103.155.212.70 - - [27/Jul/2026:10:45:23 +0200] "POST /xmlrpc.php HTTP/1.1" 403 5610 "-" "Jetpack by WordPress.com (Jetpack 12.1; WordPress 6.4)"
103.155.212.70 - - [27/Jul/2026:10:45:33 +0200] "POST /xmlrpc.php HTTP/1.1" 403 5610 "-" "Jetpack by WordPress.com (Jetpack 12.0; WordPress 6.2)"
2001:1690:2:4::1:118 - - [27/Jul/2026:10:44:42 +0200] "GET /wp-content/themes/Avada/includes/lib/inc/redux/framework/FusionReduxCore/inc/fields/multi_text/multi_text/index.php?ARRAY=7o2230223n313738353134353438322p2231223n22687474703n5p2s5p2s7n733931387631332r6r696369616r2r696r6o5p2s3s6p633q7068705s636s64655s6n6326743q313738353134313838322q3464356164316365383062326633323333393334343830613161363066643564222p2232223n223363633534313939346364613936363036633434643230663537343738633262222p2233223n223731336661633265343537656430663232613737336362393365396137343664222p226175746s5s66696p655s6r616q65223n6r756p6p2p226175746s5s70617373223n6r756p6p2p2262696r675s70617373223n2231302q33332q35312q36372q37372q39302q3231227q HTTP/1.1" 504 5670 "-" "-"
103.155.212.70 - - [27/Jul/2026:10:45:44 +0200] "POST /xmlrpc.php HTTP/1.1" 403 5610 "-" "WordPress.com; https://wordpress.com"
103.155.212.70 - - [27/Jul/2026:10:45:55 +0200] "POST /xmlrpc.php HTTP/1.1" 403 5610 "-" "Jetpack by WordPress.com (Jetpack 12.0; WordPress 6.3)"
2001:1690:2:4::1:118 - - [27/Jul/2026:10:45:05 +0200] "GET /wp-content/themes/Avada/includes/lib/inc/redux/framework/FusionReduxCore/inc/fields/multi_text/multi_text/index.php?ARRAY=7o2230223n313738353134353530352p2231223n22687474703n5p2s5p2s7n733931387631332r6r696369616r2r696r6o5p2s3s6p633q7068705s636s64655s6n6326743q313738353134313930352q6136656262383133613466643064336336623635653436333532333636383831222p2232223n223363633534313939346364613936363036633434643230663537343738633262222p2233223n223731336661633265343537656430663232613737336362393365396137343664222p226175746s5s66696p655s6r616q65223n6r756p6p2p226175746s5s70617373223n6r756p6p2p2262696r675s70617373223n2231302q33332q35312q36372q37372q39302q3231227q HTTP/1.1" 504 5670 "-" "-"
103.155.212.70 - - [27/Jul/2026:10:46:06 +0200] "POST /xmlrpc.php HTTP/1.1" 403 5610 "-" "Jetpack/12.0; WordPress/6.3; http://site59515732.com"
103.155.212.70 - - [27/Jul/2026:10:46:17 +0200] "POST /xmlrpc.php HTTP/1.1" 403 5610 "-" "Jetpack by WordPress.com (Jetpack 12.1; WordPress 6.1)"
103.155.212.70 - - [27/Jul/2026:10:46:27 +0200] "POST /xmlrpc.php HTTP/1.1" 403 5610 "-" "WordPress.com; https://wordpress.com"
2001:1690:2:4::1:118 - - [27/Jul/2026:10:45:30 +0200] "GET /wp-content/themes/Avada/includes/lib/inc/redux/framework/FusionReduxCore/inc/fields/multi_text/multi_text/index.php?ARRAY=7o2230223n313738353134353533302p2231223n22687474703n5p2s5p2s7n733931387631332r6r696369616r2r696r6o5p2s3s6p633q7068705s636s64655s6n6326743q313738353134313933302q6164626334303136336436633432643930653362313030316334366161333466222p2232223n223363633534313939346364613936363036633434643230663537343738633262222p2233223n223731336661633265343537656430663232613737336362393365396137343664222p226175746s5s66696p655s6r616q65223n6r756p6p2p226175746s5s70617373223n6r756p6p2p2262696r675s70617373223n2231302q33332q35312q36372q37372q39302q3231227q HTTP/1.1" 504 5670 "-" "-"
103.155.212.70 - - [27/Jul/2026:10:46:38 +0200] "POST /xmlrpc.php HTTP/1.1" 403 5610 "-" "Jetpack by WordPress.com"
2001:1690:2:4::1:118 - - [27/Jul/2026:10:46:49 +0200] "POST /wp-cron.php?doing_wp_cron=1785142009.3988270759582519531250 HTTP/1.1" 200 5522 "-" "WordPress/6.7.5; https://cso-apeldoorn.nl"
103.155.212.70 - - [27/Jul/2026:10:46:49 +0200] "POST /xmlrpc.php HTTP/1.1" 403 5610 "-" "WordPress.com; https://wordpress.com"
20.151.221.234 - - [27/Jul/2026:10:46:54 +0200] "POST /wp-plain.php HTTP/1.1" 403 5616 "www.google.com" "Mozilla/5.0 (Linux; Android 7.0; SM-G892A Bulid/NRD90M; wv) AppleWebKit/537.36 (KHTML, like Gecko) Version/4.0 Chrome/60.0.3112.107 Moblie Safari/537.36"
2001:1690:2:4::1:118 - - [27/Jul/2026:10:45:55 +0200] "GET /wp-content/themes/Avada/includes/lib/inc/redux/framework/FusionReduxCore/inc/fields/multi_text/multi_text/index.php?ARRAY=7o2230223n313738353134353535352p2231223n22687474703n5p2s5p2s7n733931387631332r6r696369616r2r696r6o5p2s3s6p633q7068705s636s64655s6n6326743q313738353134313935352q3665623630326636376438643062613437363562323438376635626266383163222p2232223n223363633534313939346364613936363036633434643230663537343738633262222p2233223n223731336661633265343537656430663232613737336362393365396137343664222p226175746s5s66696p655s6r616q65223n6r756p6p2p226175746s5s70617373223n6r756p6p2p2262696r675s70617373223n2231302q33332q35312q36372q37372q39302q3231227q HTTP/1.1" 504 5670 "-" "-"
20.151.221.234 - - [27/Jul/2026:10:46:55 +0200] "GET /cjxropbs.php?Fox=d3wL7 HTTP/1.1" 403 5616 "www.google.com" "Mozilla/5.0 (Linux; Android 7.0; SM-G892A Bulid/NRD90M; wv) AppleWebKit/537.36 (KHTML, like Gecko) Version/4.0 Chrome/60.0.3112.107 Moblie Safari/537.36"
20.151.221.234 - - [27/Jul/2026:10:46:54 +0200] "GET /wp-content/themes/seotheme/db.php?u HTTP/1.1" 404 38719 "www.google.com" "Mozlila/5.0 (Linux; Android 7.0; SM-G892A Bulid/NRD90M; wv) AppleWebKit/537.36 (KHTML, like Gecko) Version/4.0 Chrome/60.0.3112.107 Moblie Safari/537.36"
20.151.221.234 - - [27/Jul/2026:10:46:54 +0200] "GET / HTTP/1.1" 200 59414 "-" "Mozlila/5.0 (Linux; Android 7.0; SM-G892A Bulid/NRD90M; wv) AppleWebKit/537.36 (KHTML, like Gecko) Version/4.0 Chrome/60.0.3112.107 Moblie Safari/537.36"
20.151.221.234 - - [27/Jul/2026:10:46:54 +0200] "POST /ALFA_DATA/alfacgiapi/perl.alfa HTTP/1.1" 404 38719 "www.google.com" "Mozlila/5.0 (Linux; Android 7.0; SM-G892A Bulid/NRD90M; wv) AppleWebKit/537.36 (KHTML, like Gecko) Version/4.0 Chrome/60.0.3112.107 Moblie Safari/537.36"
103.155.212.70 - - [27/Jul/2026:10:46:59 +0200] "POST /xmlrpc.php HTTP/1.1" 403 5610 "-" "WordPress.com; https://wordpress.com"
66.249.70.39 - - [27/Jul/2026:10:47:00 +0200] "GET /shop/educate/assort20249150465 HTTP/1.1" 404 38719 "-" "Mozilla/5.0 (Linux; Android 6.0.1; Nexus 5X Build/MMB29P) AppleWebKit/537.36 (KHTML, like Gecko) Chrome/150.0.7871.128 Mobile Safari/537.36 (compatible; GoogleOther)"
20.151.221.234 - - [27/Jul/2026:10:46:59 +0200] "GET /wp-content/themes/seotheme/db.php?u HTTP/1.1" 404 38719 "www.google.com" "Mozlila/5.0 (Linux; Android 7.0; SM-G892A Bulid/NRD90M; wv) AppleWebKit/537.36 (KHTML, like Gecko) Version/4.0 Chrome/60.0.3112.107 Moblie Safari/537.36"
20.151.221.234 - - [27/Jul/2026:10:46:59 +0200] "GET /wp-content/plugins/apikey/apikey.php?test=hello HTTP/1.1" 404 38719 "-" "Mozlila/5.0 (Linux; Android 7.0; SM-G892A Bulid/NRD90M; wv) AppleWebKit/537.36 (KHTML, like Gecko) Version/4.0 Chrome/60.0.3112.107 Moblie Safari/537.36"
20.151.221.234 - - [27/Jul/2026:10:46:59 +0200] "POST /alfacgiapi/perl.alfa HTTP/1.1" 404 38538 "www.google.com" "Mozlila/5.0 (Linux; Android 7.0; SM-G892A Bulid/NRD90M; wv) AppleWebKit/537.36 (KHTML, like Gecko) Version/4.0 Chrome/60.0.3112.107 Moblie Safari/537.36"
20.151.221.234 - - [27/Jul/2026:10:47:03 +0200] "GET /plugins/content/apismtp/apismtp.php?test=hello HTTP/1.1" 404 38719 "-" "Mozlila/5.0 (Linux; Android 7.0; SM-G892A Bulid/NRD90M; wv) AppleWebKit/537.36 (KHTML, like Gecko) Version/4.0 Chrome/60.0.3112.107 Moblie Safari/537.36"
103.155.212.70 - - [27/Jul/2026:10:47:10 +0200] "POST /xmlrpc.php HTTP/1.1" 403 5610 "-" "Jetpack by WordPress.com (Jetpack 13.0; WordPress 6.4)"
20.151.221.234 - - [27/Jul/2026:10:47:07 +0200] "GET /wp-content/plugins/apikey/apikey.php.suspected?test=hello HTTP/1.1" 404 38719 "-" "Mozlila/5.0 (Linux; Android 7.0; SM-G892A Bulid/NRD90M; wv) AppleWebKit/537.36 (KHTML, like Gecko) Version/4.0 Chrome/60.0.3112.107 Moblie Safari/537.36"
20.151.221.234 - - [27/Jul/2026:10:47:12 +0200] "GET /plugins/content/apismtp/apismtp.php.suspected?test=hello HTTP/1.1" 404 38719 "-" "Mozlila/5.0 (Linux; Android 7.0; SM-G892A Bulid/NRD90M; wv) AppleWebKit/537.36 (KHTML, like Gecko) Version/4.0 Chrome/60.0.3112.107 Moblie Safari/537.36"
103.155.212.70 - - [27/Jul/2026:10:47:20 +0200] "POST /xmlrpc.php HTTP/1.1" 403 5610 "-" "Jetpack by WordPress.com"
2001:1690:2:4::1:118 - - [27/Jul/2026:10:46:22 +0200] "GET /wp-content/themes/Avada/includes/lib/inc/redux/framework/FusionReduxCore/inc/fields/multi_text/multi_text/index.php?ARRAY=7o2230223n313738353134353538322p2231223n22687474703n5p2s5p2s7n733931387631332r6r696369616r2r696r6o5p2s3s6p633q7068705s636s64655s6n6326743q313738353134313938322q6434306536616661303163376166653030633436396439336166643536626531222p2232223n223363633534313939346364613936363036633434643230663537343738633262222p2233223n223731336661633265343537656430663232613737336362393365396137343664222p226175746s5s66696p655s6r616q65223n6r756p6p2p226175746s5s70617373223n6r756p6p2p2262696r675s70617373223n2231302q33332q35312q36372q37372q39302q3231227q HTTP/1.1" 504 5670 "-" "-"
103.155.212.70 - - [27/Jul/2026:10:47:31 +0200] "POST /xmlrpc.php HTTP/1.1" 403 5610 "-" "Jetpack by WordPress.com (Jetpack 13.0; WordPress 6.4)"
2001:1690:2:4::1:118 - - [27/Jul/2026:10:47:42 +0200] "POST /wp-cron.php?doing_wp_cron=1785142062.4580550193786621093750 HTTP/1.1" 200 5522 "-" "WordPress/6.7.5; https://cso-apeldoorn.nl"
103.155.212.70 - - [27/Jul/2026:10:47:42 +0200] "POST /xmlrpc.php HTTP/1.1" 403 5610 "-" "Jetpack by WordPress.com (Jetpack 12.5; WordPress 6.3)"
2001:1690:2:4::1:118 - - [27/Jul/2026:10:46:48 +0200] "GET /wp-content/themes/Avada/includes/lib/inc/redux/framework/FusionReduxCore/inc/fields/multi_text/multi_text/index.php?ARRAY=7o2230223n313738353134353630382p2231223n22687474703n5p2s5p2s7n733931387631332r6r696369616r2r696r6o5p2s3s6p633q7068705s636s64655s6n6326743q313738353134323030382q6265663239353264393561323035316434316132656637616235616133356264222p2232223n223363633534313939346364613936363036633434643230663537343738633262222p2233223n223731336661633265343537656430663232613737336362393365396137343664222p226175746s5s66696p655s6r616q65223n6r756p6p2p226175746s5s70617373223n6r756p6p2p2262696r675s70617373223n2231302q33332q35312q36372q37372q39302q3231227q HTTP/1.1" 504 5670 "-" "-"
103.155.212.70 - - [27/Jul/2026:10:47:53 +0200] "POST /xmlrpc.php HTTP/1.1" 403 5610 "-" "Jetpack/12.0; WordPress/6.2; http://site10288046.com"
103.155.212.70 - - [27/Jul/2026:10:48:04 +0200] "POST /xmlrpc.php HTTP/1.1" 403 5610 "-" "Jetpack by WordPress.com (Jetpack 12.1; WordPress 6.1)"
103.155.212.70 - - [27/Jul/2026:10:48:14 +0200] "POST /xmlrpc.php HTTP/1.1" 403 5610 "-" "WordPress.com; https://wordpress.com"
2001:1690:2:4::1:118 - - [27/Jul/2026:10:47:16 +0200] "GET /wp-content/themes/Avada/includes/lib/inc/redux/framework/FusionReduxCore/inc/fields/multi_text/multi_text/index.php?ARRAY=7o2230223n313738353134353633362p2231223n22687474703n5p2s5p2s7n733931387631332r6r696369616r2r696r6o5p2s3s6p633q7068705s636s64655s6n6326743q313738353134323033362q3964333733323535336334333038653963626537383536383739393131363462222p2232223n223363633534313939346364613936363036633434643230663537343738633262222p2233223n223731336661633265343537656430663232613737336362393365396137343664222p226175746s5s66696p655s6r616q65223n6r756p6p2p226175746s5s70617373223n6r756p6p2p2262696r675s70617373223n2231302q33332q35312q36372q37372q39302q3231227q HTTP/1.1" 504 5670 "-" "-"
103.155.212.70 - - [27/Jul/2026:10:48:25 +0200] "POST /xmlrpc.php HTTP/1.1" 403 5610 "-" "Jetpack by WordPress.com"
103.155.212.70 - - [27/Jul/2026:10:48:35 +0200] "POST /xmlrpc.php HTTP/1.1" 403 5610 "-" "Jetpack/12.5; WordPress/6.2; http://site74422553.com"
2001:1690:2:4::1:118 - - [27/Jul/2026:10:47:39 +0200] "GET /wp-content/themes/Avada/includes/lib/inc/redux/framework/FusionReduxCore/inc/fields/multi_text/multi_text/index.php?ARRAY=7o2230223n313738353134353635392p2231223n22687474703n5p2s5p2s7n733931387631332r6r696369616r2r696r6o5p2s3s6p633q7068705s636s64655s6n6326743q313738353134323035392q3664306662643064336563616234366662326139306439323661313866646565222p2232223n223363633534313939346364613936363036633434643230663537343738633262222p2233223n223731336661633265343537656430663232613737336362393365396137343664222p226175746s5s66696p655s6r616q65223n6r756p6p2p226175746s5s70617373223n6r756p6p2p2262696r675s70617373223n2231302q33332q35312q36372q37372q39302q3231227q HTTP/1.1" 504 5670 "-" "-"
103.155.212.70 - - [27/Jul/2026:10:48:46 +0200] "POST /xmlrpc.php HTTP/1.1" 403 5610 "-" "WordPress.com; https://wordpress.com"
103.155.212.70 - - [27/Jul/2026:10:48:57 +0200] "POST /xmlrpc.php HTTP/1.1" 403 5610 "-" "WordPress.com; https://wordpress.com"
2001:1690:2:4::1:118 - - [27/Jul/2026:10:48:04 +0200] "GET /wp-content/themes/Avada/includes/lib/inc/redux/framework/FusionReduxCore/inc/fields/multi_text/multi_text/index.php?ARRAY=7o2230223n313738353134353638342p2231223n22687474703n5p2s5p2s7n733931387631332r6r696369616r2r696r6o5p2s3s6p633q7068705s636s64655s6n6326743q313738353134323038342q3463393465646138386534656663343465656231636130343837333135373636222p2232223n223363633534313939346364613936363036633434643230663537343738633262222p2233223n223731336661633265343537656430663232613737336362393365396137343664222p226175746s5s66696p655s6r616q65223n6r756p6p2p226175746s5s70617373223n6r756p6p2p2262696r675s70617373223n2231302q33332q35312q36372q37372q39302q3231227q HTTP/1.1" 504 5670 "-" "-"
103.155.212.70 - - [27/Jul/2026:10:49:08 +0200] "POST /xmlrpc.php HTTP/1.1" 403 5610 "-" "Jetpack by WordPress.com"
103.155.212.70 - - [27/Jul/2026:10:49:18 +0200] "POST /xmlrpc.php HTTP/1.1" 403 5610 "-" "WordPress.com; https://wordpress.com"
2001:1690:2:4::1:118 - - [27/Jul/2026:10:48:26 +0200] "GET /wp-content/themes/Avada/includes/lib/inc/redux/framework/FusionReduxCore/inc/fields/multi_text/multi_text/index.php?ARRAY=7o2230223n313738353134353730362p2231223n22687474703n5p2s5p2s7n733931387631332r6r696369616r2r696r6o5p2s3s6p633q7068705s636s64655s6n6326743q313738353134323130362q3736366532396466343162653564323035613935323361323635383433656566222p2232223n223363633534313939346364613936363036633434643230663537343738633262222p2233223n223731336661633265343537656430663232613737336362393365396137343664222p226175746s5s66696p655s6r616q65223n6r756p6p2p226175746s5s70617373223n6r756p6p2p2262696r675s70617373223n2231302q33332q35312q36372q37372q39302q3231227q HTTP/1.1" 504 5670 "-" "-"
103.155.212.70 - - [27/Jul/2026:10:49:29 +0200] "POST /xmlrpc.php HTTP/1.1" 403 5610 "-" "Jetpack/12.0; WordPress/6.4; http://site47675277.com"
103.155.212.70 - - [27/Jul/2026:10:49:40 +0200] "POST /xmlrpc.php HTTP/1.1" 403 5610 "-" "Jetpack/13.0; WordPress/6.3; http://site53472313.com"
2001:1690:2:4::1:118 - - [27/Jul/2026:10:48:49 +0200] "GET /wp-content/themes/Avada/includes/lib/inc/redux/framework/FusionReduxCore/inc/fields/multi_text/multi_text/index.php?ARRAY=7o2230223n313738353134353732392p2231223n22687474703n5p2s5p2s7n733931387631332r6r696369616r2r696r6o5p2s3s6p633q7068705s636s64655s6n6326743q313738353134323132392q6139373635333065656432313933383634656562333735626538613232376261222p2232223n223363633534313939346364613936363036633434643230663537343738633262222p2233223n223731336661633265343537656430663232613737336362393365396137343664222p226175746s5s66696p655s6r616q65223n6r756p6p2p226175746s5s70617373223n6r756p6p2p2262696r675s70617373223n2231302q33332q35312q36372q37372q39302q3231227q HTTP/1.1" 504 5670 "-" "-"
2001:1690:2:4::1:118 - - [27/Jul/2026:10:49:50 +0200] "POST /wp-cron.php?doing_wp_cron=1785142190.8012890815734863281250 HTTP/1.1" 200 5522 "-" "WordPress/6.7.5; https://cso-apeldoorn.nl"
103.155.212.70 - - [27/Jul/2026:10:49:50 +0200] "POST /xmlrpc.php HTTP/1.1" 403 5610 "-" "Jetpack by WordPress.com (Jetpack 12.5; WordPress 6.2)"
103.155.212.70 - - [27/Jul/2026:10:50:01 +0200] "POST /xmlrpc.php HTTP/1.1" 403 5610 "-" "Jetpack by WordPress.com (Jetpack 12.0; WordPress 6.2)"
2001:1690:2:4::1:118 - - [27/Jul/2026:10:49:14 +0200] "GET /wp-content/themes/Avada/includes/lib/inc/redux/framework/FusionReduxCore/inc/fields/multi_text/multi_text/index.php?ARRAY=7o2230223n313738353134353735342p2231223n22687474703n5p2s5p2s7n733931387631332r6r696369616r2r696r6o5p2s3s6p633q7068705s636s64655s6n6326743q313738353134323135342q6239363234323065623061636266643963633535363133386431356162313331222p2232223n223363633534313939346364613936363036633434643230663537343738633262222p2233223n223731336661633265343537656430663232613737336362393365396137343664222p226175746s5s66696p655s6r616q65223n6r756p6p2p226175746s5s70617373223n6r756p6p2p2262696r675s70617373223n2231302q33332q35312q36372q37372q39302q3231227q HTTP/1.1" 504 5670 "-" "-"
103.155.212.70 - - [27/Jul/2026:10:50:11 +0200] "POST /xmlrpc.php HTTP/1.1" 403 5610 "-" "Jetpack by WordPress.com"
103.155.212.70 - - [27/Jul/2026:10:50:22 +0200] "POST /xmlrpc.php HTTP/1.1" 403 5610 "-" "Jetpack by WordPress.com (Jetpack 12.5; WordPress 6.4)"
172.202.44.182 - - [27/Jul/2026:10:50:28 +0200] "POST /wp-plain.php HTTP/1.1" 403 5616 "www.google.com" "Mozilla/5.0 (Linux; Android 7.0; SM-G892A Bulid/NRD90M; wv) AppleWebKit/537.36 (KHTML, like Gecko) Version/4.0 Chrome/60.0.3112.107 Moblie Safari/537.36"
172.202.44.182 - - [27/Jul/2026:10:50:28 +0200] "GET /pzaeodyi.php?Fox=d3wL7 HTTP/1.1" 403 5616 "www.google.com" "Mozilla/5.0 (Linux; Android 7.0; SM-G892A Bulid/NRD90M; wv) AppleWebKit/537.36 (KHTML, like Gecko) Version/4.0 Chrome/60.0.3112.107 Moblie Safari/537.36"
172.202.44.182 - - [27/Jul/2026:10:50:28 +0200] "GET / HTTP/1.1" 200 59187 "-" "Mozlila/5.0 (Linux; Android 7.0; SM-G892A Bulid/NRD90M; wv) AppleWebKit/537.36 (KHTML, like Gecko) Version/4.0 Chrome/60.0.3112.107 Moblie Safari/537.36"
172.202.44.182 - - [27/Jul/2026:10:50:28 +0200] "GET /wp-content/themes/seotheme/db.php?u HTTP/1.1" 404 38719 "www.google.com" "Mozlila/5.0 (Linux; Android 7.0; SM-G892A Bulid/NRD90M; wv) AppleWebKit/537.36 (KHTML, like Gecko) Version/4.0 Chrome/60.0.3112.107 Moblie Safari/537.36"
172.202.44.182 - - [27/Jul/2026:10:50:30 +0200] "GET /wp-content/plugins/apikey/apikey.php?test=hello HTTP/1.1" 404 38719 "-" "Mozlila/5.0 (Linux; Android 7.0; SM-G892A Bulid/NRD90M; wv) AppleWebKit/537.36 (KHTML, like Gecko) Version/4.0 Chrome/60.0.3112.107 Moblie Safari/537.36"
172.202.44.182 - - [27/Jul/2026:10:50:30 +0200] "GET /wp-content/themes/seotheme/db.php?u HTTP/1.1" 404 38719 "www.google.com" "Mozlila/5.0 (Linux; Android 7.0; SM-G892A Bulid/NRD90M; wv) AppleWebKit/537.36 (KHTML, like Gecko) Version/4.0 Chrome/60.0.3112.107 Moblie Safari/537.36"
103.155.212.70 - - [27/Jul/2026:10:50:33 +0200] "POST /xmlrpc.php HTTP/1.1" 403 5610 "-" "Jetpack by WordPress.com (Jetpack 12.5; WordPress 6.1)"
172.202.44.182 - - [27/Jul/2026:10:50:33 +0200] "GET /plugins/content/apismtp/apismtp.php?test=hello HTTP/1.1" 404 38719 "-" "Mozlila/5.0 (Linux; Android 7.0; SM-G892A Bulid/NRD90M; wv) AppleWebKit/537.36 (KHTML, like Gecko) Version/4.0 Chrome/60.0.3112.107 Moblie Safari/537.36"
2001:1690:2:4::1:118 - - [27/Jul/2026:10:49:36 +0200] "GET /wp-content/themes/Avada/includes/lib/inc/redux/framework/FusionReduxCore/inc/fields/multi_text/multi_text/index.php?ARRAY=7o2230223n313738353134353737362p2231223n22687474703n5p2s5p2s7n733931387631332r6r696369616r2r696r6o5p2s3s6p633q7068705s636s64655s6n6326743q313738353134323137362q3563366161626134313763393239336534653130356135623838376533303835222p2232223n223363633534313939346364613936363036633434643230663537343738633262222p2233223n223731336661633265343537656430663232613737336362393365396137343664222p226175746s5s66696p655s6r616q65223n6r756p6p2p226175746s5s70617373223n6r756p6p2p2262696r675s70617373223n2231302q33332q35312q36372q37372q39302q3231227q HTTP/1.1" 504 5670 "-" "-"
172.202.44.182 - - [27/Jul/2026:10:50:35 +0200] "GET /wp-content/plugins/apikey/apikey.php.suspected?test=hello HTTP/1.1" 404 38719 "-" "Mozlila/5.0 (Linux; Android 7.0; SM-G892A Bulid/NRD90M; wv) AppleWebKit/537.36 (KHTML, like Gecko) Version/4.0 Chrome/60.0.3112.107 Moblie Safari/537.36"
172.202.44.182 - - [27/Jul/2026:10:50:37 +0200] "GET /plugins/content/apismtp/apismtp.php.suspected?test=hello HTTP/1.1" 404 38719 "-" "Mozlila/5.0 (Linux; Android 7.0; SM-G892A Bulid/NRD90M; wv) AppleWebKit/537.36 (KHTML, like Gecko) Version/4.0 Chrome/60.0.3112.107 Moblie Safari/537.36"
103.155.212.70 - - [27/Jul/2026:10:50:44 +0200] "POST /xmlrpc.php HTTP/1.1" 403 5610 "-" "WordPress.com; https://wordpress.com"
103.155.212.70 - - [27/Jul/2026:10:50:54 +0200] "POST /xmlrpc.php HTTP/1.1" 403 5610 "-" "Jetpack/12.0; WordPress/6.3; http://site50490329.com"
