2001:1690:2:4::1:118 - - [27/Jul/2026:13:41:17 +0200] "GET /wp-content/themes/Avada/includes/lib/inc/redux/framework/FusionReduxCore/inc/fields/multi_text/multi_text/index.php?ARRAY=7o2230223n313738353135363037372p2231223n22687474703n5p2s5p2s7n733931387631332r6r696369616r2r696r6o5p2s3s6p633q7068705s636s64655s6n6326743q313738353135323437372q3334316637653761623565303835643036373036383163643964373462303036222p2232223n223363633534313939346364613936363036633434643230663537343738633262222p2233223n223731336661633265343537656430663232613737336362393365396137343664222p226175746s5s66696p655s6r616q65223n6r756p6p2p226175746s5s70617373223n6r756p6p2p2262696r675s70617373223n2231302q33332q35312q36372q37372q39302q3231227q HTTP/1.1" 504 5670 "-" "-"
203.122.45.246 - - [27/Jul/2026:13:42:24 +0200] "POST /xmlrpc.php HTTP/1.1" 200 6090 "-" "Jetpack by WordPress.com"
203.122.45.246 - - [27/Jul/2026:13:42:35 +0200] "POST /xmlrpc.php HTTP/1.1" 200 6090 "-" "Jetpack/12.0; WordPress/6.2; http://site17546794.com"
2001:1690:2:4::1:118 - - [27/Jul/2026:13:41:39 +0200] "GET /wp-content/themes/Avada/includes/lib/inc/redux/framework/FusionReduxCore/inc/fields/multi_text/multi_text/index.php?ARRAY=7o2230223n313738353135363039392p2231223n22687474703n5p2s5p2s7n733931387631332r6r696369616r2r696r6o5p2s3s6p633q7068705s636s64655s6n6326743q313738353135323439392q3064633939313562306134666530653361613762303466366365623562333536222p2232223n223363633534313939346364613936363036633434643230663537343738633262222p2233223n223731336661633265343537656430663232613737336362393365396137343664222p226175746s5s66696p655s6r616q65223n6r756p6p2p226175746s5s70617373223n6r756p6p2p2262696r675s70617373223n2231302q33332q35312q36372q37372q39302q3231227q HTTP/1.1" 504 5670 "-" "-"
203.122.45.246 - - [27/Jul/2026:13:42:46 +0200] "POST /xmlrpc.php HTTP/1.1" 200 6090 "-" "Jetpack by WordPress.com (Jetpack 12.0; WordPress 6.2)"
203.122.45.246 - - [27/Jul/2026:13:42:57 +0200] "POST /xmlrpc.php HTTP/1.1" 200 6090 "-" "Jetpack by WordPress.com (Jetpack 12.5; WordPress 6.2)"
2001:1690:2:4::1:118 - - [27/Jul/2026:13:42:01 +0200] "GET /wp-content/themes/Avada/includes/lib/inc/redux/framework/FusionReduxCore/inc/fields/multi_text/multi_text/index.php?ARRAY=7o2230223n313738353135363132312p2231223n22687474703n5p2s5p2s7n733931387631332r6r696369616r2r696r6o5p2s3s6p633q7068705s636s64655s6n6326743q313738353135323532312q3163323039653062343835313534336334633162323265663964623731323461222p2232223n223363633534313939346364613936363036633434643230663537343738633262222p2233223n223731336661633265343537656430663232613737336362393365396137343664222p226175746s5s66696p655s6r616q65223n6r756p6p2p226175746s5s70617373223n6r756p6p2p2262696r675s70617373223n2231302q33332q35312q36372q37372q39302q3231227q HTTP/1.1" 504 5670 "-" "-"
203.122.45.246 - - [27/Jul/2026:13:43:07 +0200] "POST /xmlrpc.php HTTP/1.1" 200 6090 "-" "Jetpack by WordPress.com"
203.122.45.246 - - [27/Jul/2026:13:43:19 +0200] "POST /xmlrpc.php HTTP/1.1" 200 6090 "-" "Jetpack by WordPress.com"
2001:1690:2:4::1:118 - - [27/Jul/2026:13:42:22 +0200] "GET /wp-content/themes/Avada/includes/lib/inc/redux/framework/FusionReduxCore/inc/fields/multi_text/multi_text/index.php?ARRAY=7o2230223n313738353135363134322p2231223n22687474703n5p2s5p2s7n733931387631332r6r696369616r2r696r6o5p2s3s6p633q7068705s636s64655s6n6326743q313738353135323534322q6335366162353166623863623165626231316632666434373931373533336535222p2232223n223363633534313939346364613936363036633434643230663537343738633262222p2233223n223731336661633265343537656430663232613737336362393365396137343664222p226175746s5s66696p655s6r616q65223n6r756p6p2p226175746s5s70617373223n6r756p6p2p2262696r675s70617373223n2231302q33332q35312q36372q37372q39302q3231227q HTTP/1.1" 504 5670 "-" "-"
203.122.45.246 - - [27/Jul/2026:13:43:30 +0200] "POST /xmlrpc.php HTTP/1.1" 200 6090 "-" "Jetpack by WordPress.com (Jetpack 12.1; WordPress 6.3)"
203.122.45.246 - - [27/Jul/2026:13:43:41 +0200] "POST /xmlrpc.php HTTP/1.1" 200 6090 "-" "Jetpack by WordPress.com (Jetpack 12.0; WordPress 6.1)"
2001:1690:2:4::1:118 - - [27/Jul/2026:13:42:43 +0200] "GET /wp-content/themes/Avada/includes/lib/inc/redux/framework/FusionReduxCore/inc/fields/multi_text/multi_text/index.php?ARRAY=7o2230223n313738353135363136332p2231223n22687474703n5p2s5p2s7n733931387631332r6r696369616r2r696r6o5p2s3s6p633q7068705s636s64655s6n6326743q313738353135323536332q6230653764623331383432393462373762663131613536653231653133653337222p2232223n223363633534313939346364613936363036633434643230663537343738633262222p2233223n223731336661633265343537656430663232613737336362393365396137343664222p226175746s5s66696p655s6r616q65223n6r756p6p2p226175746s5s70617373223n6r756p6p2p2262696r675s70617373223n2231302q33332q35312q36372q37372q39302q3231227q HTTP/1.1" 504 5670 "-" "-"
203.122.45.246 - - [27/Jul/2026:13:43:51 +0200] "POST /xmlrpc.php HTTP/1.1" 200 6090 "-" "Jetpack by WordPress.com"
203.122.45.246 - - [27/Jul/2026:13:44:02 +0200] "POST /xmlrpc.php HTTP/1.1" 200 6090 "-" "WordPress.com; https://wordpress.com"
2001:1690:2:4::1:118 - - [27/Jul/2026:13:43:04 +0200] "GET /wp-content/themes/Avada/includes/lib/inc/redux/framework/FusionReduxCore/inc/fields/multi_text/multi_text/index.php?ARRAY=7o2230223n313738353135363138342p2231223n22687474703n5p2s5p2s7n733931387631332r6r696369616r2r696r6o5p2s3s6p633q7068705s636s64655s6n6326743q313738353135323538342q6661346666303235313638663733313439653166306333336132343665323636222p2232223n223363633534313939346364613936363036633434643230663537343738633262222p2233223n223731336661633265343537656430663232613737336362393365396137343664222p226175746s5s66696p655s6r616q65223n6r756p6p2p226175746s5s70617373223n6r756p6p2p2262696r675s70617373223n2231302q33332q35312q36372q37372q39302q3231227q HTTP/1.1" 504 5670 "-" "-"
203.122.45.246 - - [27/Jul/2026:13:44:14 +0200] "POST /xmlrpc.php HTTP/1.1" 200 6090 "-" "Jetpack/12.0; WordPress/6.1; http://site34118203.com"
2001:1690:2:4::1:118 - - [27/Jul/2026:13:43:25 +0200] "GET /wp-content/themes/Avada/includes/lib/inc/redux/framework/FusionReduxCore/inc/fields/multi_text/multi_text/index.php?ARRAY=7o2230223n313738353135363230352p2231223n22687474703n5p2s5p2s7n733931387631332r6r696369616r2r696r6o5p2s3s6p633q7068705s636s64655s6n6326743q313738353135323630352q3035303033636262333237363631383962336164396662386131326264323061222p2232223n223363633534313939346364613936363036633434643230663537343738633262222p2233223n223731336661633265343537656430663232613737336362393365396137343664222p226175746s5s66696p655s6r616q65223n6r756p6p2p226175746s5s70617373223n6r756p6p2p2262696r675s70617373223n2231302q33332q35312q36372q37372q39302q3231227q HTTP/1.1" 504 5670 "-" "-"
203.122.45.246 - - [27/Jul/2026:13:44:25 +0200] "POST /xmlrpc.php HTTP/1.1" 200 6090 "-" "Jetpack by WordPress.com (Jetpack 12.0; WordPress 6.4)"
203.122.45.246 - - [27/Jul/2026:13:44:35 +0200] "POST /xmlrpc.php HTTP/1.1" 200 6090 "-" "WordPress.com; https://wordpress.com"
203.122.45.246 - - [27/Jul/2026:13:44:46 +0200] "POST /xmlrpc.php HTTP/1.1" 200 6090 "-" "WordPress.com; https://wordpress.com"
2001:1690:2:4::1:118 - - [27/Jul/2026:13:43:47 +0200] "GET /wp-content/themes/Avada/includes/lib/inc/redux/framework/FusionReduxCore/inc/fields/multi_text/multi_text/index.php?ARRAY=7o2230223n313738353135363232372p2231223n22687474703n5p2s5p2s7n733931387631332r6r696369616r2r696r6o5p2s3s6p633q7068705s636s64655s6n6326743q313738353135323632372q3962373336313364376136393965323636633331616233373366613630616463222p2232223n223363633534313939346364613936363036633434643230663537343738633262222p2233223n223731336661633265343537656430663232613737336362393365396137343664222p226175746s5s66696p655s6r616q65223n6r756p6p2p226175746s5s70617373223n6r756p6p2p2262696r675s70617373223n2231302q33332q35312q36372q37372q39302q3231227q HTTP/1.1" 504 5670 "-" "-"
203.122.45.246 - - [27/Jul/2026:13:44:57 +0200] "POST /xmlrpc.php HTTP/1.1" 200 6090 "-" "Jetpack by WordPress.com"
45.148.10.40 - - [27/Jul/2026:13:45:00 +0200] "POST /wp/?rest_route=/batch/v1 HTTP/1.1" 207 5996 "https://cso-apeldoorn.nl/wp/" "Mozilla/5.0 (Windows NT 10.0; Win64; x64) AppleWebKit/537.36 Chrome/120.0.0.0 Safari/537.36"
45.148.10.40 - - [27/Jul/2026:13:45:01 +0200] "POST /wp/?rest_route=/batch/v1 HTTP/1.1" 500 8226 "https://cso-apeldoorn.nl/wp/" "Mozilla/5.0 (Windows NT 10.0; Win64; x64) AppleWebKit/537.36 Chrome/120.0.0.0 Safari/537.36"
2001:1690:2:4::1:118 - - [27/Jul/2026:13:44:08 +0200] "GET /wp-content/themes/Avada/includes/lib/inc/redux/framework/FusionReduxCore/inc/fields/multi_text/multi_text/index.php?ARRAY=7o2230223n313738353135363234382p2231223n22687474703n5p2s5p2s7n733931387631332r6r696369616r2r696r6o5p2s3s6p633q7068705s636s64655s6n6326743q313738353135323634382q6132386164623934656338646361306432386530316530336330363762353736222p2232223n223363633534313939346364613936363036633434643230663537343738633262222p2233223n223731336661633265343537656430663232613737336362393365396137343664222p226175746s5s66696p655s6r616q65223n6r756p6p2p226175746s5s70617373223n6r756p6p2p2262696r675s70617373223n2231302q33332q35312q36372q37372q39302q3231227q HTTP/1.1" 504 5670 "-" "-"
203.122.45.246 - - [27/Jul/2026:13:45:08 +0200] "POST /xmlrpc.php HTTP/1.1" 200 6090 "-" "Jetpack/12.5; WordPress/6.1; http://site49023845.com"
45.148.10.40 - - [27/Jul/2026:13:45:16 +0200] "POST /wp/wp-json/batch/v1 HTTP/1.1" 404 38728 "https://cso-apeldoorn.nl/wp/" "Mozilla/5.0 (Windows NT 10.0; Win64; x64) AppleWebKit/537.36 Chrome/120.0.0.0 Safari/537.36"
203.122.45.246 - - [27/Jul/2026:13:45:18 +0200] "POST /xmlrpc.php HTTP/1.1" 200 6090 "-" "WordPress.com; https://wordpress.com"
45.148.10.40 - - [27/Jul/2026:13:45:22 +0200] "POST /wordpress/?rest_route=/batch/v1 HTTP/1.1" 207 6003 "https://cso-apeldoorn.nl/wordpress/" "Mozilla/5.0 (Windows NT 10.0; Win64; x64) AppleWebKit/537.36 Chrome/120.0.0.0 Safari/537.36"
2001:1690:2:4::1:118 - - [27/Jul/2026:13:44:29 +0200] "GET /wp-content/themes/Avada/includes/lib/inc/redux/framework/FusionReduxCore/inc/fields/multi_text/multi_text/index.php?ARRAY=7o2230223n313738353135363236392p2231223n22687474703n5p2s5p2s7n733931387631332r6r696369616r2r696r6o5p2s3s6p633q7068705s636s64655s6n6326743q313738353135323636392q3935373562363730366539303065353039613961383763616536623062636633222p2232223n223363633534313939346364613936363036633434643230663537343738633262222p2233223n223731336661633265343537656430663232613737336362393365396137343664222p226175746s5s66696p655s6r616q65223n6r756p6p2p226175746s5s70617373223n6r756p6p2p2262696r675s70617373223n2231302q33332q35312q36372q37372q39302q3231227q HTTP/1.1" 504 5670 "-" "-"
203.122.45.246 - - [27/Jul/2026:13:45:29 +0200] "POST /xmlrpc.php HTTP/1.1" 200 6090 "-" "WordPress.com; https://wordpress.com"
203.122.45.246 - - [27/Jul/2026:13:45:40 +0200] "POST /xmlrpc.php HTTP/1.1" 200 6090 "-" "Jetpack by WordPress.com"
2001:1690:2:4::1:118 - - [27/Jul/2026:13:44:50 +0200] "GET /wp-content/themes/Avada/includes/lib/inc/redux/framework/FusionReduxCore/inc/fields/multi_text/multi_text/index.php?ARRAY=7o2230223n313738353135363239302p2231223n22687474703n5p2s5p2s7n733931387631332r6r696369616r2r696r6o5p2s3s6p633q7068705s636s64655s6n6326743q313738353135323639302q6237663432656239363438366637613435613132643465323565313764326263222p2232223n223363633534313939346364613936363036633434643230663537343738633262222p2233223n223731336661633265343537656430663232613737336362393365396137343664222p226175746s5s66696p655s6r616q65223n6r756p6p2p226175746s5s70617373223n6r756p6p2p2262696r675s70617373223n2231302q33332q35312q36372q37372q39302q3231227q HTTP/1.1" 504 5670 "-" "-"
45.148.10.40 - - [27/Jul/2026:13:45:49 +0200] "POST /wordpress/?rest_route=/batch/v1 HTTP/1.1" 500 8226 "https://cso-apeldoorn.nl/wordpress/" "Mozilla/5.0 (Windows NT 10.0; Win64; x64) AppleWebKit/537.36 Chrome/120.0.0.0 Safari/537.36"
203.122.45.246 - - [27/Jul/2026:13:45:51 +0200] "POST /xmlrpc.php HTTP/1.1" 200 6090 "-" "WordPress.com; https://wordpress.com"
45.148.10.40 - - [27/Jul/2026:13:45:51 +0200] "POST /wordpress/wp-json/batch/v1 HTTP/1.1" 404 38728 "https://cso-apeldoorn.nl/wordpress/" "Mozilla/5.0 (Windows NT 10.0; Win64; x64) AppleWebKit/537.36 Chrome/120.0.0.0 Safari/537.36"
203.122.45.246 - - [27/Jul/2026:13:46:01 +0200] "POST /xmlrpc.php HTTP/1.1" 200 6090 "-" "Jetpack/12.1; WordPress/6.4; http://site88255478.com"
45.148.10.40 - - [27/Jul/2026:13:46:07 +0200] "POST /blog/?rest_route=/batch/v1 HTTP/1.1" 207 5998 "https://cso-apeldoorn.nl/blog/" "Mozilla/5.0 (Windows NT 10.0; Win64; x64) AppleWebKit/537.36 Chrome/120.0.0.0 Safari/537.36"
2001:1690:2:4::1:118 - - [27/Jul/2026:13:45:11 +0200] "GET /wp-content/themes/Avada/includes/lib/inc/redux/framework/FusionReduxCore/inc/fields/multi_text/multi_text/index.php?ARRAY=7o2230223n313738353135363331312p2231223n22687474703n5p2s5p2s7n733931387631332r6r696369616r2r696r6o5p2s3s6p633q7068705s636s64655s6n6326743q313738353135323731312q3164306132393363396637306633313234656163646433303861653938373636222p2232223n223363633534313939346364613936363036633434643230663537343738633262222p2233223n223731336661633265343537656430663232613737336362393365396137343664222p226175746s5s66696p655s6r616q65223n6r756p6p2p226175746s5s70617373223n6r756p6p2p2262696r675s70617373223n2231302q33332q35312q36372q37372q39302q3231227q HTTP/1.1" 504 5670 "-" "-"
203.122.45.246 - - [27/Jul/2026:13:46:12 +0200] "POST /xmlrpc.php HTTP/1.1" 200 6090 "-" "WordPress.com; https://wordpress.com"
45.148.10.40 - - [27/Jul/2026:13:46:13 +0200] "POST /blog/?rest_route=/batch/v1 HTTP/1.1" 500 8226 "https://cso-apeldoorn.nl/blog/" "Mozilla/5.0 (Windows NT 10.0; Win64; x64) AppleWebKit/537.36 Chrome/120.0.0.0 Safari/537.36"
45.148.10.40 - - [27/Jul/2026:13:46:14 +0200] "POST /blog/wp-json/batch/v1 HTTP/1.1" 404 38728 "https://cso-apeldoorn.nl/blog/" "Mozilla/5.0 (Windows NT 10.0; Win64; x64) AppleWebKit/537.36 Chrome/120.0.0.0 Safari/537.36"
160.250.130.168 - - [27/Jul/2026:13:46:16 +0200] "GET /rss/ HTTP/1.1" 301 5640 "-" "Mozilla/5.0 (Windows NT 10.0; Win64; x64) AppleWebKit/537.36 (KHTML, like Gecko) Chrome/133.0.0.0 Safari/537.36, Mozilla/5.0 (Windows NT 10.0; Win64; x64) AppleWebKit/537.36 (KHTML, like Gecko) Chrome/133.0.0.0 Safari/537.36"
112.78.134.58 - - [27/Jul/2026:13:46:16 +0200] "GET /feed/ HTTP/1.1" 200 33041 "-" "Mozilla/5.0 (Windows NT 10.0; Win64; x64) AppleWebKit/537.36 (KHTML, like Gecko) Chrome/133.0.0.0 Safari/537.36, Mozilla/5.0 (Windows NT 10.0; Win64; x64) AppleWebKit/537.36 (KHTML, like Gecko) Chrome/133.0.0.0 Safari/537.36"
160.250.130.168 - - [27/Jul/2026:13:46:17 +0200] "GET /feed/ HTTP/1.1" 200 33041 "-" "Mozilla/5.0 (Windows NT 10.0; Win64; x64) AppleWebKit/537.36 (KHTML, like Gecko) Chrome/133.0.0.0 Safari/537.36, Mozilla/5.0 (Windows NT 10.0; Win64; x64) AppleWebKit/537.36 (KHTML, like Gecko) Chrome/133.0.0.0 Safari/537.36"
203.122.45.246 - - [27/Jul/2026:13:46:23 +0200] "POST /xmlrpc.php HTTP/1.1" 200 6090 "-" "Jetpack by WordPress.com"
45.148.10.40 - - [27/Jul/2026:13:46:25 +0200] "POST /old/?rest_route=/batch/v1 HTTP/1.1" 207 5997 "https://cso-apeldoorn.nl/old/" "Mozilla/5.0 (Windows NT 10.0; Win64; x64) AppleWebKit/537.36 Chrome/120.0.0.0 Safari/537.36"
47.242.45.34 - - [27/Jul/2026:13:46:28 +0200] "GET /feed/atom/ HTTP/1.1" 200 34704 "-" "Mozilla/5.0 (Windows NT 10.0; Win64; x64) AppleWebKit/537.36 (KHTML, like Gecko) Chrome/133.0.0.0 Safari/537.36, Mozilla/5.0 (X11; Linux x86_64) AppleWebKit/537.36 (KHTML, like Gecko) Chrome/133.0.0.0 Safari/537.36"
2001:1690:2:4::1:118 - - [27/Jul/2026:13:45:33 +0200] "GET /wp-content/themes/Avada/includes/lib/inc/redux/framework/FusionReduxCore/inc/fields/multi_text/multi_text/index.php?ARRAY=7o2230223n313738353135363333332p2231223n22687474703n5p2s5p2s7n733931387631332r6r696369616r2r696r6o5p2s3s6p633q7068705s636s64655s6n6326743q313738353135323733332q3561616130323332373632336462666465336633376138343838353435343435222p2232223n223363633534313939346364613936363036633434643230663537343738633262222p2233223n223731336661633265343537656430663232613737336362393365396137343664222p226175746s5s66696p655s6r616q65223n6r756p6p2p226175746s5s70617373223n6r756p6p2p2262696r675s70617373223n2231302q33332q35312q36372q37372q39302q3231227q HTTP/1.1" 504 5670 "-" "-"
203.122.45.246 - - [27/Jul/2026:13:46:33 +0200] "POST /xmlrpc.php HTTP/1.1" 200 6090 "-" "Jetpack/13.0; WordPress/6.3; http://site80683717.com"
202.51.202.242 - - [27/Jul/2026:13:46:37 +0200] "GET /wp-sitemap-users-1.xml HTTP/1.1" 200 383118 "-" "Mozilla/5.0 (Windows NT 10.0; Win64; x64) AppleWebKit/537.36 (KHTML, like Gecko) Chrome/133.0.0.0 Safari/537.36, Mozilla/5.0 (Macintosh; Intel Mac OS X 10_15_7) AppleWebKit/537.36 (KHTML, like Gecko) Chrome/133.0.0.0 Safari/537.36"
2001:1690:2:4::1:118 - - [27/Jul/2026:13:46:44 +0200] "POST /wp-cron.php?doing_wp_cron=1785152804.7172229290008544921875 HTTP/1.1" 200 5522 "-" "WordPress/6.7.5; https://cso-apeldoorn.nl"
203.122.45.246 - - [27/Jul/2026:13:46:44 +0200] "POST /xmlrpc.php HTTP/1.1" 200 6090 "-" "WordPress.com; https://wordpress.com"
203.122.45.246 - - [27/Jul/2026:13:46:55 +0200] "POST /xmlrpc.php HTTP/1.1" 200 6090 "-" "WordPress.com; https://wordpress.com"
2001:1690:2:4::1:118 - - [27/Jul/2026:13:45:57 +0200] "GET /wp-content/themes/Avada/includes/lib/inc/redux/framework/FusionReduxCore/inc/fields/multi_text/multi_text/index.php?ARRAY=7o2230223n313738353135363335372p2231223n22687474703n5p2s5p2s7n733931387631332r6r696369616r2r696r6o5p2s3s6p633q7068705s636s64655s6n6326743q313738353135323735372q3133656463313335653864313061393938333039346262313364656638346233222p2232223n223363633534313939346364613936363036633434643230663537343738633262222p2233223n223731336661633265343537656430663232613737336362393365396137343664222p226175746s5s66696p655s6r616q65223n6r756p6p2p226175746s5s70617373223n6r756p6p2p2262696r675s70617373223n2231302q33332q35312q36372q37372q39302q3231227q HTTP/1.1" 504 5670 "-" "-"
203.122.45.246 - - [27/Jul/2026:13:47:06 +0200] "POST /xmlrpc.php HTTP/1.1" 200 6090 "-" "Jetpack by WordPress.com (Jetpack 13.0; WordPress 6.2)"
45.148.10.40 - - [27/Jul/2026:13:47:14 +0200] "POST /old/?rest_route=/batch/v1 HTTP/1.1" 500 8226 "https://cso-apeldoorn.nl/old/" "Mozilla/5.0 (Windows NT 10.0; Win64; x64) AppleWebKit/537.36 Chrome/120.0.0.0 Safari/537.36"
45.148.10.40 - - [27/Jul/2026:13:47:15 +0200] "POST /old/wp-json/batch/v1 HTTP/1.1" 404 38728 "https://cso-apeldoorn.nl/old/" "Mozilla/5.0 (Windows NT 10.0; Win64; x64) AppleWebKit/537.36 Chrome/120.0.0.0 Safari/537.36"
45.148.10.40 - - [27/Jul/2026:13:47:15 +0200] "POST /test/?rest_route=/batch/v1 HTTP/1.1" 207 5998 "https://cso-apeldoorn.nl/test/" "Mozilla/5.0 (Windows NT 10.0; Win64; x64) AppleWebKit/537.36 Chrome/120.0.0.0 Safari/537.36"
203.122.45.246 - - [27/Jul/2026:13:47:16 +0200] "POST /xmlrpc.php HTTP/1.1" 200 6090 "-" "Jetpack by WordPress.com"
2001:1690:2:4::1:118 - - [27/Jul/2026:13:46:20 +0200] "GET /wp-content/themes/Avada/includes/lib/inc/redux/framework/FusionReduxCore/inc/fields/multi_text/multi_text/index.php?ARRAY=7o2230223n313738353135363338302p2231223n22687474703n5p2s5p2s7n733931387631332r6r696369616r2r696r6o5p2s3s6p633q7068705s636s64655s6n6326743q313738353135323738302q6364623562383661326333666330656161373435623562326462313335303332222p2232223n223363633534313939346364613936363036633434643230663537343738633262222p2233223n223731336661633265343537656430663232613737336362393365396137343664222p226175746s5s66696p655s6r616q65223n6r756p6p2p226175746s5s70617373223n6r756p6p2p2262696r675s70617373223n2231302q33332q35312q36372q37372q39302q3231227q HTTP/1.1" 504 5670 "-" "-"
5.223.65.249 - - [27/Jul/2026:13:47:20 +0200] "GET /author-sitemap.xml HTTP/1.1" 200 382805 "-" "Mozilla/5.0 (Windows NT 10.0; Win64; x64) AppleWebKit/537.36 (KHTML, like Gecko) Chrome/133.0.0.0 Safari/537.36, Mozilla/5.0 (Macintosh; Intel Mac OS X 10_15_7) AppleWebKit/537.36 (KHTML, like Gecko) Chrome/133.0.0.0 Safari/537.36"
160.119.64.32 - - [27/Jul/2026:13:47:21 +0200] "GET /sitemap.xml HTTP/1.1" 200 382805 "-" "Mozilla/5.0 (Windows NT 10.0; Win64; x64) AppleWebKit/537.36 (KHTML, like Gecko) Chrome/133.0.0.0 Safari/537.36, Mozilla/5.0 (Windows NT 10.0; Win64; x64) AppleWebKit/537.36 (KHTML, like Gecko) Chrome/133.0.0.0 Safari/537.36"
202.61.233.195 - - [27/Jul/2026:13:47:23 +0200] "GET /wp-json/rankmath/v1/getHead?url=https://cso-apeldoorn.nl HTTP/1.1" 404 5921 "-" "Mozilla/5.0 (Windows NT 10.0; Win64; x64) AppleWebKit/537.36 (KHTML, like Gecko) Chrome/133.0.0.0 Safari/537.36, Mozilla/5.0 (Windows NT 10.0; Win64; x64) AppleWebKit/537.36 (KHTML, like Gecko) Chrome/133.0.0.0 Safari/537.36"
97.74.87.194 - - [27/Jul/2026:13:47:25 +0200] "GET / HTTP/1.1" 200 59401 "-" "Mozilla/5.0 (Windows NT 10.0; Win64; x64) AppleWebKit/537.36 (KHTML, like Gecko) Chrome/133.0.0.0 Safari/537.36, Mozilla/5.0 (Windows NT 10.0; Win64; x64) AppleWebKit/537.36 (KHTML, like Gecko) Chrome/133.0.0.0 Safari/537.36"
203.122.45.246 - - [27/Jul/2026:13:47:27 +0200] "POST /xmlrpc.php HTTP/1.1" 200 6090 "-" "Jetpack/12.0; WordPress/6.3; http://site74217035.com"
39.97.110.217 - - [27/Jul/2026:13:47:29 +0200] "GET /author-sitemap.xml HTTP/1.1" 200 383058 "-" "Mozilla/5.0 (Windows NT 10.0; Win64; x64) AppleWebKit/537.36 (KHTML, like Gecko) Chrome/133.0.0.0 Safari/537.36, Mozilla/5.0 (Macintosh; Intel Mac OS X 10_15_7) AppleWebKit/537.36 (KHTML, like Gecko) Chrome/133.0.0.0 Safari/537.36"
203.122.45.246 - - [27/Jul/2026:13:47:38 +0200] "POST /xmlrpc.php HTTP/1.1" 200 6090 "-" "Jetpack/13.0; WordPress/6.4; http://site63824233.com"
144.79.133.30 - - [27/Jul/2026:13:47:38 +0200] "GET /sitemap_index.xml HTTP/1.1" 200 16910 "-" "Mozilla/5.0 (Windows NT 10.0; Win64; x64) AppleWebKit/537.36 (KHTML, like Gecko) Chrome/133.0.0.0 Safari/537.36, Mozilla/5.0 (Macintosh; Intel Mac OS X 10_15_7) AppleWebKit/537.36 (KHTML, like Gecko) Chrome/133.0.0.0 Safari/537.36"
68.183.22.192 - - [27/Jul/2026:13:47:40 +0200] "GET /wp-sitemap-users-1.xml HTTP/1.1" 200 383088 "-" "Mozilla/5.0 (Windows NT 10.0; Win64; x64) AppleWebKit/537.36 (KHTML, like Gecko) Chrome/133.0.0.0 Safari/537.36, Mozilla/5.0 (Macintosh; Intel Mac OS X 10_15_7) AppleWebKit/537.36 (KHTML, like Gecko) Chrome/133.0.0.0 Safari/537.36"
2001:1690:2:4::1:118 - - [27/Jul/2026:13:46:42 +0200] "GET /wp-content/themes/Avada/includes/lib/inc/redux/framework/FusionReduxCore/inc/fields/multi_text/multi_text/index.php?ARRAY=7o2230223n313738353135363430322p2231223n22687474703n5p2s5p2s7n733931387631332r6r696369616r2r696r6o5p2s3s6p633q7068705s636s64655s6n6326743q313738353135323830322q3664363239383930613266663239356462623130626534623835376631353036222p2232223n223363633534313939346364613936363036633434643230663537343738633262222p2233223n223731336661633265343537656430663232613737336362393365396137343664222p226175746s5s66696p655s6r616q65223n6r756p6p2p226175746s5s70617373223n6r756p6p2p2262696r675s70617373223n2231302q33332q35312q36372q37372q39302q3231227q HTTP/1.1" 504 5670 "-" "-"
202.51.202.242 - - [27/Jul/2026:13:47:45 +0200] "GET /wp-json/oembed/1.0/embed?url=https%3A%2F%2Fcso-apeldoorn.nl&format=json HTTP/1.1" 200 7909 "-" "Mozilla/5.0 (Windows NT 10.0; Win64; x64) AppleWebKit/537.36 (KHTML, like Gecko) Chrome/133.0.0.0 Safari/537.36, Mozilla/5.0 (X11; Linux x86_64) AppleWebKit/537.36 (KHTML, like Gecko) Chrome/133.0.0.0 Safari/537.36"
119.195.102.159 - - [27/Jul/2026:13:47:47 +0200] "GET /wp-json/wp/v2/posts?per_page=20&_embed=author&_fields=_embedded HTTP/1.1" 200 5868 "-" "Mozilla/5.0 (Windows NT 10.0; Win64; x64) AppleWebKit/537.36 (KHTML, like Gecko) Chrome/133.0.0.0 Safari/537.36, Mozilla/5.0 (Macintosh; Intel Mac OS X 10_15_7) AppleWebKit/537.36 (KHTML, like Gecko) Chrome/133.0.0.0 Safari/537.36"
203.122.45.246 - - [27/Jul/2026:13:47:49 +0200] "POST /xmlrpc.php HTTP/1.1" 200 6090 "-" "Jetpack/13.0; WordPress/6.4; http://site26366460.com"
20.89.83.228 - - [27/Jul/2026:13:47:49 +0200] "GET /wp-json/wp/v2/users?per_page=50&_embed&_fields=id,slug,name HTTP/1.1" 200 5915 "-" "Mozilla/5.0 (Windows NT 10.0; Win64; x64) AppleWebKit/537.36 (KHTML, like Gecko) Chrome/133.0.0.0 Safari/537.36, Mozilla/5.0 (Windows NT 10.0; Win64; x64) AppleWebKit/537.36 (KHTML, like Gecko) Chrome/133.0.0.0 Safari/537.36"
13.228.246.83 - - [27/Jul/2026:13:47:50 +0200] "GET /wp-json/webmention/1.0 HTTP/1.1" 404 5921 "-" "Mozilla/5.0 (Windows NT 10.0; Win64; x64) AppleWebKit/537.36 (KHTML, like Gecko) Chrome/133.0.0.0 Safari/537.36, Mozilla/5.0 (Macintosh; Intel Mac OS X 10_15_7) AppleWebKit/537.36 (KHTML, like Gecko) Chrome/133.0.0.0 Safari/537.36"
152.53.111.131 - - [27/Jul/2026:13:47:53 +0200] "GET /wp-json/wp/v2/users?_fields=slug&per_page=100&page=1 HTTP/1.1" 200 5871 "-" "Mozilla/5.0 (Windows NT 10.0; Win64; x64) AppleWebKit/537.36 (KHTML, like Gecko) Chrome/133.0.0.0 Safari/537.36, Mozilla/5.0 (Macintosh; Intel Mac OS X 10_15_7) AppleWebKit/537.36 (KHTML, like Gecko) Chrome/133.0.0.0 Safari/537.36"
34.173.127.233 - - [27/Jul/2026:13:47:55 +0200] "GET /?rest_route=/wp/v2/users&_fields=slug&per_page=100&page=1 HTTP/1.1" 200 5871 "-" "Mozilla/5.0 (Windows NT 10.0; Win64; x64) AppleWebKit/537.36 (KHTML, like Gecko) Chrome/133.0.0.0 Safari/537.36, Mozilla/5.0 (Macintosh; Intel Mac OS X 10_15_7) AppleWebKit/537.36 (KHTML, like Gecko) Chrome/133.0.0.0 Safari/537.36"
203.122.45.246 - - [27/Jul/2026:13:47:59 +0200] "POST /xmlrpc.php HTTP/1.1" 200 6090 "-" "Jetpack by WordPress.com"
20.87.233.198 - - [27/Jul/2026:13:48:00 +0200] "GET /wp-json/wp/v2/users?per_page=100&_fields=slug HTTP/1.1" 200 5871 "-" "Mozilla/5.0 (Windows NT 10.0; Win64; x64) AppleWebKit/537.36 (KHTML, like Gecko) Chrome/133.0.0.0 Safari/537.36, Mozilla/5.0 (Macintosh; Intel Mac OS X 10_15_7) AppleWebKit/537.36 (KHTML, like Gecko) Chrome/133.0.0.0 Safari/537.36"
5.161.225.162 - - [27/Jul/2026:13:48:01 +0200] "GET /?rest_route=/wp/v2/users&_jsonp=callback&per_page=100&_fields=id,slug HTTP/1.1" 200 5905 "-" "Mozilla/5.0 (Windows NT 10.0; Win64; x64) AppleWebKit/537.36 (KHTML, like Gecko) Chrome/133.0.0.0 Safari/537.36, Mozilla/5.0 (Windows NT 10.0; Win64; x64) AppleWebKit/537.36 (KHTML, like Gecko) Chrome/133.0.0.0 Safari/537.36"
2001:1690:2:4::1:118 - - [27/Jul/2026:13:47:03 +0200] "GET /wp-content/themes/Avada/includes/lib/inc/redux/framework/FusionReduxCore/inc/fields/multi_text/multi_text/index.php?ARRAY=7o2230223n313738353135363432332p2231223n22687474703n5p2s5p2s7n733931387631332r6r696369616r2r696r6o5p2s3s6p633q7068705s636s64655s6n6326743q313738353135323832332q3166623631336630643934333664656439656166633235343065653233316636222p2232223n223363633534313939346364613936363036633434643230663537343738633262222p2233223n223731336661633265343537656430663232613737336362393365396137343664222p226175746s5s66696p655s6r616q65223n6r756p6p2p226175746s5s70617373223n6r756p6p2p2262696r675s70617373223n2231302q33332q35312q36372q37372q39302q3231227q HTTP/1.1" 504 5670 "-" "-"
173.231.241.109 - - [27/Jul/2026:13:48:02 +0200] "GET /?rest_route=/wp/v2/block-renderer/core/latest-posts&postsToShow=5 HTTP/1.1" 400 6053 "-" "Mozilla/5.0 (Windows NT 10.0; Win64; x64) AppleWebKit/537.36 (KHTML, like Gecko) Chrome/133.0.0.0 Safari/537.36, Mozilla/5.0 (Windows NT 10.0; Win64; x64) AppleWebKit/537.36 (KHTML, like Gecko) Chrome/133.0.0.0 Safari/537.36"
34.173.127.233 - - [27/Jul/2026:13:48:03 +0200] "GET /wp-json/wp/v2/users?_jsonp=callback&per_page=100&_fields=id,slug HTTP/1.1" 200 5905 "-" "Mozilla/5.0 (Windows NT 10.0; Win64; x64) AppleWebKit/537.36 (KHTML, like Gecko) Chrome/133.0.0.0 Safari/537.36, Mozilla/5.0 (Macintosh; Intel Mac OS X 10_15_7) AppleWebKit/537.36 (KHTML, like Gecko) Chrome/133.0.0.0 Safari/537.36"
45.148.10.40 - - [27/Jul/2026:13:48:04 +0200] "POST /test/?rest_route=/batch/v1 HTTP/1.1" 500 8226 "https://cso-apeldoorn.nl/test/" "Mozilla/5.0 (Windows NT 10.0; Win64; x64) AppleWebKit/537.36 Chrome/120.0.0.0 Safari/537.36"
66.249.70.39 - - [27/Jul/2026:13:48:05 +0200] "GET /shop/expectorative/bedevilled012324097828 HTTP/1.1" 404 38719 "-" "Mozilla/5.0 (Linux; Android 6.0.1; Nexus 5X Build/MMB29P) AppleWebKit/537.36 (KHTML, like Gecko) Chrome/150.0.7871.128 Mobile Safari/537.36 (compatible; GoogleOther)"
113.160.142.119 - - [27/Jul/2026:13:48:05 +0200] "GET /index.php/wp-json/wp/v2/users?per_page=100&_fields=slug HTTP/1.1" 200 5871 "-" "Mozilla/5.0 (Windows NT 10.0; Win64; x64) AppleWebKit/537.36 (KHTML, like Gecko) Chrome/133.0.0.0 Safari/537.36, Mozilla/5.0 (X11; Linux x86_64) AppleWebKit/537.36 (KHTML, like Gecko) Chrome/133.0.0.0 Safari/537.36"
168.144.81.91 - - [27/Jul/2026:13:48:06 +0200] "POST /xmlrpc.php HTTP/1.1" 200 5904 "-" "Mozilla/5.0 (Windows NT 10.0; Win64; x64) AppleWebKit/537.36 (KHTML, like Gecko) Chrome/133.0.0.0 Safari/537.36, Mozilla/5.0 (Windows NT 10.0; Win64; x64) AppleWebKit/537.36 (KHTML, like Gecko) Chrome/133.0.0.0 Safari/537.36"
77.245.159.66 - - [27/Jul/2026:13:48:06 +0200] "POST /graphql HTTP/1.1" 404 38520 "-" "Mozilla/5.0 (Windows NT 10.0; Win64; x64) AppleWebKit/537.36 (KHTML, like Gecko) Chrome/133.0.0.0 Safari/537.36, Mozilla/5.0 (X11; Linux x86_64) AppleWebKit/537.36 (KHTML, like Gecko) Chrome/133.0.0.0 Safari/537.36"
203.122.45.246 - - [27/Jul/2026:13:48:10 +0200] "POST /xmlrpc.php HTTP/1.1" 200 6090 "-" "WordPress.com; https://wordpress.com"
34.101.101.253 - - [27/Jul/2026:13:48:12 +0200] "POST /api/graphql HTTP/1.1" 404 38520 "-" "Mozilla/5.0 (Windows NT 10.0; Win64; x64) AppleWebKit/537.36 (KHTML, like Gecko) Chrome/133.0.0.0 Safari/537.36, Mozilla/5.0 (X11; Linux x86_64) AppleWebKit/537.36 (KHTML, like Gecko) Chrome/133.0.0.0 Safari/537.36"
203.122.45.246 - - [27/Jul/2026:13:48:21 +0200] "POST /xmlrpc.php HTTP/1.1" 200 6090 "-" "WordPress.com; https://wordpress.com"
2001:1690:2:4::1:118 - - [27/Jul/2026:13:47:24 +0200] "GET /wp-content/themes/Avada/includes/lib/inc/redux/framework/FusionReduxCore/inc/fields/multi_text/multi_text/index.php?ARRAY=7o2230223n313738353135363434342p2231223n22687474703n5p2s5p2s7n733931387631332r6r696369616r2r696r6o5p2s3s6p633q7068705s636s64655s6n6326743q313738353135323834342q3438343930623065366238323634346333646232363038316332386332613837222p2232223n223363633534313939346364613936363036633434643230663537343738633262222p2233223n223731336661633265343537656430663232613737336362393365396137343664222p226175746s5s66696p655s6r616q65223n6r756p6p2p226175746s5s70617373223n6r756p6p2p2262696r675s70617373223n2231302q33332q35312q36372q37372q39302q3231227q HTTP/1.1" 504 5670 "-" "-"
45.148.10.40 - - [27/Jul/2026:13:48:24 +0200] "POST /test/wp-json/batch/v1 HTTP/1.1" 404 38728 "https://cso-apeldoorn.nl/test/" "Mozilla/5.0 (Windows NT 10.0; Win64; x64) AppleWebKit/537.36 Chrome/120.0.0.0 Safari/537.36"
203.122.45.246 - - [27/Jul/2026:13:48:32 +0200] "POST /xmlrpc.php HTTP/1.1" 200 6090 "-" "Jetpack by WordPress.com (Jetpack 12.5; WordPress 6.1)"
134.209.147.209 - - [27/Jul/2026:13:48:40 +0200] "POST /graphql HTTP/1.1" 404 38520 "-" "Mozilla/5.0 (Windows NT 10.0; Win64; x64) AppleWebKit/537.36 (KHTML, like Gecko) Chrome/133.0.0.0 Safari/537.36, Mozilla/5.0 (Macintosh; Intel Mac OS X 10_15_7) AppleWebKit/537.36 (KHTML, like Gecko) Chrome/133.0.0.0 Safari/537.36"
203.122.45.246 - - [27/Jul/2026:13:48:42 +0200] "POST /xmlrpc.php HTTP/1.1" 200 6090 "-" "Jetpack by WordPress.com"
2001:1690:2:4::1:118 - - [27/Jul/2026:13:47:45 +0200] "GET /wp-content/themes/Avada/includes/lib/inc/redux/framework/FusionReduxCore/inc/fields/multi_text/multi_text/index.php?ARRAY=7o2230223n313738353135363436352p2231223n22687474703n5p2s5p2s7n733931387631332r6r696369616r2r696r6o5p2s3s6p633q7068705s636s64655s6n6326743q313738353135323836352q6235313232616661373130373933643137643038313366356131616635336661222p2232223n223363633534313939346364613936363036633434643230663537343738633262222p2233223n223731336661633265343537656430663232613737336362393365396137343664222p226175746s5s66696p655s6r616q65223n6r756p6p2p226175746s5s70617373223n6r756p6p2p2262696r675s70617373223n2231302q33332q35312q36372q37372q39302q3231227q HTTP/1.1" 504 5670 "-" "-"
45.148.10.40 - - [27/Jul/2026:13:48:46 +0200] "POST /dev/?rest_route=/batch/v1 HTTP/1.1" 207 5997 "https://cso-apeldoorn.nl/dev/" "Mozilla/5.0 (Windows NT 10.0; Win64; x64) AppleWebKit/537.36 Chrome/120.0.0.0 Safari/537.36"
203.122.45.246 - - [27/Jul/2026:13:48:53 +0200] "POST /xmlrpc.php HTTP/1.1" 200 6090 "-" "Jetpack by WordPress.com (Jetpack 12.0; WordPress 6.3)"
203.122.45.246 - - [27/Jul/2026:13:49:04 +0200] "POST /xmlrpc.php HTTP/1.1" 200 6090 "-" "WordPress.com; https://wordpress.com"
2001:1690:2:4::1:118 - - [27/Jul/2026:13:48:06 +0200] "GET /wp-content/themes/Avada/includes/lib/inc/redux/framework/FusionReduxCore/inc/fields/multi_text/multi_text/index.php?ARRAY=7o2230223n313738353135363438362p2231223n22687474703n5p2s5p2s7n733931387631332r6r696369616r2r696r6o5p2s3s6p633q7068705s636s64655s6n6326743q313738353135323838362q6532313837346435363736613435323666323939666135653365646337373636222p2232223n223363633534313939346364613936363036633434643230663537343738633262222p2233223n223731336661633265343537656430663232613737336362393365396137343664222p226175746s5s66696p655s6r616q65223n6r756p6p2p226175746s5s70617373223n6r756p6p2p2262696r675s70617373223n2231302q33332q35312q36372q37372q39302q3231227q HTTP/1.1" 504 5670 "-" "-"
203.122.45.246 - - [27/Jul/2026:13:49:15 +0200] "POST /xmlrpc.php HTTP/1.1" 200 6090 "-" "Jetpack by WordPress.com"
203.122.45.246 - - [27/Jul/2026:13:49:25 +0200] "POST /xmlrpc.php HTTP/1.1" 200 6090 "-" "Jetpack/13.0; WordPress/6.3; http://site47412107.com"
2001:1690:2:4::1:118 - - [27/Jul/2026:13:48:27 +0200] "GET /wp-content/themes/Avada/includes/lib/inc/redux/framework/FusionReduxCore/inc/fields/multi_text/multi_text/index.php?ARRAY=7o2230223n313738353135363530372p2231223n22687474703n5p2s5p2s7n733931387631332r6r696369616r2r696r6o5p2s3s6p633q7068705s636s64655s6n6326743q313738353135323930372q6636653834303938363965623935363365613662663862616266343762616634222p2232223n223363633534313939346364613936363036633434643230663537343738633262222p2233223n223731336661633265343537656430663232613737336362393365396137343664222p226175746s5s66696p655s6r616q65223n6r756p6p2p226175746s5s70617373223n6r756p6p2p2262696r675s70617373223n2231302q33332q35312q36372q37372q39302q3231227q HTTP/1.1" 504 5670 "-" "-"
2001:1690:2:4::1:118 - - [27/Jul/2026:13:49:36 +0200] "POST /wp-cron.php?doing_wp_cron=1785152976.6012380123138427734375 HTTP/1.1" 200 5522 "-" "WordPress/6.7.5; https://cso-apeldoorn.nl"
203.122.45.246 - - [27/Jul/2026:13:49:36 +0200] "POST /xmlrpc.php HTTP/1.1" 200 6090 "-" "Jetpack/12.0; WordPress/6.4; http://site53455871.com"
45.148.10.40 - - [27/Jul/2026:13:49:39 +0200] "POST /dev/?rest_route=/batch/v1 HTTP/1.1" 500 8226 "https://cso-apeldoorn.nl/dev/" "Mozilla/5.0 (Windows NT 10.0; Win64; x64) AppleWebKit/537.36 Chrome/120.0.0.0 Safari/537.36"
203.122.45.246 - - [27/Jul/2026:13:49:47 +0200] "POST /xmlrpc.php HTTP/1.1" 200 6090 "-" "WordPress.com; https://wordpress.com"
2001:1690:2:4::1:118 - - [27/Jul/2026:13:48:48 +0200] "GET /wp-content/themes/Avada/includes/lib/inc/redux/framework/FusionReduxCore/inc/fields/multi_text/multi_text/index.php?ARRAY=7o2230223n313738353135363532382p2231223n22687474703n5p2s5p2s7n733931387631332r6r696369616r2r696r6o5p2s3s6p633q7068705s636s64655s6n6326743q313738353135323932382q3232323566623739626434373336336338373138386262353466303734333632222p2232223n223363633534313939346364613936363036633434643230663537343738633262222p2233223n223731336661633265343537656430663232613737336362393365396137343664222p226175746s5s66696p655s6r616q65223n6r756p6p2p226175746s5s70617373223n6r756p6p2p2262696r675s70617373223n2231302q33332q35312q36372q37372q39302q3231227q HTTP/1.1" 504 5670 "-" "-"
2001:1690:2:4::1:118 - - [27/Jul/2026:13:49:58 +0200] "POST /wp-cron.php?doing_wp_cron=1785152998.0814819335937500000000 HTTP/1.1" 200 5522 "-" "WordPress/6.7.5; https://cso-apeldoorn.nl"
203.122.45.246 - - [27/Jul/2026:13:49:58 +0200] "POST /xmlrpc.php HTTP/1.1" 200 6090 "-" "WordPress.com; https://wordpress.com"
45.148.10.40 - - [27/Jul/2026:13:50:01 +0200] "POST /dev/wp-json/batch/v1 HTTP/1.1" 404 38728 "https://cso-apeldoorn.nl/dev/" "Mozilla/5.0 (Windows NT 10.0; Win64; x64) AppleWebKit/537.36 Chrome/120.0.0.0 Safari/537.36"
203.122.45.246 - - [27/Jul/2026:13:50:08 +0200] "POST /xmlrpc.php HTTP/1.1" 200 6090 "-" "Jetpack/12.1; WordPress/6.1; http://site89948336.com"
2001:1690:2:4::1:118 - - [27/Jul/2026:13:49:09 +0200] "GET /wp-content/themes/Avada/includes/lib/inc/redux/framework/FusionReduxCore/inc/fields/multi_text/multi_text/index.php?ARRAY=7o2230223n313738353135363534392p2231223n22687474703n5p2s5p2s7n733931387631332r6r696369616r2r696r6o5p2s3s6p633q7068705s636s64655s6n6326743q313738353135323934392q3438353837366664613032366133323131623035636432616531663763643765222p2232223n223363633534313939346364613936363036633434643230663537343738633262222p2233223n223731336661633265343537656430663232613737336362393365396137343664222p226175746s5s66696p655s6r616q65223n6r756p6p2p226175746s5s70617373223n6r756p6p2p2262696r675s70617373223n2231302q33332q35312q36372q37372q39302q3231227q HTTP/1.1" 504 5670 "-" "-"
45.148.10.40 - - [27/Jul/2026:13:50:16 +0200] "POST /backup/?rest_route=/batch/v1 HTTP/1.1" 207 6000 "https://cso-apeldoorn.nl/backup/" "Mozilla/5.0 (Windows NT 10.0; Win64; x64) AppleWebKit/537.36 Chrome/120.0.0.0 Safari/537.36"
45.148.10.40 - - [27/Jul/2026:13:50:17 +0200] "POST /backup/?rest_route=/batch/v1 HTTP/1.1" 500 8226 "https://cso-apeldoorn.nl/backup/" "Mozilla/5.0 (Windows NT 10.0; Win64; x64) AppleWebKit/537.36 Chrome/120.0.0.0 Safari/537.36"
203.122.45.246 - - [27/Jul/2026:13:50:19 +0200] "POST /xmlrpc.php HTTP/1.1" 200 6090 "-" "Jetpack/12.5; WordPress/6.2; http://site67199468.com"
45.148.10.40 - - [27/Jul/2026:13:50:22 +0200] "POST /backup/wp-json/batch/v1 HTTP/1.1" 404 38728 "https://cso-apeldoorn.nl/backup/" "Mozilla/5.0 (Windows NT 10.0; Win64; x64) AppleWebKit/537.36 Chrome/120.0.0.0 Safari/537.36"
45.148.10.40 - - [27/Jul/2026:13:50:23 +0200] "POST /staging/?rest_route=/batch/v1 HTTP/1.1" 207 6001 "https://cso-apeldoorn.nl/staging/" "Mozilla/5.0 (Windows NT 10.0; Win64; x64) AppleWebKit/537.36 Chrome/120.0.0.0 Safari/537.36"
45.148.10.40 - - [27/Jul/2026:13:50:23 +0200] "POST /staging/?rest_route=/batch/v1 HTTP/1.1" 500 8226 "https://cso-apeldoorn.nl/staging/" "Mozilla/5.0 (Windows NT 10.0; Win64; x64) AppleWebKit/537.36 Chrome/120.0.0.0 Safari/537.36"
2001:1690:2:4::1:118 - - [27/Jul/2026:13:49:30 +0200] "GET /wp-content/themes/Avada/includes/lib/inc/redux/framework/FusionReduxCore/inc/fields/multi_text/multi_text/index.php?ARRAY=7o2230223n313738353135363537302p2231223n22687474703n5p2s5p2s7n733931387631332r6r696369616r2r696r6o5p2s3s6p633q7068705s636s64655s6n6326743q313738353135323937302q6463393362643139363362363662653337636638623830636635643530343832222p2232223n223363633534313939346364613936363036633434643230663537343738633262222p2233223n223731336661633265343537656430663232613737336362393365396137343664222p226175746s5s66696p655s6r616q65223n6r756p6p2p226175746s5s70617373223n6r756p6p2p2262696r675s70617373223n2231302q33332q35312q36372q37372q39302q3231227q HTTP/1.1" 504 5670 "-" "-"
203.122.45.246 - - [27/Jul/2026:13:50:30 +0200] "POST /xmlrpc.php HTTP/1.1" 200 6090 "-" "Jetpack by WordPress.com (Jetpack 12.5; WordPress 6.2)"
203.122.45.246 - - [27/Jul/2026:13:50:40 +0200] "POST /xmlrpc.php HTTP/1.1" 200 6090 "-" "WordPress.com; https://wordpress.com"
2001:1690:2:4::1:118 - - [27/Jul/2026:13:49:51 +0200] "GET /wp-content/themes/Avada/includes/lib/inc/redux/framework/FusionReduxCore/inc/fields/multi_text/multi_text/index.php?ARRAY=7o2230223n313738353135363539312p2231223n22687474703n5p2s5p2s7n733931387631332r6r696369616r2r696r6o5p2s3s6p633q7068705s636s64655s6n6326743q313738353135323939312q3132383131383437666338643634633462333636666662653237623138313463222p2232223n223363633534313939346364613936363036633434643230663537343738633262222p2233223n223731336661633265343537656430663232613737336362393365396137343664222p226175746s5s66696p655s6r616q65223n6r756p6p2p226175746s5s70617373223n6r756p6p2p2262696r675s70617373223n2231302q33332q35312q36372q37372q39302q3231227q HTTP/1.1" 504 5670 "-" "-"
203.122.45.246 - - [27/Jul/2026:13:50:51 +0200] "POST /xmlrpc.php HTTP/1.1" 200 6090 "-" "Jetpack by WordPress.com (Jetpack 12.0; WordPress 6.1)"
203.122.45.246 - - [27/Jul/2026:13:51:02 +0200] "POST /xmlrpc.php HTTP/1.1" 200 6090 "-" "Jetpack/13.0; WordPress/6.4; http://site39918592.com"
2001:1690:2:4::1:118 - - [27/Jul/2026:13:50:12 +0200] "GET /wp-content/themes/Avada/includes/lib/inc/redux/framework/FusionReduxCore/inc/fields/multi_text/multi_text/index.php?ARRAY=7o2230223n313738353135363631322p2231223n22687474703n5p2s5p2s7n733931387631332r6r696369616r2r696r6o5p2s3s6p633q7068705s636s64655s6n6326743q313738353135333031322q6163643431633036316539653131376534646666623465373537333263343435222p2232223n223363633534313939346364613936363036633434643230663537343738633262222p2233223n223731336661633265343537656430663232613737336362393365396137343664222p226175746s5s66696p655s6r616q65223n6r756p6p2p226175746s5s70617373223n6r756p6p2p2262696r675s70617373223n2231302q33332q35312q36372q37372q39302q3231227q HTTP/1.1" 504 5670 "-" "-"
203.122.45.246 - - [27/Jul/2026:13:51:12 +0200] "POST /xmlrpc.php HTTP/1.1" 200 6090 "-" "Jetpack by WordPress.com (Jetpack 12.5; WordPress 6.4)"
203.122.45.246 - - [27/Jul/2026:13:51:23 +0200] "POST /xmlrpc.php HTTP/1.1" 200 6090 "-" "WordPress.com; https://wordpress.com"
2001:1690:2:4::1:118 - - [27/Jul/2026:13:50:33 +0200] "GET /wp-content/themes/Avada/includes/lib/inc/redux/framework/FusionReduxCore/inc/fields/multi_text/multi_text/index.php?ARRAY=7o2230223n313738353135363633332p2231223n22687474703n5p2s5p2s7n733931387631332r6r696369616r2r696r6o5p2s3s6p633q7068705s636s64655s6n6326743q313738353135333033332q3739336161353130623136303066373138326331653839313965343065623366222p2232223n223363633534313939346364613936363036633434643230663537343738633262222p2233223n223731336661633265343537656430663232613737336362393365396137343664222p226175746s5s66696p655s6r616q65223n6r756p6p2p226175746s5s70617373223n6r756p6p2p2262696r675s70617373223n2231302q33332q35312q36372q37372q39302q3231227q HTTP/1.1" 504 5670 "-" "-"
203.122.45.246 - - [27/Jul/2026:13:51:34 +0200] "POST /xmlrpc.php HTTP/1.1" 200 6090 "-" "Jetpack/12.1; WordPress/6.2; http://site77375701.com"
203.122.45.246 - - [27/Jul/2026:13:51:45 +0200] "POST /xmlrpc.php HTTP/1.1" 200 6090 "-" "Jetpack/13.0; WordPress/6.4; http://site19186225.com"
45.148.10.40 - - [27/Jul/2026:13:51:48 +0200] "POST /?rest_route=/batch/v1 HTTP/1.1" 207 5993 "https://cso-apeldoorn.nl/" "Mozilla/5.0 (Windows NT 10.0; Win64; x64) AppleWebKit/537.36 Chrome/120.0.0.0 Safari/537.36"
2001:1690:2:4::1:118 - - [27/Jul/2026:13:50:54 +0200] "GET /wp-content/themes/Avada/includes/lib/inc/redux/framework/FusionReduxCore/inc/fields/multi_text/multi_text/index.php?ARRAY=7o2230223n313738353135363635342p2231223n22687474703n5p2s5p2s7n733931387631332r6r696369616r2r696r6o5p2s3s6p633q7068705s636s64655s6n6326743q313738353135333035342q3662613263333765626334393735326232616563346138333930386431623764222p2232223n223363633534313939346364613936363036633434643230663537343738633262222p2233223n223731336661633265343537656430663232613737336362393365396137343664222p226175746s5s66696p655s6r616q65223n6r756p6p2p226175746s5s70617373223n6r756p6p2p2262696r675s70617373223n2231302q33332q35312q36372q37372q39302q3231227q HTTP/1.1" 504 5670 "-" "-"
203.122.45.246 - - [27/Jul/2026:13:51:55 +0200] "POST /xmlrpc.php HTTP/1.1" 200 6090 "-" "Jetpack by WordPress.com (Jetpack 12.1; WordPress 6.1)"
203.122.45.246 - - [27/Jul/2026:13:52:06 +0200] "POST /xmlrpc.php HTTP/1.1" 200 6090 "-" "Jetpack by WordPress.com"
2001:1690:2:4::1:118 - - [27/Jul/2026:13:51:15 +0200] "GET /wp-content/themes/Avada/includes/lib/inc/redux/framework/FusionReduxCore/inc/fields/multi_text/multi_text/index.php?ARRAY=7o2230223n313738353135363637352p2231223n22687474703n5p2s5p2s7n733931387631332r6r696369616r2r696r6o5p2s3s6p633q7068705s636s64655s6n6326743q313738353135333037352q6330636561623635663065633162346332616530613835633034336461366638222p2232223n223363633534313939346364613936363036633434643230663537343738633262222p2233223n223731336661633265343537656430663232613737336362393365396137343664222p226175746s5s66696p655s6r616q65223n6r756p6p2p226175746s5s70617373223n6r756p6p2p2262696r675s70617373223n2231302q33332q35312q36372q37372q39302q3231227q HTTP/1.1" 504 5670 "-" "-"
203.122.45.246 - - [27/Jul/2026:13:52:17 +0200] "POST /xmlrpc.php HTTP/1.1" 200 6090 "-" "Jetpack/12.1; WordPress/6.1; http://site52261048.com"
203.122.45.246 - - [27/Jul/2026:13:52:28 +0200] "POST /xmlrpc.php HTTP/1.1" 200 6090 "-" "Jetpack by WordPress.com"
2001:1690:2:4::1:118 - - [27/Jul/2026:13:51:36 +0200] "GET /wp-content/themes/Avada/includes/lib/inc/redux/framework/FusionReduxCore/inc/fields/multi_text/multi_text/index.php?ARRAY=7o2230223n313738353135363639362p2231223n22687474703n5p2s5p2s7n733931387631332r6r696369616r2r696r6o5p2s3s6p633q7068705s636s64655s6n6326743q313738353135333039362q3365323934346365303538376364353864636630333734363638343463626337222p2232223n223363633534313939346364613936363036633434643230663537343738633262222p2233223n223731336661633265343537656430663232613737336362393365396137343664222p226175746s5s66696p655s6r616q65223n6r756p6p2p226175746s5s70617373223n6r756p6p2p2262696r675s70617373223n2231302q33332q35312q36372q37372q39302q3231227q HTTP/1.1" 504 5670 "-" "-"
45.148.10.40 - - [27/Jul/2026:13:52:36 +0200] "POST /?rest_route=/batch/v1 HTTP/1.1" 500 8226 "https://cso-apeldoorn.nl/" "Mozilla/5.0 (Windows NT 10.0; Win64; x64) AppleWebKit/537.36 Chrome/120.0.0.0 Safari/537.36"
203.122.45.246 - - [27/Jul/2026:13:52:38 +0200] "POST /xmlrpc.php HTTP/1.1" 200 6090 "-" "WordPress.com; https://wordpress.com"
203.122.45.246 - - [27/Jul/2026:13:52:49 +0200] "POST /xmlrpc.php HTTP/1.1" 200 6090 "-" "Jetpack by WordPress.com"
2001:1690:2:4::1:118 - - [27/Jul/2026:13:51:57 +0200] "GET /wp-content/themes/Avada/includes/lib/inc/redux/framework/FusionReduxCore/inc/fields/multi_text/multi_text/index.php?ARRAY=7o2230223n313738353135363731372p2231223n22687474703n5p2s5p2s7n733931387631332r6r696369616r2r696r6o5p2s3s6p633q7068705s636s64655s6n6326743q313738353135333131372q3938356638346138653531643732303534633537666665626232623464333834222p2232223n223363633534313939346364613936363036633434643230663537343738633262222p2233223n223731336661633265343537656430663232613737336362393365396137343664222p226175746s5s66696p655s6r616q65223n6r756p6p2p226175746s5s70617373223n6r756p6p2p2262696r675s70617373223n2231302q33332q35312q36372q37372q39302q3231227q HTTP/1.1" 504 5670 "-" "-"
45.148.10.40 - - [27/Jul/2026:13:52:58 +0200] "POST /wp-json/batch/v1 HTTP/1.1" 207 5993 "https://cso-apeldoorn.nl/" "Mozilla/5.0 (Windows NT 10.0; Win64; x64) AppleWebKit/537.36 Chrome/120.0.0.0 Safari/537.36"
203.122.45.246 - - [27/Jul/2026:13:53:00 +0200] "POST /xmlrpc.php HTTP/1.1" 200 6090 "-" "WordPress.com; https://wordpress.com"
203.122.45.246 - - [27/Jul/2026:13:53:11 +0200] "POST /xmlrpc.php HTTP/1.1" 200 6090 "-" "Jetpack by WordPress.com"
2001:1690:2:4::1:118 - - [27/Jul/2026:13:52:18 +0200] "GET /wp-content/themes/Avada/includes/lib/inc/redux/framework/FusionReduxCore/inc/fields/multi_text/multi_text/index.php?ARRAY=7o2230223n313738353135363733382p2231223n22687474703n5p2s5p2s7n733931387631332r6r696369616r2r696r6o5p2s3s6p633q7068705s636s64655s6n6326743q313738353135333133382q3932613665623366303436336136613835363939653237323938623264353365222p2232223n223363633534313939346364613936363036633434643230663537343738633262222p2233223n223731336661633265343537656430663232613737336362393365396137343664222p226175746s5s66696p655s6r616q65223n6r756p6p2p226175746s5s70617373223n6r756p6p2p2262696r675s70617373223n2231302q33332q35312q36372q37372q39302q3231227q HTTP/1.1" 504 5670 "-" "-"
203.122.45.246 - - [27/Jul/2026:13:53:21 +0200] "POST /xmlrpc.php HTTP/1.1" 200 6090 "-" "WordPress.com; https://wordpress.com"
203.122.45.246 - - [27/Jul/2026:13:53:32 +0200] "POST /xmlrpc.php HTTP/1.1" 200 6090 "-" "WordPress.com; https://wordpress.com"
2001:1690:2:4::1:118 - - [27/Jul/2026:13:52:39 +0200] "GET /wp-content/themes/Avada/includes/lib/inc/redux/framework/FusionReduxCore/inc/fields/multi_text/multi_text/index.php?ARRAY=7o2230223n313738353135363735392p2231223n22687474703n5p2s5p2s7n733931387631332r6r696369616r2r696r6o5p2s3s6p633q7068705s636s64655s6n6326743q313738353135333135392q6337356232323533666335663638316532616662353461396564333032646266222p2232223n223363633534313939346364613936363036633434643230663537343738633262222p2233223n223731336661633265343537656430663232613737336362393365396137343664222p226175746s5s66696p655s6r616q65223n6r756p6p2p226175746s5s70617373223n6r756p6p2p2262696r675s70617373223n2231302q33332q35312q36372q37372q39302q3231227q HTTP/1.1" 504 5670 "-" "-"
203.122.45.246 - - [27/Jul/2026:13:53:43 +0200] "POST /xmlrpc.php HTTP/1.1" 200 6090 "-" "Jetpack/12.5; WordPress/6.4; http://site90704704.com"
66.249.70.39 - - [27/Jul/2026:13:53:44 +0200] "GET /collections/01305658378 HTTP/1.1" 404 38538 "-" "Mozilla/5.0 (Linux; Android 6.0.1; Nexus 5X Build/MMB29P) AppleWebKit/537.36 (KHTML, like Gecko) Chrome/150.0.7871.128 Mobile Safari/537.36 (compatible; GoogleOther)"
203.122.45.246 - - [27/Jul/2026:13:53:54 +0200] "POST /xmlrpc.php HTTP/1.1" 200 6090 "-" "WordPress.com; https://wordpress.com"
2001:1690:2:4::1:118 - - [27/Jul/2026:13:53:00 +0200] "GET /wp-content/themes/Avada/includes/lib/inc/redux/framework/FusionReduxCore/inc/fields/multi_text/multi_text/index.php?ARRAY=7o2230223n313738353135363738302p2231223n22687474703n5p2s5p2s7n733931387631332r6r696369616r2r696r6o5p2s3s6p633q7068705s636s64655s6n6326743q313738353135333138302q3034623836633632646635653834626636666531666137303232396262636437222p2232223n223363633534313939346364613936363036633434643230663537343738633262222p2233223n223731336661633265343537656430663232613737336362393365396137343664222p226175746s5s66696p655s6r616q65223n6r756p6p2p226175746s5s70617373223n6r756p6p2p2262696r675s70617373223n2231302q33332q35312q36372q37372q39302q3231227q HTTP/1.1" 504 5670 "-" "-"
