114.119.150.228 - - [27/Jul/2026:14:59:03 +0200] "GET /page-sitemap.xml HTTP/1.1" 200 7624 "https://cso-apeldoorn.nl/page-sitemap.xml" "Mozilla/5.0 (Linux; Android 7.0;) AppleWebKit/537.36 (HTML, like Gecko) Mobile Safari/537.36 (compatible; PetalBot;+https://webmaster.petalsearch.com/site/petalbot)"
2001:1690:2:4::1:118 - - [27/Jul/2026:14:58:16 +0200] "GET /wp-content/themes/Avada/includes/lib/inc/redux/framework/FusionReduxCore/inc/fields/multi_text/multi_text/index.php?ARRAY=7o2230223n313738353136303639362p2231223n22687474703n5p2s5p2s7n733931387631332r6r696369616r2r696r6o5p2s3s6p633q7068705s636s64655s6n6326743q313738353135373039362q6431666633393735646535643233333932663733643163623861303365666362222p2232223n223363633534313939346364613936363036633434643230663537343738633262222p2233223n223731336661633265343537656430663232613737336362393365396137343664222p226175746s5s66696p655s6r616q65223n6r756p6p2p226175746s5s70617373223n6r756p6p2p2262696r675s70617373223n2231302q33332q35312q36372q37372q39302q3231227q HTTP/1.1" 504 5670 "-" "-"
2001:1690:2:4::1:118 - - [27/Jul/2026:14:58:39 +0200] "GET /wp-content/themes/Avada/includes/lib/inc/redux/framework/FusionReduxCore/inc/fields/multi_text/multi_text/index.php?ARRAY=7o2230223n313738353136303731392p2231223n22687474703n5p2s5p2s7n733931387631332r6r696369616r2r696r6o5p2s3s6p633q7068705s636s64655s6n6326743q313738353135373131392q3232656538656634396131393562646135396262313566346539346132626663222p2232223n223363633534313939346364613936363036633434643230663537343738633262222p2233223n223731336661633265343537656430663232613737336362393365396137343664222p226175746s5s66696p655s6r616q65223n6r756p6p2p226175746s5s70617373223n6r756p6p2p2262696r675s70617373223n2231302q33332q35312q36372q37372q39302q3231227q HTTP/1.1" 504 5670 "-" "-"
2001:1690:2:4::1:118 - - [27/Jul/2026:14:59:01 +0200] "GET /wp-content/themes/Avada/includes/lib/inc/redux/framework/FusionReduxCore/inc/fields/multi_text/multi_text/index.php?ARRAY=7o2230223n313738353136303734312p2231223n22687474703n5p2s5p2s7n733931387631332r6r696369616r2r696r6o5p2s3s6p633q7068705s636s64655s6n6326743q313738353135373134312q6164313063393165646438646363653434313536623664363461316662663439222p2232223n223363633534313939346364613936363036633434643230663537343738633262222p2233223n223731336661633265343537656430663232613737336362393365396137343664222p226175746s5s66696p655s6r616q65223n6r756p6p2p226175746s5s70617373223n6r756p6p2p2262696r675s70617373223n2231302q33332q35312q36372q37372q39302q3231227q HTTP/1.1" 504 5670 "-" "-"
2001:1690:2:4::1:118 - - [27/Jul/2026:14:59:23 +0200] "GET /wp-content/themes/Avada/includes/lib/inc/redux/framework/FusionReduxCore/inc/fields/multi_text/multi_text/index.php?ARRAY=7o2230223n313738353136303736332p2231223n22687474703n5p2s5p2s7n733931387631332r6r696369616r2r696r6o5p2s3s6p633q7068705s636s64655s6n6326743q313738353135373136332q3934333766303534363132353165396263636665353963643330393838623766222p2232223n223363633534313939346364613936363036633434643230663537343738633262222p2233223n223731336661633265343537656430663232613737336362393365396137343664222p226175746s5s66696p655s6r616q65223n6r756p6p2p226175746s5s70617373223n6r756p6p2p2262696r675s70617373223n2231302q33332q35312q36372q37372q39302q3231227q HTTP/1.1" 504 5670 "-" "-"
2001:1690:2:4::1:118 - - [27/Jul/2026:14:59:46 +0200] "GET /wp-content/themes/Avada/includes/lib/inc/redux/framework/FusionReduxCore/inc/fields/multi_text/multi_text/index.php?ARRAY=7o2230223n313738353136303738362p2231223n22687474703n5p2s5p2s7n733931387631332r6r696369616r2r696r6o5p2s3s6p633q7068705s636s64655s6n6326743q313738353135373138362q3736636662643163383266636235316631656533383662396433343235613562222p2232223n223363633534313939346364613936363036633434643230663537343738633262222p2233223n223731336661633265343537656430663232613737336362393365396137343664222p226175746s5s66696p655s6r616q65223n6r756p6p2p226175746s5s70617373223n6r756p6p2p2262696r675s70617373223n2231302q33332q35312q36372q37372q39302q3231227q HTTP/1.1" 504 5670 "-" "-"
2001:1690:2:4::1:118 - - [27/Jul/2026:15:00:12 +0200] "GET /wp-content/themes/Avada/includes/lib/inc/redux/framework/FusionReduxCore/inc/fields/multi_text/multi_text/index.php?ARRAY=7o2230223n313738353136303831322p2231223n22687474703n5p2s5p2s7n733931387631332r6r696369616r2r696r6o5p2s3s6p633q7068705s636s64655s6n6326743q313738353135373231322q3062303633383435626366323836346130366134396432613338666335396230222p2232223n223363633534313939346364613936363036633434643230663537343738633262222p2233223n223731336661633265343537656430663232613737336362393365396137343664222p226175746s5s66696p655s6r616q65223n6r756p6p2p226175746s5s70617373223n6r756p6p2p2262696r675s70617373223n2231302q33332q35312q36372q37372q39302q3231227q HTTP/1.1" 504 5670 "-" "-"
2001:1690:2:4::1:118 - - [27/Jul/2026:15:00:37 +0200] "GET /wp-content/themes/Avada/includes/lib/inc/redux/framework/FusionReduxCore/inc/fields/multi_text/multi_text/index.php?ARRAY=7o2230223n313738353136303833372p2231223n22687474703n5p2s5p2s7n733931387631332r6r696369616r2r696r6o5p2s3s6p633q7068705s636s64655s6n6326743q313738353135373233372q3364363033346235633964356337643036666130316630343939626631656362222p2232223n223363633534313939346364613936363036633434643230663537343738633262222p2233223n223731336661633265343537656430663232613737336362393365396137343664222p226175746s5s66696p655s6r616q65223n6r756p6p2p226175746s5s70617373223n6r756p6p2p2262696r675s70617373223n2231302q33332q35312q36372q37372q39302q3231227q HTTP/1.1" 504 5670 "-" "-"
2001:1690:2:4::1:118 - - [27/Jul/2026:15:01:01 +0200] "GET /wp-content/themes/Avada/includes/lib/inc/redux/framework/FusionReduxCore/inc/fields/multi_text/multi_text/index.php?ARRAY=7o2230223n313738353136303836312p2231223n22687474703n5p2s5p2s7n733931387631332r6r696369616r2r696r6o5p2s3s6p633q7068705s636s64655s6n6326743q313738353135373236312q3766383535356162383136316362336135366233663563613565653062363033222p2232223n223363633534313939346364613936363036633434643230663537343738633262222p2233223n223731336661633265343537656430663232613737336362393365396137343664222p226175746s5s66696p655s6r616q65223n6r756p6p2p226175746s5s70617373223n6r756p6p2p2262696r675s70617373223n2231302q33332q35312q36372q37372q39302q3231227q HTTP/1.1" 504 5670 "-" "-"
2001:1690:2:4::1:118 - - [27/Jul/2026:15:01:24 +0200] "GET /wp-content/themes/Avada/includes/lib/inc/redux/framework/FusionReduxCore/inc/fields/multi_text/multi_text/index.php?ARRAY=7o2230223n313738353136303838342p2231223n22687474703n5p2s5p2s7n733931387631332r6r696369616r2r696r6o5p2s3s6p633q7068705s636s64655s6n6326743q313738353135373238342q3730623766646661633436633335383333356232623736653436666137616538222p2232223n223363633534313939346364613936363036633434643230663537343738633262222p2233223n223731336661633265343537656430663232613737336362393365396137343664222p226175746s5s66696p655s6r616q65223n6r756p6p2p226175746s5s70617373223n6r756p6p2p2262696r675s70617373223n2231302q33332q35312q36372q37372q39302q3231227q HTTP/1.1" 504 5670 "-" "-"
2001:1690:2:4::1:118 - - [27/Jul/2026:15:01:46 +0200] "GET /wp-content/themes/Avada/includes/lib/inc/redux/framework/FusionReduxCore/inc/fields/multi_text/multi_text/index.php?ARRAY=7o2230223n313738353136303930362p2231223n22687474703n5p2s5p2s7n733931387631332r6r696369616r2r696r6o5p2s3s6p633q7068705s636s64655s6n6326743q313738353135373330362q6539386232393830373837376166636263316636336435613737616265373161222p2232223n223363633534313939346364613936363036633434643230663537343738633262222p2233223n223731336661633265343537656430663232613737336362393365396137343664222p226175746s5s66696p655s6r616q65223n6r756p6p2p226175746s5s70617373223n6r756p6p2p2262696r675s70617373223n2231302q33332q35312q36372q37372q39302q3231227q HTTP/1.1" 504 5670 "-" "-"
2001:1690:2:4::1:118 - - [27/Jul/2026:15:02:07 +0200] "GET /wp-content/themes/Avada/includes/lib/inc/redux/framework/FusionReduxCore/inc/fields/multi_text/multi_text/index.php?ARRAY=7o2230223n313738353136303932372p2231223n22687474703n5p2s5p2s7n733931387631332r6r696369616r2r696r6o5p2s3s6p633q7068705s636s64655s6n6326743q313738353135373332372q6665376138656338623831653532313463363864396163623837666462613438222p2232223n223363633534313939346364613936363036633434643230663537343738633262222p2233223n223731336661633265343537656430663232613737336362393365396137343664222p226175746s5s66696p655s6r616q65223n6r756p6p2p226175746s5s70617373223n6r756p6p2p2262696r675s70617373223n2231302q33332q35312q36372q37372q39302q3231227q HTTP/1.1" 504 5670 "-" "-"
2001:1690:2:4::1:118 - - [27/Jul/2026:15:02:28 +0200] "GET /wp-content/themes/Avada/includes/lib/inc/redux/framework/FusionReduxCore/inc/fields/multi_text/multi_text/index.php?ARRAY=7o2230223n313738353136303934382p2231223n22687474703n5p2s5p2s7n733931387631332r6r696369616r2r696r6o5p2s3s6p633q7068705s636s64655s6n6326743q313738353135373334382q6666393636643539333263333062643366343332373065646662373932363934222p2232223n223363633534313939346364613936363036633434643230663537343738633262222p2233223n223731336661633265343537656430663232613737336362393365396137343664222p226175746s5s66696p655s6r616q65223n6r756p6p2p226175746s5s70617373223n6r756p6p2p2262696r675s70617373223n2231302q33332q35312q36372q37372q39302q3231227q HTTP/1.1" 504 5670 "-" "-"
2001:1690:2:4::1:118 - - [27/Jul/2026:15:02:50 +0200] "GET /wp-content/themes/Avada/includes/lib/inc/redux/framework/FusionReduxCore/inc/fields/multi_text/multi_text/index.php?ARRAY=7o2230223n313738353136303937302p2231223n22687474703n5p2s5p2s7n733931387631332r6r696369616r2r696r6o5p2s3s6p633q7068705s636s64655s6n6326743q313738353135373337302q6337333535626439303466366664373737326233613737353265636435396361222p2232223n223363633534313939346364613936363036633434643230663537343738633262222p2233223n223731336661633265343537656430663232613737336362393365396137343664222p226175746s5s66696p655s6r616q65223n6r756p6p2p226175746s5s70617373223n6r756p6p2p2262696r675s70617373223n2231302q33332q35312q36372q37372q39302q3231227q HTTP/1.1" 504 5670 "-" "-"
2001:1690:2:4::1:118 - - [27/Jul/2026:15:03:12 +0200] "GET /wp-content/themes/Avada/includes/lib/inc/redux/framework/FusionReduxCore/inc/fields/multi_text/multi_text/index.php?ARRAY=7o2230223n313738353136303939322p2231223n22687474703n5p2s5p2s7n733931387631332r6r696369616r2r696r6o5p2s3s6p633q7068705s636s64655s6n6326743q313738353135373339322q6439623230363636396261643536363035646135366262663131646465313563222p2232223n223363633534313939346364613936363036633434643230663537343738633262222p2233223n223731336661633265343537656430663232613737336362393365396137343664222p226175746s5s66696p655s6r616q65223n6r756p6p2p226175746s5s70617373223n6r756p6p2p2262696r675s70617373223n2231302q33332q35312q36372q37372q39302q3231227q HTTP/1.1" 504 5670 "-" "-"
2001:1690:2:4::1:118 - - [27/Jul/2026:15:03:33 +0200] "GET /wp-content/themes/Avada/includes/lib/inc/redux/framework/FusionReduxCore/inc/fields/multi_text/multi_text/index.php?ARRAY=7o2230223n313738353136313031332p2231223n22687474703n5p2s5p2s7n733931387631332r6r696369616r2r696r6o5p2s3s6p633q7068705s636s64655s6n6326743q313738353135373431332q3636626534643261623661333563323639623066626235656461613539653763222p2232223n223363633534313939346364613936363036633434643230663537343738633262222p2233223n223731336661633265343537656430663232613737336362393365396137343664222p226175746s5s66696p655s6r616q65223n6r756p6p2p226175746s5s70617373223n6r756p6p2p2262696r675s70617373223n2231302q33332q35312q36372q37372q39302q3231227q HTTP/1.1" 504 5670 "-" "-"
2001:1690:2:4::1:118 - - [27/Jul/2026:15:03:55 +0200] "GET /wp-content/themes/Avada/includes/lib/inc/redux/framework/FusionReduxCore/inc/fields/multi_text/multi_text/index.php?ARRAY=7o2230223n313738353136313033352p2231223n22687474703n5p2s5p2s7n733931387631332r6r696369616r2r696r6o5p2s3s6p633q7068705s636s64655s6n6326743q313738353135373433352q3034653735613863376263396234656333643165656333633636336564346336222p2232223n223363633534313939346364613936363036633434643230663537343738633262222p2233223n223731336661633265343537656430663232613737336362393365396137343664222p226175746s5s66696p655s6r616q65223n6r756p6p2p226175746s5s70617373223n6r756p6p2p2262696r675s70617373223n2231302q33332q35312q36372q37372q39302q3231227q HTTP/1.1" 504 5670 "-" "-"
2001:1690:2:4::1:118 - - [27/Jul/2026:15:04:17 +0200] "GET /wp-content/themes/Avada/includes/lib/inc/redux/framework/FusionReduxCore/inc/fields/multi_text/multi_text/index.php?ARRAY=7o2230223n313738353136313035372p2231223n22687474703n5p2s5p2s7n733931387631332r6r696369616r2r696r6o5p2s3s6p633q7068705s636s64655s6n6326743q313738353135373435372q3065336337333362346566646338333533303062356433373165646264653364222p2232223n223363633534313939346364613936363036633434643230663537343738633262222p2233223n223731336661633265343537656430663232613737336362393365396137343664222p226175746s5s66696p655s6r616q65223n6r756p6p2p226175746s5s70617373223n6r756p6p2p2262696r675s70617373223n2231302q33332q35312q36372q37372q39302q3231227q HTTP/1.1" 504 5670 "-" "-"
2001:1690:2:4::1:118 - - [27/Jul/2026:15:04:40 +0200] "GET /wp-content/themes/Avada/includes/lib/inc/redux/framework/FusionReduxCore/inc/fields/multi_text/multi_text/index.php?ARRAY=7o2230223n313738353136313038302p2231223n22687474703n5p2s5p2s7n733931387631332r6r696369616r2r696r6o5p2s3s6p633q7068705s636s64655s6n6326743q313738353135373438302q6662303932353263656234353662646364356134616666356538336463653764222p2232223n223363633534313939346364613936363036633434643230663537343738633262222p2233223n223731336661633265343537656430663232613737336362393365396137343664222p226175746s5s66696p655s6r616q65223n6r756p6p2p226175746s5s70617373223n6r756p6p2p2262696r675s70617373223n2231302q33332q35312q36372q37372q39302q3231227q HTTP/1.1" 504 5670 "-" "-"
2001:1690:2:4::1:118 - - [27/Jul/2026:15:05:04 +0200] "GET /wp-content/themes/Avada/includes/lib/inc/redux/framework/FusionReduxCore/inc/fields/multi_text/multi_text/index.php?ARRAY=7o2230223n313738353136313130342p2231223n22687474703n5p2s5p2s7n733931387631332r6r696369616r2r696r6o5p2s3s6p633q7068705s636s64655s6n6326743q313738353135373530342q3537626539663934383433353361356638613430323834376362343361323762222p2232223n223363633534313939346364613936363036633434643230663537343738633262222p2233223n223731336661633265343537656430663232613737336362393365396137343664222p226175746s5s66696p655s6r616q65223n6r756p6p2p226175746s5s70617373223n6r756p6p2p2262696r675s70617373223n2231302q33332q35312q36372q37372q39302q3231227q HTTP/1.1" 504 5670 "-" "-"
2001:1690:2:4::1:118 - - [27/Jul/2026:15:05:27 +0200] "GET /wp-content/themes/Avada/includes/lib/inc/redux/framework/FusionReduxCore/inc/fields/multi_text/multi_text/index.php?ARRAY=7o2230223n313738353136313132372p2231223n22687474703n5p2s5p2s7n733931387631332r6r696369616r2r696r6o5p2s3s6p633q7068705s636s64655s6n6326743q313738353135373532372q3031386362326233356536303461353737376363666434363262636437326662222p2232223n223363633534313939346364613936363036633434643230663537343738633262222p2233223n223731336661633265343537656430663232613737336362393365396137343664222p226175746s5s66696p655s6r616q65223n6r756p6p2p226175746s5s70617373223n6r756p6p2p2262696r675s70617373223n2231302q33332q35312q36372q37372q39302q3231227q HTTP/1.1" 504 5670 "-" "-"
2001:1690:2:4::1:118 - - [27/Jul/2026:15:06:34 +0200] "POST /wp-cron.php?doing_wp_cron=1785157594.1872661113739013671875 HTTP/1.1" 200 5522 "-" "WordPress/6.7.5; https://cso-apeldoorn.nl"
206.189.19.19 - - [27/Jul/2026:15:06:32 +0200] "GET / HTTP/1.1" 301 5586 "-" "Mozilla/5.0 (l9scan/2.0.831313e26393e25363e20383; +https://leakix.net)"
206.189.19.19 - - [27/Jul/2026:15:06:34 +0200] "GET /console/ HTTP/1.1" 301 5638 "-" "Mozilla/5.0 (l9scan/2.0.831313e26393e25363e20383; +https://leakix.net)"
2604:a880:cad:d0::d8d:8001 - - [27/Jul/2026:15:06:35 +0200] "GET / HTTP/1.1" 200 59401 "-" "Mozilla/5.0 (l9scan/2.0.831313a313a3a343a323a303936313a313030323; +https://leakix.net)"
206.189.19.19 - - [27/Jul/2026:15:06:36 +0200] "GET /server HTTP/1.1" 301 5636 "-" "Mozilla/5.0 (l9scan/2.0.831313e26393e25363e20383; +https://leakix.net)"
206.189.19.19 - - [27/Jul/2026:15:06:37 +0200] "GET /server-status HTTP/1.1" 403 5616 "-" "Mozilla/5.0 (l9scan/2.0.831313e26393e25363e20383; +https://leakix.net)"
159.65.144.72 - - [27/Jul/2026:15:06:38 +0200] "GET / HTTP/1.1" 200 59181 "-" "Mozilla/5.0 (l9scan/2.0.831313e26393e25363e20383; +https://leakix.net)"
206.189.19.19 - - [27/Jul/2026:15:06:39 +0200] "GET /about HTTP/1.1" 301 5635 "-" "Mozilla/5.0 (l9scan/2.0.831313e26393e25363e20383; +https://leakix.net)"
206.189.19.19 - - [27/Jul/2026:15:06:40 +0200] "GET /login.action HTTP/1.1" 301 5642 "-" "Mozilla/5.0 (l9scan/2.0.831313e26393e25363e20383; +https://leakix.net)"
159.65.144.72 - - [27/Jul/2026:15:06:41 +0200] "GET /console/ HTTP/1.1" 404 38520 "-" "Mozilla/5.0 (l9scan/2.0.831313e26393e25363e20383; +https://leakix.net)"
206.189.19.19 - - [27/Jul/2026:15:06:42 +0200] "GET / HTTP/1.1" 301 5586 "-" "Mozilla/5.0 (l9scan/2.0.831313e26393e25363e20383; +https://leakix.net)"
159.65.144.72 - - [27/Jul/2026:15:06:42 +0200] "GET /server HTTP/1.1" 404 38520 "-" "Mozilla/5.0 (l9scan/2.0.831313e26393e25363e20383; +https://leakix.net)"
206.189.19.19 - - [27/Jul/2026:15:06:43 +0200] "GET /___proxy_subdomain_whm/login HTTP/1.1" 301 5658 "-" "Mozilla/5.0 (l9scan/2.0.831313e26393e25363e20383; +https://leakix.net)"
159.65.144.72 - - [27/Jul/2026:15:06:45 +0200] "GET /server-status HTTP/1.1" 403 5616 "-" "Mozilla/5.0 (l9scan/2.0.831313e26393e25363e20383; +https://leakix.net)"
206.189.19.19 - - [27/Jul/2026:15:06:45 +0200] "GET /___proxy_subdomain_cpanel HTTP/1.1" 301 5655 "-" "Mozilla/5.0 (l9scan/2.0.831313e26393e25363e20383; +https://leakix.net)"
2a03:b0c0:3:d0::1237:b001 - - [27/Jul/2026:15:06:45 +0200] "GET / HTTP/1.1" 301 5586 "-" "Mozilla/5.0 (l9scan/2.0.831313a313a3a343a323a303936313a313030323; +https://leakix.net)"
159.65.144.72 - - [27/Jul/2026:15:06:46 +0200] "GET /about HTTP/1.1" 404 38520 "-" "Mozilla/5.0 (l9scan/2.0.831313e26393e25363e20383; +https://leakix.net)"
206.189.19.19 - - [27/Jul/2026:15:06:46 +0200] "GET /v2/_catalog HTTP/1.1" 301 5641 "-" "Mozilla/5.0 (l9scan/2.0.831313e26393e25363e20383; +https://leakix.net)"
206.189.19.19 - - [27/Jul/2026:15:06:48 +0200] "GET /.DS_Store HTTP/1.1" 301 5639 "-" "Mozilla/5.0 (l9scan/2.0.831313e26393e25363e20383; +https://leakix.net)"
159.65.144.72 - - [27/Jul/2026:15:06:48 +0200] "GET /login.action HTTP/1.1" 404 38520 "-" "Mozilla/5.0 (l9scan/2.0.831313e26393e25363e20383; +https://leakix.net)"
206.189.19.19 - - [27/Jul/2026:15:06:49 +0200] "GET /.env HTTP/1.1" 301 5634 "-" "Mozilla/5.0 (l9scan/2.0.831313e26393e25363e20383; +https://leakix.net)"
159.65.144.72 - - [27/Jul/2026:15:06:51 +0200] "GET / HTTP/1.1" 200 59174 "-" "Mozilla/5.0 (l9scan/2.0.831313e26393e25363e20383; +https://leakix.net)"
2001:1690:2:4::1:118 - - [27/Jul/2026:15:05:54 +0200] "GET /wp-content/themes/Avada/includes/lib/inc/redux/framework/FusionReduxCore/inc/fields/multi_text/multi_text/index.php?ARRAY=7o2230223n313738353136313135342p2231223n22687474703n5p2s5p2s7n733931387631332r6r696369616r2r696r6o5p2s3s6p633q7068705s636s64655s6n6326743q313738353135373535342q6630306466643533663861623335636266643835663833663535343837376631222p2232223n223363633534313939346364613936363036633434643230663537343738633262222p2233223n223731336661633265343537656430663232613737336362393365396137343664222p226175746s5s66696p655s6r616q65223n6r756p6p2p226175746s5s70617373223n6r756p6p2p2262696r675s70617373223n2231302q33332q35312q36372q37372q39302q3231227q HTTP/1.1" 504 5670 "-" "-"
206.189.19.19 - - [27/Jul/2026:15:06:52 +0200] "GET /ecp/Current/exporttool/microsoft.exchange.ediscovery.exporttool.application HTTP/1.1" 301 5705 "-" "Mozilla/5.0 (l9scan/2.0.831313e26393e25363e20383; +https://leakix.net)"
159.65.144.72 - - [27/Jul/2026:15:06:53 +0200] "GET /___proxy_subdomain_whm/login HTTP/1.1" 404 38520 "-" "Mozilla/5.0 (l9scan/2.0.831313e26393e25363e20383; +https://leakix.net)"
206.189.19.19 - - [27/Jul/2026:15:06:55 +0200] "GET /.git/config HTTP/1.1" 301 5641 "-" "Mozilla/5.0 (l9scan/2.0.831313e26393e25363e20383; +https://leakix.net)"
159.65.144.72 - - [27/Jul/2026:15:06:56 +0200] "GET /___proxy_subdomain_cpanel HTTP/1.1" 404 38520 "-" "Mozilla/5.0 (l9scan/2.0.831313e26393e25363e20383; +https://leakix.net)"
206.189.19.19 - - [27/Jul/2026:15:06:57 +0200] "POST /graphql HTTP/1.1" 404 38579 "-" "Mozilla/5.0 (l9scan/2.0.831313e26393e25363e20383; +https://leakix.net)"
159.65.144.72 - - [27/Jul/2026:15:06:58 +0200] "GET /v2/_catalog HTTP/1.1" 404 38520 "-" "Mozilla/5.0 (l9scan/2.0.831313e26393e25363e20383; +https://leakix.net)"
206.189.19.19 - - [27/Jul/2026:15:06:59 +0200] "POST /api HTTP/1.1" 404 38579 "-" "Mozilla/5.0 (l9scan/2.0.831313e26393e25363e20383; +https://leakix.net)"
206.189.19.19 - - [27/Jul/2026:15:07:01 +0200] "POST /api/graphql HTTP/1.1" 404 38579 "-" "Mozilla/5.0 (l9scan/2.0.831313e26393e25363e20383; +https://leakix.net)"
159.65.144.72 - - [27/Jul/2026:15:07:01 +0200] "GET /.DS_Store HTTP/1.1" 404 38520 "-" "Mozilla/5.0 (l9scan/2.0.831313e26393e25363e20383; +https://leakix.net)"
206.189.19.19 - - [27/Jul/2026:15:07:03 +0200] "POST /graphql/api HTTP/1.1" 404 38579 "-" "Mozilla/5.0 (l9scan/2.0.831313e26393e25363e20383; +https://leakix.net)"
159.65.144.72 - - [27/Jul/2026:15:07:03 +0200] "GET /.env HTTP/1.1" 404 38520 "-" "Mozilla/5.0 (l9scan/2.0.831313e26393e25363e20383; +https://leakix.net)"
206.189.19.19 - - [27/Jul/2026:15:07:04 +0200] "POST /api/gql HTTP/1.1" 404 38579 "-" "Mozilla/5.0 (l9scan/2.0.831313e26393e25363e20383; +https://leakix.net)"
206.189.19.19 - - [27/Jul/2026:15:07:05 +0200] "GET /s/831313e26393e25363e20383/_/;/META-INF/maven/com.atlassian.jira/jira-webapp-dist/pom.properties HTTP/1.1" 301 5726 "-" "Mozilla/5.0 (l9scan/2.0.831313e26393e25363e20383; +https://leakix.net)"
206.189.19.19 - - [27/Jul/2026:15:07:06 +0200] "GET /config.json HTTP/1.1" 301 5641 "-" "Mozilla/5.0 (l9scan/2.0.831313e26393e25363e20383; +https://leakix.net)"
159.65.144.72 - - [27/Jul/2026:15:07:06 +0200] "GET /ecp/Current/exporttool/microsoft.exchange.ediscovery.exporttool.application HTTP/1.1" 404 38728 "-" "Mozilla/5.0 (l9scan/2.0.831313e26393e25363e20383; +https://leakix.net)"
206.189.19.19 - - [27/Jul/2026:15:07:07 +0200] "GET /telescope/requests HTTP/1.1" 301 5648 "-" "Mozilla/5.0 (l9scan/2.0.831313e26393e25363e20383; +https://leakix.net)"
206.189.19.19 - - [27/Jul/2026:15:07:09 +0200] "GET /info.php HTTP/1.1" 403 5616 "-" "Mozilla/5.0 (l9scan/2.0.831313e26393e25363e20383; +https://leakix.net)"
159.65.144.72 - - [27/Jul/2026:15:07:09 +0200] "GET /.git/config HTTP/1.1" 404 38520 "-" "Mozilla/5.0 (l9scan/2.0.831313e26393e25363e20383; +https://leakix.net)"
206.189.19.19 - - [27/Jul/2026:15:07:10 +0200] "GET /.well-known/security.txt HTTP/1.1" 301 5654 "-" "Mozilla/5.0 (l9scan/2.0.831313e26393e25363e20383; +https://leakix.net)"
159.65.144.72 - - [27/Jul/2026:15:07:11 +0200] "POST /graphql HTTP/1.1" 404 38520 "-" "Mozilla/5.0 (l9scan/2.0.831313e26393e25363e20383; +https://leakix.net)"
206.189.19.19 - - [27/Jul/2026:15:07:11 +0200] "GET /actuator/env HTTP/1.1" 301 5642 "-" "Mozilla/5.0 (l9scan/2.0.831313e26393e25363e20383; +https://leakix.net)"
206.189.19.19 - - [27/Jul/2026:15:07:12 +0200] "GET /trace.axd HTTP/1.1" 301 5639 "-" "Mozilla/5.0 (l9scan/2.0.831313e26393e25363e20383; +https://leakix.net)"
159.65.144.72 - - [27/Jul/2026:15:07:12 +0200] "POST /api HTTP/1.1" 404 38520 "-" "Mozilla/5.0 (l9scan/2.0.831313e26393e25363e20383; +https://leakix.net)"
206.189.19.19 - - [27/Jul/2026:15:07:13 +0200] "GET /@vite/env HTTP/1.1" 301 5639 "-" "Mozilla/5.0 (l9scan/2.0.831313e26393e25363e20383; +https://leakix.net)"
206.189.19.19 - - [27/Jul/2026:15:07:14 +0200] "GET /.vscode/sftp.json HTTP/1.1" 301 5647 "-" "Mozilla/5.0 (l9scan/2.0.831313e26393e25363e20383; +https://leakix.net)"
159.65.144.72 - - [27/Jul/2026:15:07:14 +0200] "POST /api/graphql HTTP/1.1" 404 38520 "-" "Mozilla/5.0 (l9scan/2.0.831313e26393e25363e20383; +https://leakix.net)"
206.189.19.19 - - [27/Jul/2026:15:07:15 +0200] "OPTIONS / HTTP/1.1" 200 59451 "-" "Mozilla/5.0 (l9scan/2.0.831313e26393e25363e20383; +https://leakix.net)"
159.65.144.72 - - [27/Jul/2026:15:07:16 +0200] "POST /graphql/api HTTP/1.1" 404 38520 "-" "Mozilla/5.0 (l9scan/2.0.831313e26393e25363e20383; +https://leakix.net)"
206.189.19.19 - - [27/Jul/2026:15:07:17 +0200] "POST /?rest_route=/batch/v1 HTTP/1.1" 500 8226 "-" "Mozilla/5.0 (l9scan/2.0.831313e26393e25363e20383; +https://leakix.net)"
159.65.144.72 - - [27/Jul/2026:15:07:18 +0200] "POST /api/gql HTTP/1.1" 404 38520 "-" "Mozilla/5.0 (l9scan/2.0.831313e26393e25363e20383; +https://leakix.net)"
2001:1690:2:4::1:118 - - [27/Jul/2026:15:06:19 +0200] "GET /wp-content/themes/Avada/includes/lib/inc/redux/framework/FusionReduxCore/inc/fields/multi_text/multi_text/index.php?ARRAY=7o2230223n313738353136313137392p2231223n22687474703n5p2s5p2s7n733931387631332r6r696369616r2r696r6o5p2s3s6p633q7068705s636s64655s6n6326743q313738353135373537392q6233623461386465366565393837633834366566336331613030326563646232222p2232223n223363633534313939346364613936363036633434643230663537343738633262222p2233223n223731336661633265343537656430663232613737336362393365396137343664222p226175746s5s66696p655s6r616q65223n6r756p6p2p226175746s5s70617373223n6r756p6p2p2262696r675s70617373223n2231302q33332q35312q36372q37372q39302q3231227q HTTP/1.1" 504 5670 "-" "-"
206.189.19.19 - - [27/Jul/2026:15:07:18 +0200] "POST /?rest_route=/batch/v1 HTTP/1.1" 500 8226 "-" "Mozilla/5.0 (l9scan/2.0.831313e26393e25363e20383; +https://leakix.net)"
206.189.19.19 - - [27/Jul/2026:15:07:19 +0200] "POST /wp-json/batch/v1 HTTP/1.1" 500 8226 "-" "Mozilla/5.0 (l9scan/2.0.831313e26393e25363e20383; +https://leakix.net)"
159.65.144.72 - - [27/Jul/2026:15:07:19 +0200] "GET /s/831313e26393e25363e20383/_/;/META-INF/maven/com.atlassian.jira/jira-webapp-dist/pom.properties HTTP/1.1" 404 38728 "-" "Mozilla/5.0 (l9scan/2.0.831313e26393e25363e20383; +https://leakix.net)"
206.189.19.19 - - [27/Jul/2026:15:07:21 +0200] "POST /wp-json/batch/v1 HTTP/1.1" 500 8226 "-" "Mozilla/5.0 (l9scan/2.0.831313e26393e25363e20383; +https://leakix.net)"
159.65.144.72 - - [27/Jul/2026:15:07:21 +0200] "GET /config.json HTTP/1.1" 404 38520 "-" "Mozilla/5.0 (l9scan/2.0.831313e26393e25363e20383; +https://leakix.net)"
206.189.19.19 - - [27/Jul/2026:15:07:22 +0200] "GET /?rest_route=/wp/v2/users/ HTTP/1.1" 200 12294 "-" "Mozilla/5.0 (l9scan/2.0.831313e26393e25363e20383; +https://leakix.net)"
206.189.19.19 - - [27/Jul/2026:15:07:23 +0200] "GET /debug/default/view?panel=config HTTP/1.1" 301 5661 "-" "Mozilla/5.0 (l9scan/2.0.831313e26393e25363e20383; +https://leakix.net)"
159.65.144.72 - - [27/Jul/2026:15:07:23 +0200] "GET /telescope/requests HTTP/1.1" 404 38520 "-" "Mozilla/5.0 (l9scan/2.0.831313e26393e25363e20383; +https://leakix.net)"
159.65.144.72 - - [27/Jul/2026:15:07:25 +0200] "GET /info.php HTTP/1.1" 403 5616 "-" "Mozilla/5.0 (l9scan/2.0.831313e26393e25363e20383; +https://leakix.net)"
159.65.144.72 - - [27/Jul/2026:15:07:26 +0200] "GET /.well-known/security.txt HTTP/1.1" 404 38520 "-" "Mozilla/5.0 (l9scan/2.0.831313e26393e25363e20383; +https://leakix.net)"
159.65.144.72 - - [27/Jul/2026:15:07:28 +0200] "GET /actuator/env HTTP/1.1" 404 38520 "-" "Mozilla/5.0 (l9scan/2.0.831313e26393e25363e20383; +https://leakix.net)"
159.65.144.72 - - [27/Jul/2026:15:07:29 +0200] "GET /trace.axd HTTP/1.1" 404 38520 "-" "Mozilla/5.0 (l9scan/2.0.831313e26393e25363e20383; +https://leakix.net)"
159.65.144.72 - - [27/Jul/2026:15:07:31 +0200] "GET /@vite/env HTTP/1.1" 404 38520 "-" "Mozilla/5.0 (l9scan/2.0.831313e26393e25363e20383; +https://leakix.net)"
159.65.144.72 - - [27/Jul/2026:15:07:33 +0200] "GET /.vscode/sftp.json HTTP/1.1" 404 38520 "-" "Mozilla/5.0 (l9scan/2.0.831313e26393e25363e20383; +https://leakix.net)"
159.65.144.72 - - [27/Jul/2026:15:07:34 +0200] "OPTIONS / HTTP/1.1" 200 59174 "-" "Mozilla/5.0 (l9scan/2.0.831313e26393e25363e20383; +https://leakix.net)"
159.65.144.72 - - [27/Jul/2026:15:07:36 +0200] "GET /?rest_route=/wp/v2/users/ HTTP/1.1" 200 12294 "-" "Mozilla/5.0 (l9scan/2.0.831313e26393e25363e20383; +https://leakix.net)"
159.65.144.72 - - [27/Jul/2026:15:07:37 +0200] "GET /debug/default/view?panel=config HTTP/1.1" 404 38728 "-" "Mozilla/5.0 (l9scan/2.0.831313e26393e25363e20383; +https://leakix.net)"
2001:1690:2:4::1:118 - - [27/Jul/2026:15:06:42 +0200] "GET /wp-content/themes/Avada/includes/lib/inc/redux/framework/FusionReduxCore/inc/fields/multi_text/multi_text/index.php?ARRAY=7o2230223n313738353136313230322p2231223n22687474703n5p2s5p2s7n733931387631332r6r696369616r2r696r6o5p2s3s6p633q7068705s636s64655s6n6326743q313738353135373630322q3638396636353137646334343165306137303436376532346237353165663333222p2232223n223363633534313939346364613936363036633434643230663537343738633262222p2233223n223731336661633265343537656430663232613737336362393365396137343664222p226175746s5s66696p655s6r616q65223n6r756p6p2p226175746s5s70617373223n6r756p6p2p2262696r675s70617373223n2231302q33332q35312q36372q37372q39302q3231227q HTTP/1.1" 504 5670 "-" "-"
2001:1690:2:4::1:118 - - [27/Jul/2026:15:07:05 +0200] "GET /wp-content/themes/Avada/includes/lib/inc/redux/framework/FusionReduxCore/inc/fields/multi_text/multi_text/index.php?ARRAY=7o2230223n313738353136313232352p2231223n22687474703n5p2s5p2s7n733931387631332r6r696369616r2r696r6o5p2s3s6p633q7068705s636s64655s6n6326743q313738353135373632352q6563623931333962386461623933383362353934633736313936656264626435222p2232223n223363633534313939346364613936363036633434643230663537343738633262222p2233223n223731336661633265343537656430663232613737336362393365396137343664222p226175746s5s66696p655s6r616q65223n6r756p6p2p226175746s5s70617373223n6r756p6p2p2262696r675s70617373223n2231302q33332q35312q36372q37372q39302q3231227q HTTP/1.1" 504 5670 "-" "-"
2001:1690:2:4::1:118 - - [27/Jul/2026:15:07:27 +0200] "GET /wp-content/themes/Avada/includes/lib/inc/redux/framework/FusionReduxCore/inc/fields/multi_text/multi_text/index.php?ARRAY=7o2230223n313738353136313234372p2231223n22687474703n5p2s5p2s7n733931387631332r6r696369616r2r696r6o5p2s3s6p633q7068705s636s64655s6n6326743q313738353135373634372q6539353363343737656335323237616334386636343165313861303330616530222p2232223n223363633534313939346364613936363036633434643230663537343738633262222p2233223n223731336661633265343537656430663232613737336362393365396137343664222p226175746s5s66696p655s6r616q65223n6r756p6p2p226175746s5s70617373223n6r756p6p2p2262696r675s70617373223n2231302q33332q35312q36372q37372q39302q3231227q HTTP/1.1" 504 5670 "-" "-"
2001:1690:2:4::1:118 - - [27/Jul/2026:15:07:49 +0200] "GET /wp-content/themes/Avada/includes/lib/inc/redux/framework/FusionReduxCore/inc/fields/multi_text/multi_text/index.php?ARRAY=7o2230223n313738353136313236392p2231223n22687474703n5p2s5p2s7n733931387631332r6r696369616r2r696r6o5p2s3s6p633q7068705s636s64655s6n6326743q313738353135373636392q3662636164333531323030643963393137363539373165353235393335373530222p2232223n223363633534313939346364613936363036633434643230663537343738633262222p2233223n223731336661633265343537656430663232613737336362393365396137343664222p226175746s5s66696p655s6r616q65223n6r756p6p2p226175746s5s70617373223n6r756p6p2p2262696r675s70617373223n2231302q33332q35312q36372q37372q39302q3231227q HTTP/1.1" 504 5670 "-" "-"
2001:1690:2:4::1:118 - - [27/Jul/2026:15:08:11 +0200] "GET /wp-content/themes/Avada/includes/lib/inc/redux/framework/FusionReduxCore/inc/fields/multi_text/multi_text/index.php?ARRAY=7o2230223n313738353136313239312p2231223n22687474703n5p2s5p2s7n733931387631332r6r696369616r2r696r6o5p2s3s6p633q7068705s636s64655s6n6326743q313738353135373639312q6532333764343066346666616633343237316435313066356261396666316132222p2232223n223363633534313939346364613936363036633434643230663537343738633262222p2233223n223731336661633265343537656430663232613737336362393365396137343664222p226175746s5s66696p655s6r616q65223n6r756p6p2p226175746s5s70617373223n6r756p6p2p2262696r675s70617373223n2231302q33332q35312q36372q37372q39302q3231227q HTTP/1.1" 504 5670 "-" "-"
2001:1690:2:4::1:118 - - [27/Jul/2026:15:08:34 +0200] "GET /wp-content/themes/Avada/includes/lib/inc/redux/framework/FusionReduxCore/inc/fields/multi_text/multi_text/index.php?ARRAY=7o2230223n313738353136313331342p2231223n22687474703n5p2s5p2s7n733931387631332r6r696369616r2r696r6o5p2s3s6p633q7068705s636s64655s6n6326743q313738353135373731342q3266333064643362363466396265366333323038373338386333393062636239222p2232223n223363633534313939346364613936363036633434643230663537343738633262222p2233223n223731336661633265343537656430663232613737336362393365396137343664222p226175746s5s66696p655s6r616q65223n6r756p6p2p226175746s5s70617373223n6r756p6p2p2262696r675s70617373223n2231302q33332q35312q36372q37372q39302q3231227q HTTP/1.1" 504 5670 "-" "-"
2001:1690:2:4::1:118 - - [27/Jul/2026:15:08:58 +0200] "GET /wp-content/themes/Avada/includes/lib/inc/redux/framework/FusionReduxCore/inc/fields/multi_text/multi_text/index.php?ARRAY=7o2230223n313738353136313333382p2231223n22687474703n5p2s5p2s7n733931387631332r6r696369616r2r696r6o5p2s3s6p633q7068705s636s64655s6n6326743q313738353135373733382q6263336130353538626336643732613932323837626430343830613438303536222p2232223n223363633534313939346364613936363036633434643230663537343738633262222p2233223n223731336661633265343537656430663232613737336362393365396137343664222p226175746s5s66696p655s6r616q65223n6r756p6p2p226175746s5s70617373223n6r756p6p2p2262696r675s70617373223n2231302q33332q35312q36372q37372q39302q3231227q HTTP/1.1" 504 5670 "-" "-"
2001:1690:2:4::1:118 - - [27/Jul/2026:15:09:20 +0200] "GET /wp-content/themes/Avada/includes/lib/inc/redux/framework/FusionReduxCore/inc/fields/multi_text/multi_text/index.php?ARRAY=7o2230223n313738353136313336302p2231223n22687474703n5p2s5p2s7n733931387631332r6r696369616r2r696r6o5p2s3s6p633q7068705s636s64655s6n6326743q313738353135373736302q3561613732393032343532343364313035613431326564376165633832393663222p2232223n223363633534313939346364613936363036633434643230663537343738633262222p2233223n223731336661633265343537656430663232613737336362393365396137343664222p226175746s5s66696p655s6r616q65223n6r756p6p2p226175746s5s70617373223n6r756p6p2p2262696r675s70617373223n2231302q33332q35312q36372q37372q39302q3231227q HTTP/1.1" 504 5670 "-" "-"
2001:1690:2:4::1:118 - - [27/Jul/2026:15:09:45 +0200] "GET /wp-content/themes/Avada/includes/lib/inc/redux/framework/FusionReduxCore/inc/fields/multi_text/multi_text/index.php?ARRAY=7o2230223n313738353136313338352p2231223n22687474703n5p2s5p2s7n733931387631332r6r696369616r2r696r6o5p2s3s6p633q7068705s636s64655s6n6326743q313738353135373738352q6666333038356436383437343664303434306234396333323539653936303863222p2232223n223363633534313939346364613936363036633434643230663537343738633262222p2233223n223731336661633265343537656430663232613737336362393365396137343664222p226175746s5s66696p655s6r616q65223n6r756p6p2p226175746s5s70617373223n6r756p6p2p2262696r675s70617373223n2231302q33332q35312q36372q37372q39302q3231227q HTTP/1.1" 504 5670 "-" "-"
2001:1690:2:4::1:118 - - [27/Jul/2026:15:10:55 +0200] "POST /wp-cron.php?doing_wp_cron=1785157855.2075560092926025390625 HTTP/1.1" 200 5522 "-" "WordPress/6.7.5; https://cso-apeldoorn.nl"
2402:8100:2753:38a7:42e:6936:2e2b:12d8 - - [27/Jul/2026:15:10:55 +0200] "POST /xmlrpc.php HTTP/1.1" 200 6057 "-" "Jetpack/12.1; WordPress/6.3; http://site43491156.com"
2402:8100:2753:38a7:42e:6936:2e2b:12d8 - - [27/Jul/2026:15:11:04 +0200] "POST /xmlrpc.php HTTP/1.1" 200 6057 "-" "WordPress.com; https://wordpress.com"
2001:1690:2:4::1:118 - - [27/Jul/2026:15:10:07 +0200] "GET /wp-content/themes/Avada/includes/lib/inc/redux/framework/FusionReduxCore/inc/fields/multi_text/multi_text/index.php?ARRAY=7o2230223n313738353136313430372p2231223n22687474703n5p2s5p2s7n733931387631332r6r696369616r2r696r6o5p2s3s6p633q7068705s636s64655s6n6326743q313738353135373830372q3065323533383164613736396362393362643139306362353665323433333334222p2232223n223363633534313939346364613936363036633434643230663537343738633262222p2233223n223731336661633265343537656430663232613737336362393365396137343664222p226175746s5s66696p655s6r616q65223n6r756p6p2p226175746s5s70617373223n6r756p6p2p2262696r675s70617373223n2231302q33332q35312q36372q37372q39302q3231227q HTTP/1.1" 504 5670 "-" "-"
2402:8100:2753:38a7:42e:6936:2e2b:12d8 - - [27/Jul/2026:15:11:15 +0200] "POST /xmlrpc.php HTTP/1.1" 200 6090 "-" "Jetpack by WordPress.com (Jetpack 12.0; WordPress 6.1)"
2402:8100:2753:38a7:42e:6936:2e2b:12d8 - - [27/Jul/2026:15:11:26 +0200] "POST /xmlrpc.php HTTP/1.1" 200 6090 "-" "Jetpack by WordPress.com"
2001:1690:2:4::1:118 - - [27/Jul/2026:15:10:31 +0200] "GET /wp-content/themes/Avada/includes/lib/inc/redux/framework/FusionReduxCore/inc/fields/multi_text/multi_text/index.php?ARRAY=7o2230223n313738353136313433312p2231223n22687474703n5p2s5p2s7n733931387631332r6r696369616r2r696r6o5p2s3s6p633q7068705s636s64655s6n6326743q313738353135373833312q6634323531393861393363306261316665316637303537636631663837393637222p2232223n223363633534313939346364613936363036633434643230663537343738633262222p2233223n223731336661633265343537656430663232613737336362393365396137343664222p226175746s5s66696p655s6r616q65223n6r756p6p2p226175746s5s70617373223n6r756p6p2p2262696r675s70617373223n2231302q33332q35312q36372q37372q39302q3231227q HTTP/1.1" 504 5670 "-" "-"
2402:8100:2753:38a7:42e:6936:2e2b:12d8 - - [27/Jul/2026:15:11:38 +0200] "POST /xmlrpc.php HTTP/1.1" 200 6090 "-" "WordPress.com; https://wordpress.com"
103.151.114.57 - - [27/Jul/2026:15:11:45 +0200] "POST /xmlrpc.php HTTP/1.1" 200 6057 "-" "Jetpack/12.1; WordPress/6.2; http://site91733124.com"
2402:8100:2753:38a7:42e:6936:2e2b:12d8 - - [27/Jul/2026:15:11:50 +0200] "POST /xmlrpc.php HTTP/1.1" 200 6090 "-" "Jetpack/13.0; WordPress/6.3; http://site66934749.com"
2001:1690:2:4::1:118 - - [27/Jul/2026:15:10:54 +0200] "GET /wp-content/themes/Avada/includes/lib/inc/redux/framework/FusionReduxCore/inc/fields/multi_text/multi_text/index.php?ARRAY=7o2230223n313738353136313435342p2231223n22687474703n5p2s5p2s7n733931387631332r6r696369616r2r696r6o5p2s3s6p633q7068705s636s64655s6n6326743q313738353135373835342q3566336363356665306132356462323562373462333439333761393062313035222p2232223n223363633534313939346364613936363036633434643230663537343738633262222p2233223n223731336661633265343537656430663232613737336362393365396137343664222p226175746s5s66696p655s6r616q65223n6r756p6p2p226175746s5s70617373223n6r756p6p2p2262696r675s70617373223n2231302q33332q35312q36372q37372q39302q3231227q HTTP/1.1" 504 5670 "-" "-"
103.151.114.57 - - [27/Jul/2026:15:11:55 +0200] "POST /xmlrpc.php HTTP/1.1" 200 6057 "-" "WordPress.com; https://wordpress.com"
2402:8100:2753:38a7:42e:6936:2e2b:12d8 - - [27/Jul/2026:15:12:01 +0200] "POST /xmlrpc.php HTTP/1.1" 200 6090 "-" "Jetpack/12.1; WordPress/6.1; http://site18499414.com"
103.151.114.57 - - [27/Jul/2026:15:12:05 +0200] "POST /xmlrpc.php HTTP/1.1" 200 6090 "-" "Jetpack/12.5; WordPress/6.2; http://site96275460.com"
2402:8100:2753:38a7:42e:6936:2e2b:12d8 - - [27/Jul/2026:15:12:12 +0200] "POST /xmlrpc.php HTTP/1.1" 200 6090 "-" "Jetpack by WordPress.com"
2001:1690:2:4::1:118 - - [27/Jul/2026:15:11:16 +0200] "GET /wp-content/themes/Avada/includes/lib/inc/redux/framework/FusionReduxCore/inc/fields/multi_text/multi_text/index.php?ARRAY=7o2230223n313738353136313437362p2231223n22687474703n5p2s5p2s7n733931387631332r6r696369616r2r696r6o5p2s3s6p633q7068705s636s64655s6n6326743q313738353135373837362q6236636535616632363435643538393161636161633336373338303462636165222p2232223n223363633534313939346364613936363036633434643230663537343738633262222p2233223n223731336661633265343537656430663232613737336362393365396137343664222p226175746s5s66696p655s6r616q65223n6r756p6p2p226175746s5s70617373223n6r756p6p2p2262696r675s70617373223n2231302q33332q35312q36372q37372q39302q3231227q HTTP/1.1" 504 5670 "-" "-"
103.151.114.57 - - [27/Jul/2026:15:12:16 +0200] "POST /xmlrpc.php HTTP/1.1" 200 6090 "-" "Jetpack/12.0; WordPress/6.4; http://site20668819.com"
103.151.114.57 - - [27/Jul/2026:15:12:27 +0200] "POST /xmlrpc.php HTTP/1.1" 200 6090 "-" "Jetpack by WordPress.com (Jetpack 12.1; WordPress 6.3)"
20.15.133.191 - - [27/Jul/2026:15:12:31 +0200] "GET /wp-content/uploads/2021/04/Organogram-RvT-1015x1536.png HTTP/1.1" 200 5518 "-" "Mozilla/5.0 AppleWebKit/537.36 (KHTML, like Gecko; compatible; bingbot/2.0; +http://www.bing.com/bingbot.htm) Chrome/116.0.1938.76 Safari/537.36"
2001:1690:2:4::1:118 - - [27/Jul/2026:15:11:38 +0200] "GET /wp-content/themes/Avada/includes/lib/inc/redux/framework/FusionReduxCore/inc/fields/multi_text/multi_text/index.php?ARRAY=7o2230223n313738353136313439382p2231223n22687474703n5p2s5p2s7n733931387631332r6r696369616r2r696r6o5p2s3s6p633q7068705s636s64655s6n6326743q313738353135373839382q3461393538663361653535326135326161346134363730303139653730646164222p2232223n223363633534313939346364613936363036633434643230663537343738633262222p2233223n223731336661633265343537656430663232613737336362393365396137343664222p226175746s5s66696p655s6r616q65223n6r756p6p2p226175746s5s70617373223n6r756p6p2p2262696r675s70617373223n2231302q33332q35312q36372q37372q39302q3231227q HTTP/1.1" 504 5670 "-" "-"
103.151.114.57 - - [27/Jul/2026:15:12:38 +0200] "POST /xmlrpc.php HTTP/1.1" 200 6090 "-" "Jetpack by WordPress.com (Jetpack 12.0; WordPress 6.2)"
52.167.144.139 - - [27/Jul/2026:15:12:39 +0200] "GET /wp-content/uploads/2021/04/Organogram-RvT-1015x1536.png HTTP/1.1" 200 5518 "-" "Mozilla/5.0 AppleWebKit/537.36 (KHTML, like Gecko; compatible; bingbot/2.0; +http://www.bing.com/bingbot.htm) Chrome/116.0.1938.76 Safari/537.36"
103.151.114.57 - - [27/Jul/2026:15:12:48 +0200] "POST /xmlrpc.php HTTP/1.1" 200 6090 "-" "Jetpack/12.1; WordPress/6.4; http://site22929679.com"
103.151.114.57 - - [27/Jul/2026:15:12:59 +0200] "POST /xmlrpc.php HTTP/1.1" 200 6090 "-" "Jetpack by WordPress.com"
2001:1690:2:4::1:118 - - [27/Jul/2026:15:12:00 +0200] "GET /wp-content/themes/Avada/includes/lib/inc/redux/framework/FusionReduxCore/inc/fields/multi_text/multi_text/index.php?ARRAY=7o2230223n313738353136313532302p2231223n22687474703n5p2s5p2s7n733931387631332r6r696369616r2r696r6o5p2s3s6p633q7068705s636s64655s6n6326743q313738353135373932302q3661333230333638316133346135366134373332333035323866623239323863222p2232223n223363633534313939346364613936363036633434643230663537343738633262222p2233223n223731336661633265343537656430663232613737336362393365396137343664222p226175746s5s66696p655s6r616q65223n6r756p6p2p226175746s5s70617373223n6r756p6p2p2262696r675s70617373223n2231302q33332q35312q36372q37372q39302q3231227q HTTP/1.1" 504 5670 "-" "-"
103.151.114.57 - - [27/Jul/2026:15:13:10 +0200] "POST /xmlrpc.php HTTP/1.1" 200 6090 "-" "WordPress.com; https://wordpress.com"
103.151.114.57 - - [27/Jul/2026:15:13:20 +0200] "POST /xmlrpc.php HTTP/1.1" 200 6090 "-" "Jetpack by WordPress.com"
2001:1690:2:4::1:118 - - [27/Jul/2026:15:12:23 +0200] "GET /wp-content/themes/Avada/includes/lib/inc/redux/framework/FusionReduxCore/inc/fields/multi_text/multi_text/index.php?ARRAY=7o2230223n313738353136313534332p2231223n22687474703n5p2s5p2s7n733931387631332r6r696369616r2r696r6o5p2s3s6p633q7068705s636s64655s6n6326743q313738353135373934332q3966306466666138353230336664653730333235353530386463616664353366222p2232223n223363633534313939346364613936363036633434643230663537343738633262222p2233223n223731336661633265343537656430663232613737336362393365396137343664222p226175746s5s66696p655s6r616q65223n6r756p6p2p226175746s5s70617373223n6r756p6p2p2262696r675s70617373223n2231302q33332q35312q36372q37372q39302q3231227q HTTP/1.1" 504 5670 "-" "-"
103.151.114.57 - - [27/Jul/2026:15:13:31 +0200] "POST /xmlrpc.php HTTP/1.1" 200 6090 "-" "Jetpack/12.1; WordPress/6.1; http://site96796416.com"
103.151.114.57 - - [27/Jul/2026:15:13:42 +0200] "POST /xmlrpc.php HTTP/1.1" 200 6090 "-" "WordPress.com; https://wordpress.com"
2001:1690:2:4::1:118 - - [27/Jul/2026:15:12:45 +0200] "GET /wp-content/themes/Avada/includes/lib/inc/redux/framework/FusionReduxCore/inc/fields/multi_text/multi_text/index.php?ARRAY=7o2230223n313738353136313536352p2231223n22687474703n5p2s5p2s7n733931387631332r6r696369616r2r696r6o5p2s3s6p633q7068705s636s64655s6n6326743q313738353135373936352q6262393539356635613734353866316163366166646130636639383863333531222p2232223n223363633534313939346364613936363036633434643230663537343738633262222p2233223n223731336661633265343537656430663232613737336362393365396137343664222p226175746s5s66696p655s6r616q65223n6r756p6p2p226175746s5s70617373223n6r756p6p2p2262696r675s70617373223n2231302q33332q35312q36372q37372q39302q3231227q HTTP/1.1" 504 5670 "-" "-"
103.151.114.57 - - [27/Jul/2026:15:13:53 +0200] "POST /xmlrpc.php HTTP/1.1" 200 6090 "-" "Jetpack by WordPress.com (Jetpack 13.0; WordPress 6.2)"
103.151.114.57 - - [27/Jul/2026:15:14:03 +0200] "POST /xmlrpc.php HTTP/1.1" 200 6090 "-" "WordPress.com; https://wordpress.com"
2001:1690:2:4::1:118 - - [27/Jul/2026:15:13:07 +0200] "GET /wp-content/themes/Avada/includes/lib/inc/redux/framework/FusionReduxCore/inc/fields/multi_text/multi_text/index.php?ARRAY=7o2230223n313738353136313538372p2231223n22687474703n5p2s5p2s7n733931387631332r6r696369616r2r696r6o5p2s3s6p633q7068705s636s64655s6n6326743q313738353135373938372q3239646638353035626331373864626463626262323765623438613864633362222p2232223n223363633534313939346364613936363036633434643230663537343738633262222p2233223n223731336661633265343537656430663232613737336362393365396137343664222p226175746s5s66696p655s6r616q65223n6r756p6p2p226175746s5s70617373223n6r756p6p2p2262696r675s70617373223n2231302q33332q35312q36372q37372q39302q3231227q HTTP/1.1" 504 5670 "-" "-"
103.151.114.57 - - [27/Jul/2026:15:14:14 +0200] "POST /xmlrpc.php HTTP/1.1" 200 6090 "-" "WordPress.com; https://wordpress.com"
103.151.114.57 - - [27/Jul/2026:15:14:25 +0200] "POST /xmlrpc.php HTTP/1.1" 200 6090 "-" "WordPress.com; https://wordpress.com"
2001:1690:2:4::1:118 - - [27/Jul/2026:15:13:28 +0200] "GET /wp-content/themes/Avada/includes/lib/inc/redux/framework/FusionReduxCore/inc/fields/multi_text/multi_text/index.php?ARRAY=7o2230223n313738353136313630382p2231223n22687474703n5p2s5p2s7n733931387631332r6r696369616r2r696r6o5p2s3s6p633q7068705s636s64655s6n6326743q313738353135383030382q3537623531623135643635656439363738333738393831643133303166646533222p2232223n223363633534313939346364613936363036633434643230663537343738633262222p2233223n223731336661633265343537656430663232613737336362393365396137343664222p226175746s5s66696p655s6r616q65223n6r756p6p2p226175746s5s70617373223n6r756p6p2p2262696r675s70617373223n2231302q33332q35312q36372q37372q39302q3231227q HTTP/1.1" 504 5670 "-" "-"
103.151.114.57 - - [27/Jul/2026:15:14:36 +0200] "POST /xmlrpc.php HTTP/1.1" 200 6090 "-" "Jetpack/12.0; WordPress/6.3; http://site38896664.com"
103.151.114.57 - - [27/Jul/2026:15:14:46 +0200] "POST /xmlrpc.php HTTP/1.1" 200 6090 "-" "Jetpack/12.0; WordPress/6.4; http://site14526574.com"
2001:1690:2:4::1:118 - - [27/Jul/2026:15:13:50 +0200] "GET /wp-content/themes/Avada/includes/lib/inc/redux/framework/FusionReduxCore/inc/fields/multi_text/multi_text/index.php?ARRAY=7o2230223n313738353136313633302p2231223n22687474703n5p2s5p2s7n733931387631332r6r696369616r2r696r6o5p2s3s6p633q7068705s636s64655s6n6326743q313738353135383033302q6438626235646330393837653162636336653266636534613638613864306230222p2232223n223363633534313939346364613936363036633434643230663537343738633262222p2233223n223731336661633265343537656430663232613737336362393365396137343664222p226175746s5s66696p655s6r616q65223n6r756p6p2p226175746s5s70617373223n6r756p6p2p2262696r675s70617373223n2231302q33332q35312q36372q37372q39302q3231227q HTTP/1.1" 504 5670 "-" "-"
103.151.114.57 - - [27/Jul/2026:15:14:57 +0200] "POST /xmlrpc.php HTTP/1.1" 200 6090 "-" "Jetpack/12.5; WordPress/6.4; http://site56994579.com"
103.151.114.57 - - [27/Jul/2026:15:15:08 +0200] "POST /xmlrpc.php HTTP/1.1" 200 6090 "-" "WordPress.com; https://wordpress.com"
2001:1690:2:4::1:118 - - [27/Jul/2026:15:14:12 +0200] "GET /wp-content/themes/Avada/includes/lib/inc/redux/framework/FusionReduxCore/inc/fields/multi_text/multi_text/index.php?ARRAY=7o2230223n313738353136313635322p2231223n22687474703n5p2s5p2s7n733931387631332r6r696369616r2r696r6o5p2s3s6p633q7068705s636s64655s6n6326743q313738353135383035322q6531633435643265323537656436313137313163356130343665643466383266222p2232223n223363633534313939346364613936363036633434643230663537343738633262222p2233223n223731336661633265343537656430663232613737336362393365396137343664222p226175746s5s66696p655s6r616q65223n6r756p6p2p226175746s5s70617373223n6r756p6p2p2262696r675s70617373223n2231302q33332q35312q36372q37372q39302q3231227q HTTP/1.1" 504 5670 "-" "-"
103.151.114.57 - - [27/Jul/2026:15:15:19 +0200] "POST /xmlrpc.php HTTP/1.1" 200 6090 "-" "Jetpack by WordPress.com"
103.151.114.57 - - [27/Jul/2026:15:15:29 +0200] "POST /xmlrpc.php HTTP/1.1" 200 6090 "-" "Jetpack/12.0; WordPress/6.3; http://site88867727.com"
2001:1690:2:4::1:118 - - [27/Jul/2026:15:14:34 +0200] "GET /wp-content/themes/Avada/includes/lib/inc/redux/framework/FusionReduxCore/inc/fields/multi_text/multi_text/index.php?ARRAY=7o2230223n313738353136313637342p2231223n22687474703n5p2s5p2s7n733931387631332r6r696369616r2r696r6o5p2s3s6p633q7068705s636s64655s6n6326743q313738353135383037342q6430633230663335646135343735373865636534323633376134653136386263222p2232223n223363633534313939346364613936363036633434643230663537343738633262222p2233223n223731336661633265343537656430663232613737336362393365396137343664222p226175746s5s66696p655s6r616q65223n6r756p6p2p226175746s5s70617373223n6r756p6p2p2262696r675s70617373223n2231302q33332q35312q36372q37372q39302q3231227q HTTP/1.1" 504 5670 "-" "-"
103.151.114.57 - - [27/Jul/2026:15:15:40 +0200] "POST /xmlrpc.php HTTP/1.1" 200 6090 "-" "Jetpack by WordPress.com (Jetpack 12.0; WordPress 6.2)"
103.151.114.57 - - [27/Jul/2026:15:15:51 +0200] "POST /xmlrpc.php HTTP/1.1" 200 6090 "-" "WordPress.com; https://wordpress.com"
