171.97.0.196 - - [28/Jul/2026:11:49:20 +0200] "POST /xmlrpc.php HTTP/1.1" 200 6090 "-" "Jetpack/13.0; WordPress/6.4; http://site83710595.com"
2401:4900:8830:f4b3:a9dd:2d40:4027:92d5 - - [28/Jul/2026:11:49:30 +0200] "POST /xmlrpc.php HTTP/1.1" 200 6090 "-" "Jetpack/12.1; WordPress/6.3; http://site22026582.com"
171.97.0.196 - - [28/Jul/2026:11:49:31 +0200] "POST /xmlrpc.php HTTP/1.1" 200 6090 "-" "Jetpack by WordPress.com"
2401:4900:8830:f4b3:a9dd:2d40:4027:92d5 - - [28/Jul/2026:11:49:41 +0200] "POST /xmlrpc.php HTTP/1.1" 200 6090 "-" "Jetpack/13.0; WordPress/6.2; http://site75374199.com"
171.97.0.196 - - [28/Jul/2026:11:49:42 +0200] "POST /xmlrpc.php HTTP/1.1" 200 6090 "-" "WordPress.com; https://wordpress.com"
2001:1690:2:4::1:118 - - [28/Jul/2026:11:49:52 +0200] "POST /wp-cron.php?doing_wp_cron=1785232192.5451290607452392578125 HTTP/1.1" 200 5522 "-" "WordPress/6.7.5; https://cso-apeldoorn.nl"
2401:4900:8830:f4b3:a9dd:2d40:4027:92d5 - - [28/Jul/2026:11:49:52 +0200] "POST /xmlrpc.php HTTP/1.1" 200 6090 "-" "WordPress.com; https://wordpress.com"
171.97.0.196 - - [28/Jul/2026:11:49:52 +0200] "POST /xmlrpc.php HTTP/1.1" 200 6090 "-" "Jetpack by WordPress.com (Jetpack 12.0; WordPress 6.3)"
2a03:2880:f800:3:: - - [28/Jul/2026:11:49:58 +0200] "GET /shop/quook/impetratory241586497668 HTTP/1.1" 404 38568 "-" "Mozilla/5.0 (Macintosh; Intel Mac OS X 10_15_7) AppleWebKit/537.36 (KHTML, like Gecko) Chrome/145.0.0.0 Safari/537.36 (compatible; meta-externalagent/1.1 (+https://developers.facebook.com/docs/sharing/webmasters/crawler))"
171.97.0.196 - - [28/Jul/2026:11:50:03 +0200] "POST /xmlrpc.php HTTP/1.1" 200 6090 "-" "Jetpack/12.0; WordPress/6.4; http://site75924905.com"
2a03:2880:f800:29:: - - [28/Jul/2026:11:50:08 +0200] "GET /shop/henogeny/gratissima243488007045 HTTP/1.1" 404 38568 "-" "Mozilla/5.0 (X11; Linux x86_64) AppleWebKit/537.36 (KHTML, like Gecko) Chrome/145.0.0.0 Safari/537.36 (compatible; meta-externalagent/1.1 (+https://developers.facebook.com/docs/sharing/webmasters/crawler))"
171.97.0.196 - - [28/Jul/2026:11:50:13 +0200] "POST /xmlrpc.php HTTP/1.1" 200 6090 "-" "Jetpack by WordPress.com (Jetpack 12.1; WordPress 6.1)"
171.97.0.196 - - [28/Jul/2026:11:50:24 +0200] "POST /xmlrpc.php HTTP/1.1" 200 6090 "-" "Jetpack/12.5; WordPress/6.3; http://site13613295.com"
2a03:2880:f800:42:: - - [28/Jul/2026:11:50:31 +0200] "GET /shop/perfuse/castigator242695126102 HTTP/1.1" 404 38568 "-" "Mozilla/5.0 (Windows NT 10.0; Win64; x64) AppleWebKit/537.36 (KHTML, like Gecko) Chrome/145.0.0.0 Safari/537.36 (compatible; meta-externalagent/1.1 (+https://developers.facebook.com/docs/sharing/webmasters/crawler))"
171.97.0.196 - - [28/Jul/2026:11:50:35 +0200] "POST /xmlrpc.php HTTP/1.1" 200 6090 "-" "Jetpack by WordPress.com"
2a03:2880:f800:45:: - - [28/Jul/2026:11:50:37 +0200] "GET /shop/mugging/anorexia243987398356 HTTP/1.1" 404 38568 "-" "Mozilla/5.0 (Windows NT 10.0; Win64; x64) AppleWebKit/537.36 (KHTML, like Gecko) Chrome/145.0.0.0 Safari/537.36 (compatible; meta-externalagent/1.1 (+https://developers.facebook.com/docs/sharing/webmasters/crawler))"
2a03:2880:f800:d:: - - [28/Jul/2026:11:50:42 +0200] "GET /shop/rewardableness/lightable241447326409 HTTP/1.1" 404 38568 "-" "Mozilla/5.0 (Windows NT 10.0; Win64; x64) AppleWebKit/537.36 (KHTML, like Gecko) Chrome/145.0.0.0 Safari/537.36 (compatible; meta-externalagent/1.1 (+https://developers.facebook.com/docs/sharing/webmasters/crawler))"
171.97.0.196 - - [28/Jul/2026:11:50:45 +0200] "POST /xmlrpc.php HTTP/1.1" 200 6090 "-" "Jetpack/12.0; WordPress/6.1; http://site97608346.com"
171.97.0.196 - - [28/Jul/2026:11:50:56 +0200] "POST /xmlrpc.php HTTP/1.1" 200 6090 "-" "Jetpack/12.5; WordPress/6.4; http://site53231912.com"
2a03:2880:f800:12:: - - [28/Jul/2026:11:50:58 +0200] "GET /shop/plagiocephaly/astigmatism242488516077 HTTP/1.1" 404 38568 "-" "Mozilla/5.0 (Macintosh; Intel Mac OS X 10_15_7) AppleWebKit/537.36 (KHTML, like Gecko) Chrome/145.0.0.0 Safari/537.36 (compatible; meta-externalagent/1.1 (+https://developers.facebook.com/docs/sharing/webmasters/crawler))"
2a03:2880:f800:27:: - - [28/Jul/2026:11:50:59 +0200] "GET /shop/dugway/leafless243005275422 HTTP/1.1" 404 38568 "-" "Mozilla/5.0 (X11; Linux x86_64) AppleWebKit/537.36 (KHTML, like Gecko) Chrome/145.0.0.0 Safari/537.36 (compatible; meta-externalagent/1.1 (+https://developers.facebook.com/docs/sharing/webmasters/crawler))"
2a03:2880:f800:36:: - - [28/Jul/2026:11:51:02 +0200] "GET /shop/megalobatrachus/interpret242396002026 HTTP/1.1" 404 38568 "-" "Mozilla/5.0 (Windows NT 10.0; Win64; x64) AppleWebKit/537.36 (KHTML, like Gecko) Chrome/145.0.0.0 Safari/537.36 (compatible; meta-externalagent/1.1 (+https://developers.facebook.com/docs/sharing/webmasters/crawler))"
171.97.0.196 - - [28/Jul/2026:11:51:07 +0200] "POST /xmlrpc.php HTTP/1.1" 200 6090 "-" "Jetpack/13.0; WordPress/6.1; http://site63980176.com"
171.97.0.196 - - [28/Jul/2026:11:51:17 +0200] "POST /xmlrpc.php HTTP/1.1" 200 6090 "-" "Jetpack by WordPress.com"
2a03:2880:f800:2e:: - - [28/Jul/2026:11:51:19 +0200] "GET /shop/competible/squeegee244058552516 HTTP/1.1" 404 38568 "-" "Mozilla/5.0 (Windows NT 10.0; Win64; x64) AppleWebKit/537.36 (KHTML, like Gecko) Chrome/145.0.0.0 Safari/537.36 (compatible; meta-externalagent/1.1 (+https://developers.facebook.com/docs/sharing/webmasters/crawler))"
2a03:2880:f800:4:: - - [28/Jul/2026:11:51:26 +0200] "GET /shop/appanage/peccary24407422714 HTTP/1.1" 404 38568 "-" "Mozilla/5.0 (Macintosh; Intel Mac OS X 10_15_7) AppleWebKit/537.36 (KHTML, like Gecko) Chrome/145.0.0.0 Safari/537.36 (compatible; meta-externalagent/1.1 (+https://developers.facebook.com/docs/sharing/webmasters/crawler))"
171.97.0.196 - - [28/Jul/2026:11:51:28 +0200] "POST /xmlrpc.php HTTP/1.1" 200 6090 "-" "Jetpack by WordPress.com"
171.97.0.196 - - [28/Jul/2026:11:51:39 +0200] "POST /xmlrpc.php HTTP/1.1" 200 6090 "-" "Jetpack/12.0; WordPress/6.2; http://site87447799.com"
171.97.0.196 - - [28/Jul/2026:11:51:49 +0200] "POST /xmlrpc.php HTTP/1.1" 200 6090 "-" "Jetpack by WordPress.com"
2a03:2880:f800:20:: - - [28/Jul/2026:11:51:55 +0200] "GET /shop/fortran/syringotome242442302479 HTTP/1.1" 404 38568 "-" "Mozilla/5.0 (Macintosh; Intel Mac OS X 10_15_7) AppleWebKit/537.36 (KHTML, like Gecko) Chrome/145.0.0.0 Safari/537.36 (compatible; meta-externalagent/1.1 (+https://developers.facebook.com/docs/sharing/webmasters/crawler))"
171.97.0.196 - - [28/Jul/2026:11:52:00 +0200] "POST /xmlrpc.php HTTP/1.1" 200 6090 "-" "Jetpack by WordPress.com"
171.97.0.196 - - [28/Jul/2026:11:52:10 +0200] "POST /xmlrpc.php HTTP/1.1" 200 6090 "-" "Jetpack by WordPress.com (Jetpack 12.1; WordPress 6.1)"
2a03:2880:f800:3d:: - - [28/Jul/2026:11:52:10 +0200] "GET /shop/surgical/inflatingly241371797677 HTTP/1.1" 404 38568 "-" "Mozilla/5.0 (Windows NT 10.0; Win64; x64) AppleWebKit/537.36 (KHTML, like Gecko) Chrome/145.0.0.0 Safari/537.36 (compatible; meta-externalagent/1.1 (+https://developers.facebook.com/docs/sharing/webmasters/crawler))"
2a03:2880:f800:43:: - - [28/Jul/2026:11:52:15 +0200] "GET /shop/coelentera/ictinus243186768304 HTTP/1.1" 404 38568 "-" "Mozilla/5.0 (Macintosh; Intel Mac OS X 10_15_7) AppleWebKit/537.36 (KHTML, like Gecko) Chrome/145.0.0.0 Safari/537.36 (compatible; meta-externalagent/1.1 (+https://developers.facebook.com/docs/sharing/webmasters/crawler))"
171.97.0.196 - - [28/Jul/2026:11:52:21 +0200] "POST /xmlrpc.php HTTP/1.1" 200 6090 "-" "Jetpack by WordPress.com"
2a03:2880:f800:2a:: - - [28/Jul/2026:11:52:25 +0200] "GET /shop/bankrupt/abstinently241938438193 HTTP/1.1" 404 38568 "-" "Mozilla/5.0 (Windows NT 10.0; Win64; x64) AppleWebKit/537.36 (KHTML, like Gecko) Chrome/145.0.0.0 Safari/537.36 (compatible; meta-externalagent/1.1 (+https://developers.facebook.com/docs/sharing/webmasters/crawler))"
171.97.0.196 - - [28/Jul/2026:11:52:32 +0200] "POST /xmlrpc.php HTTP/1.1" 200 6090 "-" "Jetpack/12.1; WordPress/6.4; http://site68271661.com"
2a03:2880:f800:4:: - - [28/Jul/2026:11:52:33 +0200] "GET /shop/preceding/ingulfing242657002470 HTTP/1.1" 404 38568 "-" "Mozilla/5.0 (Windows NT 10.0; Win64; x64) AppleWebKit/537.36 (KHTML, like Gecko) Chrome/145.0.0.0 Safari/537.36 (compatible; meta-externalagent/1.1 (+https://developers.facebook.com/docs/sharing/webmasters/crawler))"
2a03:2880:f800:20:: - - [28/Jul/2026:11:52:41 +0200] "GET /shop/lackadaisy/freemen24436226816 HTTP/1.1" 404 38568 "-" "Mozilla/5.0 (Macintosh; Intel Mac OS X 10_15_7) AppleWebKit/537.36 (KHTML, like Gecko) Chrome/145.0.0.0 Safari/537.36 (compatible; meta-externalagent/1.1 (+https://developers.facebook.com/docs/sharing/webmasters/crawler))"
171.97.0.196 - - [28/Jul/2026:11:52:42 +0200] "POST /xmlrpc.php HTTP/1.1" 200 6090 "-" "Jetpack by WordPress.com"
2a03:2880:f800:1b:: - - [28/Jul/2026:11:52:45 +0200] "GET /shop/sompnour/hunks243763043200 HTTP/1.1" 404 38568 "-" "Mozilla/5.0 (X11; Linux x86_64) AppleWebKit/537.36 (KHTML, like Gecko) Chrome/145.0.0.0 Safari/537.36 (compatible; meta-externalagent/1.1 (+https://developers.facebook.com/docs/sharing/webmasters/crawler))"
2a03:2880:f800:25:: - - [28/Jul/2026:11:52:53 +0200] "GET /shop/maliciousness/tenonitis241737652894 HTTP/1.1" 404 38568 "-" "Mozilla/5.0 (Windows NT 10.0; Win64; x64) AppleWebKit/537.36 (KHTML, like Gecko) Chrome/145.0.0.0 Safari/537.36 (compatible; meta-externalagent/1.1 (+https://developers.facebook.com/docs/sharing/webmasters/crawler))"
171.97.0.196 - - [28/Jul/2026:11:52:53 +0200] "POST /xmlrpc.php HTTP/1.1" 200 6090 "-" "Jetpack by WordPress.com"
2a03:2880:f800:20:: - - [28/Jul/2026:11:52:58 +0200] "GET /shop/stenodermine/remittal242636270727 HTTP/1.1" 404 38568 "-" "Mozilla/5.0 (Windows NT 10.0; Win64; x64) AppleWebKit/537.36 (KHTML, like Gecko) Chrome/145.0.0.0 Safari/537.36 (compatible; meta-externalagent/1.1 (+https://developers.facebook.com/docs/sharing/webmasters/crawler))"
2a03:2880:f800:2f:: - - [28/Jul/2026:11:53:01 +0200] "GET /shop/loren/megasthene243961309352 HTTP/1.1" 404 38568 "-" "Mozilla/5.0 (Windows NT 10.0; Win64; x64) AppleWebKit/537.36 (KHTML, like Gecko) Chrome/145.0.0.0 Safari/537.36 (compatible; meta-externalagent/1.1 (+https://developers.facebook.com/docs/sharing/webmasters/crawler))"
171.97.0.196 - - [28/Jul/2026:11:53:04 +0200] "POST /xmlrpc.php HTTP/1.1" 200 6090 "-" "WordPress.com; https://wordpress.com"
2a03:2880:f800:2d:: - - [28/Jul/2026:11:53:04 +0200] "GET /shop/battleground/suthora24955755685 HTTP/1.1" 404 38568 "-" "Mozilla/5.0 (Windows NT 10.0; Win64; x64) AppleWebKit/537.36 (KHTML, like Gecko) Chrome/145.0.0.0 Safari/537.36 (compatible; meta-externalagent/1.1 (+https://developers.facebook.com/docs/sharing/webmasters/crawler))"
2a03:2880:f800:42:: - - [28/Jul/2026:11:53:07 +0200] "GET /shop/sparing/lintwhite242918269175 HTTP/1.1" 404 38568 "-" "Mozilla/5.0 (Windows NT 10.0; Win64; x64) AppleWebKit/537.36 (KHTML, like Gecko) Chrome/145.0.0.0 Safari/537.36 (compatible; meta-externalagent/1.1 (+https://developers.facebook.com/docs/sharing/webmasters/crawler))"
171.97.0.196 - - [28/Jul/2026:11:53:14 +0200] "POST /xmlrpc.php HTTP/1.1" 200 6090 "-" "WordPress.com; https://wordpress.com"
2a03:2880:f800:46:: - - [28/Jul/2026:11:53:19 +0200] "GET /shop/stone/pisciform243200487045 HTTP/1.1" 404 38568 "-" "Mozilla/5.0 (Windows NT 10.0; Win64; x64) AppleWebKit/537.36 (KHTML, like Gecko) Chrome/145.0.0.0 Safari/537.36 (compatible; meta-externalagent/1.1 (+https://developers.facebook.com/docs/sharing/webmasters/crawler))"
2a03:2880:f800:19:: - - [28/Jul/2026:11:53:21 +0200] "GET /shop/rippled/alburnum241935982719 HTTP/1.1" 404 38568 "-" "Mozilla/5.0 (Windows NT 10.0; Win64; x64) AppleWebKit/537.36 (KHTML, like Gecko) Chrome/145.0.0.0 Safari/537.36 (compatible; meta-externalagent/1.1 (+https://developers.facebook.com/docs/sharing/webmasters/crawler))"
171.97.0.196 - - [28/Jul/2026:11:53:25 +0200] "POST /xmlrpc.php HTTP/1.1" 200 6090 "-" "Jetpack by WordPress.com"
171.97.0.196 - - [28/Jul/2026:11:53:36 +0200] "POST /xmlrpc.php HTTP/1.1" 200 6090 "-" "WordPress.com; https://wordpress.com"
171.97.0.196 - - [28/Jul/2026:11:53:46 +0200] "POST /xmlrpc.php HTTP/1.1" 200 6090 "-" "WordPress.com; https://wordpress.com"
2a03:2880:f800:19:: - - [28/Jul/2026:11:53:49 +0200] "GET /shop/sideboard/unguical242442593347 HTTP/1.1" 404 38568 "-" "Mozilla/5.0 (Macintosh; Intel Mac OS X 10_15_7) AppleWebKit/537.36 (KHTML, like Gecko) Chrome/145.0.0.0 Safari/537.36 (compatible; meta-externalagent/1.1 (+https://developers.facebook.com/docs/sharing/webmasters/crawler))"
171.97.0.196 - - [28/Jul/2026:11:53:57 +0200] "POST /xmlrpc.php HTTP/1.1" 200 6090 "-" "Jetpack by WordPress.com"
2a03:2880:f800:d:: - - [28/Jul/2026:11:54:00 +0200] "GET /shop/challis/shotting242700636105 HTTP/1.1" 404 38568 "-" "Mozilla/5.0 (Windows NT 10.0; Win64; x64) AppleWebKit/537.36 (KHTML, like Gecko) Chrome/145.0.0.0 Safari/537.36 (compatible; meta-externalagent/1.1 (+https://developers.facebook.com/docs/sharing/webmasters/crawler))"
2a03:2880:f800:1c:: - - [28/Jul/2026:11:54:05 +0200] "GET /shop/cleromancy/cyclostome241575107040 HTTP/1.1" 404 38568 "-" "Mozilla/5.0 (Macintosh; Intel Mac OS X 10_15_7) AppleWebKit/537.36 (KHTML, like Gecko) Chrome/145.0.0.0 Safari/537.36 (compatible; meta-externalagent/1.1 (+https://developers.facebook.com/docs/sharing/webmasters/crawler))"
171.97.0.196 - - [28/Jul/2026:11:54:07 +0200] "POST /xmlrpc.php HTTP/1.1" 200 6090 "-" "Jetpack by WordPress.com"
64.89.163.68 - - [28/Jul/2026:11:54:09 +0200] "POST /wp-plain.php HTTP/1.1" 403 5616 "www.google.com" "Mozilla/5.0 (Linux; Android 7.0; SM-G892A Bulid/NRD90M; wv) AppleWebKit/537.36 (KHTML, like Gecko) Version/4.0 Chrome/60.0.3112.107 Moblie Safari/537.36"
64.89.163.68 - - [28/Jul/2026:11:54:09 +0200] "GET /rkpjacqe.php?Fox=d3wL7 HTTP/1.1" 403 5616 "www.google.com" "Mozilla/5.0 (Linux; Android 7.0; SM-G892A Bulid/NRD90M; wv) AppleWebKit/537.36 (KHTML, like Gecko) Version/4.0 Chrome/60.0.3112.107 Moblie Safari/537.36"
64.89.163.68 - - [28/Jul/2026:11:54:09 +0200] "GET /wp-content/themes/seotheme/db.php?u HTTP/1.1" 404 38719 "www.google.com" "Mozlila/5.0 (Linux; Android 7.0; SM-G892A Bulid/NRD90M; wv) AppleWebKit/537.36 (KHTML, like Gecko) Version/4.0 Chrome/60.0.3112.107 Moblie Safari/537.36"
64.89.163.68 - - [28/Jul/2026:11:54:09 +0200] "POST /ALFA_DATA/alfacgiapi/perl.alfa HTTP/1.1" 404 38719 "www.google.com" "Mozlila/5.0 (Linux; Android 7.0; SM-G892A Bulid/NRD90M; wv) AppleWebKit/537.36 (KHTML, like Gecko) Version/4.0 Chrome/60.0.3112.107 Moblie Safari/537.36"
64.89.163.68 - - [28/Jul/2026:11:54:09 +0200] "GET / HTTP/1.1" 200 59414 "-" "Mozlila/5.0 (Linux; Android 7.0; SM-G892A Bulid/NRD90M; wv) AppleWebKit/537.36 (KHTML, like Gecko) Version/4.0 Chrome/60.0.3112.107 Moblie Safari/537.36"
64.89.163.68 - - [28/Jul/2026:11:54:09 +0200] "GET /wp-content/plugins/fix/up.php HTTP/1.1" 404 38728 "-" "Mozilla/5.0 (Windows NT 10.0; Win64; x64) AppleWebKit/537.36 (KHTML, like Gecko) Chrome/85.0.4183.102 Safari/537.36"
2a03:2880:f812:43:: - - [28/Jul/2026:11:54:10 +0200] "GET /shop/mundatory/hidrastis242465621927 HTTP/1.1" 404 38568 "-" "Mozilla/5.0 (Windows NT 10.0; Win64; x64) AppleWebKit/537.36 (KHTML, like Gecko) Chrome/145.0.0.0 Safari/537.36 (compatible; meta-externalagent/1.1 (+https://developers.facebook.com/docs/sharing/webmasters/crawler))"
64.89.163.68 - - [28/Jul/2026:11:54:11 +0200] "GET /wp-content/plugins/apikey/apikey.php?test=hello HTTP/1.1" 404 38719 "-" "Mozlila/5.0 (Linux; Android 7.0; SM-G892A Bulid/NRD90M; wv) AppleWebKit/537.36 (KHTML, like Gecko) Version/4.0 Chrome/60.0.3112.107 Moblie Safari/537.36"
64.89.163.68 - - [28/Jul/2026:11:54:11 +0200] "POST /alfacgiapi/perl.alfa HTTP/1.1" 404 38538 "www.google.com" "Mozlila/5.0 (Linux; Android 7.0; SM-G892A Bulid/NRD90M; wv) AppleWebKit/537.36 (KHTML, like Gecko) Version/4.0 Chrome/60.0.3112.107 Moblie Safari/537.36"
64.89.163.68 - - [28/Jul/2026:11:54:11 +0200] "GET /wp-content/themes/seotheme/db.php?u HTTP/1.1" 404 38719 "www.google.com" "Mozlila/5.0 (Linux; Android 7.0; SM-G892A Bulid/NRD90M; wv) AppleWebKit/537.36 (KHTML, like Gecko) Version/4.0 Chrome/60.0.3112.107 Moblie Safari/537.36"
64.89.163.68 - - [28/Jul/2026:11:54:13 +0200] "GET /plugins/content/apismtp/apismtp.php?test=hello HTTP/1.1" 404 38719 "-" "Mozlila/5.0 (Linux; Android 7.0; SM-G892A Bulid/NRD90M; wv) AppleWebKit/537.36 (KHTML, like Gecko) Version/4.0 Chrome/60.0.3112.107 Moblie Safari/537.36"
64.89.163.68 - - [28/Jul/2026:11:54:15 +0200] "GET /wp-content/plugins/apikey/apikey.php.suspected?test=hello HTTP/1.1" 404 38719 "-" "Mozlila/5.0 (Linux; Android 7.0; SM-G892A Bulid/NRD90M; wv) AppleWebKit/537.36 (KHTML, like Gecko) Version/4.0 Chrome/60.0.3112.107 Moblie Safari/537.36"
171.97.0.196 - - [28/Jul/2026:11:54:18 +0200] "POST /xmlrpc.php HTTP/1.1" 200 6090 "-" "WordPress.com; https://wordpress.com"
64.89.163.68 - - [28/Jul/2026:11:54:17 +0200] "GET /plugins/content/apismtp/apismtp.php.suspected?test=hello HTTP/1.1" 404 38719 "-" "Mozlila/5.0 (Linux; Android 7.0; SM-G892A Bulid/NRD90M; wv) AppleWebKit/537.36 (KHTML, like Gecko) Version/4.0 Chrome/60.0.3112.107 Moblie Safari/537.36"
171.97.0.196 - - [28/Jul/2026:11:54:29 +0200] "POST /xmlrpc.php HTTP/1.1" 200 6090 "-" "WordPress.com; https://wordpress.com"
2001:1690:2:4::1:118 - - [28/Jul/2026:11:54:33 +0200] "POST /wp-cron.php?doing_wp_cron=1785232473.2391180992126464843750 HTTP/1.1" 200 5522 "-" "WordPress/6.7.5; https://cso-apeldoorn.nl"
2a03:2880:f800:1a:: - - [28/Jul/2026:11:54:32 +0200] "GET /shop/malingering/casein243177427189 HTTP/1.1" 404 38568 "-" "Mozilla/5.0 (Windows NT 10.0; Win64; x64) AppleWebKit/537.36 (KHTML, like Gecko) Chrome/145.0.0.0 Safari/537.36 (compatible; meta-externalagent/1.1 (+https://developers.facebook.com/docs/sharing/webmasters/crawler))"
2a03:2880:f800:3:: - - [28/Jul/2026:11:54:34 +0200] "GET /shop/vestryman/chouse241707022693 HTTP/1.1" 404 38568 "-" "Mozilla/5.0 (Windows NT 10.0; Win64; x64) AppleWebKit/537.36 (KHTML, like Gecko) Chrome/145.0.0.0 Safari/537.36 (compatible; meta-externalagent/1.1 (+https://developers.facebook.com/docs/sharing/webmasters/crawler))"
171.97.0.196 - - [28/Jul/2026:11:54:39 +0200] "POST /xmlrpc.php HTTP/1.1" 200 6090 "-" "Jetpack by WordPress.com (Jetpack 12.0; WordPress 6.1)"
2a03:2880:f800:19:: - - [28/Jul/2026:11:54:48 +0200] "GET /shop/orthographical/chachacha24992186757 HTTP/1.1" 404 38568 "-" "Mozilla/5.0 (X11; Linux x86_64) AppleWebKit/537.36 (KHTML, like Gecko) Chrome/145.0.0.0 Safari/537.36 (compatible; meta-externalagent/1.1 (+https://developers.facebook.com/docs/sharing/webmasters/crawler))"
171.97.0.196 - - [28/Jul/2026:11:54:50 +0200] "POST /xmlrpc.php HTTP/1.1" 200 6090 "-" "Jetpack by WordPress.com (Jetpack 12.0; WordPress 6.2)"
2a03:2880:f800:a:: - - [28/Jul/2026:11:54:52 +0200] "GET /shop/obelisked/fisheries242808448564 HTTP/1.1" 404 38568 "-" "Mozilla/5.0 (Windows NT 10.0; Win64; x64) AppleWebKit/537.36 (KHTML, like Gecko) Chrome/145.0.0.0 Safari/537.36 (compatible; meta-externalagent/1.1 (+https://developers.facebook.com/docs/sharing/webmasters/crawler))"
66.249.70.32 - - [28/Jul/2026:11:54:58 +0200] "GET /shop/bisulcous/poecilopoda253490816723 HTTP/1.1" 404 38719 "-" "Mozilla/5.0 (Linux; Android 6.0.1; Nexus 5X Build/MMB29P) AppleWebKit/537.36 (KHTML, like Gecko) Chrome/150.0.7871.128 Mobile Safari/537.36 (compatible; GoogleOther)"
171.97.0.196 - - [28/Jul/2026:11:55:00 +0200] "POST /xmlrpc.php HTTP/1.1" 200 6090 "-" "Jetpack by WordPress.com (Jetpack 13.0; WordPress 6.3)"
2a03:2880:f800:a:: - - [28/Jul/2026:11:55:09 +0200] "GET /shop/halophyte/martinet241276057480 HTTP/1.1" 404 38568 "-" "Mozilla/5.0 (Macintosh; Intel Mac OS X 10_15_7) AppleWebKit/537.36 (KHTML, like Gecko) Chrome/145.0.0.0 Safari/537.36 (compatible; meta-externalagent/1.1 (+https://developers.facebook.com/docs/sharing/webmasters/crawler))"
171.97.0.196 - - [28/Jul/2026:11:55:11 +0200] "POST /xmlrpc.php HTTP/1.1" 200 6090 "-" "WordPress.com; https://wordpress.com"
171.97.0.196 - - [28/Jul/2026:11:55:22 +0200] "POST /xmlrpc.php HTTP/1.1" 200 6090 "-" "WordPress.com; https://wordpress.com"
2a03:2880:f800:33:: - - [28/Jul/2026:11:55:24 +0200] "GET /shop/chelaship/turacin24499849910 HTTP/1.1" 404 38568 "-" "Mozilla/5.0 (Windows NT 10.0; Win64; x64) AppleWebKit/537.36 (KHTML, like Gecko) Chrome/145.0.0.0 Safari/537.36 (compatible; meta-externalagent/1.1 (+https://developers.facebook.com/docs/sharing/webmasters/crawler))"
171.97.0.196 - - [28/Jul/2026:11:55:32 +0200] "POST /xmlrpc.php HTTP/1.1" 200 6090 "-" "Jetpack/12.1; WordPress/6.2; http://site72228173.com"
2a03:2880:f800:33:: - - [28/Jul/2026:11:55:38 +0200] "GET /shop/sloughed/formless2470938946 HTTP/1.1" 404 38568 "-" "Mozilla/5.0 (Windows NT 10.0; Win64; x64) AppleWebKit/537.36 (KHTML, like Gecko) Chrome/145.0.0.0 Safari/537.36 Edg/145.0.0.0 (compatible; meta-externalagent/1.1 (+https://developers.facebook.com/docs/sharing/webmasters/crawler))"
171.97.0.196 - - [28/Jul/2026:11:55:43 +0200] "POST /xmlrpc.php HTTP/1.1" 200 6090 "-" "Jetpack/12.0; WordPress/6.4; http://site84976721.com"
2a03:2880:f800:14:: - - [28/Jul/2026:11:55:46 +0200] "GET /shop/unartistic/slowhound241887786350 HTTP/1.1" 404 38568 "-" "Mozilla/5.0 (Macintosh; Intel Mac OS X 10_15_7) AppleWebKit/537.36 (KHTML, like Gecko) Chrome/145.0.0.0 Safari/537.36 (compatible; meta-externalagent/1.1 (+https://developers.facebook.com/docs/sharing/webmasters/crawler))"
2a03:2880:f800:1:: - - [28/Jul/2026:11:55:51 +0200] "GET /shop/cartilaginification/immethodize244240755499 HTTP/1.1" 404 38568 "-" "Mozilla/5.0 (X11; Linux x86_64) AppleWebKit/537.36 (KHTML, like Gecko) Chrome/145.0.0.0 Safari/537.36 (compatible; meta-externalagent/1.1 (+https://developers.facebook.com/docs/sharing/webmasters/crawler))"
171.97.0.196 - - [28/Jul/2026:11:55:54 +0200] "POST /xmlrpc.php HTTP/1.1" 200 6090 "-" "Jetpack by WordPress.com"
171.97.0.196 - - [28/Jul/2026:11:56:04 +0200] "POST /xmlrpc.php HTTP/1.1" 200 6090 "-" "Jetpack by WordPress.com"
2a03:2880:f800:3c:: - - [28/Jul/2026:11:56:14 +0200] "GET /shop/latten/menostation243710443119 HTTP/1.1" 404 38568 "-" "Mozilla/5.0 (Windows NT 10.0; Win64; x64) AppleWebKit/537.36 (KHTML, like Gecko) Chrome/145.0.0.0 Safari/537.36 (compatible; meta-externalagent/1.1 (+https://developers.facebook.com/docs/sharing/webmasters/crawler))"
171.97.0.196 - - [28/Jul/2026:11:56:15 +0200] "POST /xmlrpc.php HTTP/1.1" 200 6090 "-" "Jetpack by WordPress.com"
2a03:2880:f800:1d:: - - [28/Jul/2026:11:56:17 +0200] "GET /shop/pharyngopneusta/aphips243090510012 HTTP/1.1" 404 38568 "-" "Mozilla/5.0 (Macintosh; Intel Mac OS X 10_15_7) AppleWebKit/537.36 (KHTML, like Gecko) Chrome/145.0.0.0 Safari/537.36 (compatible; meta-externalagent/1.1 (+https://developers.facebook.com/docs/sharing/webmasters/crawler))"
2a03:2880:f800:36:: - - [28/Jul/2026:11:56:18 +0200] "GET /shop/vegete/racing24238667663 HTTP/1.1" 404 38568 "-" "Mozilla/5.0 (Windows NT 10.0; Win64; x64) AppleWebKit/537.36 (KHTML, like Gecko) Chrome/145.0.0.0 Safari/537.36 (compatible; meta-externalagent/1.1 (+https://developers.facebook.com/docs/sharing/webmasters/crawler))"
171.97.0.196 - - [28/Jul/2026:11:56:26 +0200] "POST /xmlrpc.php HTTP/1.1" 200 6090 "-" "Jetpack/13.0; WordPress/6.3; http://site57211196.com"
171.97.0.196 - - [28/Jul/2026:11:56:36 +0200] "POST /xmlrpc.php HTTP/1.1" 200 6090 "-" "Jetpack by WordPress.com (Jetpack 12.1; WordPress 6.1)"
146.70.194.220 - - [28/Jul/2026:11:56:43 +0200] "GET /admin/fckeditor/editor/filemanager/ HTTP/1.1" 404 38728 "-" "-"
146.70.194.220 - - [28/Jul/2026:11:56:43 +0200] "GET /sites/default/files/ HTTP/1.1" 404 38728 "-" "-"
146.70.194.220 - - [28/Jul/2026:11:56:44 +0200] "GET /admin/controller/extension/extension/ HTTP/1.1" 404 38728 "-" "-"
146.70.194.220 - - [28/Jul/2026:11:56:45 +0200] "GET /modules/mod_simplefileuploadv1.3/elements/ HTTP/1.1" 404 38728 "-" "-"
146.70.194.220 - - [28/Jul/2026:11:56:45 +0200] "GET /components/ HTTP/1.1" 404 38520 "-" "-"
146.70.194.220 - - [28/Jul/2026:11:56:46 +0200] "GET /admin/uploads/images/ HTTP/1.1" 404 38728 "-" "-"
171.97.0.196 - - [28/Jul/2026:11:56:47 +0200] "POST /xmlrpc.php HTTP/1.1" 200 6090 "-" "Jetpack by WordPress.com"
146.70.194.220 - - [28/Jul/2026:11:56:46 +0200] "GET /wp-content/plugins/classic-editor/ HTTP/1.1" 404 38728 "-" "-"
146.70.194.220 - - [28/Jul/2026:11:56:47 +0200] "GET /wp-content/fonts/ HTTP/1.1" 404 38520 "-" "-"
146.70.194.220 - - [28/Jul/2026:11:56:49 +0200] "GET /wp-content/plugins/contact-form-7/admin/js/ HTTP/1.1" 404 38728 "-" "-"
146.70.194.220 - - [28/Jul/2026:11:56:49 +0200] "GET /wp-content/plugins/contact-form-7/ HTTP/1.1" 403 5616 "-" "-"
146.70.194.220 - - [28/Jul/2026:11:56:49 +0200] "GET /wordpress/ HTTP/1.1" 404 38520 "-" "-"
146.70.194.220 - - [28/Jul/2026:11:56:50 +0200] "GET /wp-admin/images/ HTTP/1.1" 403 5616 "-" "-"
146.70.194.220 - - [28/Jul/2026:11:56:51 +0200] "GET /wp-content/plugins/wordpress-seo/js/dist/ HTTP/1.1" 403 5616 "-" "-"
146.70.194.220 - - [28/Jul/2026:11:56:51 +0200] "GET /wp-content/plugins/wordpress-seo/ HTTP/1.1" 403 5616 "-" "-"
2a03:2880:f800:f:: - - [28/Jul/2026:11:56:51 +0200] "GET /shop/theorization/glassshrimp24380167035 HTTP/1.1" 404 38568 "-" "Mozilla/5.0 (Windows NT 10.0; Win64; x64) AppleWebKit/537.36 (KHTML, like Gecko) Chrome/145.0.0.0 Safari/537.36 (compatible; meta-externalagent/1.1 (+https://developers.facebook.com/docs/sharing/webmasters/crawler))"
146.70.194.220 - - [28/Jul/2026:11:56:51 +0200] "GET /js/ HTTP/1.1" 404 38520 "-" "-"
146.70.194.220 - - [28/Jul/2026:11:56:52 +0200] "GET /wp-content/plugins/woocommerce/assets/js/ HTTP/1.1" 404 38728 "-" "-"
146.70.194.220 - - [28/Jul/2026:11:56:53 +0200] "GET /wp-content/plugins/woocommerce/ HTTP/1.1" 404 38728 "-" "-"
146.70.194.220 - - [28/Jul/2026:11:56:53 +0200] "GET /wp-admin/meta/ HTTP/1.1" 404 38520 "-" "-"
146.70.194.220 - - [28/Jul/2026:11:56:54 +0200] "GET /wp-admin/network/ HTTP/1.1" 403 5616 "-" "-"
146.70.194.220 - - [28/Jul/2026:11:56:54 +0200] "GET /wp-admin/user/ HTTP/1.1" 403 5616 "-" "-"
146.70.194.220 - - [28/Jul/2026:11:56:54 +0200] "GET /wp-content/ HTTP/1.1" 200 5429 "-" "-"
2a03:2880:f800:7:: - - [28/Jul/2026:11:56:55 +0200] "GET /shop/xanthide/apparatuses243346216789 HTTP/1.1" 404 38568 "-" "Mozilla/5.0 (Macintosh; Intel Mac OS X 10_15_7) AppleWebKit/537.36 (KHTML, like Gecko) Chrome/145.0.0.0 Safari/537.36 (compatible; meta-externalagent/1.1 (+https://developers.facebook.com/docs/sharing/webmasters/crawler))"
2a03:2880:f800:16:: - - [28/Jul/2026:11:56:57 +0200] "GET /shop/inculpating/panacean244027874724 HTTP/1.1" 404 38568 "-" "Mozilla/5.0 (Windows NT 10.0; Win64; x64) AppleWebKit/537.36 (KHTML, like Gecko) Chrome/145.0.0.0 Safari/537.36 (compatible; meta-externalagent/1.1 (+https://developers.facebook.com/docs/sharing/webmasters/crawler))"
171.97.0.196 - - [28/Jul/2026:11:56:57 +0200] "POST /xmlrpc.php HTTP/1.1" 200 6090 "-" "Jetpack by WordPress.com"
2a03:2880:f800:12:: - - [28/Jul/2026:11:57:00 +0200] "GET /shop/disturb/lervia243406363360 HTTP/1.1" 404 38568 "-" "Mozilla/5.0 (Macintosh; Intel Mac OS X 10_15_7) AppleWebKit/537.36 (KHTML, like Gecko) Chrome/145.0.0.0 Safari/537.36 (compatible; meta-externalagent/1.1 (+https://developers.facebook.com/docs/sharing/webmasters/crawler))"
2a03:2880:f800:2e:: - - [28/Jul/2026:11:57:03 +0200] "GET /shop/hoheria/labadist24846856305 HTTP/1.1" 404 38568 "-" "Mozilla/5.0 (Windows NT 10.0; Win64; x64) AppleWebKit/537.36 (KHTML, like Gecko) Chrome/145.0.0.0 Safari/537.36 (compatible; meta-externalagent/1.1 (+https://developers.facebook.com/docs/sharing/webmasters/crawler))"
171.97.0.196 - - [28/Jul/2026:11:57:08 +0200] "POST /xmlrpc.php HTTP/1.1" 200 6090 "-" "Jetpack by WordPress.com"
2a03:2880:f800:5:: - - [28/Jul/2026:11:57:10 +0200] "GET /shop/avision/amphibolous242570223435 HTTP/1.1" 404 38568 "-" "Mozilla/5.0 (Macintosh; Intel Mac OS X 10_15_7) AppleWebKit/537.36 (KHTML, like Gecko) Chrome/145.0.0.0 Safari/537.36 (compatible; meta-externalagent/1.1 (+https://developers.facebook.com/docs/sharing/webmasters/crawler))"
2a03:2880:f800:c:: - - [28/Jul/2026:11:57:18 +0200] "GET /shop/excrementive/lombardic242694671711 HTTP/1.1" 404 38568 "-" "Mozilla/5.0 (Windows NT 10.0; Win64; x64) AppleWebKit/537.36 (KHTML, like Gecko) Chrome/145.0.0.0 Safari/537.36 (compatible; meta-externalagent/1.1 (+https://developers.facebook.com/docs/sharing/webmasters/crawler))"
171.97.0.196 - - [28/Jul/2026:11:57:18 +0200] "POST /xmlrpc.php HTTP/1.1" 200 6090 "-" "WordPress.com; https://wordpress.com"
171.97.0.196 - - [28/Jul/2026:11:57:29 +0200] "POST /xmlrpc.php HTTP/1.1" 200 6090 "-" "Jetpack/12.0; WordPress/6.3; http://site95178183.com"
171.97.0.196 - - [28/Jul/2026:11:57:40 +0200] "POST /xmlrpc.php HTTP/1.1" 200 6090 "-" "Jetpack/12.0; WordPress/6.4; http://site73457894.com"
2a03:2880:f800:2a:: - - [28/Jul/2026:11:57:39 +0200] "GET /shop/modernity/slatch242081754598 HTTP/1.1" 404 38568 "-" "Mozilla/5.0 (Windows NT 10.0; Win64; x64) AppleWebKit/537.36 (KHTML, like Gecko) Chrome/145.0.0.0 Safari/537.36 (compatible; meta-externalagent/1.1 (+https://developers.facebook.com/docs/sharing/webmasters/crawler))"
2a03:2880:f800:26:: - - [28/Jul/2026:11:57:42 +0200] "GET /shop/rheochord/circumvented243862963170 HTTP/1.1" 404 38568 "-" "Mozilla/5.0 (Windows NT 10.0; Win64; x64) AppleWebKit/537.36 (KHTML, like Gecko) Chrome/145.0.0.0 Safari/537.36 (compatible; meta-externalagent/1.1 (+https://developers.facebook.com/docs/sharing/webmasters/crawler))"
171.97.0.196 - - [28/Jul/2026:11:57:50 +0200] "POST /xmlrpc.php HTTP/1.1" 200 6090 "-" "WordPress.com; https://wordpress.com"
171.97.0.196 - - [28/Jul/2026:11:58:01 +0200] "POST /xmlrpc.php HTTP/1.1" 200 6090 "-" "Jetpack by WordPress.com (Jetpack 12.0; WordPress 6.3)"
2a03:2880:f800:8:: - - [28/Jul/2026:11:58:10 +0200] "GET /shop/stalky/lactation24167727687 HTTP/1.1" 404 38568 "-" "Mozilla/5.0 (Windows NT 10.0; Win64; x64) AppleWebKit/537.36 (KHTML, like Gecko) Chrome/145.0.0.0 Safari/537.36 (compatible; meta-externalagent/1.1 (+https://developers.facebook.com/docs/sharing/webmasters/crawler))"
171.97.0.196 - - [28/Jul/2026:11:58:12 +0200] "POST /xmlrpc.php HTTP/1.1" 200 6090 "-" "Jetpack/12.5; WordPress/6.2; http://site24922697.com"
2a03:2880:f800:46:: - - [28/Jul/2026:11:58:12 +0200] "GET /shop/lickerousness/seabound241868496116 HTTP/1.1" 404 38568 "-" "Mozilla/5.0 (Windows NT 10.0; Win64; x64) AppleWebKit/537.36 (KHTML, like Gecko) Chrome/145.0.0.0 Safari/537.36 (compatible; meta-externalagent/1.1 (+https://developers.facebook.com/docs/sharing/webmasters/crawler))"
2a03:2880:f800:3a:: - - [28/Jul/2026:11:58:21 +0200] "GET /shop/scone/halfcocked243532617810 HTTP/1.1" 404 38568 "-" "Mozilla/5.0 (Windows NT 10.0; Win64; x64) AppleWebKit/537.36 (KHTML, like Gecko) Chrome/145.0.0.0 Safari/537.36 (compatible; meta-externalagent/1.1 (+https://developers.facebook.com/docs/sharing/webmasters/crawler))"
171.97.0.196 - - [28/Jul/2026:11:58:22 +0200] "POST /xmlrpc.php HTTP/1.1" 200 6090 "-" "Jetpack by WordPress.com"
2a03:2880:f800:3a:: - - [28/Jul/2026:11:58:31 +0200] "GET /shop/jerryism/trilithic241794028940 HTTP/1.1" 404 38568 "-" "Mozilla/5.0 (Windows NT 10.0; Win64; x64) AppleWebKit/537.36 (KHTML, like Gecko) Chrome/145.0.0.0 Safari/537.36 (compatible; meta-externalagent/1.1 (+https://developers.facebook.com/docs/sharing/webmasters/crawler))"
171.97.0.196 - - [28/Jul/2026:11:58:33 +0200] "POST /xmlrpc.php HTTP/1.1" 200 6090 "-" "Jetpack by WordPress.com"
2a03:2880:f800:17:: - - [28/Jul/2026:11:58:38 +0200] "GET /shop/sanctimony/xanthoprotein24989567776 HTTP/1.1" 404 38568 "-" "Mozilla/5.0 (X11; Linux x86_64) AppleWebKit/537.36 (KHTML, like Gecko) Chrome/145.0.0.0 Safari/537.36 (compatible; meta-externalagent/1.1 (+https://developers.facebook.com/docs/sharing/webmasters/crawler))"
2a03:2880:f800:20:: - - [28/Jul/2026:11:58:40 +0200] "GET /shop/berretta/tergiversator243001735194 HTTP/1.1" 404 38568 "-" "Mozilla/5.0 (Windows NT 10.0; Win64; x64) AppleWebKit/537.36 (KHTML, like Gecko) Chrome/145.0.0.0 Safari/537.36 (compatible; meta-externalagent/1.1 (+https://developers.facebook.com/docs/sharing/webmasters/crawler))"
171.97.0.196 - - [28/Jul/2026:11:58:44 +0200] "POST /xmlrpc.php HTTP/1.1" 200 6090 "-" "Jetpack by WordPress.com"
171.97.0.196 - - [28/Jul/2026:11:58:54 +0200] "POST /xmlrpc.php HTTP/1.1" 200 6090 "-" "Jetpack/12.0; WordPress/6.1; http://site59194132.com"
171.97.0.196 - - [28/Jul/2026:11:59:05 +0200] "POST /xmlrpc.php HTTP/1.1" 200 6090 "-" "Jetpack by WordPress.com"
2a03:2880:f800:35:: - - [28/Jul/2026:11:59:13 +0200] "GET /shop/equidifferent/weatherbound243366555599 HTTP/1.1" 404 38568 "-" "Mozilla/5.0 (Windows NT 10.0; Win64; x64) AppleWebKit/537.36 (KHTML, like Gecko) Chrome/145.0.0.0 Safari/537.36 (compatible; meta-externalagent/1.1 (+https://developers.facebook.com/docs/sharing/webmasters/crawler))"
171.97.0.196 - - [28/Jul/2026:11:59:15 +0200] "POST /xmlrpc.php HTTP/1.1" 200 6090 "-" "Jetpack by WordPress.com (Jetpack 12.5; WordPress 6.2)"
171.97.0.196 - - [28/Jul/2026:11:59:26 +0200] "POST /xmlrpc.php HTTP/1.1" 200 6090 "-" "Jetpack by WordPress.com (Jetpack 12.1; WordPress 6.2)"
2a03:2880:f800:46:: - - [28/Jul/2026:11:59:27 +0200] "GET /shop/monodies/multiplication242173173035 HTTP/1.1" 404 38568 "-" "Mozilla/5.0 (Windows NT 10.0; Win64; x64) AppleWebKit/537.36 (KHTML, like Gecko) Chrome/145.0.0.0 Safari/537.36 (compatible; meta-externalagent/1.1 (+https://developers.facebook.com/docs/sharing/webmasters/crawler))"
2a03:2880:f800:2e:: - - [28/Jul/2026:11:59:28 +0200] "GET /shop/dislodged/corticous242821089668 HTTP/1.1" 404 38568 "-" "Mozilla/5.0 (Windows NT 10.0; Win64; x64) AppleWebKit/537.36 (KHTML, like Gecko) Chrome/145.0.0.0 Safari/537.36 (compatible; meta-externalagent/1.1 (+https://developers.facebook.com/docs/sharing/webmasters/crawler))"
2a03:2880:f800:35:: - - [28/Jul/2026:11:59:35 +0200] "GET /shop/aegagrus/improportionate242180058644 HTTP/1.1" 404 38568 "-" "Mozilla/5.0 (Windows NT 10.0; Win64; x64) AppleWebKit/537.36 (KHTML, like Gecko) Chrome/145.0.0.0 Safari/537.36 (compatible; meta-externalagent/1.1 (+https://developers.facebook.com/docs/sharing/webmasters/crawler))"
171.97.0.196 - - [28/Jul/2026:11:59:37 +0200] "POST /xmlrpc.php HTTP/1.1" 200 6090 "-" "Jetpack by WordPress.com"
2a03:2880:f800:34:: - - [28/Jul/2026:11:59:43 +0200] "GET /shop/knightliness/depiction241845436260 HTTP/1.1" 404 38568 "-" "Mozilla/5.0 (Windows NT 10.0; Win64; x64) AppleWebKit/537.36 (KHTML, like Gecko) Chrome/145.0.0.0 Safari/537.36 (compatible; meta-externalagent/1.1 (+https://developers.facebook.com/docs/sharing/webmasters/crawler))"
171.97.0.196 - - [28/Jul/2026:11:59:47 +0200] "POST /xmlrpc.php HTTP/1.1" 200 6090 "-" "Jetpack/12.5; WordPress/6.3; http://site20401120.com"
171.97.0.196 - - [28/Jul/2026:11:59:58 +0200] "POST /xmlrpc.php HTTP/1.1" 200 6090 "-" "Jetpack by WordPress.com (Jetpack 12.1; WordPress 6.2)"
2a03:2880:f800:a:: - - [28/Jul/2026:11:59:58 +0200] "GET /shop/thewy/taylorwhite243796855275 HTTP/1.1" 404 38568 "-" "Mozilla/5.0 (Macintosh; Intel Mac OS X 10_15_7) AppleWebKit/537.36 (KHTML, like Gecko) Chrome/145.0.0.0 Safari/537.36 (compatible; meta-externalagent/1.1 (+https://developers.facebook.com/docs/sharing/webmasters/crawler))"
2001:1690:2:4::1:118 - - [28/Jul/2026:12:00:08 +0200] "POST /wp-cron.php?doing_wp_cron=1785232808.8750729560852050781250 HTTP/1.1" 200 5522 "-" "WordPress/6.7.5; https://cso-apeldoorn.nl"
171.97.0.196 - - [28/Jul/2026:12:00:08 +0200] "POST /xmlrpc.php HTTP/1.1" 200 6090 "-" "Jetpack/13.0; WordPress/6.4; http://site37317892.com"
57.141.0.67 - - [28/Jul/2026:12:00:16 +0200] "GET /shop/uralaltaic/discreetness243705854331 HTTP/1.1" 404 38568 "-" "Mozilla/5.0 (Macintosh; Intel Mac OS X 10_15_7) AppleWebKit/537.36 (KHTML, like Gecko) Chrome/145.0.0.0 Safari/537.36 (compatible; meta-externalagent/1.1 (+https://developers.facebook.com/docs/sharing/webmasters/crawler))"
171.97.0.196 - - [28/Jul/2026:12:00:19 +0200] "POST /xmlrpc.php HTTP/1.1" 200 6090 "-" "WordPress.com; https://wordpress.com"
171.97.0.196 - - [28/Jul/2026:12:00:30 +0200] "POST /xmlrpc.php HTTP/1.1" 200 6090 "-" "Jetpack by WordPress.com"
171.97.0.196 - - [28/Jul/2026:12:00:40 +0200] "POST /xmlrpc.php HTTP/1.1" 200 6090 "-" "WordPress.com; https://wordpress.com"
171.97.0.196 - - [28/Jul/2026:12:00:51 +0200] "POST /xmlrpc.php HTTP/1.1" 200 6090 "-" "Jetpack/12.5; WordPress/6.4; http://site97575398.com"
57.141.0.62 - - [28/Jul/2026:12:00:52 +0200] "GET /shop/displaying/nereis241989404086 HTTP/1.1" 404 38568 "-" "Mozilla/5.0 (Windows NT 10.0; Win64; x64) AppleWebKit/537.36 (KHTML, like Gecko) Chrome/145.0.0.0 Safari/537.36 (compatible; meta-externalagent/1.1 (+https://developers.facebook.com/docs/sharing/webmasters/crawler))"
2a03:2880:f800:e:: - - [28/Jul/2026:12:00:53 +0200] "GET /shop/greenockite/symphonized241322120535 HTTP/1.1" 404 38568 "-" "Mozilla/5.0 (Windows NT 10.0; Win64; x64) AppleWebKit/537.36 (KHTML, like Gecko) Chrome/145.0.0.0 Safari/537.36 (compatible; meta-externalagent/1.1 (+https://developers.facebook.com/docs/sharing/webmasters/crawler))"
171.97.0.196 - - [28/Jul/2026:12:01:02 +0200] "POST /xmlrpc.php HTTP/1.1" 200 6090 "-" "Jetpack by WordPress.com"
2a03:2880:f800:3a:: - - [28/Jul/2026:12:01:10 +0200] "GET /shop/idlest/gallflies24946414586 HTTP/1.1" 404 38568 "-" "Mozilla/5.0 (Macintosh; Intel Mac OS X 10.15; rv:147.0) Gecko/20100101 Firefox/147.0 (compatible; meta-externalagent/1.1 (+https://developers.facebook.com/docs/sharing/webmasters/crawler))"
171.97.0.196 - - [28/Jul/2026:12:01:12 +0200] "POST /xmlrpc.php HTTP/1.1" 200 6090 "-" "Jetpack by WordPress.com"
2a03:2880:f800:1b:: - - [28/Jul/2026:12:01:14 +0200] "GET /shop/tetartohedral/balaniferous24214893792 HTTP/1.1" 404 38568 "-" "Mozilla/5.0 (Windows NT 10.0; Win64; x64) AppleWebKit/537.36 (KHTML, like Gecko) Chrome/145.0.0.0 Safari/537.36 (compatible; meta-externalagent/1.1 (+https://developers.facebook.com/docs/sharing/webmasters/crawler))"
2a03:2880:f800:3b:: - - [28/Jul/2026:12:01:21 +0200] "GET /shop/annunciative/suborn241469584333 HTTP/1.1" 404 38568 "-" "Mozilla/5.0 (Macintosh; Intel Mac OS X 10_15_7) AppleWebKit/537.36 (KHTML, like Gecko) Chrome/145.0.0.0 Safari/537.36 (compatible; meta-externalagent/1.1 (+https://developers.facebook.com/docs/sharing/webmasters/crawler))"
171.97.0.196 - - [28/Jul/2026:12:01:23 +0200] "POST /xmlrpc.php HTTP/1.1" 200 6090 "-" "WordPress.com; https://wordpress.com"
171.97.0.196 - - [28/Jul/2026:12:01:45 +0200] "POST /xmlrpc.php HTTP/1.1" 200 6090 "-" "WordPress.com; https://wordpress.com"
2001:1690:2:4::1:118 - - [28/Jul/2026:12:01:45 +0200] "POST /wp-cron.php?doing_wp_cron=1785232905.8739631175994873046875 HTTP/1.1" 200 5522 "-" "WordPress/6.7.5; https://cso-apeldoorn.nl"
171.97.0.196 - - [28/Jul/2026:12:01:33 +0200] "POST /xmlrpc.php HTTP/1.1" 200 6090 "-" "WordPress.com; https://wordpress.com"
57.141.0.33 - - [28/Jul/2026:12:01:49 +0200] "GET /shop/holloing/nuytsia242317867277 HTTP/1.1" 404 38568 "-" "Mozilla/5.0 (Windows NT 10.0; Win64; x64) AppleWebKit/537.36 (KHTML, like Gecko) Chrome/145.0.0.0 Safari/537.36 (compatible; meta-externalagent/1.1 (+https://developers.facebook.com/docs/sharing/webmasters/crawler))"
2a03:2880:f800:14:: - - [28/Jul/2026:12:01:53 +0200] "GET /shop/ingredient/hamadryades242618147216 HTTP/1.1" 404 38568 "-" "Mozilla/5.0 (Windows NT 10.0; Win64; x64) AppleWebKit/537.36 (KHTML, like Gecko) Chrome/145.0.0.0 Safari/537.36 (compatible; meta-externalagent/1.1 (+https://developers.facebook.com/docs/sharing/webmasters/crawler))"
171.97.0.196 - - [28/Jul/2026:12:01:55 +0200] "POST /xmlrpc.php HTTP/1.1" 200 6090 "-" "Jetpack by WordPress.com"
171.97.0.196 - - [28/Jul/2026:12:02:05 +0200] "POST /xmlrpc.php HTTP/1.1" 200 6090 "-" "Jetpack by WordPress.com"
171.97.0.196 - - [28/Jul/2026:12:02:16 +0200] "POST /xmlrpc.php HTTP/1.1" 200 6090 "-" "Jetpack by WordPress.com"
171.97.0.196 - - [28/Jul/2026:12:02:26 +0200] "POST /xmlrpc.php HTTP/1.1" 200 6090 "-" "Jetpack/12.5; WordPress/6.1; http://site39378005.com"
171.97.0.196 - - [28/Jul/2026:12:02:37 +0200] "POST /xmlrpc.php HTTP/1.1" 200 6090 "-" "WordPress.com; https://wordpress.com"
171.97.0.196 - - [28/Jul/2026:12:02:48 +0200] "POST /xmlrpc.php HTTP/1.1" 200 6090 "-" "Jetpack by WordPress.com"
2a03:2880:f800:31:: - - [28/Jul/2026:12:02:53 +0200] "GET /shop/frenzy/potelot242178683038 HTTP/1.1" 404 38568 "-" "Mozilla/5.0 (Macintosh; Intel Mac OS X 10_15_7) AppleWebKit/537.36 (KHTML, like Gecko) Chrome/145.0.0.0 Safari/537.36 (compatible; meta-externalagent/1.1 (+https://developers.facebook.com/docs/sharing/webmasters/crawler))"
171.97.0.196 - - [28/Jul/2026:12:02:58 +0200] "POST /xmlrpc.php HTTP/1.1" 200 6090 "-" "Jetpack/13.0; WordPress/6.1; http://site16528836.com"
2a02:a420:2394:4850:e353:7098:153a:d846 - - [28/Jul/2026:12:03:02 +0200] "GET / HTTP/1.1" 200 59194 "https://autismesteunpunt-apeldoorn.nl/" "Mozilla/5.0 (Linux; Android 10; K) AppleWebKit/537.36 (KHTML, like Gecko) Chrome/150.0.0.0 Mobile Safari/537.36"
2a02:a420:2394:4850:e353:7098:153a:d846 - - [28/Jul/2026:12:03:03 +0200] "GET /wp-content/uploads/fusion-styles/9fe82a85d1d962655d7f5d0b166a6763.min.css?ver=3.11.14 HTTP/1.1" 200 5535 "https://cso-apeldoorn.nl/" "Mozilla/5.0 (Linux; Android 10; K) AppleWebKit/537.36 (KHTML, like Gecko) Chrome/150.0.0.0 Mobile Safari/537.36"
2a03:2880:f800:21:: - - [28/Jul/2026:12:03:02 +0200] "GET /shop/snigger/biscutella24969915885 HTTP/1.1" 404 38568 "-" "Mozilla/5.0 (Windows NT 10.0; Win64; x64) AppleWebKit/537.36 (KHTML, like Gecko) Chrome/145.0.0.0 Safari/537.36 (compatible; meta-externalagent/1.1 (+https://developers.facebook.com/docs/sharing/webmasters/crawler))"
2a02:a420:2394:4850:e353:7098:153a:d846 - - [28/Jul/2026:12:03:03 +0200] "GET /wp-content/uploads/2020/01/Schermafbeelding-2020-01-13-om-16.59.58.png HTTP/1.1" 200 5533 "https://cso-apeldoorn.nl/" "Mozilla/5.0 (Linux; Android 10; K) AppleWebKit/537.36 (KHTML, like Gecko) Chrome/150.0.0.0 Mobile Safari/537.36"
2a02:a420:2394:4850:e353:7098:153a:d846 - - [28/Jul/2026:12:03:03 +0200] "GET /wp-content/uploads/2019/11/CSO_logo_retina.png HTTP/1.1" 200 5509 "https://cso-apeldoorn.nl/" "Mozilla/5.0 (Linux; Android 10; K) AppleWebKit/537.36 (KHTML, like Gecko) Chrome/150.0.0.0 Mobile Safari/537.36"
2a02:a420:2394:4850:e353:7098:153a:d846 - - [28/Jul/2026:12:03:03 +0200] "GET /wp-includes/js/mediaelement/mediaelementplayer-legacy.min.css?ver=4.2.17 HTTP/1.1" 200 5523 "https://cso-apeldoorn.nl/" "Mozilla/5.0 (Linux; Android 10; K) AppleWebKit/537.36 (KHTML, like Gecko) Chrome/150.0.0.0 Mobile Safari/537.36"
2a02:a420:2394:4850:e353:7098:153a:d846 - - [28/Jul/2026:12:03:03 +0200] "GET /wp-includes/js/mediaelement/wp-mediaelement.min.css?ver=6.7.5 HTTP/1.1" 200 5513 "https://cso-apeldoorn.nl/" "Mozilla/5.0 (Linux; Android 10; K) AppleWebKit/537.36 (KHTML, like Gecko) Chrome/150.0.0.0 Mobile Safari/537.36"
2a02:a420:2394:4850:e353:7098:153a:d846 - - [28/Jul/2026:12:03:03 +0200] "GET /wp-includes/js/dist/i18n.min.js?ver=5e580eb46a90c2b997e6 HTTP/1.1" 200 5507 "https://cso-apeldoorn.nl/" "Mozilla/5.0 (Linux; Android 10; K) AppleWebKit/537.36 (KHTML, like Gecko) Chrome/150.0.0.0 Mobile Safari/537.36"
2a02:a420:2394:4850:e353:7098:153a:d846 - - [28/Jul/2026:12:03:03 +0200] "GET /wp-includes/js/dist/hooks.min.js?ver=4d63a3d491d11ffd8ac6 HTTP/1.1" 200 5508 "https://cso-apeldoorn.nl/" "Mozilla/5.0 (Linux; Android 10; K) AppleWebKit/537.36 (KHTML, like Gecko) Chrome/150.0.0.0 Mobile Safari/537.36"
2a02:a420:2394:4850:e353:7098:153a:d846 - - [28/Jul/2026:12:03:03 +0200] "GET /wp-content/themes/Avada/includes/lib/assets/fonts/icomoon/awb-icons.woff HTTP/1.1" 200 5535 "https://cso-apeldoorn.nl/wp-content/uploads/fusion-styles/9fe82a85d1d962655d7f5d0b166a6763.min.css?ver=3.11.14" "Mozilla/5.0 (Linux; Android 10; K) AppleWebKit/537.36 (KHTML, like Gecko) Chrome/150.0.0.0 Mobile Safari/537.36"
2a02:a420:2394:4850:e353:7098:153a:d846 - - [28/Jul/2026:12:03:03 +0200] "GET /wp-content/plugins/contact-form-7/includes/swv/js/index.js?ver=6.1.6 HTTP/1.1" 200 5534 "https://cso-apeldoorn.nl/" "Mozilla/5.0 (Linux; Android 10; K) AppleWebKit/537.36 (KHTML, like Gecko) Chrome/150.0.0.0 Mobile Safari/537.36"
2a02:a420:2394:4850:e353:7098:153a:d846 - - [28/Jul/2026:12:03:03 +0200] "GET /wp-content/plugins/contact-form-7/includes/js/index.js?ver=6.1.6 HTTP/1.1" 200 5530 "https://cso-apeldoorn.nl/" "Mozilla/5.0 (Linux; Android 10; K) AppleWebKit/537.36 (KHTML, like Gecko) Chrome/150.0.0.0 Mobile Safari/537.36"
2a02:a420:2394:4850:e353:7098:153a:d846 - - [28/Jul/2026:12:03:03 +0200] "GET /wp-content/plugins/contact-form-7/modules/recaptcha/index.js?ver=6.1.6 HTTP/1.1" 200 6455 "https://cso-apeldoorn.nl/" "Mozilla/5.0 (Linux; Android 10; K) AppleWebKit/537.36 (KHTML, like Gecko) Chrome/150.0.0.0 Mobile Safari/537.36"
2a02:a420:2394:4850:e353:7098:153a:d846 - - [28/Jul/2026:12:03:03 +0200] "GET /wp-includes/js/mediaelement/mediaelement-migrate.min.js?ver=6.7.5 HTTP/1.1" 200 5531 "https://cso-apeldoorn.nl/" "Mozilla/5.0 (Linux; Android 10; K) AppleWebKit/537.36 (KHTML, like Gecko) Chrome/150.0.0.0 Mobile Safari/537.36"
2a02:a420:2394:4850:e353:7098:153a:d846 - - [28/Jul/2026:12:03:03 +0200] "GET /wp-includes/js/mediaelement/mediaelement-and-player.min.js?ver=4.2.17 HTTP/1.1" 200 5534 "https://cso-apeldoorn.nl/" "Mozilla/5.0 (Linux; Android 10; K) AppleWebKit/537.36 (KHTML, like Gecko) Chrome/150.0.0.0 Mobile Safari/537.36"
2a02:a420:2394:4850:e353:7098:153a:d846 - - [28/Jul/2026:12:03:03 +0200] "GET /wp-includes/js/dist/vendor/wp-polyfill.min.js?ver=3.15.0 HTTP/1.1" 200 5521 "https://cso-apeldoorn.nl/" "Mozilla/5.0 (Linux; Android 10; K) AppleWebKit/537.36 (KHTML, like Gecko) Chrome/150.0.0.0 Mobile Safari/537.36"
2a02:a420:2394:4850:e353:7098:153a:d846 - - [28/Jul/2026:12:03:03 +0200] "GET /wp-includes/js/jquery/jquery.min.js?ver=3.7.1 HTTP/1.1" 200 5511 "https://cso-apeldoorn.nl/" "Mozilla/5.0 (Linux; Android 10; K) AppleWebKit/537.36 (KHTML, like Gecko) Chrome/150.0.0.0 Mobile Safari/537.36"
2a02:a420:2394:4850:e353:7098:153a:d846 - - [28/Jul/2026:12:03:03 +0200] "GET /wp-includes/js/mediaelement/wp-mediaelement.min.js?ver=6.7.5 HTTP/1.1" 200 5526 "https://cso-apeldoorn.nl/" "Mozilla/5.0 (Linux; Android 10; K) AppleWebKit/537.36 (KHTML, like Gecko) Chrome/150.0.0.0 Mobile Safari/537.36"
2a02:a420:2394:4850:e353:7098:153a:d846 - - [28/Jul/2026:12:03:03 +0200] "GET /wp-includes/js/mediaelement/renderers/vimeo.min.js?ver=4.2.17 HTTP/1.1" 200 5526 "https://cso-apeldoorn.nl/" "Mozilla/5.0 (Linux; Android 10; K) AppleWebKit/537.36 (KHTML, like Gecko) Chrome/150.0.0.0 Mobile Safari/537.36"
2a02:a420:2394:4850:e353:7098:153a:d846 - - [28/Jul/2026:12:03:03 +0200] "GET /wp-content/uploads/fusion-scripts/70d7131947a8a329f87292c724a2d2f6.min.js?ver=3.11.14 HTTP/1.1" 200 5549 "https://cso-apeldoorn.nl/" "Mozilla/5.0 (Linux; Android 10; K) AppleWebKit/537.36 (KHTML, like Gecko) Chrome/150.0.0.0 Mobile Safari/537.36"
2a02:a420:2394:4850:e353:7098:153a:d846 - - [28/Jul/2026:12:03:03 +0200] "GET /wp-content/uploads/2020/01/CSO-Apeldoorn-overkoepelend-final-HQ-v1.mp4?_=1 HTTP/1.1" 200 5533 "https://cso-apeldoorn.nl/" "Mozilla/5.0 (Linux; Android 10; K) AppleWebKit/537.36 (KHTML, like Gecko) Chrome/150.0.0.0 Mobile Safari/537.36"
2a02:a420:2394:4850:e353:7098:153a:d846 - - [28/Jul/2026:12:03:03 +0200] "GET /wp-content/uploads/2019/07/CSO-logo.png HTTP/1.1" 200 5502 "https://cso-apeldoorn.nl/" "Mozilla/5.0 (Linux; Android 10; K) AppleWebKit/537.36 (KHTML, like Gecko) Chrome/150.0.0.0 Mobile Safari/537.36"
2a02:a420:2394:4850:e353:7098:153a:d846 - - [28/Jul/2026:12:03:03 +0200] "GET /wp-content/uploads/2020/01/CSO-Apeldoorn-overkoepelend-final-HQ-v1.mp4?_=1 HTTP/1.1" 200 5533 "https://cso-apeldoorn.nl/" "Mozilla/5.0 (Linux; Android 10; K) AppleWebKit/537.36 (KHTML, like Gecko) Chrome/150.0.0.0 Mobile Safari/537.36"
2a02:a420:2394:4850:e353:7098:153a:d846 - - [28/Jul/2026:12:03:03 +0200] "GET /wp-content/uploads/2019/11/Header_CSO-Apeldoorn-1.jpg HTTP/1.1" 200 5517 "https://cso-apeldoorn.nl/" "Mozilla/5.0 (Linux; Android 10; K) AppleWebKit/537.36 (KHTML, like Gecko) Chrome/150.0.0.0 Mobile Safari/537.36"
2a02:a420:2394:4850:e353:7098:153a:d846 - - [28/Jul/2026:12:03:03 +0200] "GET /wp-content/uploads/2020/01/CSO-Apeldoorn-overkoepelend-final-HQ-v1.mp4?_=1 HTTP/1.1" 200 5533 "https://cso-apeldoorn.nl/" "Mozilla/5.0 (Linux; Android 10; K) AppleWebKit/537.36 (KHTML, like Gecko) Chrome/150.0.0.0 Mobile Safari/537.36"
2a02:a420:2394:4850:e353:7098:153a:d846 - - [28/Jul/2026:12:03:03 +0200] "GET /wp-includes/js/mediaelement/mejs-controls.svg HTTP/1.1" 200 5512 "https://cso-apeldoorn.nl/wp-includes/js/mediaelement/mediaelementplayer-legacy.min.css?ver=4.2.17" "Mozilla/5.0 (Linux; Android 10; K) AppleWebKit/537.36 (KHTML, like Gecko) Chrome/150.0.0.0 Mobile Safari/537.36"
2a02:a420:2394:4850:e353:7098:153a:d846 - - [28/Jul/2026:12:03:03 +0200] "GET /wp-content/uploads/2020/01/CSO-Apeldoorn-overkoepelend-final-HQ-v1.mp4?_=1 HTTP/1.1" 200 5533 "https://cso-apeldoorn.nl/" "Mozilla/5.0 (Linux; Android 10; K) AppleWebKit/537.36 (KHTML, like Gecko) Chrome/150.0.0.0 Mobile Safari/537.36"
2a02:a420:2394:4850:e353:7098:153a:d846 - - [28/Jul/2026:12:03:03 +0200] "GET /wp-json/contact-form-7/v1/contact-forms/421/feedback/schema HTTP/1.1" 200 6438 "https://cso-apeldoorn.nl/" "Mozilla/5.0 (Linux; Android 10; K) AppleWebKit/537.36 (KHTML, like Gecko) Chrome/150.0.0.0 Mobile Safari/537.36"
2a02:a420:2394:4850:e353:7098:153a:d846 - - [28/Jul/2026:12:03:03 +0200] "GET /wp-content/uploads/fusion-styles/9fe82a85d1d962655d7f5d0b166a6763.min.css?ver=3.11.14 HTTP/1.1" 200 114477 "https://cso-apeldoorn.nl/" "Mozilla/5.0 (Linux; Android 10; K) AppleWebKit/537.36 (KHTML, like Gecko) Chrome/150.0.0.0 Mobile Safari/537.36"
2a02:a420:2394:4850:e353:7098:153a:d846 - - [28/Jul/2026:12:03:03 +0200] "GET /wp-content/uploads/2019/11/CSO_logo_retina.png HTTP/1.1" 200 4036 "https://cso-apeldoorn.nl/" "Mozilla/5.0 (Linux; Android 10; K) AppleWebKit/537.36 (KHTML, like Gecko) Chrome/150.0.0.0 Mobile Safari/537.36"
