2a03:2880:f800:41:: - - [28/Jul/2026:11:25:14 +0200] "GET /shop/slipknot/ignored244282696574 HTTP/1.1" 404 38568 "-" "Mozilla/5.0 (Windows NT 10.0; Win64; x64) AppleWebKit/537.36 (KHTML, like Gecko) Chrome/145.0.0.0 Safari/537.36 (compatible; meta-externalagent/1.1 (+https://developers.facebook.com/docs/sharing/webmasters/crawler))"
102.31.204.25 - - [28/Jul/2026:11:25:15 +0200] "POST /xmlrpc.php HTTP/1.1" 200 6090 "-" "Jetpack by WordPress.com (Jetpack 12.5; WordPress 6.2)"
146.70.194.220 - - [28/Jul/2026:11:25:16 +0200] "GET /wp-content/uploads/ HTTP/1.1" 403 5616 "-" "-"
2a03:2880:f800:1e:: - - [28/Jul/2026:11:25:16 +0200] "GET /shop/vesper/swarding242587287589 HTTP/1.1" 404 38568 "-" "Mozilla/5.0 (Windows NT 10.0; Win64; x64) AppleWebKit/537.36 (KHTML, like Gecko) Chrome/145.0.0.0 Safari/537.36 (compatible; meta-externalagent/1.1 (+https://developers.facebook.com/docs/sharing/webmasters/crawler))"
146.70.194.220 - - [28/Jul/2026:11:25:16 +0200] "GET /wp-includes/ HTTP/1.1" 403 5616 "-" "-"
146.70.194.220 - - [28/Jul/2026:11:25:16 +0200] "GET /wp-includes/css/ HTTP/1.1" 403 5616 "-" "-"
146.70.194.220 - - [28/Jul/2026:11:25:16 +0200] "GET /wp-includes/ID3/ HTTP/1.1" 403 5616 "-" "-"
146.70.194.220 - - [28/Jul/2026:11:25:17 +0200] "GET /wp-includes/IXR/ HTTP/1.1" 403 5616 "-" "-"
146.70.194.220 - - [28/Jul/2026:11:25:17 +0200] "GET /wp-includes/Requests/ HTTP/1.1" 403 5616 "-" "-"
146.70.194.220 - - [28/Jul/2026:11:25:17 +0200] "GET /wp-includes/SimplePie/ HTTP/1.1" 403 5616 "-" "-"
146.70.194.220 - - [28/Jul/2026:11:25:17 +0200] "GET /wp-includes/Text/ HTTP/1.1" 403 5616 "-" "-"
146.70.194.220 - - [28/Jul/2026:11:25:17 +0200] "GET /wp-content/mu-plugins-old/ HTTP/1.1" 404 38520 "-" "-"
2401:4900:8830:f4b3:a9dd:2d40:4027:92d5 - - [28/Jul/2026:11:25:22 +0200] "POST /xmlrpc.php HTTP/1.1" 200 6090 "-" "Jetpack/12.5; WordPress/6.2; http://site81553620.com"
102.31.204.25 - - [28/Jul/2026:11:25:26 +0200] "POST /xmlrpc.php HTTP/1.1" 200 6090 "-" "Jetpack/12.5; WordPress/6.1; http://site34879608.com"
2401:4900:8830:f4b3:a9dd:2d40:4027:92d5 - - [28/Jul/2026:11:25:33 +0200] "POST /xmlrpc.php HTTP/1.1" 200 6090 "-" "Jetpack by WordPress.com (Jetpack 12.1; WordPress 6.1)"
102.31.204.25 - - [28/Jul/2026:11:25:37 +0200] "POST /xmlrpc.php HTTP/1.1" 200 6090 "-" "WordPress.com; https://wordpress.com"
2a03:2880:f800:38:: - - [28/Jul/2026:11:25:41 +0200] "GET /shop/buntings/sanctitude242612455394 HTTP/1.1" 404 38568 "-" "Mozilla/5.0 (Windows NT 10.0; Win64; x64) AppleWebKit/537.36 (KHTML, like Gecko) Chrome/145.0.0.0 Safari/537.36 (compatible; meta-externalagent/1.1 (+https://developers.facebook.com/docs/sharing/webmasters/crawler))"
2401:4900:8830:f4b3:a9dd:2d40:4027:92d5 - - [28/Jul/2026:11:25:44 +0200] "POST /xmlrpc.php HTTP/1.1" 200 6090 "-" "Jetpack by WordPress.com (Jetpack 13.0; WordPress 6.1)"
102.31.204.25 - - [28/Jul/2026:11:25:48 +0200] "POST /xmlrpc.php HTTP/1.1" 200 6090 "-" "Jetpack by WordPress.com"
2a03:2880:f800:6:: - - [28/Jul/2026:11:25:54 +0200] "GET /shop/reolar/featherhead241162520834 HTTP/1.1" 404 38568 "-" "Mozilla/5.0 (Windows NT 10.0; Win64; x64) AppleWebKit/537.36 (KHTML, like Gecko) Chrome/145.0.0.0 Safari/537.36 (compatible; meta-externalagent/1.1 (+https://developers.facebook.com/docs/sharing/webmasters/crawler))"
2401:4900:8830:f4b3:a9dd:2d40:4027:92d5 - - [28/Jul/2026:11:25:55 +0200] "POST /xmlrpc.php HTTP/1.1" 200 6090 "-" "Jetpack by WordPress.com"
102.31.204.25 - - [28/Jul/2026:11:25:58 +0200] "POST /xmlrpc.php HTTP/1.1" 200 6090 "-" "WordPress.com; https://wordpress.com"
2401:4900:8830:f4b3:a9dd:2d40:4027:92d5 - - [28/Jul/2026:11:26:05 +0200] "POST /xmlrpc.php HTTP/1.1" 200 6090 "-" "Jetpack by WordPress.com"
102.31.204.25 - - [28/Jul/2026:11:26:09 +0200] "POST /xmlrpc.php HTTP/1.1" 200 6090 "-" "WordPress.com; https://wordpress.com"
66.249.70.38 - - [28/Jul/2026:11:26:09 +0200] "GET /shop/software/jogged25882067112 HTTP/1.1" 404 38719 "-" "Mozilla/5.0 (Linux; Android 6.0.1; Nexus 5X Build/MMB29P) AppleWebKit/537.36 (KHTML, like Gecko) Chrome/150.0.7871.128 Mobile Safari/537.36 (compatible; GoogleOther)"
2401:4900:8830:f4b3:a9dd:2d40:4027:92d5 - - [28/Jul/2026:11:26:16 +0200] "POST /xmlrpc.php HTTP/1.1" 200 6090 "-" "Jetpack by WordPress.com"
2a03:2880:f800:13:: - - [28/Jul/2026:11:26:17 +0200] "GET /shop/jeunesse/uranographic243728719388 HTTP/1.1" 404 38568 "-" "Mozilla/5.0 (Windows NT 10.0; Win64; x64) AppleWebKit/537.36 (KHTML, like Gecko) Chrome/145.0.0.0 Safari/537.36 (compatible; meta-externalagent/1.1 (+https://developers.facebook.com/docs/sharing/webmasters/crawler))"
2a03:2880:f800:2e:: - - [28/Jul/2026:11:26:18 +0200] "GET /shop/calaverite/pseudaesthesia243106045802 HTTP/1.1" 404 38568 "-" "Mozilla/5.0 (Windows NT 10.0; Win64; x64) AppleWebKit/537.36 (KHTML, like Gecko) Chrome/145.0.0.0 Safari/537.36 (compatible; meta-externalagent/1.1 (+https://developers.facebook.com/docs/sharing/webmasters/crawler))"
102.31.204.25 - - [28/Jul/2026:11:26:20 +0200] "POST /xmlrpc.php HTTP/1.1" 200 6090 "-" "WordPress.com; https://wordpress.com"
2a03:2880:f800:33:: - - [28/Jul/2026:11:26:20 +0200] "GET /shop/zeros/petersburg242389248648 HTTP/1.1" 404 38568 "-" "Mozilla/5.0 (Windows NT 10.0; Win64; x64) AppleWebKit/537.36 (KHTML, like Gecko) Chrome/145.0.0.0 Safari/537.36 (compatible; meta-externalagent/1.1 (+https://developers.facebook.com/docs/sharing/webmasters/crawler))"
2401:4900:8830:f4b3:a9dd:2d40:4027:92d5 - - [28/Jul/2026:11:26:27 +0200] "POST /xmlrpc.php HTTP/1.1" 200 6090 "-" "Jetpack by WordPress.com (Jetpack 12.1; WordPress 6.4)"
102.31.204.25 - - [28/Jul/2026:11:26:30 +0200] "POST /xmlrpc.php HTTP/1.1" 200 6090 "-" "Jetpack/12.1; WordPress/6.1; http://site88124304.com"
2a03:2880:f800:13:: - - [28/Jul/2026:11:26:36 +0200] "GET /shop/pretense/enchant24728276448 HTTP/1.1" 404 38568 "-" "Mozilla/5.0 (Macintosh; Intel Mac OS X 10_15_7) AppleWebKit/537.36 (KHTML, like Gecko) Chrome/145.0.0.0 Safari/537.36 (compatible; meta-externalagent/1.1 (+https://developers.facebook.com/docs/sharing/webmasters/crawler))"
2401:4900:8830:f4b3:a9dd:2d40:4027:92d5 - - [28/Jul/2026:11:26:38 +0200] "POST /xmlrpc.php HTTP/1.1" 200 6090 "-" "WordPress.com; https://wordpress.com"
102.31.204.25 - - [28/Jul/2026:11:26:41 +0200] "POST /xmlrpc.php HTTP/1.1" 200 6090 "-" "Jetpack by WordPress.com"
2401:4900:8830:f4b3:a9dd:2d40:4027:92d5 - - [28/Jul/2026:11:26:49 +0200] "POST /xmlrpc.php HTTP/1.1" 200 6090 "-" "Jetpack/13.0; WordPress/6.2; http://site76578526.com"
102.31.204.25 - - [28/Jul/2026:11:26:51 +0200] "POST /xmlrpc.php HTTP/1.1" 200 6090 "-" "WordPress.com; https://wordpress.com"
2401:4900:8830:f4b3:a9dd:2d40:4027:92d5 - - [28/Jul/2026:11:26:59 +0200] "POST /xmlrpc.php HTTP/1.1" 200 6090 "-" "Jetpack by WordPress.com"
66.249.70.38 - - [28/Jul/2026:11:26:58 +0200] "GET /shop/believe/ichthulin013022532254 HTTP/1.1" 200 208265 "-" "Mozilla/5.0 (Linux; Android 6.0.1; Nexus 5X Build/MMB29P) AppleWebKit/537.36 (KHTML, like Gecko) Chrome/150.0.7871.128 Mobile Safari/537.36 (compatible; Googlebot/2.1; +http://www.google.com/bot.html)"
102.31.204.25 - - [28/Jul/2026:11:27:02 +0200] "POST /xmlrpc.php HTTP/1.1" 200 6090 "-" "Jetpack by WordPress.com (Jetpack 12.0; WordPress 6.3)"
2a03:2880:f800:13:: - - [28/Jul/2026:11:27:09 +0200] "GET /shop/desulphurate/feronia243583734246 HTTP/1.1" 404 38568 "-" "Mozilla/5.0 (Windows NT 10.0; Win64; x64) AppleWebKit/537.36 (KHTML, like Gecko) Chrome/145.0.0.0 Safari/537.36 (compatible; meta-externalagent/1.1 (+https://developers.facebook.com/docs/sharing/webmasters/crawler))"
2401:4900:8830:f4b3:a9dd:2d40:4027:92d5 - - [28/Jul/2026:11:27:10 +0200] "POST /xmlrpc.php HTTP/1.1" 200 6090 "-" "Jetpack/13.0; WordPress/6.2; http://site40009438.com"
102.31.204.25 - - [28/Jul/2026:11:27:13 +0200] "POST /xmlrpc.php HTTP/1.1" 200 6090 "-" "Jetpack by WordPress.com"
2a03:2880:f800:40:: - - [28/Jul/2026:11:27:18 +0200] "GET /shop/shank/voicing2468514748 HTTP/1.1" 404 38568 "-" "Mozilla/5.0 (Macintosh; Intel Mac OS X 10_15_7) AppleWebKit/537.36 (KHTML, like Gecko) Chrome/145.0.0.0 Safari/537.36 (compatible; meta-externalagent/1.1 (+https://developers.facebook.com/docs/sharing/webmasters/crawler))"
2a03:2880:f800:1b:: - - [28/Jul/2026:11:27:20 +0200] "GET /shop/antilocapra/ciderkin2474315619 HTTP/1.1" 404 38568 "-" "Mozilla/5.0 (Windows NT 10.0; Win64; x64) AppleWebKit/537.36 (KHTML, like Gecko) Chrome/145.0.0.0 Safari/537.36 (compatible; meta-externalagent/1.1 (+https://developers.facebook.com/docs/sharing/webmasters/crawler))"
2401:4900:8830:f4b3:a9dd:2d40:4027:92d5 - - [28/Jul/2026:11:27:21 +0200] "POST /xmlrpc.php HTTP/1.1" 200 6090 "-" "WordPress.com; https://wordpress.com"
102.31.204.25 - - [28/Jul/2026:11:27:23 +0200] "POST /xmlrpc.php HTTP/1.1" 200 6090 "-" "Jetpack by WordPress.com (Jetpack 12.0; WordPress 6.3)"
2401:4900:8830:f4b3:a9dd:2d40:4027:92d5 - - [28/Jul/2026:11:27:32 +0200] "POST /xmlrpc.php HTTP/1.1" 200 6090 "-" "Jetpack by WordPress.com (Jetpack 12.0; WordPress 6.3)"
102.31.204.25 - - [28/Jul/2026:11:27:34 +0200] "POST /xmlrpc.php HTTP/1.1" 200 6090 "-" "WordPress.com; https://wordpress.com"
2a03:2880:f800:8:: - - [28/Jul/2026:11:27:41 +0200] "GET /sitemap-subitems-2282.xml HTTP/1.1" 404 36445 "-" "Mozilla/5.0 (Windows NT 10.0; Win64; x64) AppleWebKit/537.36 (KHTML, like Gecko) Chrome/145.0.0.0 Safari/537.36 (compatible; meta-externalagent/1.1 (+https://developers.facebook.com/docs/sharing/webmasters/crawler))"
2401:4900:8830:f4b3:a9dd:2d40:4027:92d5 - - [28/Jul/2026:11:27:42 +0200] "POST /xmlrpc.php HTTP/1.1" 200 6090 "-" "Jetpack by WordPress.com"
2a03:2880:f800:3f:: - - [28/Jul/2026:11:27:42 +0200] "GET /shop/galvanoscope/cashoo242716171911 HTTP/1.1" 404 38568 "-" "Mozilla/5.0 (Windows NT 10.0; Win64; x64) AppleWebKit/537.36 (KHTML, like Gecko) Chrome/145.0.0.0 Safari/537.36 (compatible; meta-externalagent/1.1 (+https://developers.facebook.com/docs/sharing/webmasters/crawler))"
102.31.204.25 - - [28/Jul/2026:11:27:45 +0200] "POST /xmlrpc.php HTTP/1.1" 200 6090 "-" "Jetpack by WordPress.com"
2a03:2880:f800:38:: - - [28/Jul/2026:11:27:46 +0200] "GET /shop/gamete/geophysicist241860530655 HTTP/1.1" 404 38568 "-" "Mozilla/5.0 (Windows NT 10.0; Win64; x64) AppleWebKit/537.36 (KHTML, like Gecko) Chrome/145.0.0.0 Safari/537.36 (compatible; meta-externalagent/1.1 (+https://developers.facebook.com/docs/sharing/webmasters/crawler))"
2401:4900:8830:f4b3:a9dd:2d40:4027:92d5 - - [28/Jul/2026:11:27:53 +0200] "POST /xmlrpc.php HTTP/1.1" 200 6090 "-" "Jetpack by WordPress.com"
102.31.204.25 - - [28/Jul/2026:11:27:55 +0200] "POST /xmlrpc.php HTTP/1.1" 200 6090 "-" "WordPress.com; https://wordpress.com"
2401:4900:8830:f4b3:a9dd:2d40:4027:92d5 - - [28/Jul/2026:11:28:04 +0200] "POST /xmlrpc.php HTTP/1.1" 200 6090 "-" "Jetpack by WordPress.com"
2a03:2880:f800:8:: - - [28/Jul/2026:11:28:05 +0200] "GET /shop/centropomus/imputable244169374112 HTTP/1.1" 404 38568 "-" "Mozilla/5.0 (Windows NT 10.0; Win64; x64) AppleWebKit/537.36 (KHTML, like Gecko) Chrome/145.0.0.0 Safari/537.36 (compatible; meta-externalagent/1.1 (+https://developers.facebook.com/docs/sharing/webmasters/crawler))"
102.31.204.25 - - [28/Jul/2026:11:28:06 +0200] "POST /xmlrpc.php HTTP/1.1" 200 6090 "-" "Jetpack/13.0; WordPress/6.1; http://site66103484.com"
2401:4900:8830:f4b3:a9dd:2d40:4027:92d5 - - [28/Jul/2026:11:28:15 +0200] "POST /xmlrpc.php HTTP/1.1" 200 6090 "-" "Jetpack by WordPress.com (Jetpack 12.5; WordPress 6.2)"
2405:201:c039:421b:754e:eeba:fe24:4f00 - - [28/Jul/2026:11:28:16 +0200] "POST /xmlrpc.php HTTP/1.1" 403 5610 "-" "Jetpack by WordPress.com (Jetpack 12.1; WordPress 6.1)"
102.31.204.25 - - [28/Jul/2026:11:28:17 +0200] "POST /xmlrpc.php HTTP/1.1" 200 6090 "-" "Jetpack by WordPress.com"
2a03:2880:f800:15:: - - [28/Jul/2026:11:28:19 +0200] "GET /shop/paleosaurus/oligostachya241308110910 HTTP/1.1" 404 38568 "-" "Mozilla/5.0 (Windows NT 10.0; Win64; x64) AppleWebKit/537.36 (KHTML, like Gecko) Chrome/145.0.0.0 Safari/537.36 (compatible; meta-externalagent/1.1 (+https://developers.facebook.com/docs/sharing/webmasters/crawler))"
2401:4900:8830:f4b3:a9dd:2d40:4027:92d5 - - [28/Jul/2026:11:28:26 +0200] "POST /xmlrpc.php HTTP/1.1" 200 6090 "-" "Jetpack by WordPress.com (Jetpack 12.5; WordPress 6.2)"
102.31.204.25 - - [28/Jul/2026:11:28:27 +0200] "POST /xmlrpc.php HTTP/1.1" 200 6090 "-" "Jetpack by WordPress.com (Jetpack 12.0; WordPress 6.3)"
2405:201:c039:421b:754e:eeba:fe24:4f00 - - [28/Jul/2026:11:28:31 +0200] "POST /xmlrpc.php HTTP/1.1" 403 5610 "-" "WordPress.com; https://wordpress.com"
2405:201:c039:421b:754e:eeba:fe24:4f00 - - [28/Jul/2026:11:28:36 +0200] "POST /xmlrpc.php HTTP/1.1" 403 5610 "-" "WordPress.com; https://wordpress.com"
2401:4900:8830:f4b3:a9dd:2d40:4027:92d5 - - [28/Jul/2026:11:28:36 +0200] "POST /xmlrpc.php HTTP/1.1" 200 6090 "-" "WordPress.com; https://wordpress.com"
102.31.204.25 - - [28/Jul/2026:11:28:38 +0200] "POST /xmlrpc.php HTTP/1.1" 200 6090 "-" "Jetpack by WordPress.com (Jetpack 12.1; WordPress 6.4)"
2a03:2880:f800:33:: - - [28/Jul/2026:11:28:38 +0200] "GET /shop/elong/ungracious241592462094 HTTP/1.1" 404 38568 "-" "Mozilla/5.0 (Windows NT 10.0; Win64; x64) AppleWebKit/537.36 (KHTML, like Gecko) Chrome/145.0.0.0 Safari/537.36 (compatible; meta-externalagent/1.1 (+https://developers.facebook.com/docs/sharing/webmasters/crawler))"
2405:201:c039:421b:754e:eeba:fe24:4f00 - - [28/Jul/2026:11:28:46 +0200] "POST /xmlrpc.php HTTP/1.1" 403 5610 "-" "Jetpack/13.0; WordPress/6.3; http://site21105113.com"
2401:4900:8830:f4b3:a9dd:2d40:4027:92d5 - - [28/Jul/2026:11:28:47 +0200] "POST /xmlrpc.php HTTP/1.1" 200 6090 "-" "Jetpack/12.5; WordPress/6.3; http://site13607106.com"
102.31.204.25 - - [28/Jul/2026:11:28:49 +0200] "POST /xmlrpc.php HTTP/1.1" 200 6090 "-" "Jetpack/12.0; WordPress/6.1; http://site19776154.com"
2a03:2880:f800:1c:: - - [28/Jul/2026:11:28:56 +0200] "GET /shop/dilative/quadrumanous241699088508 HTTP/1.1" 404 38568 "-" "Mozilla/5.0 (Windows NT 10.0; Win64; x64) AppleWebKit/537.36 (KHTML, like Gecko) Chrome/145.0.0.0 Safari/537.36 (compatible; meta-externalagent/1.1 (+https://developers.facebook.com/docs/sharing/webmasters/crawler))"
2405:201:c039:421b:754e:eeba:fe24:4f00 - - [28/Jul/2026:11:28:57 +0200] "POST /xmlrpc.php HTTP/1.1" 403 5610 "-" "Jetpack by WordPress.com"
2a03:2880:f800:20:: - - [28/Jul/2026:11:28:58 +0200] "GET /shop/ecdyses/affectibility241500476309 HTTP/1.1" 404 38568 "-" "Mozilla/5.0 (Windows NT 10.0; Win64; x64) AppleWebKit/537.36 (KHTML, like Gecko) Chrome/145.0.0.0 Safari/537.36 (compatible; meta-externalagent/1.1 (+https://developers.facebook.com/docs/sharing/webmasters/crawler))"
2401:4900:8830:f4b3:a9dd:2d40:4027:92d5 - - [28/Jul/2026:11:28:58 +0200] "POST /xmlrpc.php HTTP/1.1" 200 6090 "-" "Jetpack by WordPress.com"
102.31.204.25 - - [28/Jul/2026:11:28:59 +0200] "POST /xmlrpc.php HTTP/1.1" 200 6090 "-" "Jetpack/13.0; WordPress/6.3; http://site30271794.com"
2a03:2880:f800:9:: - - [28/Jul/2026:11:29:00 +0200] "GET /shop/whinberry/relinquish243076202402 HTTP/1.1" 404 38568 "-" "Mozilla/5.0 (Macintosh; Intel Mac OS X 10_15_7) AppleWebKit/537.36 (KHTML, like Gecko) Chrome/145.0.0.0 Safari/537.36 (compatible; meta-externalagent/1.1 (+https://developers.facebook.com/docs/sharing/webmasters/crawler))"
2405:201:c039:421b:754e:eeba:fe24:4f00 - - [28/Jul/2026:11:29:08 +0200] "POST /xmlrpc.php HTTP/1.1" 403 5610 "-" "Jetpack/12.0; WordPress/6.3; http://site70632153.com"
2401:4900:8830:f4b3:a9dd:2d40:4027:92d5 - - [28/Jul/2026:11:29:09 +0200] "POST /xmlrpc.php HTTP/1.1" 200 6090 "-" "WordPress.com; https://wordpress.com"
102.31.204.25 - - [28/Jul/2026:11:29:10 +0200] "POST /xmlrpc.php HTTP/1.1" 200 6090 "-" "Jetpack/13.0; WordPress/6.1; http://site97354472.com"
2a03:2880:f800:26:: - - [28/Jul/2026:11:29:14 +0200] "GET /shop/senecas/tellurion243261196415 HTTP/1.1" 404 38568 "-" "Mozilla/5.0 (Windows NT 10.0; Win64; x64) AppleWebKit/537.36 (KHTML, like Gecko) Chrome/145.0.0.0 Safari/537.36 (compatible; meta-externalagent/1.1 (+https://developers.facebook.com/docs/sharing/webmasters/crawler))"
2405:201:c039:421b:754e:eeba:fe24:4f00 - - [28/Jul/2026:11:29:18 +0200] "POST /xmlrpc.php HTTP/1.1" 403 5610 "-" "Jetpack/12.5; WordPress/6.4; http://site67305204.com"
2401:4900:8830:f4b3:a9dd:2d40:4027:92d5 - - [28/Jul/2026:11:29:20 +0200] "POST /xmlrpc.php HTTP/1.1" 200 6090 "-" "Jetpack/13.0; WordPress/6.4; http://site36323058.com"
102.31.204.25 - - [28/Jul/2026:11:29:21 +0200] "POST /xmlrpc.php HTTP/1.1" 200 6090 "-" "WordPress.com; https://wordpress.com"
2a03:2880:f800:45:: - - [28/Jul/2026:11:29:21 +0200] "GET /shop/overconfidence/camaraderie241086841527 HTTP/1.1" 404 38568 "-" "Mozilla/5.0 (Windows NT 10.0; Win64; x64) AppleWebKit/537.36 (KHTML, like Gecko) Chrome/145.0.0.0 Safari/537.36 (compatible; meta-externalagent/1.1 (+https://developers.facebook.com/docs/sharing/webmasters/crawler))"
2405:201:c039:421b:754e:eeba:fe24:4f00 - - [28/Jul/2026:11:29:29 +0200] "POST /xmlrpc.php HTTP/1.1" 403 5610 "-" "Jetpack by WordPress.com (Jetpack 12.1; WordPress 6.1)"
2401:4900:8830:f4b3:a9dd:2d40:4027:92d5 - - [28/Jul/2026:11:29:30 +0200] "POST /xmlrpc.php HTTP/1.1" 200 6090 "-" "WordPress.com; https://wordpress.com"
102.31.204.25 - - [28/Jul/2026:11:29:31 +0200] "POST /xmlrpc.php HTTP/1.1" 200 6090 "-" "Jetpack/12.5; WordPress/6.2; http://site65691209.com"
2405:201:c039:421b:754e:eeba:fe24:4f00 - - [28/Jul/2026:11:29:40 +0200] "POST /xmlrpc.php HTTP/1.1" 403 5610 "-" "Jetpack/12.1; WordPress/6.3; http://site66534076.com"
2401:4900:8830:f4b3:a9dd:2d40:4027:92d5 - - [28/Jul/2026:11:29:41 +0200] "POST /xmlrpc.php HTTP/1.1" 200 6090 "-" "Jetpack by WordPress.com"
102.31.204.25 - - [28/Jul/2026:11:29:42 +0200] "POST /xmlrpc.php HTTP/1.1" 200 6090 "-" "Jetpack by WordPress.com (Jetpack 12.1; WordPress 6.2)"
2405:201:c039:421b:754e:eeba:fe24:4f00 - - [28/Jul/2026:11:29:51 +0200] "POST /xmlrpc.php HTTP/1.1" 403 5610 "-" "WordPress.com; https://wordpress.com"
2401:4900:8830:f4b3:a9dd:2d40:4027:92d5 - - [28/Jul/2026:11:29:52 +0200] "POST /xmlrpc.php HTTP/1.1" 200 6090 "-" "Jetpack by WordPress.com"
102.31.204.25 - - [28/Jul/2026:11:29:53 +0200] "POST /xmlrpc.php HTTP/1.1" 200 6090 "-" "Jetpack by WordPress.com (Jetpack 12.1; WordPress 6.1)"
2405:201:c039:421b:754e:eeba:fe24:4f00 - - [28/Jul/2026:11:30:01 +0200] "POST /xmlrpc.php HTTP/1.1" 403 5610 "-" "Jetpack by WordPress.com (Jetpack 12.0; WordPress 6.2)"
2401:4900:8830:f4b3:a9dd:2d40:4027:92d5 - - [28/Jul/2026:11:30:03 +0200] "POST /xmlrpc.php HTTP/1.1" 200 6090 "-" "WordPress.com; https://wordpress.com"
102.31.204.25 - - [28/Jul/2026:11:30:04 +0200] "POST /xmlrpc.php HTTP/1.1" 200 6090 "-" "Jetpack by WordPress.com (Jetpack 12.5; WordPress 6.3)"
2405:201:c039:421b:754e:eeba:fe24:4f00 - - [28/Jul/2026:11:30:12 +0200] "POST /xmlrpc.php HTTP/1.1" 403 5610 "-" "Jetpack by WordPress.com"
2401:4900:8830:f4b3:a9dd:2d40:4027:92d5 - - [28/Jul/2026:11:30:14 +0200] "POST /xmlrpc.php HTTP/1.1" 200 6090 "-" "Jetpack/13.0; WordPress/6.1; http://site22139226.com"
102.31.204.25 - - [28/Jul/2026:11:30:14 +0200] "POST /xmlrpc.php HTTP/1.1" 200 6090 "-" "Jetpack by WordPress.com"
2405:201:c039:421b:754e:eeba:fe24:4f00 - - [28/Jul/2026:11:30:23 +0200] "POST /xmlrpc.php HTTP/1.1" 403 5610 "-" "Jetpack by WordPress.com"
2a03:2880:f800:1:: - - [28/Jul/2026:11:30:23 +0200] "GET /shop/counterprove/discous243605083935 HTTP/1.1" 404 38568 "-" "Mozilla/5.0 (Windows NT 10.0; Win64; x64) AppleWebKit/537.36 (KHTML, like Gecko) Chrome/145.0.0.0 Safari/537.36 (compatible; meta-externalagent/1.1 (+https://developers.facebook.com/docs/sharing/webmasters/crawler))"
2401:4900:8830:f4b3:a9dd:2d40:4027:92d5 - - [28/Jul/2026:11:30:24 +0200] "POST /xmlrpc.php HTTP/1.1" 200 6090 "-" "WordPress.com; https://wordpress.com"
102.31.204.25 - - [28/Jul/2026:11:30:25 +0200] "POST /xmlrpc.php HTTP/1.1" 200 6090 "-" "Jetpack by WordPress.com (Jetpack 13.0; WordPress 6.2)"
2a03:2880:f800:41:: - - [28/Jul/2026:11:30:29 +0200] "GET /shop/urnal/maniac242738570176 HTTP/1.1" 404 38568 "-" "Mozilla/5.0 (Windows NT 10.0; Win64; x64) AppleWebKit/537.36 (KHTML, like Gecko) Chrome/145.0.0.0 Safari/537.36 (compatible; meta-externalagent/1.1 (+https://developers.facebook.com/docs/sharing/webmasters/crawler))"
2405:201:c039:421b:754e:eeba:fe24:4f00 - - [28/Jul/2026:11:30:34 +0200] "POST /xmlrpc.php HTTP/1.1" 403 5610 "-" "Jetpack/13.0; WordPress/6.2; http://site83707472.com"
2401:4900:8830:f4b3:a9dd:2d40:4027:92d5 - - [28/Jul/2026:11:30:35 +0200] "POST /xmlrpc.php HTTP/1.1" 200 6090 "-" "Jetpack by WordPress.com"
102.31.204.25 - - [28/Jul/2026:11:30:36 +0200] "POST /xmlrpc.php HTTP/1.1" 200 6090 "-" "Jetpack/12.0; WordPress/6.1; http://site48666373.com"
2a03:2880:f800:1c:: - - [28/Jul/2026:11:30:36 +0200] "GET /shop/private/shortest241195575217 HTTP/1.1" 404 38568 "-" "Mozilla/5.0 (Windows NT 10.0; Win64; x64) AppleWebKit/537.36 (KHTML, like Gecko) Chrome/145.0.0.0 Safari/537.36 (compatible; meta-externalagent/1.1 (+https://developers.facebook.com/docs/sharing/webmasters/crawler))"
2a03:2880:f800:20:: - - [28/Jul/2026:11:30:43 +0200] "GET /shop/saundersblue/naive242190237189 HTTP/1.1" 404 38568 "-" "Mozilla/5.0 (Windows NT 10.0; Win64; x64) AppleWebKit/537.36 (KHTML, like Gecko) Chrome/145.0.0.0 Safari/537.36 (compatible; meta-externalagent/1.1 (+https://developers.facebook.com/docs/sharing/webmasters/crawler))"
2405:201:c039:421b:754e:eeba:fe24:4f00 - - [28/Jul/2026:11:30:45 +0200] "POST /xmlrpc.php HTTP/1.1" 403 5610 "-" "WordPress.com; https://wordpress.com"
2401:4900:8830:f4b3:a9dd:2d40:4027:92d5 - - [28/Jul/2026:11:30:46 +0200] "POST /xmlrpc.php HTTP/1.1" 200 6090 "-" "WordPress.com; https://wordpress.com"
102.31.204.25 - - [28/Jul/2026:11:30:47 +0200] "POST /xmlrpc.php HTTP/1.1" 200 6090 "-" "WordPress.com; https://wordpress.com"
2a03:2880:f800:8:: - - [28/Jul/2026:11:30:52 +0200] "GET /shop/polyperythrin/crucify244054721436 HTTP/1.1" 404 38568 "-" "Mozilla/5.0 (Macintosh; Intel Mac OS X 10_15_7) AppleWebKit/537.36 (KHTML, like Gecko) Chrome/145.0.0.0 Safari/537.36 (compatible; meta-externalagent/1.1 (+https://developers.facebook.com/docs/sharing/webmasters/crawler))"
2405:201:c039:421b:754e:eeba:fe24:4f00 - - [28/Jul/2026:11:30:55 +0200] "POST /xmlrpc.php HTTP/1.1" 403 5610 "-" "Jetpack by WordPress.com (Jetpack 12.1; WordPress 6.4)"
2401:4900:8830:f4b3:a9dd:2d40:4027:92d5 - - [28/Jul/2026:11:30:57 +0200] "POST /xmlrpc.php HTTP/1.1" 200 6090 "-" "WordPress.com; https://wordpress.com"
102.31.204.25 - - [28/Jul/2026:11:30:57 +0200] "POST /xmlrpc.php HTTP/1.1" 200 6090 "-" "WordPress.com; https://wordpress.com"
2a03:2880:f800:19:: - - [28/Jul/2026:11:31:01 +0200] "GET /shop/silurian/dragees241518947393 HTTP/1.1" 404 38568 "-" "Mozilla/5.0 (Windows NT 10.0; Win64; x64) AppleWebKit/537.36 (KHTML, like Gecko) Chrome/145.0.0.0 Safari/537.36 (compatible; meta-externalagent/1.1 (+https://developers.facebook.com/docs/sharing/webmasters/crawler))"
2a03:2880:f800:: - - [28/Jul/2026:11:31:04 +0200] "GET /shop/scolopendrine/mixing243155636089 HTTP/1.1" 404 38568 "-" "Mozilla/5.0 (Windows NT 10.0; Win64; x64) AppleWebKit/537.36 (KHTML, like Gecko) Chrome/145.0.0.0 Safari/537.36 Edg/145.0.0.0 (compatible; meta-externalagent/1.1 (+https://developers.facebook.com/docs/sharing/webmasters/crawler))"
2405:201:c039:421b:754e:eeba:fe24:4f00 - - [28/Jul/2026:11:31:06 +0200] "POST /xmlrpc.php HTTP/1.1" 403 5610 "-" "Jetpack by WordPress.com"
2401:4900:8830:f4b3:a9dd:2d40:4027:92d5 - - [28/Jul/2026:11:31:08 +0200] "POST /xmlrpc.php HTTP/1.1" 200 6090 "-" "WordPress.com; https://wordpress.com"
102.31.204.25 - - [28/Jul/2026:11:31:08 +0200] "POST /xmlrpc.php HTTP/1.1" 200 6090 "-" "Jetpack/13.0; WordPress/6.3; http://site39185226.com"
2a03:2880:f800:1b:: - - [28/Jul/2026:11:31:11 +0200] "GET /shop/metalloidal/fritting244104766130 HTTP/1.1" 404 38568 "-" "Mozilla/5.0 (Macintosh; Intel Mac OS X 10_15_7) AppleWebKit/537.36 (KHTML, like Gecko) Chrome/145.0.0.0 Safari/537.36 (compatible; meta-externalagent/1.1 (+https://developers.facebook.com/docs/sharing/webmasters/crawler))"
2405:201:c039:421b:754e:eeba:fe24:4f00 - - [28/Jul/2026:11:31:17 +0200] "POST /xmlrpc.php HTTP/1.1" 403 5610 "-" "Jetpack/12.0; WordPress/6.3; http://site19469688.com"
2401:4900:8830:f4b3:a9dd:2d40:4027:92d5 - - [28/Jul/2026:11:31:18 +0200] "POST /xmlrpc.php HTTP/1.1" 200 6090 "-" "WordPress.com; https://wordpress.com"
102.31.204.25 - - [28/Jul/2026:11:31:19 +0200] "POST /xmlrpc.php HTTP/1.1" 200 6090 "-" "Jetpack by WordPress.com (Jetpack 13.0; WordPress 6.1)"
2405:201:c039:421b:754e:eeba:fe24:4f00 - - [28/Jul/2026:11:31:28 +0200] "POST /xmlrpc.php HTTP/1.1" 403 5610 "-" "Jetpack/12.0; WordPress/6.3; http://site40395484.com"
2401:4900:8830:f4b3:a9dd:2d40:4027:92d5 - - [28/Jul/2026:11:31:29 +0200] "POST /xmlrpc.php HTTP/1.1" 200 6090 "-" "Jetpack by WordPress.com"
102.31.204.25 - - [28/Jul/2026:11:31:29 +0200] "POST /xmlrpc.php HTTP/1.1" 200 6090 "-" "Jetpack by WordPress.com"
2405:201:c039:421b:754e:eeba:fe24:4f00 - - [28/Jul/2026:11:31:38 +0200] "POST /xmlrpc.php HTTP/1.1" 403 5610 "-" "Jetpack by WordPress.com (Jetpack 13.0; WordPress 6.1)"
2401:4900:8830:f4b3:a9dd:2d40:4027:92d5 - - [28/Jul/2026:11:31:40 +0200] "POST /xmlrpc.php HTTP/1.1" 200 6090 "-" "WordPress.com; https://wordpress.com"
102.31.204.25 - - [28/Jul/2026:11:31:40 +0200] "POST /xmlrpc.php HTTP/1.1" 200 6090 "-" "Jetpack by WordPress.com (Jetpack 13.0; WordPress 6.3)"
2001:1690:2:4::1:118 - - [28/Jul/2026:11:31:49 +0200] "POST /wp-cron.php?doing_wp_cron=1785231109.5935270786285400390625 HTTP/1.1" 200 5522 "-" "WordPress/6.7.5; https://cso-apeldoorn.nl"
2405:201:c039:421b:754e:eeba:fe24:4f00 - - [28/Jul/2026:11:31:49 +0200] "POST /xmlrpc.php HTTP/1.1" 403 5610 "-" "WordPress.com; https://wordpress.com"
2401:4900:8830:f4b3:a9dd:2d40:4027:92d5 - - [28/Jul/2026:11:31:51 +0200] "POST /xmlrpc.php HTTP/1.1" 200 6090 "-" "Jetpack by WordPress.com"
102.31.204.25 - - [28/Jul/2026:11:31:51 +0200] "POST /xmlrpc.php HTTP/1.1" 200 6090 "-" "Jetpack/12.0; WordPress/6.3; http://site69530742.com"
2a03:2880:f800:c:: - - [28/Jul/2026:11:31:55 +0200] "GET /shop/burgher/maule24106448787 HTTP/1.1" 404 38568 "-" "Mozilla/5.0 (Windows NT 10.0; Win64; x64) AppleWebKit/537.36 (KHTML, like Gecko) Chrome/145.0.0.0 Safari/537.36 (compatible; meta-externalagent/1.1 (+https://developers.facebook.com/docs/sharing/webmasters/crawler))"
2405:201:c039:421b:754e:eeba:fe24:4f00 - - [28/Jul/2026:11:32:00 +0200] "POST /xmlrpc.php HTTP/1.1" 403 5610 "-" "Jetpack by WordPress.com (Jetpack 12.5; WordPress 6.4)"
102.31.204.25 - - [28/Jul/2026:11:32:01 +0200] "POST /xmlrpc.php HTTP/1.1" 200 6090 "-" "Jetpack/12.0; WordPress/6.1; http://site48898247.com"
2401:4900:8830:f4b3:a9dd:2d40:4027:92d5 - - [28/Jul/2026:11:32:01 +0200] "POST /xmlrpc.php HTTP/1.1" 200 6090 "-" "Jetpack by WordPress.com"
2405:201:c039:421b:754e:eeba:fe24:4f00 - - [28/Jul/2026:11:32:11 +0200] "POST /xmlrpc.php HTTP/1.1" 403 5610 "-" "WordPress.com; https://wordpress.com"
102.31.204.25 - - [28/Jul/2026:11:32:12 +0200] "POST /xmlrpc.php HTTP/1.1" 200 6090 "-" "Jetpack/12.0; WordPress/6.3; http://site86837028.com"
2401:4900:8830:f4b3:a9dd:2d40:4027:92d5 - - [28/Jul/2026:11:32:12 +0200] "POST /xmlrpc.php HTTP/1.1" 200 6090 "-" "Jetpack/12.0; WordPress/6.4; http://site94629482.com"
2a03:2880:f800:45:: - - [28/Jul/2026:11:32:15 +0200] "GET /shop/viceroyship/detruncated242319079376 HTTP/1.1" 404 38568 "-" "Mozilla/5.0 (Macintosh; Intel Mac OS X 10_15_7) AppleWebKit/537.36 (KHTML, like Gecko) Chrome/145.0.0.0 Safari/537.36 (compatible; meta-externalagent/1.1 (+https://developers.facebook.com/docs/sharing/webmasters/crawler))"
2405:201:c039:421b:754e:eeba:fe24:4f00 - - [28/Jul/2026:11:32:21 +0200] "POST /xmlrpc.php HTTP/1.1" 403 5610 "-" "Jetpack by WordPress.com (Jetpack 12.1; WordPress 6.4)"
102.31.204.25 - - [28/Jul/2026:11:32:23 +0200] "POST /xmlrpc.php HTTP/1.1" 200 6090 "-" "Jetpack by WordPress.com (Jetpack 12.1; WordPress 6.4)"
2401:4900:8830:f4b3:a9dd:2d40:4027:92d5 - - [28/Jul/2026:11:32:23 +0200] "POST /xmlrpc.php HTTP/1.1" 200 6090 "-" "WordPress.com; https://wordpress.com"
2405:201:c039:421b:754e:eeba:fe24:4f00 - - [28/Jul/2026:11:32:32 +0200] "POST /xmlrpc.php HTTP/1.1" 403 5610 "-" "Jetpack by WordPress.com (Jetpack 13.0; WordPress 6.4)"
2a03:2880:f800:40:: - - [28/Jul/2026:11:32:33 +0200] "GET /shop/galban/pyroxyle24401667235 HTTP/1.1" 404 38568 "-" "Mozilla/5.0 (Windows NT 10.0; Win64; x64) AppleWebKit/537.36 (KHTML, like Gecko) Chrome/145.0.0.0 Safari/537.36 (compatible; meta-externalagent/1.1 (+https://developers.facebook.com/docs/sharing/webmasters/crawler))"
102.31.204.25 - - [28/Jul/2026:11:32:33 +0200] "POST /xmlrpc.php HTTP/1.1" 200 6090 "-" "Jetpack by WordPress.com (Jetpack 12.5; WordPress 6.4)"
2401:4900:8830:f4b3:a9dd:2d40:4027:92d5 - - [28/Jul/2026:11:32:34 +0200] "POST /xmlrpc.php HTTP/1.1" 200 6090 "-" "Jetpack/12.1; WordPress/6.2; http://site57594085.com"
2a03:2880:f800:28:: - - [28/Jul/2026:11:32:36 +0200] "GET /shop/calombo/ghastly241084967837 HTTP/1.1" 404 38568 "-" "Mozilla/5.0 (Macintosh; Intel Mac OS X 10_15_7) AppleWebKit/537.36 (KHTML, like Gecko) Chrome/145.0.0.0 Safari/537.36 (compatible; meta-externalagent/1.1 (+https://developers.facebook.com/docs/sharing/webmasters/crawler))"
2405:201:c039:421b:754e:eeba:fe24:4f00 - - [28/Jul/2026:11:32:43 +0200] "POST /xmlrpc.php HTTP/1.1" 403 5610 "-" "Jetpack/12.1; WordPress/6.4; http://site99858443.com"
102.31.204.25 - - [28/Jul/2026:11:32:44 +0200] "POST /xmlrpc.php HTTP/1.1" 200 6090 "-" "WordPress.com; https://wordpress.com"
2401:4900:8830:f4b3:a9dd:2d40:4027:92d5 - - [28/Jul/2026:11:32:45 +0200] "POST /xmlrpc.php HTTP/1.1" 200 6090 "-" "WordPress.com; https://wordpress.com"
2405:201:c039:421b:754e:eeba:fe24:4f00 - - [28/Jul/2026:11:32:54 +0200] "POST /xmlrpc.php HTTP/1.1" 403 5610 "-" "Jetpack/12.1; WordPress/6.4; http://site56633095.com"
102.31.204.25 - - [28/Jul/2026:11:32:55 +0200] "POST /xmlrpc.php HTTP/1.1" 200 6090 "-" "WordPress.com; https://wordpress.com"
2401:4900:8830:f4b3:a9dd:2d40:4027:92d5 - - [28/Jul/2026:11:32:55 +0200] "POST /xmlrpc.php HTTP/1.1" 200 6090 "-" "Jetpack by WordPress.com"
2a03:2880:f800:41:: - - [28/Jul/2026:11:33:02 +0200] "GET /shop/corollaceous/malacostraca243303821323 HTTP/1.1" 404 38568 "-" "Mozilla/5.0 (Macintosh; Intel Mac OS X 10_15_7) AppleWebKit/537.36 (KHTML, like Gecko) Chrome/145.0.0.0 Safari/537.36 (compatible; meta-externalagent/1.1 (+https://developers.facebook.com/docs/sharing/webmasters/crawler))"
2405:201:c039:421b:754e:eeba:fe24:4f00 - - [28/Jul/2026:11:33:05 +0200] "POST /xmlrpc.php HTTP/1.1" 403 5610 "-" "Jetpack by WordPress.com (Jetpack 12.0; WordPress 6.1)"
102.31.204.25 - - [28/Jul/2026:11:33:05 +0200] "POST /xmlrpc.php HTTP/1.1" 200 6090 "-" "WordPress.com; https://wordpress.com"
2401:4900:8830:f4b3:a9dd:2d40:4027:92d5 - - [28/Jul/2026:11:33:06 +0200] "POST /xmlrpc.php HTTP/1.1" 200 6090 "-" "WordPress.com; https://wordpress.com"
2405:201:c039:421b:754e:eeba:fe24:4f00 - - [28/Jul/2026:11:33:15 +0200] "POST /xmlrpc.php HTTP/1.1" 403 5610 "-" "Jetpack/12.0; WordPress/6.4; http://site62320091.com"
102.31.204.25 - - [28/Jul/2026:11:33:16 +0200] "POST /xmlrpc.php HTTP/1.1" 200 6090 "-" "Jetpack/12.0; WordPress/6.3; http://site41018340.com"
2401:4900:8830:f4b3:a9dd:2d40:4027:92d5 - - [28/Jul/2026:11:33:17 +0200] "POST /xmlrpc.php HTTP/1.1" 200 6090 "-" "Jetpack by WordPress.com (Jetpack 12.1; WordPress 6.1)"
2a03:2880:f800:40:: - - [28/Jul/2026:11:33:24 +0200] "GET /shop/avast/epigastrial243488928260 HTTP/1.1" 404 38568 "-" "Mozilla/5.0 (Windows NT 10.0; Win64; x64) AppleWebKit/537.36 (KHTML, like Gecko) Chrome/145.0.0.0 Safari/537.36 (compatible; meta-externalagent/1.1 (+https://developers.facebook.com/docs/sharing/webmasters/crawler))"
2405:201:c039:421b:754e:eeba:fe24:4f00 - - [28/Jul/2026:11:33:26 +0200] "POST /xmlrpc.php HTTP/1.1" 403 5610 "-" "WordPress.com; https://wordpress.com"
102.31.204.25 - - [28/Jul/2026:11:33:27 +0200] "POST /xmlrpc.php HTTP/1.1" 200 6090 "-" "WordPress.com; https://wordpress.com"
2401:4900:8830:f4b3:a9dd:2d40:4027:92d5 - - [28/Jul/2026:11:33:28 +0200] "POST /xmlrpc.php HTTP/1.1" 200 6090 "-" "Jetpack/12.5; WordPress/6.3; http://site38744588.com"
2405:201:c039:421b:754e:eeba:fe24:4f00 - - [28/Jul/2026:11:33:37 +0200] "POST /xmlrpc.php HTTP/1.1" 403 5610 "-" "Jetpack/12.0; WordPress/6.1; http://site99444431.com"
102.31.204.25 - - [28/Jul/2026:11:33:37 +0200] "POST /xmlrpc.php HTTP/1.1" 200 6090 "-" "Jetpack by WordPress.com (Jetpack 12.1; WordPress 6.1)"
2401:4900:8830:f4b3:a9dd:2d40:4027:92d5 - - [28/Jul/2026:11:33:39 +0200] "POST /xmlrpc.php HTTP/1.1" 200 6090 "-" "Jetpack by WordPress.com (Jetpack 12.1; WordPress 6.2)"
2a03:2880:f800:41:: - - [28/Jul/2026:11:33:44 +0200] "GET /shop/herodias/remembering242468998616 HTTP/1.1" 404 38568 "-" "Mozilla/5.0 (Windows NT 10.0; Win64; x64) AppleWebKit/537.36 (KHTML, like Gecko) Chrome/145.0.0.0 Safari/537.36 (compatible; meta-externalagent/1.1 (+https://developers.facebook.com/docs/sharing/webmasters/crawler))"
2405:201:c039:421b:754e:eeba:fe24:4f00 - - [28/Jul/2026:11:33:48 +0200] "POST /xmlrpc.php HTTP/1.1" 403 5610 "-" "Jetpack/12.5; WordPress/6.3; http://site27449295.com"
102.31.204.25 - - [28/Jul/2026:11:33:48 +0200] "POST /xmlrpc.php HTTP/1.1" 200 6090 "-" "WordPress.com; https://wordpress.com"
2a03:2880:f800:46:: - - [28/Jul/2026:11:33:49 +0200] "GET /shop/placitum/heartwhole241276221019 HTTP/1.1" 404 38568 "-" "Mozilla/5.0 (Macintosh; Intel Mac OS X 10_15_7) AppleWebKit/537.36 (KHTML, like Gecko) Chrome/145.0.0.0 Safari/537.36 (compatible; meta-externalagent/1.1 (+https://developers.facebook.com/docs/sharing/webmasters/crawler))"
2401:4900:8830:f4b3:a9dd:2d40:4027:92d5 - - [28/Jul/2026:11:33:50 +0200] "POST /xmlrpc.php HTTP/1.1" 200 6090 "-" "Jetpack by WordPress.com"
2405:201:c039:421b:754e:eeba:fe24:4f00 - - [28/Jul/2026:11:33:58 +0200] "POST /xmlrpc.php HTTP/1.1" 403 5610 "-" "Jetpack by WordPress.com (Jetpack 12.1; WordPress 6.4)"
102.31.204.25 - - [28/Jul/2026:11:33:59 +0200] "POST /xmlrpc.php HTTP/1.1" 200 6090 "-" "Jetpack by WordPress.com (Jetpack 13.0; WordPress 6.3)"
2a03:2880:f800:38:: - - [28/Jul/2026:11:33:59 +0200] "GET /sitemap-subitems-1526.xml HTTP/1.1" 404 36445 "-" "Mozilla/5.0 (Windows NT 10.0; Win64; x64) AppleWebKit/537.36 (KHTML, like Gecko) Chrome/145.0.0.0 Safari/537.36 (compatible; meta-externalagent/1.1 (+https://developers.facebook.com/docs/sharing/webmasters/crawler))"
2401:4900:8830:f4b3:a9dd:2d40:4027:92d5 - - [28/Jul/2026:11:34:01 +0200] "POST /xmlrpc.php HTTP/1.1" 200 6090 "-" "Jetpack by WordPress.com (Jetpack 13.0; WordPress 6.3)"
102.31.204.25 - - [28/Jul/2026:11:34:09 +0200] "POST /xmlrpc.php HTTP/1.1" 200 6090 "-" "Jetpack/12.5; WordPress/6.2; http://site16981711.com"
2405:201:c039:421b:754e:eeba:fe24:4f00 - - [28/Jul/2026:11:34:09 +0200] "POST /xmlrpc.php HTTP/1.1" 403 5610 "-" "Jetpack by WordPress.com (Jetpack 12.0; WordPress 6.2)"
2401:4900:8830:f4b3:a9dd:2d40:4027:92d5 - - [28/Jul/2026:11:34:11 +0200] "POST /xmlrpc.php HTTP/1.1" 200 6090 "-" "Jetpack by WordPress.com"
2a03:2880:f800:6:: - - [28/Jul/2026:11:34:16 +0200] "GET /shop/nectris/flyer242467786517 HTTP/1.1" 404 38568 "-" "Mozilla/5.0 (Windows NT 10.0; Win64; x64) AppleWebKit/537.36 (KHTML, like Gecko) Chrome/145.0.0.0 Safari/537.36 (compatible; meta-externalagent/1.1 (+https://developers.facebook.com/docs/sharing/webmasters/crawler))"
102.31.204.25 - - [28/Jul/2026:11:34:20 +0200] "POST /xmlrpc.php HTTP/1.1" 200 6090 "-" "Jetpack by WordPress.com (Jetpack 12.1; WordPress 6.3)"
2405:201:c039:421b:754e:eeba:fe24:4f00 - - [28/Jul/2026:11:34:20 +0200] "POST /xmlrpc.php HTTP/1.1" 403 5610 "-" "Jetpack by WordPress.com (Jetpack 13.0; WordPress 6.4)"
2401:4900:8830:f4b3:a9dd:2d40:4027:92d5 - - [28/Jul/2026:11:34:22 +0200] "POST /xmlrpc.php HTTP/1.1" 200 6090 "-" "Jetpack by WordPress.com (Jetpack 12.1; WordPress 6.4)"
102.31.204.25 - - [28/Jul/2026:11:34:30 +0200] "POST /xmlrpc.php HTTP/1.1" 200 6090 "-" "WordPress.com; https://wordpress.com"
2405:201:c039:421b:754e:eeba:fe24:4f00 - - [28/Jul/2026:11:34:31 +0200] "POST /xmlrpc.php HTTP/1.1" 403 5610 "-" "Jetpack/12.1; WordPress/6.1; http://site27337327.com"
2001:1690:2:4::1:118 - - [28/Jul/2026:11:34:33 +0200] "POST /wp-cron.php?doing_wp_cron=1785231273.7763910293579101562500 HTTP/1.1" 200 5522 "-" "WordPress/6.7.5; https://cso-apeldoorn.nl"
2401:4900:8830:f4b3:a9dd:2d40:4027:92d5 - - [28/Jul/2026:11:34:33 +0200] "POST /xmlrpc.php HTTP/1.1" 200 6090 "-" "WordPress.com; https://wordpress.com"
102.31.204.25 - - [28/Jul/2026:11:34:41 +0200] "POST /xmlrpc.php HTTP/1.1" 200 6090 "-" "Jetpack/13.0; WordPress/6.3; http://site64082240.com"
2405:201:c039:421b:754e:eeba:fe24:4f00 - - [28/Jul/2026:11:34:41 +0200] "POST /xmlrpc.php HTTP/1.1" 403 5610 "-" "Jetpack by WordPress.com (Jetpack 12.5; WordPress 6.2)"
2401:4900:8830:f4b3:a9dd:2d40:4027:92d5 - - [28/Jul/2026:11:34:44 +0200] "POST /xmlrpc.php HTTP/1.1" 200 6090 "-" "Jetpack by WordPress.com"
102.31.204.25 - - [28/Jul/2026:11:34:52 +0200] "POST /xmlrpc.php HTTP/1.1" 200 6090 "-" "Jetpack by WordPress.com"
2405:201:c039:421b:754e:eeba:fe24:4f00 - - [28/Jul/2026:11:34:52 +0200] "POST /xmlrpc.php HTTP/1.1" 403 5610 "-" "WordPress.com; https://wordpress.com"
2a03:2880:f800:46:: - - [28/Jul/2026:11:34:53 +0200] "GET /shop/corallodendron/orgeat24446732391 HTTP/1.1" 404 38568 "-" "Mozilla/5.0 (Windows NT 10.0; Win64; x64) AppleWebKit/537.36 (KHTML, like Gecko) Chrome/145.0.0.0 Safari/537.36 (compatible; meta-externalagent/1.1 (+https://developers.facebook.com/docs/sharing/webmasters/crawler))"
2401:4900:8830:f4b3:a9dd:2d40:4027:92d5 - - [28/Jul/2026:11:34:55 +0200] "POST /xmlrpc.php HTTP/1.1" 200 6090 "-" "Jetpack by WordPress.com"
2a03:2880:f800:12:: - - [28/Jul/2026:11:34:54 +0200] "GET /shop/currants/byview24829046844 HTTP/1.1" 404 38568 "-" "Mozilla/5.0 (Macintosh; Intel Mac OS X 10_15_7) AppleWebKit/537.36 (KHTML, like Gecko) Chrome/145.0.0.0 Safari/537.36 (compatible; meta-externalagent/1.1 (+https://developers.facebook.com/docs/sharing/webmasters/crawler))"
2a03:2880:f800:1f:: - - [28/Jul/2026:11:34:59 +0200] "GET /shop/gratifier/merozoite24575932994 HTTP/1.1" 404 38568 "-" "Mozilla/5.0 (Windows NT 10.0; Win64; x64) AppleWebKit/537.36 (KHTML, like Gecko) Chrome/145.0.0.0 Safari/537.36 (compatible; meta-externalagent/1.1 (+https://developers.facebook.com/docs/sharing/webmasters/crawler))"
66.249.70.32 - - [28/Jul/2026:11:35:01 +0200] "GET /shop/peachick/curtsy013705367002 HTTP/1.1" 404 38719 "-" "Mozilla/5.0 (Linux; Android 6.0.1; Nexus 5X Build/MMB29P) AppleWebKit/537.36 (KHTML, like Gecko) Chrome/150.0.7871.128 Mobile Safari/537.36 (compatible; GoogleOther)"
102.31.204.25 - - [28/Jul/2026:11:35:02 +0200] "POST /xmlrpc.php HTTP/1.1" 200 6090 "-" "WordPress.com; https://wordpress.com"
2405:201:c039:421b:754e:eeba:fe24:4f00 - - [28/Jul/2026:11:35:03 +0200] "POST /xmlrpc.php HTTP/1.1" 403 5610 "-" "Jetpack by WordPress.com"
2401:4900:8830:f4b3:a9dd:2d40:4027:92d5 - - [28/Jul/2026:11:35:06 +0200] "POST /xmlrpc.php HTTP/1.1" 200 6090 "-" "Jetpack/12.5; WordPress/6.1; http://site17758084.com"
102.31.204.25 - - [28/Jul/2026:11:35:13 +0200] "POST /xmlrpc.php HTTP/1.1" 200 6090 "-" "Jetpack/12.0; WordPress/6.2; http://site95888172.com"
2405:201:c039:421b:754e:eeba:fe24:4f00 - - [28/Jul/2026:11:35:14 +0200] "POST /xmlrpc.php HTTP/1.1" 403 5610 "-" "Jetpack by WordPress.com (Jetpack 13.0; WordPress 6.1)"
2401:4900:8830:f4b3:a9dd:2d40:4027:92d5 - - [28/Jul/2026:11:35:16 +0200] "POST /xmlrpc.php HTTP/1.1" 200 6090 "-" "WordPress.com; https://wordpress.com"
2a03:2880:f800:a:: - - [28/Jul/2026:11:35:17 +0200] "GET /shop/consulary/counternatural242837837573 HTTP/1.1" 404 38568 "-" "Mozilla/5.0 (Windows NT 10.0; Win64; x64) AppleWebKit/537.36 (KHTML, like Gecko) Chrome/145.0.0.0 Safari/537.36 (compatible; meta-externalagent/1.1 (+https://developers.facebook.com/docs/sharing/webmasters/crawler))"
2405:201:c039:421b:754e:eeba:fe24:4f00 - - [28/Jul/2026:11:35:24 +0200] "POST /xmlrpc.php HTTP/1.1" 403 5610 "-" "Jetpack/12.0; WordPress/6.3; http://site64651179.com"
2a03:2880:f800:28:: - - [28/Jul/2026:11:35:24 +0200] "GET /shop/irishry/befriendment24405258140 HTTP/1.1" 404 38568 "-" "Mozilla/5.0 (Windows NT 10.0; Win64; x64) AppleWebKit/537.36 (KHTML, like Gecko) Chrome/145.0.0.0 Safari/537.36 (compatible; meta-externalagent/1.1 (+https://developers.facebook.com/docs/sharing/webmasters/crawler))"
2a03:2880:f800:46:: - - [28/Jul/2026:11:35:26 +0200] "GET /shop/modicity/roseus241057312866 HTTP/1.1" 404 38568 "-" "Mozilla/5.0 (Macintosh; Intel Mac OS X 10_15_7) AppleWebKit/537.36 (KHTML, like Gecko) Chrome/145.0.0.0 Safari/537.36 (compatible; meta-externalagent/1.1 (+https://developers.facebook.com/docs/sharing/webmasters/crawler))"
2401:4900:8830:f4b3:a9dd:2d40:4027:92d5 - - [28/Jul/2026:11:35:27 +0200] "POST /xmlrpc.php HTTP/1.1" 200 6090 "-" "Jetpack/13.0; WordPress/6.1; http://site17339025.com"
2405:201:c039:421b:754e:eeba:fe24:4f00 - - [28/Jul/2026:11:35:35 +0200] "POST /xmlrpc.php HTTP/1.1" 403 5610 "-" "Jetpack by WordPress.com (Jetpack 12.1; WordPress 6.1)"
2401:4900:8830:f4b3:a9dd:2d40:4027:92d5 - - [28/Jul/2026:11:35:38 +0200] "POST /xmlrpc.php HTTP/1.1" 200 6090 "-" "Jetpack by WordPress.com (Jetpack 12.1; WordPress 6.4)"
146.70.194.220 - - [28/Jul/2026:11:35:41 +0200] "GET /wp-includes/customize/ HTTP/1.1" 403 5616 "-" "-"
146.70.194.220 - - [28/Jul/2026:11:35:41 +0200] "GET /wp-includes/fonts/ HTTP/1.1" 403 5616 "-" "-"
146.70.194.220 - - [28/Jul/2026:11:35:41 +0200] "GET /wp-includes/images/ HTTP/1.1" 403 5616 "-" "-"
146.70.194.220 - - [28/Jul/2026:11:35:42 +0200] "GET /.well-known/ HTTP/1.1" 403 5616 "-" "-"
146.70.194.220 - - [28/Jul/2026:11:35:42 +0200] "GET /ALFA_DATA/ HTTP/1.1" 404 38520 "-" "-"
146.70.194.220 - - [28/Jul/2026:11:35:43 +0200] "GET /.well-knownold/ HTTP/1.1" 404 38520 "-" "-"
146.70.194.220 - - [28/Jul/2026:11:35:44 +0200] "GET /cgi-bin/ HTTP/1.1" 403 5616 "-" "-"
146.70.194.220 - - [28/Jul/2026:11:35:44 +0200] "GET /.well-known/acme-challenge/ HTTP/1.1" 403 146 "-" "-"
2405:201:c039:421b:754e:eeba:fe24:4f00 - - [28/Jul/2026:11:35:46 +0200] "POST /xmlrpc.php HTTP/1.1" 403 5610 "-" "Jetpack by WordPress.com"
146.70.194.220 - - [28/Jul/2026:11:35:46 +0200] "GET /index/ HTTP/1.1" 404 38520 "-" "-"
2a03:2880:f800:40:: - - [28/Jul/2026:11:35:47 +0200] "GET /shop/ceraunics/brickwork242962879924 HTTP/1.1" 404 38568 "-" "Mozilla/5.0 (Macintosh; Intel Mac OS X 10_15_7) AppleWebKit/537.36 (KHTML, like Gecko) Chrome/145.0.0.0 Safari/537.36 (compatible; meta-externalagent/1.1 (+https://developers.facebook.com/docs/sharing/webmasters/crawler))"
146.70.194.220 - - [28/Jul/2026:11:35:46 +0200] "GET /id/ HTTP/1.1" 301 5641 "-" "-"
146.70.194.220 - - [28/Jul/2026:11:35:47 +0200] "GET /identiteit/ HTTP/1.1" 200 56241 "-" "-"
2401:4900:8830:f4b3:a9dd:2d40:4027:92d5 - - [28/Jul/2026:11:35:49 +0200] "POST /xmlrpc.php HTTP/1.1" 200 6090 "-" "Jetpack by WordPress.com (Jetpack 12.5; WordPress 6.4)"
146.70.194.220 - - [28/Jul/2026:11:35:48 +0200] "GET /www/ HTTP/1.1" 404 38520 "-" "-"
146.70.194.220 - - [28/Jul/2026:11:35:49 +0200] "GET /web/ HTTP/1.1" 404 38520 "-" "-"
146.70.194.220 - - [28/Jul/2026:11:35:50 +0200] "GET /uploads/ HTTP/1.1" 404 38520 "-" "-"
146.70.194.220 - - [28/Jul/2026:11:35:51 +0200] "GET /upload/ HTTP/1.1" 404 38520 "-" "-"
146.70.194.220 - - [28/Jul/2026:11:35:52 +0200] "GET /admin/uploads/ HTTP/1.1" 404 38520 "-" "-"
146.70.194.220 - - [28/Jul/2026:11:35:52 +0200] "GET /Admin/uploads/ HTTP/1.1" 404 38520 "-" "-"
2a03:2880:f800:3c:: - - [28/Jul/2026:11:35:53 +0200] "GET /shop/contumaciousness/energetically242062237169 HTTP/1.1" 404 38568 "-" "Mozilla/5.0 (Macintosh; Intel Mac OS X 10_15_7) AppleWebKit/537.36 (KHTML, like Gecko) Chrome/145.0.0.0 Safari/537.36 (compatible; meta-externalagent/1.1 (+https://developers.facebook.com/docs/sharing/webmasters/crawler))"
146.70.194.220 - - [28/Jul/2026:11:35:54 +0200] "GET /admin/ HTTP/1.1" 302 5696 "-" "-"
146.70.194.220 - - [28/Jul/2026:11:35:54 +0200] "GET /wp-admin/ HTTP/1.1" 302 5666 "-" "-"
146.70.194.220 - - [28/Jul/2026:11:35:55 +0200] "GET /wp-login.php?redirect_to=https%3A%2F%2Fcso-apeldoorn.nl%2Fwp-admin%2F&reauth=1 HTTP/1.1" 200 19183 "-" "-"
146.70.194.220 - - [28/Jul/2026:11:35:56 +0200] "GET /images/ HTTP/1.1" 403 5616 "-" "-"
146.70.194.220 - - [28/Jul/2026:11:35:56 +0200] "GET /assets/ HTTP/1.1" 404 38520 "-" "-"
2405:201:c039:421b:754e:eeba:fe24:4f00 - - [28/Jul/2026:11:35:57 +0200] "POST /xmlrpc.php HTTP/1.1" 403 5610 "-" "Jetpack/12.1; WordPress/6.1; http://site34648134.com"
146.70.194.220 - - [28/Jul/2026:11:35:57 +0200] "GET /vendor/phpunit/phpunit/src/Util/PHP/ HTTP/1.1" 404 38728 "-" "-"
146.70.194.220 - - [28/Jul/2026:11:35:57 +0200] "GET /upload/image/ HTTP/1.1" 404 38520 "-" "-"
2a03:2880:f800:1b:: - - [28/Jul/2026:11:35:59 +0200] "GET /shop/fluxibleness/neurography244289709544 HTTP/1.1" 404 38568 "-" "Mozilla/5.0 (Windows NT 10.0; Win64; x64) AppleWebKit/537.36 (KHTML, like Gecko) Chrome/145.0.0.0 Safari/537.36 (compatible; meta-externalagent/1.1 (+https://developers.facebook.com/docs/sharing/webmasters/crawler))"
2401:4900:8830:f4b3:a9dd:2d40:4027:92d5 - - [28/Jul/2026:11:35:59 +0200] "POST /xmlrpc.php HTTP/1.1" 200 6090 "-" "Jetpack/13.0; WordPress/6.2; http://site15474122.com"
146.70.194.220 - - [28/Jul/2026:11:35:59 +0200] "GET /assets/images/ HTTP/1.1" 404 38520 "-" "-"
146.70.194.220 - - [28/Jul/2026:11:36:00 +0200] "GET /Public/ HTTP/1.1" 404 38520 "-" "-"
146.70.194.220 - - [28/Jul/2026:11:36:01 +0200] "GET /vendor/ HTTP/1.1" 404 38520 "-" "-"
146.70.194.220 - - [28/Jul/2026:11:36:02 +0200] "GET /local/ HTTP/1.1" 404 38520 "-" "-"
2a03:2880:f800:6:: - - [28/Jul/2026:11:36:04 +0200] "GET /shop/mughouse/blandish243929237642 HTTP/1.1" 404 38568 "-" "Mozilla/5.0 (Macintosh; Intel Mac OS X 10_15_7) AppleWebKit/537.36 (KHTML, like Gecko) Chrome/145.0.0.0 Safari/537.36 (compatible; meta-externalagent/1.1 (+https://developers.facebook.com/docs/sharing/webmasters/crawler))"
146.70.194.220 - - [28/Jul/2026:11:36:06 +0200] "GET /modules/ HTTP/1.1" 404 38520 "-" "-"
146.70.194.220 - - [28/Jul/2026:11:36:06 +0200] "GET /Site/ HTTP/1.1" 404 38520 "-" "-"
146.70.194.220 - - [28/Jul/2026:11:36:07 +0200] "GET /system/ HTTP/1.1" 404 38520 "-" "-"
2405:201:c039:421b:754e:eeba:fe24:4f00 - - [28/Jul/2026:11:36:08 +0200] "POST /xmlrpc.php HTTP/1.1" 403 5610 "-" "WordPress.com; https://wordpress.com"
146.70.194.220 - - [28/Jul/2026:11:36:07 +0200] "GET /template/ HTTP/1.1" 404 38520 "-" "-"
146.70.194.220 - - [28/Jul/2026:11:36:08 +0200] "GET /shop/ HTTP/1.1" 404 38520 "-" "-"
146.70.194.220 - - [28/Jul/2026:11:36:09 +0200] "GET /files/ HTTP/1.1" 404 38520 "-" "-"
146.70.194.220 - - [28/Jul/2026:11:36:09 +0200] "GET /admin/editor/ HTTP/1.1" 404 38520 "-" "-"
2401:4900:8830:f4b3:a9dd:2d40:4027:92d5 - - [28/Jul/2026:11:36:10 +0200] "POST /xmlrpc.php HTTP/1.1" 200 6090 "-" "Jetpack by WordPress.com"
146.70.194.220 - - [28/Jul/2026:11:36:10 +0200] "GET /include/ HTTP/1.1" 404 38520 "-" "-"
146.70.194.220 - - [28/Jul/2026:11:36:10 +0200] "GET /Assets/ HTTP/1.1" 404 38520 "-" "-"
146.70.194.220 - - [28/Jul/2026:11:36:11 +0200] "GET /images/stories/ HTTP/1.1" 404 38520 "-" "-"
146.70.194.220 - - [28/Jul/2026:11:36:12 +0200] "GET /plugins/ HTTP/1.1" 404 38520 "-" "-"
146.70.194.220 - - [28/Jul/2026:11:36:12 +0200] "GET /php/ HTTP/1.1" 404 38520 "-" "-"
146.70.194.220 - - [28/Jul/2026:11:36:13 +0200] "GET /wp-admin/css/ HTTP/1.1" 403 5616 "-" "-"
146.70.194.220 - - [28/Jul/2026:11:36:13 +0200] "GET /wp-content/themes/twentytwenty/ HTTP/1.1" 404 38728 "-" "-"
2405:201:c039:421b:754e:eeba:fe24:4f00 - - [28/Jul/2026:11:36:18 +0200] "POST /xmlrpc.php HTTP/1.1" 403 5610 "-" "Jetpack by WordPress.com"
66.249.70.39 - - [28/Jul/2026:11:36:19 +0200] "GET /shop/lastingly/stonemortar251508554911 HTTP/1.1" 404 38719 "-" "Mozilla/5.0 (Linux; Android 6.0.1; Nexus 5X Build/MMB29P) AppleWebKit/537.36 (KHTML, like Gecko) Chrome/150.0.7871.128 Mobile Safari/537.36 (compatible; GoogleOther)"
2401:4900:8830:f4b3:a9dd:2d40:4027:92d5 - - [28/Jul/2026:11:36:21 +0200] "POST /xmlrpc.php HTTP/1.1" 200 6090 "-" "Jetpack/12.5; WordPress/6.2; http://site53101248.com"
2a03:2880:f800:2:: - - [28/Jul/2026:11:36:22 +0200] "GET /shop/parish/insurmountable24680080079 HTTP/1.1" 404 38568 "-" "Mozilla/5.0 (Windows NT 10.0; Win64; x64) AppleWebKit/537.36 (KHTML, like Gecko) Chrome/145.0.0.0 Safari/537.36 (compatible; meta-externalagent/1.1 (+https://developers.facebook.com/docs/sharing/webmasters/crawler))"
2405:201:c039:421b:754e:eeba:fe24:4f00 - - [28/Jul/2026:11:36:29 +0200] "POST /xmlrpc.php HTTP/1.1" 403 5610 "-" "Jetpack by WordPress.com"
2401:4900:8830:f4b3:a9dd:2d40:4027:92d5 - - [28/Jul/2026:11:36:32 +0200] "POST /xmlrpc.php HTTP/1.1" 200 6090 "-" "Jetpack/13.0; WordPress/6.4; http://site20995691.com"
147.90.209.137 - - [28/Jul/2026:11:36:37 +0200] "POST /wp-plain.php HTTP/1.1" 403 5616 "www.google.com" "Mozilla/5.0 (Linux; Android 7.0; SM-G892A Bulid/NRD90M; wv) AppleWebKit/537.36 (KHTML, like Gecko) Version/4.0 Chrome/60.0.3112.107 Moblie Safari/537.36"
147.90.209.137 - - [28/Jul/2026:11:36:37 +0200] "GET /rkagjogb.php?Fox=d3wL7 HTTP/1.1" 403 5616 "www.google.com" "Mozilla/5.0 (Linux; Android 7.0; SM-G892A Bulid/NRD90M; wv) AppleWebKit/537.36 (KHTML, like Gecko) Version/4.0 Chrome/60.0.3112.107 Moblie Safari/537.36"
147.90.209.137 - - [28/Jul/2026:11:36:37 +0200] "GET / HTTP/1.1" 200 59174 "-" "Mozlila/5.0 (Linux; Android 7.0; SM-G892A Bulid/NRD90M; wv) AppleWebKit/537.36 (KHTML, like Gecko) Version/4.0 Chrome/60.0.3112.107 Moblie Safari/537.36"
147.90.209.137 - - [28/Jul/2026:11:36:37 +0200] "GET /wp-content/plugins/fix/up.php HTTP/1.1" 404 38728 "-" "Mozilla/5.0 (Windows NT 10.0; Win64; x64) AppleWebKit/537.36 (KHTML, like Gecko) Chrome/85.0.4183.102 Safari/537.36"
