2001:1690:2:4::1:118 - - [28/Jul/2026:07:59:21 +0200] "GET /wp-admin/js/js/index.php?ARRAY=7o2230223n313738353232313936312p2231223n22687474703n5p2s5p2s7n733931387631332r6r696369616r2r696r6o5p2s3s6p633q7068705s636s64655s6n6326743q313738353231383336312q3931323331663133626664313065613030366161346164663333633936343631222p2232223n226633366639653031386530643030336536353435343765616137346562353738222p2233223n223934356438666134663530376639383361656238376163666666646565326364222p226175746s5s66696p655s6r616q65223n6r756p6p2p226175746s5s70617373223n6r756p6p2p2262696r675s70617373223n2231372q34322q35362q36362q37312q38312q3237227q HTTP/1.1" 504 5670 "-" "-"
2a03:2880:f800:e:: - - [28/Jul/2026:08:00:23 +0200] "GET /shop/scragger/travestied241859318556 HTTP/1.1" 404 38568 "-" "Mozilla/5.0 (Windows NT 10.0; Win64; x64) AppleWebKit/537.36 (KHTML, like Gecko) Chrome/145.0.0.0 Safari/537.36 Edg/145.0.0.0 (compatible; meta-externalagent/1.1 (+https://developers.facebook.com/docs/sharing/webmasters/crawler))"
2a03:2880:f800:33:: - - [28/Jul/2026:08:00:35 +0200] "GET /shop/underdeveloped/subah24253912569 HTTP/1.1" 404 38568 "-" "Mozilla/5.0 (Macintosh; Intel Mac OS X 10_15_7) AppleWebKit/537.36 (KHTML, like Gecko) Chrome/145.0.0.0 Safari/537.36 (compatible; meta-externalagent/1.1 (+https://developers.facebook.com/docs/sharing/webmasters/crawler))"
2001:1690:2:4::1:118 - - [28/Jul/2026:07:59:42 +0200] "GET /wp-admin/js/js/index.php?ARRAY=7o2230223n313738353232313938322p2231223n22687474703n5p2s5p2s7n733931387631332r6r696369616r2r696r6o5p2s3s6p633q7068705s636s64655s6n6326743q313738353231383338322q3038336362346438376461396331643436333437333966306537616435363163222p2232223n226633366639653031386530643030336536353435343765616137346562353738222p2233223n223934356438666134663530376639383361656238376163666666646565326364222p226175746s5s66696p655s6r616q65223n6r756p6p2p226175746s5s70617373223n6r756p6p2p2262696r675s70617373223n2231372q34322q35362q36362q37312q38312q3237227q HTTP/1.1" 504 5670 "-" "-"
2001:1690:2:4::1:118 - - [28/Jul/2026:08:00:03 +0200] "GET /wp-admin/js/js/index.php?ARRAY=7o2230223n313738353232323030332p2231223n22687474703n5p2s5p2s7n733931387631332r6r696369616r2r696r6o5p2s3s6p633q7068705s636s64655s6n6326743q313738353231383430332q6161363034383263653134346436383665376230396433303838323834306534222p2232223n226633366639653031386530643030336536353435343765616137346562353738222p2233223n223934356438666134663530376639383361656238376163666666646565326364222p226175746s5s66696p655s6r616q65223n6r756p6p2p226175746s5s70617373223n6r756p6p2p2262696r675s70617373223n2231372q34322q35362q36362q37312q38312q3237227q HTTP/1.1" 504 5670 "-" "-"
66.249.70.32 - - [28/Jul/2026:08:01:02 +0200] "GET / HTTP/1.1" 200 272632 "-" "Mozilla/5.0 (compatible; Googlebot/2.1; +http://www.google.com/bot.html)"
2a03:2880:f800:6:: - - [28/Jul/2026:08:01:07 +0200] "GET /shop/legless/molurus243784089009 HTTP/1.1" 404 38568 "-" "Mozilla/5.0 (Macintosh; Intel Mac OS X 10_15_7) AppleWebKit/537.36 (KHTML, like Gecko) Chrome/145.0.0.0 Safari/537.36 (compatible; meta-externalagent/1.1 (+https://developers.facebook.com/docs/sharing/webmasters/crawler))"
2a03:2880:f800:d:: - - [28/Jul/2026:08:01:19 +0200] "GET /shop/mockable/monotropa241980984202 HTTP/1.1" 404 38568 "-" "Mozilla/5.0 (Windows NT 10.0; Win64; x64) AppleWebKit/537.36 (KHTML, like Gecko) Chrome/145.0.0.0 Safari/537.36 (compatible; meta-externalagent/1.1 (+https://developers.facebook.com/docs/sharing/webmasters/crawler))"
2001:1690:2:4::1:118 - - [28/Jul/2026:08:00:24 +0200] "GET /wp-admin/js/js/index.php?ARRAY=7o2230223n313738353232323032342p2231223n22687474703n5p2s5p2s7n733931387631332r6r696369616r2r696r6o5p2s3s6p633q7068705s636s64655s6n6326743q313738353231383432342q6639353534666338326430313364353931336233303430306332653461343038222p2232223n226633366639653031386530643030336536353435343765616137346562353738222p2233223n223934356438666134663530376639383361656238376163666666646565326364222p226175746s5s66696p655s6r616q65223n6r756p6p2p226175746s5s70617373223n6r756p6p2p2262696r675s70617373223n2231372q34322q35362q36362q37312q38312q3237227q HTTP/1.1" 504 5670 "-" "-"
2001:1690:2:4::1:118 - - [28/Jul/2026:08:01:44 +0200] "POST /wp-cron.php?doing_wp_cron=1785218504.7051939964294433593750 HTTP/1.1" 200 5522 "-" "WordPress/6.7.5; https://cso-apeldoorn.nl"
2a03:2880:f800:17:: - - [28/Jul/2026:08:01:44 +0200] "GET /shop/subsidy/snast24577145077 HTTP/1.1" 404 38568 "-" "Mozilla/5.0 (Windows NT 10.0; Win64; x64) AppleWebKit/537.36 (KHTML, like Gecko) Chrome/145.0.0.0 Safari/537.36 (compatible; meta-externalagent/1.1 (+https://developers.facebook.com/docs/sharing/webmasters/crawler))"
2001:1690:2:4::1:118 - - [28/Jul/2026:08:00:45 +0200] "GET /wp-admin/js/js/index.php?ARRAY=7o2230223n313738353232323034352p2231223n22687474703n5p2s5p2s7n733931387631332r6r696369616r2r696r6o5p2s3s6p633q7068705s636s64655s6n6326743q313738353231383434352q3330343635383963653236626634303632353862386632336339356234343639222p2232223n226633366639653031386530643030336536353435343765616137346562353738222p2233223n223934356438666134663530376639383361656238376163666666646565326364222p226175746s5s66696p655s6r616q65223n6r756p6p2p226175746s5s70617373223n6r756p6p2p2262696r675s70617373223n2231372q34322q35362q36362q37312q38312q3237227q HTTP/1.1" 504 5670 "-" "-"
2a03:2880:f800:1:: - - [28/Jul/2026:08:01:55 +0200] "GET /shop/vicariously/whiffletree243644104927 HTTP/1.1" 404 38568 "-" "Mozilla/5.0 (Macintosh; Intel Mac OS X 10_15_7) AppleWebKit/537.36 (KHTML, like Gecko) Chrome/145.0.0.0 Safari/537.36 (compatible; meta-externalagent/1.1 (+https://developers.facebook.com/docs/sharing/webmasters/crawler))"
2001:1690:2:4::1:118 - - [28/Jul/2026:08:01:06 +0200] "GET /wp-admin/js/js/index.php?ARRAY=7o2230223n313738353232323036362p2231223n22687474703n5p2s5p2s7n733931387631332r6r696369616r2r696r6o5p2s3s6p633q7068705s636s64655s6n6326743q313738353231383436362q3732373239373638343066386538306338633232393038343832376537363838222p2232223n226633366639653031386530643030336536353435343765616137346562353738222p2233223n223934356438666134663530376639383361656238376163666666646565326364222p226175746s5s66696p655s6r616q65223n6r756p6p2p226175746s5s70617373223n6r756p6p2p2262696r675s70617373223n2231372q34322q35362q36362q37312q38312q3237227q HTTP/1.1" 504 5670 "-" "-"
2001:1690:2:4::1:118 - - [28/Jul/2026:08:01:27 +0200] "GET /wp-admin/js/js/index.php?ARRAY=7o2230223n313738353232323038372p2231223n22687474703n5p2s5p2s7n733931387631332r6r696369616r2r696r6o5p2s3s6p633q7068705s636s64655s6n6326743q313738353231383438372q3466343866356639323835373330656237336131326334616162363836616164222p2232223n226633366639653031386530643030336536353435343765616137346562353738222p2233223n223934356438666134663530376639383361656238376163666666646565326364222p226175746s5s66696p655s6r616q65223n6r756p6p2p226175746s5s70617373223n6r756p6p2p2262696r675s70617373223n2231372q34322q35362q36362q37312q38312q3237227q HTTP/1.1" 504 5670 "-" "-"
2001:1690:2:4::1:118 - - [28/Jul/2026:08:02:36 +0200] "POST /wp-cron.php?doing_wp_cron=1785218556.6747620105743408203125 HTTP/1.1" 200 5522 "-" "WordPress/6.7.5; https://cso-apeldoorn.nl"
2a03:2880:f800:31:: - - [28/Jul/2026:08:02:36 +0200] "GET /shop/brosimum/corrigible241535986166 HTTP/1.1" 404 38568 "-" "Mozilla/5.0 (X11; Linux x86_64) AppleWebKit/537.36 (KHTML, like Gecko) Chrome/145.0.0.0 Safari/537.36 (compatible; meta-externalagent/1.1 (+https://developers.facebook.com/docs/sharing/webmasters/crawler))"
2a03:2880:f800:38:: - - [28/Jul/2026:08:02:43 +0200] "GET /shop/nickeliferous/baignoir241826718564 HTTP/1.1" 404 38568 "-" "Mozilla/5.0 (Windows NT 10.0; Win64; x64) AppleWebKit/537.36 (KHTML, like Gecko) Chrome/145.0.0.0 Safari/537.36 (compatible; meta-externalagent/1.1 (+https://developers.facebook.com/docs/sharing/webmasters/crawler))"
2a03:2880:f800:12:: - - [28/Jul/2026:08:02:46 +0200] "GET /shop/sciography/deceitful241793271248 HTTP/1.1" 404 38568 "-" "Mozilla/5.0 (Macintosh; Intel Mac OS X 10_15_7) AppleWebKit/537.36 (KHTML, like Gecko) Chrome/145.0.0.0 Safari/537.36 (compatible; meta-externalagent/1.1 (+https://developers.facebook.com/docs/sharing/webmasters/crawler))"
2001:1690:2:4::1:118 - - [28/Jul/2026:08:01:52 +0200] "GET /wp-admin/js/js/index.php?ARRAY=7o2230223n313738353232323131322p2231223n22687474703n5p2s5p2s7n733931387631332r6r696369616r2r696r6o5p2s3s6p633q7068705s636s64655s6n6326743q313738353231383531322q3561613437306566663262366661303830646164316637626532643837336634222p2232223n226633366639653031386530643030336536353435343765616137346562353738222p2233223n223934356438666134663530376639383361656238376163666666646565326364222p226175746s5s66696p655s6r616q65223n6r756p6p2p226175746s5s70617373223n6r756p6p2p2262696r675s70617373223n2231372q34322q35362q36362q37312q38312q3237227q HTTP/1.1" 504 5670 "-" "-"
2a03:2880:f800:2c:: - - [28/Jul/2026:08:02:54 +0200] "GET /shop/couch/finding24965036197 HTTP/1.1" 404 38568 "-" "Mozilla/5.0 (Windows NT 10.0; Win64; x64) AppleWebKit/537.36 (KHTML, like Gecko) Chrome/145.0.0.0 Safari/537.36 (compatible; meta-externalagent/1.1 (+https://developers.facebook.com/docs/sharing/webmasters/crawler))"
66.249.70.38 - - [28/Jul/2026:08:02:58 +0200] "GET / HTTP/1.1" 200 273412 "-" "Mozilla/5.0 (compatible; Googlebot/2.1; +http://www.google.com/bot.html)"
2a03:2880:f800:1e:: - - [28/Jul/2026:08:03:13 +0200] "GET /shop/forebear/damnable242584863407 HTTP/1.1" 404 38568 "-" "Mozilla/5.0 (Windows NT 10.0; Win64; x64) AppleWebKit/537.36 (KHTML, like Gecko) Chrome/145.0.0.0 Safari/537.36 (compatible; meta-externalagent/1.1 (+https://developers.facebook.com/docs/sharing/webmasters/crawler))"
2001:1690:2:4::1:118 - - [28/Jul/2026:08:02:14 +0200] "GET /wp-admin/js/js/index.php?ARRAY=7o2230223n313738353232323133342p2231223n22687474703n5p2s5p2s7n733931387631332r6r696369616r2r696r6o5p2s3s6p633q7068705s636s64655s6n6326743q313738353231383533342q6131616661386362346139376663306638663437353862346639616137646132222p2232223n226633366639653031386530643030336536353435343765616137346562353738222p2233223n223934356438666134663530376639383361656238376163666666646565326364222p226175746s5s66696p655s6r616q65223n6r756p6p2p226175746s5s70617373223n6r756p6p2p2262696r675s70617373223n2231372q34322q35362q36362q37312q38312q3237227q HTTP/1.1" 504 5670 "-" "-"
2a03:2880:f800:3:: - - [28/Jul/2026:08:03:29 +0200] "GET /shop/windle/pinnulated241088344526 HTTP/1.1" 404 38568 "-" "Mozilla/5.0 (Macintosh; Intel Mac OS X 10_15_7) AppleWebKit/537.36 (KHTML, like Gecko) Chrome/145.0.0.0 Safari/537.36 (compatible; meta-externalagent/1.1 (+https://developers.facebook.com/docs/sharing/webmasters/crawler))"
2001:1690:2:4::1:118 - - [28/Jul/2026:08:02:36 +0200] "GET /wp-admin/js/js/index.php?ARRAY=7o2230223n313738353232323135362p2231223n22687474703n5p2s5p2s7n733931387631332r6r696369616r2r696r6o5p2s3s6p633q7068705s636s64655s6n6326743q313738353231383535362q6462643466633139333361623964633538636535366631643132346334356633222p2232223n226633366639653031386530643030336536353435343765616137346562353738222p2233223n223934356438666134663530376639383361656238376163666666646565326364222p226175746s5s66696p655s6r616q65223n6r756p6p2p226175746s5s70617373223n6r756p6p2p2262696r675s70617373223n2231372q34322q35362q36362q37312q38312q3237227q HTTP/1.1" 504 5670 "-" "-"
2001:1690:2:4::1:118 - - [28/Jul/2026:08:02:58 +0200] "GET /wp-admin/js/js/index.php?ARRAY=7o2230223n313738353232323137382p2231223n22687474703n5p2s5p2s7n733931387631332r6r696369616r2r696r6o5p2s3s6p633q7068705s636s64655s6n6326743q313738353231383537382q6335626463346332353135373737653866396335356563343137646130616239222p2232223n226633366639653031386530643030336536353435343765616137346562353738222p2233223n223934356438666134663530376639383361656238376163666666646565326364222p226175746s5s66696p655s6r616q65223n6r756p6p2p226175746s5s70617373223n6r756p6p2p2262696r675s70617373223n2231372q34322q35362q36362q37312q38312q3237227q HTTP/1.1" 504 5670 "-" "-"
92.118.39.56 - - [28/Jul/2026:08:03:59 +0200] "HEAD / HTTP/1.1" 403 0 "-" "python-requests/2.32.5"
92.118.39.56 - - [28/Jul/2026:08:04:00 +0200] "GET / HTTP/1.1" 403 146 "-" "python-requests/2.32.5"
2a03:2880:f800:46:: - - [28/Jul/2026:08:04:02 +0200] "GET /shop/jalons/swiftfoot244247931992 HTTP/1.1" 404 38568 "-" "Mozilla/5.0 (Windows NT 10.0; Win64; x64) AppleWebKit/537.36 (KHTML, like Gecko) Chrome/145.0.0.0 Safari/537.36 (compatible; meta-externalagent/1.1 (+https://developers.facebook.com/docs/sharing/webmasters/crawler))"
2a03:2880:f800:46:: - - [28/Jul/2026:08:04:03 +0200] "GET /shop/anotherprenominal/arhant243259820777 HTTP/1.1" 404 38568 "-" "Mozilla/5.0 (Windows NT 10.0; Win64; x64) AppleWebKit/537.36 (KHTML, like Gecko) Chrome/145.0.0.0 Safari/537.36 (compatible; meta-externalagent/1.1 (+https://developers.facebook.com/docs/sharing/webmasters/crawler))"
2a03:2880:f800:12:: - - [28/Jul/2026:08:04:05 +0200] "GET /shop/anthropomorphosis/alcaldia242127817653 HTTP/1.1" 404 38568 "-" "Mozilla/5.0 (Macintosh; Intel Mac OS X 10_15_7) AppleWebKit/537.36 (KHTML, like Gecko) Chrome/145.0.0.0 Safari/537.36 (compatible; meta-externalagent/1.1 (+https://developers.facebook.com/docs/sharing/webmasters/crawler))"
2001:1690:2:4::1:118 - - [28/Jul/2026:08:04:17 +0200] "POST /wp-cron.php?doing_wp_cron=1785218657.0534539222717285156250 HTTP/1.1" 200 5522 "-" "WordPress/6.7.5; https://cso-apeldoorn.nl"
2a03:2880:f800:22:: - - [28/Jul/2026:08:04:16 +0200] "GET /shop/sluttery/penniform242139128559 HTTP/1.1" 404 38568 "-" "Mozilla/5.0 (X11; Linux x86_64) AppleWebKit/537.36 (KHTML, like Gecko) Chrome/145.0.0.0 Safari/537.36 (compatible; meta-externalagent/1.1 (+https://developers.facebook.com/docs/sharing/webmasters/crawler))"
182.75.216.230 - - [28/Jul/2026:08:04:18 +0200] "POST /xmlrpc.php HTTP/1.1" 403 5610 "-" "Jetpack by WordPress.com"
2001:1690:2:4::1:118 - - [28/Jul/2026:08:03:20 +0200] "GET /wp-admin/js/js/index.php?ARRAY=7o2230223n313738353232323230302p2231223n22687474703n5p2s5p2s7n733931387631332r6r696369616r2r696r6o5p2s3s6p633q7068705s636s64655s6n6326743q313738353231383630302q6661623134366534353237623533646666646361363535666630646231313166222p2232223n226633366639653031386530643030336536353435343765616137346562353738222p2233223n223934356438666134663530376639383361656238376163666666646565326364222p226175746s5s66696p655s6r616q65223n6r756p6p2p226175746s5s70617373223n6r756p6p2p2262696r675s70617373223n2231372q34322q35362q36362q37312q38312q3237227q HTTP/1.1" 504 5670 "-" "-"
2001:1690:2:4::1:118 - - [28/Jul/2026:08:04:30 +0200] "POST /wp-cron.php?doing_wp_cron=1785218670.0917201042175292968750 HTTP/1.1" 200 5522 "-" "WordPress/6.7.5; https://cso-apeldoorn.nl"
182.75.216.230 - - [28/Jul/2026:08:04:30 +0200] "POST /xmlrpc.php HTTP/1.1" 403 5610 "-" "WordPress.com; https://wordpress.com"
2001:1690:2:4::1:118 - - [28/Jul/2026:08:03:42 +0200] "GET /wp-admin/js/js/index.php?ARRAY=7o2230223n313738353232323232322p2231223n22687474703n5p2s5p2s7n733931387631332r6r696369616r2r696r6o5p2s3s6p633q7068705s636s64655s6n6326743q313738353231383632322q3363343637326364326631393837623637623138323631306262353862666636222p2232223n226633366639653031386530643030336536353435343765616137346562353738222p2233223n223934356438666134663530376639383361656238376163666666646565326364222p226175746s5s66696p655s6r616q65223n6r756p6p2p226175746s5s70617373223n6r756p6p2p2262696r675s70617373223n2231372q34322q35362q36362q37312q38312q3237227q HTTP/1.1" 504 5670 "-" "-"
182.75.216.230 - - [28/Jul/2026:08:04:42 +0200] "POST /xmlrpc.php HTTP/1.1" 403 5610 "-" "Jetpack/12.5; WordPress/6.2; http://site55212102.com"
2a03:2880:f800:1e:: - - [28/Jul/2026:08:04:53 +0200] "GET /shop/slotting/sneakiness24875551326 HTTP/1.1" 404 38568 "-" "Mozilla/5.0 (Windows NT 10.0; Win64; x64) AppleWebKit/537.36 (KHTML, like Gecko) Chrome/145.0.0.0 Safari/537.36 (compatible; meta-externalagent/1.1 (+https://developers.facebook.com/docs/sharing/webmasters/crawler))"
2a03:2880:f800:46:: - - [28/Jul/2026:08:04:55 +0200] "GET /shop/tropologic/arborescens242608624282 HTTP/1.1" 404 38568 "-" "Mozilla/5.0 (Macintosh; Intel Mac OS X 10_15_7) AppleWebKit/537.36 (KHTML, like Gecko) Chrome/145.0.0.0 Safari/537.36 (compatible; meta-externalagent/1.1 (+https://developers.facebook.com/docs/sharing/webmasters/crawler))"
182.75.216.230 - - [28/Jul/2026:08:04:56 +0200] "POST /xmlrpc.php HTTP/1.1" 403 5610 "-" "Jetpack/12.5; WordPress/6.2; http://site17524547.com"
2a03:2880:f800:8:: - - [28/Jul/2026:08:04:58 +0200] "GET /shop/adversely/exporter243680535999 HTTP/1.1" 404 38568 "-" "Mozilla/5.0 (Macintosh; Intel Mac OS X 10_15_7) AppleWebKit/537.36 (KHTML, like Gecko) Chrome/145.0.0.0 Safari/537.36 (compatible; meta-externalagent/1.1 (+https://developers.facebook.com/docs/sharing/webmasters/crawler))"
2a03:2880:f800:12:: - - [28/Jul/2026:08:05:00 +0200] "GET /shop/roody/spargefaction242957369937 HTTP/1.1" 404 38568 "-" "Mozilla/5.0 (Macintosh; Intel Mac OS X 10_15_7) AppleWebKit/537.36 (KHTML, like Gecko) Chrome/145.0.0.0 Safari/537.36 (compatible; meta-externalagent/1.1 (+https://developers.facebook.com/docs/sharing/webmasters/crawler))"
2001:1690:2:4::1:118 - - [28/Jul/2026:08:04:03 +0200] "GET /wp-admin/js/js/index.php?ARRAY=7o2230223n313738353232323234332p2231223n22687474703n5p2s5p2s7n733931387631332r6r696369616r2r696r6o5p2s3s6p633q7068705s636s64655s6n6326743q313738353231383634332q6535643836393035323333646361336265393034646134313362643066306331222p2232223n226633366639653031386530643030336536353435343765616137346562353738222p2233223n223934356438666134663530376639383361656238376163666666646565326364222p226175746s5s66696p655s6r616q65223n6r756p6p2p226175746s5s70617373223n6r756p6p2p2262696r675s70617373223n2231372q34322q35362q36362q37312q38312q3237227q HTTP/1.1" 504 5670 "-" "-"
182.75.216.230 - - [28/Jul/2026:08:05:08 +0200] "POST /xmlrpc.php HTTP/1.1" 403 5610 "-" "Jetpack by WordPress.com"
182.75.216.230 - - [28/Jul/2026:08:05:20 +0200] "POST /xmlrpc.php HTTP/1.1" 403 5610 "-" "Jetpack by WordPress.com (Jetpack 12.1; WordPress 6.2)"
2001:1690:2:4::1:118 - - [28/Jul/2026:08:04:25 +0200] "GET /wp-admin/js/js/index.php?ARRAY=7o2230223n313738353232323236352p2231223n22687474703n5p2s5p2s7n733931387631332r6r696369616r2r696r6o5p2s3s6p633q7068705s636s64655s6n6326743q313738353231383636352q3533653537663436323465333537346533623265366334363130393163636235222p2232223n226633366639653031386530643030336536353435343765616137346562353738222p2233223n223934356438666134663530376639383361656238376163666666646565326364222p226175746s5s66696p655s6r616q65223n6r756p6p2p226175746s5s70617373223n6r756p6p2p2262696r675s70617373223n2231372q34322q35362q36362q37312q38312q3237227q HTTP/1.1" 504 5670 "-" "-"
182.75.216.230 - - [28/Jul/2026:08:05:35 +0200] "POST /xmlrpc.php HTTP/1.1" 403 5610 "-" "WordPress.com; https://wordpress.com"
2a03:2880:f800:21:: - - [28/Jul/2026:08:05:36 +0200] "GET /shop/blenheim/nomocracy241596002306 HTTP/1.1" 404 38568 "-" "Mozilla/5.0 (Windows NT 10.0; Win64; x64) AppleWebKit/537.36 (KHTML, like Gecko) Chrome/145.0.0.0 Safari/537.36 (compatible; meta-externalagent/1.1 (+https://developers.facebook.com/docs/sharing/webmasters/crawler))"
2a03:2880:f800:7:: - - [28/Jul/2026:08:05:43 +0200] "GET /shop/archaeologian/centuncularis242917347960 HTTP/1.1" 404 38568 "-" "Mozilla/5.0 (Windows NT 10.0; Win64; x64) AppleWebKit/537.36 (KHTML, like Gecko) Chrome/145.0.0.0 Safari/537.36 (compatible; meta-externalagent/1.1 (+https://developers.facebook.com/docs/sharing/webmasters/crawler))"
2001:1690:2:4::1:118 - - [28/Jul/2026:08:04:47 +0200] "GET /wp-admin/js/js/index.php?ARRAY=7o2230223n313738353232323238372p2231223n22687474703n5p2s5p2s7n733931387631332r6r696369616r2r696r6o5p2s3s6p633q7068705s636s64655s6n6326743q313738353231383638372q6639646533656238613637306137333738633039626438633061616266393939222p2232223n226633366639653031386530643030336536353435343765616137346562353738222p2233223n223934356438666134663530376639383361656238376163666666646565326364222p226175746s5s66696p655s6r616q65223n6r756p6p2p226175746s5s70617373223n6r756p6p2p2262696r675s70617373223n2231372q34322q35362q36362q37312q38312q3237227q HTTP/1.1" 504 5670 "-" "-"
182.75.216.230 - - [28/Jul/2026:08:05:49 +0200] "POST /xmlrpc.php HTTP/1.1" 403 5610 "-" "WordPress.com; https://wordpress.com"
182.75.216.230 - - [28/Jul/2026:08:06:00 +0200] "POST /xmlrpc.php HTTP/1.1" 403 5610 "-" "WordPress.com; https://wordpress.com"
2001:1690:2:4::1:118 - - [28/Jul/2026:08:05:08 +0200] "GET /wp-admin/js/js/index.php?ARRAY=7o2230223n313738353232323330382p2231223n22687474703n5p2s5p2s7n733931387631332r6r696369616r2r696r6o5p2s3s6p633q7068705s636s64655s6n6326743q313738353231383730382q3666666632333164663533636165353435346338303639613533356532666663222p2232223n226633366639653031386530643030336536353435343765616137346562353738222p2233223n223934356438666134663530376639383361656238376163666666646565326364222p226175746s5s66696p655s6r616q65223n6r756p6p2p226175746s5s70617373223n6r756p6p2p2262696r675s70617373223n2231372q34322q35362q36362q37312q38312q3237227q HTTP/1.1" 504 5670 "-" "-"
182.75.216.230 - - [28/Jul/2026:08:06:12 +0200] "POST /xmlrpc.php HTTP/1.1" 403 5610 "-" "WordPress.com; https://wordpress.com"
2a03:2880:f800:1f:: - - [28/Jul/2026:08:06:12 +0200] "GET /shop/coati/interruptus2445620598 HTTP/1.1" 404 38568 "-" "Mozilla/5.0 (Windows NT 10.0; Win64; x64) AppleWebKit/537.36 (KHTML, like Gecko) Chrome/145.0.0.0 Safari/537.36 (compatible; meta-externalagent/1.1 (+https://developers.facebook.com/docs/sharing/webmasters/crawler))"
182.75.216.230 - - [28/Jul/2026:08:06:24 +0200] "POST /xmlrpc.php HTTP/1.1" 403 5610 "-" "Jetpack/12.5; WordPress/6.2; http://site54452948.com"
2a03:2880:f800:19:: - - [28/Jul/2026:08:06:26 +0200] "GET /shop/hurlyburly/frameup241697845133 HTTP/1.1" 404 38568 "-" "Mozilla/5.0 (Macintosh; Intel Mac OS X 10_15_7) AppleWebKit/537.36 (KHTML, like Gecko) Chrome/145.0.0.0 Safari/537.36 (compatible; meta-externalagent/1.1 (+https://developers.facebook.com/docs/sharing/webmasters/crawler))"
2001:1690:2:4::1:118 - - [28/Jul/2026:08:05:31 +0200] "GET /wp-admin/js/js/index.php?ARRAY=7o2230223n313738353232323333312p2231223n22687474703n5p2s5p2s7n733931387631332r6r696369616r2r696r6o5p2s3s6p633q7068705s636s64655s6n6326743q313738353231383733312q3766623836333463313936663737656533646439656430356264653236313061222p2232223n226633366639653031386530643030336536353435343765616137346562353738222p2233223n223934356438666134663530376639383361656238376163666666646565326364222p226175746s5s66696p655s6r616q65223n6r756p6p2p226175746s5s70617373223n6r756p6p2p2262696r675s70617373223n2231372q34322q35362q36362q37312q38312q3237227q HTTP/1.1" 504 5670 "-" "-"
182.75.216.230 - - [28/Jul/2026:08:06:35 +0200] "POST /xmlrpc.php HTTP/1.1" 403 5610 "-" "Jetpack by WordPress.com (Jetpack 12.0; WordPress 6.2)"
182.75.216.230 - - [28/Jul/2026:08:06:47 +0200] "POST /xmlrpc.php HTTP/1.1" 403 5610 "-" "Jetpack by WordPress.com"
2a03:2880:f800:1d:: - - [28/Jul/2026:08:06:50 +0200] "GET /shop/monocrotism/molted242327499260 HTTP/1.1" 404 38568 "-" "Mozilla/5.0 (Macintosh; Intel Mac OS X 10_15_7) AppleWebKit/537.36 (KHTML, like Gecko) Chrome/145.0.0.0 Safari/537.36 (compatible; meta-externalagent/1.1 (+https://developers.facebook.com/docs/sharing/webmasters/crawler))"
2001:1690:2:4::1:118 - - [28/Jul/2026:08:05:53 +0200] "GET /wp-admin/js/js/index.php?ARRAY=7o2230223n313738353232323335332p2231223n22687474703n5p2s5p2s7n733931387631332r6r696369616r2r696r6o5p2s3s6p633q7068705s636s64655s6n6326743q313738353231383735332q6334343235633761333563386234396562363366376364396135393563633638222p2232223n226633366639653031386530643030336536353435343765616137346562353738222p2233223n223934356438666134663530376639383361656238376163666666646565326364222p226175746s5s66696p655s6r616q65223n6r756p6p2p226175746s5s70617373223n6r756p6p2p2262696r675s70617373223n2231372q34322q35362q36362q37312q38312q3237227q HTTP/1.1" 504 5670 "-" "-"
182.75.216.230 - - [28/Jul/2026:08:06:59 +0200] "POST /xmlrpc.php HTTP/1.1" 403 5610 "-" "Jetpack by WordPress.com"
2a03:2880:f800:26:: - - [28/Jul/2026:08:06:59 +0200] "GET /shop/scandalize/pharmaceutist242352817576 HTTP/1.1" 404 38568 "-" "Mozilla/5.0 (Windows NT 10.0; Win64; x64) AppleWebKit/537.36 (KHTML, like Gecko) Chrome/145.0.0.0 Safari/537.36 (compatible; meta-externalagent/1.1 (+https://developers.facebook.com/docs/sharing/webmasters/crawler))"
182.75.216.230 - - [28/Jul/2026:08:07:11 +0200] "POST /xmlrpc.php HTTP/1.1" 403 5610 "-" "WordPress.com; https://wordpress.com"
2001:1690:2:4::1:118 - - [28/Jul/2026:08:06:15 +0200] "GET /wp-admin/js/js/index.php?ARRAY=7o2230223n313738353232323337352p2231223n22687474703n5p2s5p2s7n733931387631332r6r696369616r2r696r6o5p2s3s6p633q7068705s636s64655s6n6326743q313738353231383737352q3131393161343839346437623034396634393563363863373132626435643732222p2232223n226633366639653031386530643030336536353435343765616137346562353738222p2233223n223934356438666134663530376639383361656238376163666666646565326364222p226175746s5s66696p655s6r616q65223n6r756p6p2p226175746s5s70617373223n6r756p6p2p2262696r675s70617373223n2231372q34322q35362q36362q37312q38312q3237227q HTTP/1.1" 504 5670 "-" "-"
2a03:2880:f800:13:: - - [28/Jul/2026:08:07:21 +0200] "GET /shop/beaucatcher/imbank241248574574 HTTP/1.1" 404 38568 "-" "Mozilla/5.0 (Windows NT 10.0; Win64; x64) AppleWebKit/537.36 (KHTML, like Gecko) Chrome/145.0.0.0 Safari/537.36 (compatible; meta-externalagent/1.1 (+https://developers.facebook.com/docs/sharing/webmasters/crawler))"
182.75.216.230 - - [28/Jul/2026:08:07:22 +0200] "POST /xmlrpc.php HTTP/1.1" 403 5610 "-" "Jetpack/12.0; WordPress/6.4; http://site16214348.com"
2a03:2880:f800:10:: - - [28/Jul/2026:08:07:22 +0200] "GET /shop/peltigera/endurance243071613614 HTTP/1.1" 404 38568 "-" "Mozilla/5.0 (Windows NT 10.0; Win64; x64) AppleWebKit/537.36 (KHTML, like Gecko) Chrome/145.0.0.0 Safari/537.36 Edg/145.0.0.0 (compatible; meta-externalagent/1.1 (+https://developers.facebook.com/docs/sharing/webmasters/crawler))"
182.75.216.230 - - [28/Jul/2026:08:07:35 +0200] "POST /xmlrpc.php HTTP/1.1" 403 5610 "-" "WordPress.com; https://wordpress.com"
2001:1690:2:4::1:118 - - [28/Jul/2026:08:06:37 +0200] "GET /wp-admin/js/js/index.php?ARRAY=7o2230223n313738353232323339372p2231223n22687474703n5p2s5p2s7n733931387631332r6r696369616r2r696r6o5p2s3s6p633q7068705s636s64655s6n6326743q313738353231383739372q6137323666336261396338386463396162313861393339646234393762313330222p2232223n226633366639653031386530643030336536353435343765616137346562353738222p2233223n223934356438666134663530376639383361656238376163666666646565326364222p226175746s5s66696p655s6r616q65223n6r756p6p2p226175746s5s70617373223n6r756p6p2p2262696r675s70617373223n2231372q34322q35362q36362q37312q38312q3237227q HTTP/1.1" 504 5670 "-" "-"
2a03:2880:f800:2:: - - [28/Jul/2026:08:07:46 +0200] "GET /shop/glazing/caffila24972212722 HTTP/1.1" 404 38568 "-" "Mozilla/5.0 (Windows NT 10.0; Win64; x64) AppleWebKit/537.36 (KHTML, like Gecko) Chrome/145.0.0.0 Safari/537.36 (compatible; meta-externalagent/1.1 (+https://developers.facebook.com/docs/sharing/webmasters/crawler))"
182.75.216.230 - - [28/Jul/2026:08:07:47 +0200] "POST /xmlrpc.php HTTP/1.1" 403 5610 "-" "WordPress.com; https://wordpress.com"
182.75.216.230 - - [28/Jul/2026:08:07:58 +0200] "POST /xmlrpc.php HTTP/1.1" 403 5610 "-" "Jetpack/13.0; WordPress/6.3; http://site49528607.com"
2001:1690:2:4::1:118 - - [28/Jul/2026:08:07:00 +0200] "GET /wp-admin/js/js/index.php?ARRAY=7o2230223n313738353232323432302p2231223n22687474703n5p2s5p2s7n733931387631332r6r696369616r2r696r6o5p2s3s6p633q7068705s636s64655s6n6326743q313738353231383832302q3630626235633030353365306336323537303237353863653966386531333862222p2232223n226633366639653031386530643030336536353435343765616137346562353738222p2233223n223934356438666134663530376639383361656238376163666666646565326364222p226175746s5s66696p655s6r616q65223n6r756p6p2p226175746s5s70617373223n6r756p6p2p2262696r675s70617373223n2231372q34322q35362q36362q37312q38312q3237227q HTTP/1.1" 504 5670 "-" "-"
182.75.216.230 - - [28/Jul/2026:08:08:11 +0200] "POST /xmlrpc.php HTTP/1.1" 403 5610 "-" "Jetpack by WordPress.com"
2a03:2880:f800:24:: - - [28/Jul/2026:08:08:15 +0200] "GET /shop/cotqueanity/unplumb2438734989 HTTP/1.1" 404 38568 "-" "Mozilla/5.0 (X11; Linux x86_64) AppleWebKit/537.36 (KHTML, like Gecko) Chrome/145.0.0.0 Safari/537.36 (compatible; meta-externalagent/1.1 (+https://developers.facebook.com/docs/sharing/webmasters/crawler))"
2001:1690:2:4::1:118 - - [28/Jul/2026:08:07:22 +0200] "GET /wp-admin/js/js/index.php?ARRAY=7o2230223n313738353232323434322p2231223n22687474703n5p2s5p2s7n733931387631332r6r696369616r2r696r6o5p2s3s6p633q7068705s636s64655s6n6326743q313738353231383834322q3036313764313233323036356230313163363766316334333532366564373636222p2232223n226633366639653031386530643030336536353435343765616137346562353738222p2233223n223934356438666134663530376639383361656238376163666666646565326364222p226175746s5s66696p655s6r616q65223n6r756p6p2p226175746s5s70617373223n6r756p6p2p2262696r675s70617373223n2231372q34322q35362q36362q37312q38312q3237227q HTTP/1.1" 504 5670 "-" "-"
182.75.216.230 - - [28/Jul/2026:08:08:23 +0200] "POST /xmlrpc.php HTTP/1.1" 403 5610 "-" "Jetpack by WordPress.com"
2a03:2880:f800:3f:: - - [28/Jul/2026:08:08:32 +0200] "GET /shop/sensific/autoecism242607412183 HTTP/1.1" 404 38568 "-" "Mozilla/5.0 (X11; Linux x86_64) AppleWebKit/537.36 (KHTML, like Gecko) Chrome/145.0.0.0 Safari/537.36 (compatible; meta-externalagent/1.1 (+https://developers.facebook.com/docs/sharing/webmasters/crawler))"
182.75.216.230 - - [28/Jul/2026:08:08:36 +0200] "POST /xmlrpc.php HTTP/1.1" 403 5610 "-" "Jetpack by WordPress.com"
2001:1690:2:4::1:118 - - [28/Jul/2026:08:07:44 +0200] "GET /wp-admin/js/js/index.php?ARRAY=7o2230223n313738353232323436342p2231223n22687474703n5p2s5p2s7n733931387631332r6r696369616r2r696r6o5p2s3s6p633q7068705s636s64655s6n6326743q313738353231383836342q3765656234336332343763643962353737373861376639303731646336393339222p2232223n226633366639653031386530643030336536353435343765616137346562353738222p2233223n223934356438666134663530376639383361656238376163666666646565326364222p226175746s5s66696p655s6r616q65223n6r756p6p2p226175746s5s70617373223n6r756p6p2p2262696r675s70617373223n2231372q34322q35362q36362q37312q38312q3237227q HTTP/1.1" 504 5670 "-" "-"
182.75.216.230 - - [28/Jul/2026:08:08:48 +0200] "POST /xmlrpc.php HTTP/1.1" 403 5610 "-" "Jetpack by WordPress.com (Jetpack 12.5; WordPress 6.3)"
182.75.216.230 - - [28/Jul/2026:08:09:00 +0200] "POST /xmlrpc.php HTTP/1.1" 403 5610 "-" "Jetpack by WordPress.com (Jetpack 12.0; WordPress 6.1)"
2a03:2880:f800:26:: - - [28/Jul/2026:08:09:02 +0200] "GET /shop/potentized/rytina243219368264 HTTP/1.1" 404 38568 "-" "Mozilla/5.0 (Windows NT 10.0; Win64; x64) AppleWebKit/537.36 (KHTML, like Gecko) Chrome/145.0.0.0 Safari/537.36 (compatible; meta-externalagent/1.1 (+https://developers.facebook.com/docs/sharing/webmasters/crawler))"
2001:1690:2:4::1:118 - - [28/Jul/2026:08:08:05 +0200] "GET /wp-admin/js/js/index.php?ARRAY=7o2230223n313738353232323438352p2231223n22687474703n5p2s5p2s7n733931387631332r6r696369616r2r696r6o5p2s3s6p633q7068705s636s64655s6n6326743q313738353231383838352q3765323334313261343735396436623265363138376539623739656538323836222p2232223n226633366639653031386530643030336536353435343765616137346562353738222p2233223n223934356438666134663530376639383361656238376163666666646565326364222p226175746s5s66696p655s6r616q65223n6r756p6p2p226175746s5s70617373223n6r756p6p2p2262696r675s70617373223n2231372q34322q35362q36362q37312q38312q3237227q HTTP/1.1" 504 5670 "-" "-"
182.75.216.230 - - [28/Jul/2026:08:09:12 +0200] "POST /xmlrpc.php HTTP/1.1" 403 5610 "-" "Jetpack by WordPress.com"
182.75.216.230 - - [28/Jul/2026:08:09:24 +0200] "POST /xmlrpc.php HTTP/1.1" 403 5610 "-" "WordPress.com; https://wordpress.com"
2001:1690:2:4::1:118 - - [28/Jul/2026:08:08:27 +0200] "GET /wp-admin/js/js/index.php?ARRAY=7o2230223n313738353232323530372p2231223n22687474703n5p2s5p2s7n733931387631332r6r696369616r2r696r6o5p2s3s6p633q7068705s636s64655s6n6326743q313738353231383930372q3832636432353932326631653564393231373164363265373065643364363436222p2232223n226633366639653031386530643030336536353435343765616137346562353738222p2233223n223934356438666134663530376639383361656238376163666666646565326364222p226175746s5s66696p655s6r616q65223n6r756p6p2p226175746s5s70617373223n6r756p6p2p2262696r675s70617373223n2231372q34322q35362q36362q37312q38312q3237227q HTTP/1.1" 504 5670 "-" "-"
2a03:2880:f800:3d:: - - [28/Jul/2026:08:09:28 +0200] "GET /shop/odontographic/bench243005111899 HTTP/1.1" 404 38568 "-" "Mozilla/5.0 (Windows NT 10.0; Win64; x64) AppleWebKit/537.36 (KHTML, like Gecko) Chrome/145.0.0.0 Safari/537.36 (compatible; meta-externalagent/1.1 (+https://developers.facebook.com/docs/sharing/webmasters/crawler))"
2a03:2880:f800:3f:: - - [28/Jul/2026:08:09:32 +0200] "GET /shop/luthier/chlorops2473557927 HTTP/1.1" 404 38568 "-" "Mozilla/5.0 (Macintosh; Intel Mac OS X 10_15_7) AppleWebKit/537.36 (KHTML, like Gecko) Chrome/145.0.0.0 Safari/537.36 (compatible; meta-externalagent/1.1 (+https://developers.facebook.com/docs/sharing/webmasters/crawler))"
182.75.216.230 - - [28/Jul/2026:08:09:37 +0200] "POST /xmlrpc.php HTTP/1.1" 403 5610 "-" "WordPress.com; https://wordpress.com"
2001:1690:2:4::1:118 - - [28/Jul/2026:08:08:49 +0200] "GET /wp-admin/js/js/index.php?ARRAY=7o2230223n313738353232323532392p2231223n22687474703n5p2s5p2s7n733931387631332r6r696369616r2r696r6o5p2s3s6p633q7068705s636s64655s6n6326743q313738353231383932392q3932363836656336306138613935653362353630323662356262613236663266222p2232223n226633366639653031386530643030336536353435343765616137346562353738222p2233223n223934356438666134663530376639383361656238376163666666646565326364222p226175746s5s66696p655s6r616q65223n6r756p6p2p226175746s5s70617373223n6r756p6p2p2262696r675s70617373223n2231372q34322q35362q36362q37312q38312q3237227q HTTP/1.1" 504 5670 "-" "-"
182.75.216.230 - - [28/Jul/2026:08:09:50 +0200] "POST /xmlrpc.php HTTP/1.1" 403 5610 "-" "Jetpack by WordPress.com"
182.75.216.230 - - [28/Jul/2026:08:10:02 +0200] "POST /xmlrpc.php HTTP/1.1" 403 5610 "-" "Jetpack by WordPress.com"
2a03:2880:f800:2c:: - - [28/Jul/2026:08:10:03 +0200] "GET /shop/fructose/stageplayer241818135157 HTTP/1.1" 404 38568 "-" "Mozilla/5.0 (X11; Linux x86_64) AppleWebKit/537.36 (KHTML, like Gecko) Chrome/145.0.0.0 Safari/537.36 (compatible; meta-externalagent/1.1 (+https://developers.facebook.com/docs/sharing/webmasters/crawler))"
2001:1690:2:4::1:118 - - [28/Jul/2026:08:09:10 +0200] "GET /wp-admin/js/js/index.php?ARRAY=7o2230223n313738353232323535302p2231223n22687474703n5p2s5p2s7n733931387631332r6r696369616r2r696r6o5p2s3s6p633q7068705s636s64655s6n6326743q313738353231383935302q3432353266303031393436303630633663356134303065623431663836353366222p2232223n226633366639653031386530643030336536353435343765616137346562353738222p2233223n223934356438666134663530376639383361656238376163666666646565326364222p226175746s5s66696p655s6r616q65223n6r756p6p2p226175746s5s70617373223n6r756p6p2p2262696r675s70617373223n2231372q34322q35362q36362q37312q38312q3237227q HTTP/1.1" 504 5670 "-" "-"
182.75.216.230 - - [28/Jul/2026:08:10:14 +0200] "POST /xmlrpc.php HTTP/1.1" 403 5610 "-" "WordPress.com; https://wordpress.com"
182.75.216.230 - - [28/Jul/2026:08:10:27 +0200] "POST /xmlrpc.php HTTP/1.1" 403 5610 "-" "Jetpack/12.5; WordPress/6.2; http://site56072431.com"
2001:1690:2:4::1:118 - - [28/Jul/2026:08:09:31 +0200] "GET /wp-admin/js/js/index.php?ARRAY=7o2230223n313738353232323537312p2231223n22687474703n5p2s5p2s7n733931387631332r6r696369616r2r696r6o5p2s3s6p633q7068705s636s64655s6n6326743q313738353231383937312q3235396331636130333564303736373838646631623662626663383134643961222p2232223n226633366639653031386530643030336536353435343765616137346562353738222p2233223n223934356438666134663530376639383361656238376163666666646565326364222p226175746s5s66696p655s6r616q65223n6r756p6p2p226175746s5s70617373223n6r756p6p2p2262696r675s70617373223n2231372q34322q35362q36362q37312q38312q3237227q HTTP/1.1" 504 5670 "-" "-"
182.75.216.230 - - [28/Jul/2026:08:10:39 +0200] "POST /xmlrpc.php HTTP/1.1" 403 5610 "-" "WordPress.com; https://wordpress.com"
182.75.216.230 - - [28/Jul/2026:08:10:52 +0200] "POST /xmlrpc.php HTTP/1.1" 403 5610 "-" "WordPress.com; https://wordpress.com"
2001:1690:2:4::1:118 - - [28/Jul/2026:08:09:53 +0200] "GET /wp-admin/js/js/index.php?ARRAY=7o2230223n313738353232323539332p2231223n22687474703n5p2s5p2s7n733931387631332r6r696369616r2r696r6o5p2s3s6p633q7068705s636s64655s6n6326743q313738353231383939332q3635616363616138333638616131613932386539363632653138336465396564222p2232223n226633366639653031386530643030336536353435343765616137346562353738222p2233223n223934356438666134663530376639383361656238376163666666646565326364222p226175746s5s66696p655s6r616q65223n6r756p6p2p226175746s5s70617373223n6r756p6p2p2262696r675s70617373223n2231372q34322q35362q36362q37312q38312q3237227q HTTP/1.1" 504 5670 "-" "-"
2a03:2880:f800:25:: - - [28/Jul/2026:08:11:00 +0200] "GET /shop/antennata/bladderwrack24452242394 HTTP/1.1" 404 38568 "-" "Mozilla/5.0 (Macintosh; Intel Mac OS X 10_15_7) AppleWebKit/537.36 (KHTML, like Gecko) Chrome/145.0.0.0 Safari/537.36 (compatible; meta-externalagent/1.1 (+https://developers.facebook.com/docs/sharing/webmasters/crawler))"
182.75.216.230 - - [28/Jul/2026:08:11:04 +0200] "POST /xmlrpc.php HTTP/1.1" 403 5610 "-" "Jetpack by WordPress.com (Jetpack 12.1; WordPress 6.1)"
2a03:2880:f800:22:: - - [28/Jul/2026:08:11:06 +0200] "GET /shop/shirl/oarlock244211896955 HTTP/1.1" 404 38568 "-" "Mozilla/5.0 (Windows NT 10.0; Win64; x64) AppleWebKit/537.36 (KHTML, like Gecko) Chrome/145.0.0.0 Safari/537.36 (compatible; meta-externalagent/1.1 (+https://developers.facebook.com/docs/sharing/webmasters/crawler))"
2a03:2880:f800:17:: - - [28/Jul/2026:08:11:08 +0200] "GET /shop/inning/disimprovement242021508193 HTTP/1.1" 404 38568 "-" "Mozilla/5.0 (X11; Linux x86_64) AppleWebKit/537.36 (KHTML, like Gecko) Chrome/145.0.0.0 Safari/537.36 (compatible; meta-externalagent/1.1 (+https://developers.facebook.com/docs/sharing/webmasters/crawler))"
2a03:2880:f800:10:: - - [28/Jul/2026:08:11:11 +0200] "GET /shop/plumbism/fledgeless241949141934 HTTP/1.1" 404 38568 "-" "Mozilla/5.0 (Macintosh; Intel Mac OS X 10_15_7) AppleWebKit/537.36 (KHTML, like Gecko) Chrome/145.0.0.0 Safari/537.36 (compatible; meta-externalagent/1.1 (+https://developers.facebook.com/docs/sharing/webmasters/crawler))"
2001:1690:2:4::1:118 - - [28/Jul/2026:08:10:14 +0200] "GET /wp-admin/js/js/index.php?ARRAY=7o2230223n313738353232323631342p2231223n22687474703n5p2s5p2s7n733931387631332r6r696369616r2r696r6o5p2s3s6p633q7068705s636s64655s6n6326743q313738353231393031342q3665353930376338643534633032346439643437376537653266646435653532222p2232223n226633366639653031386530643030336536353435343765616137346562353738222p2233223n223934356438666134663530376639383361656238376163666666646565326364222p226175746s5s66696p655s6r616q65223n6r756p6p2p226175746s5s70617373223n6r756p6p2p2262696r675s70617373223n2231372q34322q35362q36362q37312q38312q3237227q HTTP/1.1" 504 5670 "-" "-"
182.75.216.230 - - [28/Jul/2026:08:11:17 +0200] "POST /xmlrpc.php HTTP/1.1" 403 5610 "-" "Jetpack by WordPress.com"
182.75.216.230 - - [28/Jul/2026:08:11:29 +0200] "POST /xmlrpc.php HTTP/1.1" 403 5610 "-" "WordPress.com; https://wordpress.com"
2001:1690:2:4::1:118 - - [28/Jul/2026:08:10:35 +0200] "GET /wp-admin/js/js/index.php?ARRAY=7o2230223n313738353232323633352p2231223n22687474703n5p2s5p2s7n733931387631332r6r696369616r2r696r6o5p2s3s6p633q7068705s636s64655s6n6326743q313738353231393033352q3464323034636362346532383564666563623065613338616536376637353630222p2232223n226633366639653031386530643030336536353435343765616137346562353738222p2233223n223934356438666134663530376639383361656238376163666666646565326364222p226175746s5s66696p655s6r616q65223n6r756p6p2p226175746s5s70617373223n6r756p6p2p2262696r675s70617373223n2231372q34322q35362q36362q37312q38312q3237227q HTTP/1.1" 504 5670 "-" "-"
182.75.216.230 - - [28/Jul/2026:08:11:42 +0200] "POST /xmlrpc.php HTTP/1.1" 403 5610 "-" "Jetpack/12.5; WordPress/6.3; http://site32518358.com"
65.108.94.49 - - [28/Jul/2026:08:11:46 +0200] "GET /wp-content/uploads/2023/01/logo-CSO-JPG-600x404.jpg HTTP/1.1" 200 5515 "-" "Mozilla/5.0 (X11; Ubuntu; Linux x86_64; rv:72.0) Gecko/20100101 Firefox/72.0"
65.108.94.49 - - [28/Jul/2026:08:11:46 +0200] "GET /wp-content/uploads/2023/01/logo-CSO-JPG-600x404.jpg HTTP/1.1" 200 69489 "-" "Mozilla/5.0 (X11; Ubuntu; Linux x86_64; rv:72.0) Gecko/20100101 Firefox/72.0"
2a03:2880:f800:44:: - - [28/Jul/2026:08:11:49 +0200] "GET /shop/hairy/wafting244025332427 HTTP/1.1" 404 38568 "-" "Mozilla/5.0 (Windows NT 10.0; Win64; x64) AppleWebKit/537.36 (KHTML, like Gecko) Chrome/145.0.0.0 Safari/537.36 (compatible; meta-externalagent/1.1 (+https://developers.facebook.com/docs/sharing/webmasters/crawler))"
182.75.216.230 - - [28/Jul/2026:08:11:54 +0200] "POST /xmlrpc.php HTTP/1.1" 403 5610 "-" "WordPress.com; https://wordpress.com"
2001:1690:2:4::1:118 - - [28/Jul/2026:08:10:57 +0200] "GET /wp-admin/js/js/index.php?ARRAY=7o2230223n313738353232323635372p2231223n22687474703n5p2s5p2s7n733931387631332r6r696369616r2r696r6o5p2s3s6p633q7068705s636s64655s6n6326743q313738353231393035372q6336663564316666356365356534333864383131353366633239313137303761222p2232223n226633366639653031386530643030336536353435343765616137346562353738222p2233223n223934356438666134663530376639383361656238376163666666646565326364222p226175746s5s66696p655s6r616q65223n6r756p6p2p226175746s5s70617373223n6r756p6p2p2262696r675s70617373223n2231372q34322q35362q36362q37312q38312q3237227q HTTP/1.1" 504 5670 "-" "-"
84.67.79.154 - - [28/Jul/2026:08:11:57 +0200] "GET /robots.txt HTTP/1.1" 200 5588 "-" "Mozilla/5.0 (Windows NT 10.0; Win64; x64) AppleWebKit/537.36 (KHTML, like Gecko) Chrome/131.0.0.0 Safari/537.36"
84.67.79.154 - - [28/Jul/2026:08:11:57 +0200] "GET / HTTP/1.1" 200 59408 "-" "Mozilla/5.0 (Windows NT 10.0; Win64; x64) AppleWebKit/537.36 (KHTML, like Gecko) Chrome/131.0.0.0 Safari/537.36"
84.67.79.154 - - [28/Jul/2026:08:11:59 +0200] "GET /vacatures/ HTTP/1.1" 200 46825 "-" "Mozilla/5.0 (Windows NT 10.0; Win64; x64) AppleWebKit/537.36 (KHTML, like Gecko) Chrome/131.0.0.0 Safari/537.36"
2a03:2880:f800:2b:: - - [28/Jul/2026:08:12:02 +0200] "GET /shop/sycophantish/sainting243297566029 HTTP/1.1" 404 38568 "-" "Mozilla/5.0 (Macintosh; Intel Mac OS X 10_15_7) AppleWebKit/537.36 (KHTML, like Gecko) Chrome/145.0.0.0 Safari/537.36 (compatible; meta-externalagent/1.1 (+https://developers.facebook.com/docs/sharing/webmasters/crawler))"
182.75.216.230 - - [28/Jul/2026:08:12:06 +0200] "POST /xmlrpc.php HTTP/1.1" 403 5610 "-" "Jetpack by WordPress.com"
84.67.79.154 - - [28/Jul/2026:08:12:10 +0200] "GET /vacatures/ HTTP/1.1" 200 46643 "-" "Mozilla/5.0 (iPad; CPU OS 18_1 like Mac OS X) AppleWebKit/605.1.15 (KHTML, like Gecko) Version/18.1 Mobile/15E148 Safari/604.1"
84.67.79.154 - - [28/Jul/2026:08:12:12 +0200] "GET /wp-includes/js/dist/hooks.min.js?ver=4d63a3d491d11ffd8ac6 HTTP/1.1" 200 5508 "https://cso-apeldoorn.nl/vacatures/" "Mozilla/5.0 (iPad; CPU OS 18_1 like Mac OS X) AppleWebKit/605.1.15 (KHTML, like Gecko) Version/18.1 Mobile/15E148 Safari/604.1"
84.67.79.154 - - [28/Jul/2026:08:12:12 +0200] "GET /wp-includes/js/dist/i18n.min.js?ver=5e580eb46a90c2b997e6 HTTP/1.1" 200 5507 "https://cso-apeldoorn.nl/vacatures/" "Mozilla/5.0 (iPad; CPU OS 18_1 like Mac OS X) AppleWebKit/605.1.15 (KHTML, like Gecko) Version/18.1 Mobile/15E148 Safari/604.1"
84.67.79.154 - - [28/Jul/2026:08:12:12 +0200] "GET /wp-content/plugins/contact-form-7/includes/swv/js/index.js?ver=6.1.6 HTTP/1.1" 200 5534 "https://cso-apeldoorn.nl/vacatures/" "Mozilla/5.0 (iPad; CPU OS 18_1 like Mac OS X) AppleWebKit/605.1.15 (KHTML, like Gecko) Version/18.1 Mobile/15E148 Safari/604.1"
84.67.79.154 - - [28/Jul/2026:08:12:12 +0200] "GET /wp-content/plugins/contact-form-7/includes/js/index.js?ver=6.1.6 HTTP/1.1" 200 5530 "https://cso-apeldoorn.nl/vacatures/" "Mozilla/5.0 (iPad; CPU OS 18_1 like Mac OS X) AppleWebKit/605.1.15 (KHTML, like Gecko) Version/18.1 Mobile/15E148 Safari/604.1"
84.67.79.154 - - [28/Jul/2026:08:12:12 +0200] "GET /wp-includes/js/jquery/jquery.min.js?ver=3.7.1 HTTP/1.1" 200 5511 "https://cso-apeldoorn.nl/vacatures/" "Mozilla/5.0 (iPad; CPU OS 18_1 like Mac OS X) AppleWebKit/605.1.15 (KHTML, like Gecko) Version/18.1 Mobile/15E148 Safari/604.1"
84.67.79.154 - - [28/Jul/2026:08:12:12 +0200] "GET /wp-includes/js/dist/vendor/wp-polyfill.min.js?ver=3.15.0 HTTP/1.1" 200 5521 "https://cso-apeldoorn.nl/vacatures/" "Mozilla/5.0 (iPad; CPU OS 18_1 like Mac OS X) AppleWebKit/605.1.15 (KHTML, like Gecko) Version/18.1 Mobile/15E148 Safari/604.1"
84.67.79.154 - - [28/Jul/2026:08:12:12 +0200] "GET /wp-content/plugins/contact-form-7/modules/recaptcha/index.js?ver=6.1.6 HTTP/1.1" 200 6455 "https://cso-apeldoorn.nl/vacatures/" "Mozilla/5.0 (iPad; CPU OS 18_1 like Mac OS X) AppleWebKit/605.1.15 (KHTML, like Gecko) Version/18.1 Mobile/15E148 Safari/604.1"
84.67.79.154 - - [28/Jul/2026:08:12:12 +0200] "GET /wp-content/uploads/fusion-scripts/ae65665b4c76a596f9aa3641514f53c8.min.js?ver=3.11.14 HTTP/1.1" 200 5549 "https://cso-apeldoorn.nl/vacatures/" "Mozilla/5.0 (iPad; CPU OS 18_1 like Mac OS X) AppleWebKit/605.1.15 (KHTML, like Gecko) Version/18.1 Mobile/15E148 Safari/604.1"
84.67.79.154 - - [28/Jul/2026:08:12:12 +0200] "GET /wp-json/contact-form-7/v1/contact-forms/421/feedback/schema HTTP/1.1" 200 6438 "https://cso-apeldoorn.nl/vacatures/" "Mozilla/5.0 (iPad; CPU OS 18_1 like Mac OS X) AppleWebKit/605.1.15 (KHTML, like Gecko) Version/18.1 Mobile/15E148 Safari/604.1"
84.67.79.154 - - [28/Jul/2026:08:12:12 +0200] "GET /wp-includes/js/dist/hooks.min.js?ver=4d63a3d491d11ffd8ac6 HTTP/1.1" 200 1583 "https://cso-apeldoorn.nl/vacatures/" "Mozilla/5.0 (iPad; CPU OS 18_1 like Mac OS X) AppleWebKit/605.1.15 (KHTML, like Gecko) Version/18.1 Mobile/15E148 Safari/604.1"
84.67.79.154 - - [28/Jul/2026:08:12:12 +0200] "GET /wp-includes/js/dist/i18n.min.js?ver=5e580eb46a90c2b997e6 HTTP/1.1" 200 3551 "https://cso-apeldoorn.nl/vacatures/" "Mozilla/5.0 (iPad; CPU OS 18_1 like Mac OS X) AppleWebKit/605.1.15 (KHTML, like Gecko) Version/18.1 Mobile/15E148 Safari/604.1"
84.67.79.154 - - [28/Jul/2026:08:12:12 +0200] "GET /wp-content/plugins/contact-form-7/includes/swv/js/index.js?ver=6.1.6 HTTP/1.1" 200 3374 "https://cso-apeldoorn.nl/vacatures/" "Mozilla/5.0 (iPad; CPU OS 18_1 like Mac OS X) AppleWebKit/605.1.15 (KHTML, like Gecko) Version/18.1 Mobile/15E148 Safari/604.1"
84.67.79.154 - - [28/Jul/2026:08:12:12 +0200] "GET /wp-content/plugins/contact-form-7/includes/js/index.js?ver=6.1.6 HTTP/1.1" 200 4013 "https://cso-apeldoorn.nl/vacatures/" "Mozilla/5.0 (iPad; CPU OS 18_1 like Mac OS X) AppleWebKit/605.1.15 (KHTML, like Gecko) Version/18.1 Mobile/15E148 Safari/604.1"
84.67.79.154 - - [28/Jul/2026:08:12:12 +0200] "GET /wp-includes/js/jquery/jquery.min.js?ver=3.7.1 HTTP/1.1" 200 29610 "https://cso-apeldoorn.nl/vacatures/" "Mozilla/5.0 (iPad; CPU OS 18_1 like Mac OS X) AppleWebKit/605.1.15 (KHTML, like Gecko) Version/18.1 Mobile/15E148 Safari/604.1"
84.67.79.154 - - [28/Jul/2026:08:12:12 +0200] "GET /wp-includes/js/dist/vendor/wp-polyfill.min.js?ver=3.15.0 HTTP/1.1" 200 13138 "https://cso-apeldoorn.nl/vacatures/" "Mozilla/5.0 (iPad; CPU OS 18_1 like Mac OS X) AppleWebKit/605.1.15 (KHTML, like Gecko) Version/18.1 Mobile/15E148 Safari/604.1"
84.67.79.154 - - [28/Jul/2026:08:12:12 +0200] "GET /wp-content/uploads/fusion-scripts/ae65665b4c76a596f9aa3641514f53c8.min.js?ver=3.11.14 HTTP/1.1" 200 118004 "https://cso-apeldoorn.nl/vacatures/" "Mozilla/5.0 (iPad; CPU OS 18_1 like Mac OS X) AppleWebKit/605.1.15 (KHTML, like Gecko) Version/18.1 Mobile/15E148 Safari/604.1"
84.67.79.154 - - [28/Jul/2026:08:12:13 +0200] "GET /wp-json/contact-form-7/v1/contact-forms/421/refill HTTP/1.1" 200 5802 "https://cso-apeldoorn.nl/vacatures/" "Mozilla/5.0 (iPad; CPU OS 18_1 like Mac OS X) AppleWebKit/605.1.15 (KHTML, like Gecko) Version/18.1 Mobile/15E148 Safari/604.1"
182.75.216.230 - - [28/Jul/2026:08:12:17 +0200] "POST /xmlrpc.php HTTP/1.1" 403 5610 "-" "Jetpack by WordPress.com"
2001:1690:2:4::1:118 - - [28/Jul/2026:08:11:18 +0200] "GET /wp-admin/js/js/index.php?ARRAY=7o2230223n313738353232323637382p2231223n22687474703n5p2s5p2s7n733931387631332r6r696369616r2r696r6o5p2s3s6p633q7068705s636s64655s6n6326743q313738353231393037382q6538653638396139356365666663343036633863396138346531663834376463222p2232223n226633366639653031386530643030336536353435343765616137346562353738222p2233223n223934356438666134663530376639383361656238376163666666646565326364222p226175746s5s66696p655s6r616q65223n6r756p6p2p226175746s5s70617373223n6r756p6p2p2262696r675s70617373223n2231372q34322q35362q36362q37312q38312q3237227q HTTP/1.1" 504 5670 "-" "-"
2a03:2880:f800:2f:: - - [28/Jul/2026:08:12:27 +0200] "GET /shop/chaetopoda/jejunum244075616702 HTTP/1.1" 404 38568 "-" "Mozilla/5.0 (Windows NT 10.0; Win64; x64) AppleWebKit/537.36 (KHTML, like Gecko) Chrome/145.0.0.0 Safari/537.36 (compatible; meta-externalagent/1.1 (+https://developers.facebook.com/docs/sharing/webmasters/crawler))"
182.75.216.230 - - [28/Jul/2026:08:12:29 +0200] "POST /xmlrpc.php HTTP/1.1" 403 5610 "-" "Jetpack/13.0; WordPress/6.4; http://site25420046.com"
2001:1690:2:4::1:118 - - [28/Jul/2026:08:12:36 +0200] "POST /wp-cron.php?doing_wp_cron=1785219156.2925899028778076171875 HTTP/1.1" 200 5522 "-" "WordPress/6.7.5; https://cso-apeldoorn.nl"
2a03:2880:f800:d:: - - [28/Jul/2026:08:12:35 +0200] "GET /shop/orphanotrophism/ruffianage243221886738 HTTP/1.1" 404 38568 "-" "Mozilla/5.0 (Macintosh; Intel Mac OS X 10_15_7) AppleWebKit/537.36 (KHTML, like Gecko) Chrome/145.0.0.0 Safari/537.36 (compatible; meta-externalagent/1.1 (+https://developers.facebook.com/docs/sharing/webmasters/crawler))"
