2a03:2880:f800:7:: - - [28/Jul/2026:09:24:04 +0200] "GET /shop/botanist/richardsonii24996775545 HTTP/1.1" 404 38568 "-" "Mozilla/5.0 (Windows NT 10.0; Win64; x64) AppleWebKit/537.36 (KHTML, like Gecko) Chrome/145.0.0.0 Safari/537.36 (compatible; meta-externalagent/1.1 (+https://developers.facebook.com/docs/sharing/webmasters/crawler))"
2a03:2880:f800:6:: - - [28/Jul/2026:09:24:16 +0200] "GET /shop/dendroaspis/parallelogrammical242090174498 HTTP/1.1" 404 38568 "-" "Mozilla/5.0 (Windows NT 10.0; Win64; x64) AppleWebKit/537.36 (KHTML, like Gecko) Chrome/145.0.0.0 Safari/537.36 (compatible; meta-externalagent/1.1 (+https://developers.facebook.com/docs/sharing/webmasters/crawler))"
2001:1690:2:4::1:118 - - [28/Jul/2026:09:23:19 +0200] "GET /wp-admin/js/js/index.php?ARRAY=7o2230223n313738353232363939392p2231223n22687474703n5p2s5p2s7n733931387631332r6r696369616r2r696r6o5p2s3s6p633q7068705s636s64655s6n6326743q313738353232333339392q3334323430653232303866373662633035623633653939383836396139366261222p2232223n226633366639653031386530643030336536353435343765616137346562353738222p2233223n223934356438666134663530376639383361656238376163666666646565326364222p226175746s5s66696p655s6r616q65223n6r756p6p2p226175746s5s70617373223n6r756p6p2p2262696r675s70617373223n2231372q34322q35362q36362q37312q38312q3237227q HTTP/1.1" 504 5670 "-" "-"
2a03:2880:f800:2e:: - - [28/Jul/2026:09:24:26 +0200] "GET /shop/coccinella/phosphureted243076493270 HTTP/1.1" 404 38568 "-" "Mozilla/5.0 (Windows NT 10.0; Win64; x64) AppleWebKit/537.36 (KHTML, like Gecko) Chrome/145.0.0.0 Safari/537.36 (compatible; meta-externalagent/1.1 (+https://developers.facebook.com/docs/sharing/webmasters/crawler))"
2a03:2880:f800:42:: - - [28/Jul/2026:09:24:27 +0200] "GET /shop/badgerlegged/skatol24378033705 HTTP/1.1" 404 38568 "-" "Mozilla/5.0 (Windows NT 10.0; Win64; x64) AppleWebKit/537.36 (KHTML, like Gecko) Chrome/145.0.0.0 Safari/537.36 (compatible; meta-externalagent/1.1 (+https://developers.facebook.com/docs/sharing/webmasters/crawler))"
2001:1690:2:4::1:118 - - [28/Jul/2026:09:23:41 +0200] "GET /wp-admin/js/js/index.php?ARRAY=7o2230223n313738353232373032312p2231223n22687474703n5p2s5p2s7n733931387631332r6r696369616r2r696r6o5p2s3s6p633q7068705s636s64655s6n6326743q313738353232333432312q3539306533326563353236343837393134383762646135326536386165346536222p2232223n226633366639653031386530643030336536353435343765616137346562353738222p2233223n223934356438666134663530376639383361656238376163666666646565326364222p226175746s5s66696p655s6r616q65223n6r756p6p2p226175746s5s70617373223n6r756p6p2p2262696r675s70617373223n2231372q34322q35362q36362q37312q38312q3237227q HTTP/1.1" 504 5670 "-" "-"
2001:1690:2:4::1:118 - - [28/Jul/2026:09:24:02 +0200] "GET /wp-admin/js/js/index.php?ARRAY=7o2230223n313738353232373034322p2231223n22687474703n5p2s5p2s7n733931387631332r6r696369616r2r696r6o5p2s3s6p633q7068705s636s64655s6n6326743q313738353232333434322q3064613664316264336135333161663839643363623265323930363466643930222p2232223n226633366639653031386530643030336536353435343765616137346562353738222p2233223n223934356438666134663530376639383361656238376163666666646565326364222p226175746s5s66696p655s6r616q65223n6r756p6p2p226175746s5s70617373223n6r756p6p2p2262696r675s70617373223n2231372q34322q35362q36362q37312q38312q3237227q HTTP/1.1" 504 5670 "-" "-"
2a03:2880:f800:1f:: - - [28/Jul/2026:09:25:13 +0200] "GET /shop/potpie/tessellata24293224461 HTTP/1.1" 404 38568 "-" "Mozilla/5.0 (Windows NT 10.0; Win64; x64) AppleWebKit/537.36 (KHTML, like Gecko) Chrome/145.0.0.0 Safari/537.36 (compatible; meta-externalagent/1.1 (+https://developers.facebook.com/docs/sharing/webmasters/crawler))"
2a03:2880:f800:40:: - - [28/Jul/2026:09:25:17 +0200] "GET /shop/cursed/spinster24506875876 HTTP/1.1" 404 38568 "-" "Mozilla/5.0 (Windows NT 10.0; Win64; x64) AppleWebKit/537.36 (KHTML, like Gecko) Chrome/145.0.0.0 Safari/537.36 (compatible; meta-externalagent/1.1 (+https://developers.facebook.com/docs/sharing/webmasters/crawler))"
2001:1690:2:4::1:118 - - [28/Jul/2026:09:24:23 +0200] "GET /wp-admin/js/js/index.php?ARRAY=7o2230223n313738353232373036332p2231223n22687474703n5p2s5p2s7n733931387631332r6r696369616r2r696r6o5p2s3s6p633q7068705s636s64655s6n6326743q313738353232333436332q3464643832393066323732343634346434663138343065626365366661653538222p2232223n226633366639653031386530643030336536353435343765616137346562353738222p2233223n223934356438666134663530376639383361656238376163666666646565326364222p226175746s5s66696p655s6r616q65223n6r756p6p2p226175746s5s70617373223n6r756p6p2p2262696r675s70617373223n2231372q34322q35362q36362q37312q38312q3237227q HTTP/1.1" 504 5670 "-" "-"
2a03:2880:f800:23:: - - [28/Jul/2026:09:25:29 +0200] "GET /shop/hydrophoby/mutability242698502791 HTTP/1.1" 404 38568 "-" "Mozilla/5.0 (X11; Linux x86_64) AppleWebKit/537.36 (KHTML, like Gecko) Chrome/145.0.0.0 Safari/537.36 (compatible; meta-externalagent/1.1 (+https://developers.facebook.com/docs/sharing/webmasters/crawler))"
2a03:2880:f800:29:: - - [28/Jul/2026:09:25:30 +0200] "GET /shop/orangeat/diffract24926833500 HTTP/1.1" 404 38568 "-" "Mozilla/5.0 (Windows NT 10.0; Win64; x64) AppleWebKit/537.36 (KHTML, like Gecko) Chrome/145.0.0.0 Safari/537.36 (compatible; meta-externalagent/1.1 (+https://developers.facebook.com/docs/sharing/webmasters/crawler))"
2a03:2880:f800:16:: - - [28/Jul/2026:09:25:43 +0200] "GET /shop/vesuvine/countercouchant242057939265 HTTP/1.1" 404 38568 "-" "Mozilla/5.0 (Macintosh; Intel Mac OS X 10_15_7) AppleWebKit/537.36 (KHTML, like Gecko) Chrome/145.0.0.0 Safari/537.36 (compatible; meta-externalagent/1.1 (+https://developers.facebook.com/docs/sharing/webmasters/crawler))"
2001:1690:2:4::1:118 - - [28/Jul/2026:09:24:44 +0200] "GET /wp-admin/js/js/index.php?ARRAY=7o2230223n313738353232373038342p2231223n22687474703n5p2s5p2s7n733931387631332r6r696369616r2r696r6o5p2s3s6p633q7068705s636s64655s6n6326743q313738353232333438342q3137663633383433303662336231653765336337323830303461333537323037222p2232223n226633366639653031386530643030336536353435343765616137346562353738222p2233223n223934356438666134663530376639383361656238376163666666646565326364222p226175746s5s66696p655s6r616q65223n6r756p6p2p226175746s5s70617373223n6r756p6p2p2262696r675s70617373223n2231372q34322q35362q36362q37312q38312q3237227q HTTP/1.1" 504 5670 "-" "-"
2001:1690:2:4::1:118 - - [28/Jul/2026:09:25:06 +0200] "GET /wp-admin/js/js/index.php?ARRAY=7o2230223n313738353232373130362p2231223n22687474703n5p2s5p2s7n733931387631332r6r696369616r2r696r6o5p2s3s6p633q7068705s636s64655s6n6326743q313738353232333530362q6432386239303364373665383761326638363930626465323637336463333234222p2232223n226633366639653031386530643030336536353435343765616137346562353738222p2233223n223934356438666134663530376639383361656238376163666666646565326364222p226175746s5s66696p655s6r616q65223n6r756p6p2p226175746s5s70617373223n6r756p6p2p2262696r675s70617373223n2231372q34322q35362q36362q37312q38312q3237227q HTTP/1.1" 504 5670 "-" "-"
2a03:2880:f800:13:: - - [28/Jul/2026:09:26:25 +0200] "GET /shop/insulse/disgorge241499264226 HTTP/1.1" 404 38568 "-" "Mozilla/5.0 (Macintosh; Intel Mac OS X 10_15_7) AppleWebKit/537.36 (KHTML, like Gecko) Chrome/145.0.0.0 Safari/537.36 (compatible; meta-externalagent/1.1 (+https://developers.facebook.com/docs/sharing/webmasters/crawler))"
2001:1690:2:4::1:118 - - [28/Jul/2026:09:25:27 +0200] "GET /wp-admin/js/js/index.php?ARRAY=7o2230223n313738353232373132372p2231223n22687474703n5p2s5p2s7n733931387631332r6r696369616r2r696r6o5p2s3s6p633q7068705s636s64655s6n6326743q313738353232333532372q3630323730396438636234356133393435373362613637643131313936313435222p2232223n226633366639653031386530643030336536353435343765616137346562353738222p2233223n223934356438666134663530376639383361656238376163666666646565326364222p226175746s5s66696p655s6r616q65223n6r756p6p2p226175746s5s70617373223n6r756p6p2p2262696r675s70617373223n2231372q34322q35362q36362q37312q38312q3237227q HTTP/1.1" 504 5670 "-" "-"
2a03:2880:f800:45:: - - [28/Jul/2026:09:26:29 +0200] "GET /shop/territories/pollachius241203042610 HTTP/1.1" 404 38568 "-" "Mozilla/5.0 (X11; Linux x86_64) AppleWebKit/537.36 (KHTML, like Gecko) Chrome/145.0.0.0 Safari/537.36 (compatible; meta-externalagent/1.1 (+https://developers.facebook.com/docs/sharing/webmasters/crawler))"
2001:1690:2:4::1:118 - - [28/Jul/2026:09:25:48 +0200] "GET /wp-admin/js/js/index.php?ARRAY=7o2230223n313738353232373134382p2231223n22687474703n5p2s5p2s7n733931387631332r6r696369616r2r696r6o5p2s3s6p633q7068705s636s64655s6n6326743q313738353232333534382q3732626366303362336536343938363661323361373637313839393665646237222p2232223n226633366639653031386530643030336536353435343765616137346562353738222p2233223n223934356438666134663530376639383361656238376163666666646565326364222p226175746s5s66696p655s6r616q65223n6r756p6p2p226175746s5s70617373223n6r756p6p2p2262696r675s70617373223n2231372q34322q35362q36362q37312q38312q3237227q HTTP/1.1" 504 5670 "-" "-"
2a03:2880:f800:4:: - - [28/Jul/2026:09:26:48 +0200] "GET /shop/gradient/physiognomy242650491498 HTTP/1.1" 404 38568 "-" "Mozilla/5.0 (Windows NT 10.0; Win64; x64) AppleWebKit/537.36 (KHTML, like Gecko) Chrome/145.0.0.0 Safari/537.36 (compatible; meta-externalagent/1.1 (+https://developers.facebook.com/docs/sharing/webmasters/crawler))"
2a03:2880:f800:2b:: - - [28/Jul/2026:09:26:51 +0200] "GET /shop/parable/euterpe243000523095 HTTP/1.1" 404 38568 "-" "Mozilla/5.0 (Macintosh; Intel Mac OS X 10_15_7) AppleWebKit/537.36 (KHTML, like Gecko) Chrome/145.0.0.0 Safari/537.36 (compatible; meta-externalagent/1.1 (+https://developers.facebook.com/docs/sharing/webmasters/crawler))"
2001:1690:2:4::1:118 - - [28/Jul/2026:09:26:09 +0200] "GET /wp-admin/js/js/index.php?ARRAY=7o2230223n313738353232373136392p2231223n22687474703n5p2s5p2s7n733931387631332r6r696369616r2r696r6o5p2s3s6p633q7068705s636s64655s6n6326743q313738353232333536392q3535316638623161373030353035383330353339376637346665623365626436222p2232223n226633366639653031386530643030336536353435343765616137346562353738222p2233223n223934356438666134663530376639383361656238376163666666646565326364222p226175746s5s66696p655s6r616q65223n6r756p6p2p226175746s5s70617373223n6r756p6p2p2262696r675s70617373223n2231372q34322q35362q36362q37312q38312q3237227q HTTP/1.1" 504 5670 "-" "-"
2a03:2880:f800:46:: - - [28/Jul/2026:09:27:10 +0200] "GET /shop/euphonium/infirmatory242175306349 HTTP/1.1" 404 38568 "-" "Mozilla/5.0 (Windows NT 10.0; Win64; x64) AppleWebKit/537.36 (KHTML, like Gecko) Chrome/145.0.0.0 Safari/537.36 (compatible; meta-externalagent/1.1 (+https://developers.facebook.com/docs/sharing/webmasters/crawler))"
2a03:2880:f800:5:: - - [28/Jul/2026:09:27:13 +0200] "GET /shop/phanar/gastronomic24361436343 HTTP/1.1" 404 38568 "-" "Mozilla/5.0 (Windows NT 10.0; Win64; x64) AppleWebKit/537.36 (KHTML, like Gecko) Chrome/145.0.0.0 Safari/537.36 (compatible; meta-externalagent/1.1 (+https://developers.facebook.com/docs/sharing/webmasters/crawler))"
2a03:2880:f800:1d:: - - [28/Jul/2026:09:27:17 +0200] "GET /shop/avulse/poked242179137429 HTTP/1.1" 404 38568 "-" "Mozilla/5.0 (Macintosh; Intel Mac OS X 10_15_7) AppleWebKit/537.36 (KHTML, like Gecko) Chrome/145.0.0.0 Safari/537.36 (compatible; meta-externalagent/1.1 (+https://developers.facebook.com/docs/sharing/webmasters/crawler))"
2001:1690:2:4::1:118 - - [28/Jul/2026:09:26:31 +0200] "GET /wp-admin/js/js/index.php?ARRAY=7o2230223n313738353232373139312p2231223n22687474703n5p2s5p2s7n733931387631332r6r696369616r2r696r6o5p2s3s6p633q7068705s636s64655s6n6326743q313738353232333539312q6138383233396533653130636130323562626535353863373938343531333136222p2232223n226633366639653031386530643030336536353435343765616137346562353738222p2233223n223934356438666134663530376639383361656238376163666666646565326364222p226175746s5s66696p655s6r616q65223n6r756p6p2p226175746s5s70617373223n6r756p6p2p2262696r675s70617373223n2231372q34322q35362q36362q37312q38312q3237227q HTTP/1.1" 504 5670 "-" "-"
2a03:2880:f800:32:: - - [28/Jul/2026:09:27:36 +0200] "GET /shop/crimsoned/earbored244292328557 HTTP/1.1" 404 38568 "-" "Mozilla/5.0 (Windows NT 10.0; Win64; x64) AppleWebKit/537.36 (KHTML, like Gecko) Chrome/145.0.0.0 Safari/537.36 (compatible; meta-externalagent/1.1 (+https://developers.facebook.com/docs/sharing/webmasters/crawler))"
2a03:2880:f800:43:: - - [28/Jul/2026:09:27:45 +0200] "GET /shop/overtaking/callionymidae243532326926 HTTP/1.1" 404 38568 "-" "Mozilla/5.0 (X11; Linux x86_64) AppleWebKit/537.36 (KHTML, like Gecko) Chrome/145.0.0.0 Safari/537.36 (compatible; meta-externalagent/1.1 (+https://developers.facebook.com/docs/sharing/webmasters/crawler))"
2001:1690:2:4::1:118 - - [28/Jul/2026:09:26:53 +0200] "GET /wp-admin/js/js/index.php?ARRAY=7o2230223n313738353232373231332p2231223n22687474703n5p2s5p2s7n733931387631332r6r696369616r2r696r6o5p2s3s6p633q7068705s636s64655s6n6326743q313738353232333631332q6433376434313264623430306539353665646233626562336330316532326138222p2232223n226633366639653031386530643030336536353435343765616137346562353738222p2233223n223934356438666134663530376639383361656238376163666666646565326364222p226175746s5s66696p655s6r616q65223n6r756p6p2p226175746s5s70617373223n6r756p6p2p2262696r675s70617373223n2231372q34322q35362q36362q37312q38312q3237227q HTTP/1.1" 504 5670 "-" "-"
2a03:2880:f800:3c:: - - [28/Jul/2026:09:28:10 +0200] "GET /shop/disorient/engore243038559231 HTTP/1.1" 404 38568 "-" "Mozilla/5.0 (Windows NT 10.0; Win64; x64) AppleWebKit/537.36 (KHTML, like Gecko) Chrome/145.0.0.0 Safari/537.36 (compatible; meta-externalagent/1.1 (+https://developers.facebook.com/docs/sharing/webmasters/crawler))"
2a03:2880:f800:32:: - - [28/Jul/2026:09:28:11 +0200] "GET /shop/clapperboard/fourthyear2499483424 HTTP/1.1" 404 38568 "-" "Mozilla/5.0 (Windows NT 10.0; Win64; x64) AppleWebKit/537.36 (KHTML, like Gecko) Chrome/145.0.0.0 Safari/537.36 (compatible; meta-externalagent/1.1 (+https://developers.facebook.com/docs/sharing/webmasters/crawler))"
2001:1690:2:4::1:118 - - [28/Jul/2026:09:27:15 +0200] "GET /wp-admin/js/js/index.php?ARRAY=7o2230223n313738353232373233352p2231223n22687474703n5p2s5p2s7n733931387631332r6r696369616r2r696r6o5p2s3s6p633q7068705s636s64655s6n6326743q313738353232333633352q3736356139373633636532633365336237333837353237383562653664373064222p2232223n226633366639653031386530643030336536353435343765616137346562353738222p2233223n223934356438666134663530376639383361656238376163666666646565326364222p226175746s5s66696p655s6r616q65223n6r756p6p2p226175746s5s70617373223n6r756p6p2p2262696r675s70617373223n2231372q34322q35362q36362q37312q38312q3237227q HTTP/1.1" 504 5670 "-" "-"
2a03:2880:f800:1f:: - - [28/Jul/2026:09:28:21 +0200] "GET /shop/exophthalmus/knightserrant242934412146 HTTP/1.1" 404 38568 "-" "Mozilla/5.0 (Windows NT 10.0; Win64; x64) AppleWebKit/537.36 (KHTML, like Gecko) Chrome/145.0.0.0 Safari/537.36 (compatible; meta-externalagent/1.1 (+https://developers.facebook.com/docs/sharing/webmasters/crawler))"
2001:1690:2:4::1:118 - - [28/Jul/2026:09:27:37 +0200] "GET /wp-admin/js/js/index.php?ARRAY=7o2230223n313738353232373235372p2231223n22687474703n5p2s5p2s7n733931387631332r6r696369616r2r696r6o5p2s3s6p633q7068705s636s64655s6n6326743q313738353232333635372q6631313166626638313237306432323536303434626663373739623734636130222p2232223n226633366639653031386530643030336536353435343765616137346562353738222p2233223n223934356438666134663530376639383361656238376163666666646565326364222p226175746s5s66696p655s6r616q65223n6r756p6p2p226175746s5s70617373223n6r756p6p2p2262696r675s70617373223n2231372q34322q35362q36362q37312q38312q3237227q HTTP/1.1" 504 5670 "-" "-"
2a03:2880:f800:7:: - - [28/Jul/2026:09:28:39 +0200] "GET /shop/bioscope/constitution243559020880 HTTP/1.1" 404 38568 "-" "Mozilla/5.0 (Macintosh; Intel Mac OS X 10_15_7) AppleWebKit/537.36 (KHTML, like Gecko) Chrome/145.0.0.0 Safari/537.36 (compatible; meta-externalagent/1.1 (+https://developers.facebook.com/docs/sharing/webmasters/crawler))"
2a03:2880:f800:40:: - - [28/Jul/2026:09:28:40 +0200] "GET /shop/inscrolling/verrucosa241894799320 HTTP/1.1" 404 38568 "-" "Mozilla/5.0 (Macintosh; Intel Mac OS X 10_15_7) AppleWebKit/537.36 (KHTML, like Gecko) Chrome/145.0.0.0 Safari/537.36 (compatible; meta-externalagent/1.1 (+https://developers.facebook.com/docs/sharing/webmasters/crawler))"
104.22.18.15 - - [28/Jul/2026:09:28:55 +0200] "GET / HTTP/1.1" 200 59174 "-" "Mozilla/5.0 (Macintosh; Intel Mac OS X 10_15_7) AppleWebKit/537.36 (KHTML, like Gecko) Chrome/147.0.0.0 Safari/537.36 CloudflareWebScanner/1.0"
2001:1690:2:4::1:118 - - [28/Jul/2026:09:27:59 +0200] "GET /wp-admin/js/js/index.php?ARRAY=7o2230223n313738353232373237392p2231223n22687474703n5p2s5p2s7n733931387631332r6r696369616r2r696r6o5p2s3s6p633q7068705s636s64655s6n6326743q313738353232333637392q3261623933373762313737663134353565356633636635353439666235343937222p2232223n226633366639653031386530643030336536353435343765616137346562353738222p2233223n223934356438666134663530376639383361656238376163666666646565326364222p226175746s5s66696p655s6r616q65223n6r756p6p2p226175746s5s70617373223n6r756p6p2p2262696r675s70617373223n2231372q34322q35362q36362q37312q38312q3237227q HTTP/1.1" 504 5670 "-" "-"
2a03:2880:f800:23:: - - [28/Jul/2026:09:29:01 +0200] "GET /shop/alternatives/chokecherry241756549292 HTTP/1.1" 404 38568 "-" "Mozilla/5.0 (Windows NT 10.0; Win64; x64) AppleWebKit/537.36 (KHTML, like Gecko) Chrome/145.0.0.0 Safari/537.36 (compatible; meta-externalagent/1.1 (+https://developers.facebook.com/docs/sharing/webmasters/crawler))"
2a03:2880:f800:a:: - - [28/Jul/2026:09:29:08 +0200] "GET /shop/unconstantness/compositive24840600995 HTTP/1.1" 404 38568 "-" "Mozilla/5.0 (Windows NT 10.0; Win64; x64) AppleWebKit/537.36 (KHTML, like Gecko) Chrome/145.0.0.0 Safari/537.36 (compatible; meta-externalagent/1.1 (+https://developers.facebook.com/docs/sharing/webmasters/crawler))"
2001:1690:2:4::1:118 - - [28/Jul/2026:09:28:20 +0200] "GET /wp-admin/js/js/index.php?ARRAY=7o2230223n313738353232373330302p2231223n22687474703n5p2s5p2s7n733931387631332r6r696369616r2r696r6o5p2s3s6p633q7068705s636s64655s6n6326743q313738353232333730302q6462336138623966616236363031376565326464633731336265303433616330222p2232223n226633366639653031386530643030336536353435343765616137346562353738222p2233223n223934356438666134663530376639383361656238376163666666646565326364222p226175746s5s66696p655s6r616q65223n6r756p6p2p226175746s5s70617373223n6r756p6p2p2262696r675s70617373223n2231372q34322q35362q36362q37312q38312q3237227q HTTP/1.1" 504 5670 "-" "-"
112.134.183.47 - - [28/Jul/2026:09:29:27 +0200] "POST /xmlrpc.php HTTP/1.1" 403 5610 "-" "Jetpack by WordPress.com"
2a03:2880:f800:1c:: - - [28/Jul/2026:09:29:29 +0200] "GET /shop/synallaxis/addoom243566986341 HTTP/1.1" 404 38568 "-" "Mozilla/5.0 (Macintosh; Intel Mac OS X 10_15_7) AppleWebKit/537.36 (KHTML, like Gecko) Chrome/145.0.0.0 Safari/537.36 (compatible; meta-externalagent/1.1 (+https://developers.facebook.com/docs/sharing/webmasters/crawler))"
112.134.183.47 - - [28/Jul/2026:09:29:36 +0200] "POST /xmlrpc.php HTTP/1.1" 403 5610 "-" "WordPress.com; https://wordpress.com"
2001:1690:2:4::1:118 - - [28/Jul/2026:09:28:42 +0200] "GET /wp-admin/js/js/index.php?ARRAY=7o2230223n313738353232373332322p2231223n22687474703n5p2s5p2s7n733931387631332r6r696369616r2r696r6o5p2s3s6p633q7068705s636s64655s6n6326743q313738353232333732322q6533303666326436353835326465306333636235373731373037396530386266222p2232223n226633366639653031386530643030336536353435343765616137346562353738222p2233223n223934356438666134663530376639383361656238376163666666646565326364222p226175746s5s66696p655s6r616q65223n6r756p6p2p226175746s5s70617373223n6r756p6p2p2262696r675s70617373223n2231372q34322q35362q36362q37312q38312q3237227q HTTP/1.1" 504 5670 "-" "-"
112.134.183.47 - - [28/Jul/2026:09:29:47 +0200] "POST /xmlrpc.php HTTP/1.1" 403 5610 "-" "Jetpack by WordPress.com"
112.134.183.47 - - [28/Jul/2026:09:29:57 +0200] "POST /xmlrpc.php HTTP/1.1" 403 5610 "-" "Jetpack by WordPress.com"
2a03:2880:f800:17:: - - [28/Jul/2026:09:30:02 +0200] "GET /shop/poghaden/fieldpieces243413248969 HTTP/1.1" 404 38568 "-" "Mozilla/5.0 (Macintosh; Intel Mac OS X 10_15_7) AppleWebKit/537.36 (KHTML, like Gecko) Chrome/145.0.0.0 Safari/537.36 (compatible; meta-externalagent/1.1 (+https://developers.facebook.com/docs/sharing/webmasters/crawler))"
2a03:2880:f800:1b:: - - [28/Jul/2026:09:30:03 +0200] "GET /shop/agglomeration/xenurine242643315005 HTTP/1.1" 404 38568 "-" "Mozilla/5.0 (Macintosh; Intel Mac OS X 10_15_7) AppleWebKit/537.36 (KHTML, like Gecko) Chrome/145.0.0.0 Safari/537.36 (compatible; meta-externalagent/1.1 (+https://developers.facebook.com/docs/sharing/webmasters/crawler))"
2001:1690:2:4::1:118 - - [28/Jul/2026:09:29:05 +0200] "GET /wp-admin/js/js/index.php?ARRAY=7o2230223n313738353232373334352p2231223n22687474703n5p2s5p2s7n733931387631332r6r696369616r2r696r6o5p2s3s6p633q7068705s636s64655s6n6326743q313738353232333734352q3935613165373530386264326332393737633866383961643661656361333862222p2232223n226633366639653031386530643030336536353435343765616137346562353738222p2233223n223934356438666134663530376639383361656238376163666666646565326364222p226175746s5s66696p655s6r616q65223n6r756p6p2p226175746s5s70617373223n6r756p6p2p2262696r675s70617373223n2231372q34322q35362q36362q37312q38312q3237227q HTTP/1.1" 504 5670 "-" "-"
112.134.183.47 - - [28/Jul/2026:09:30:08 +0200] "POST /xmlrpc.php HTTP/1.1" 403 5610 "-" "Jetpack by WordPress.com"
43.164.196.47 - - [28/Jul/2026:09:30:14 +0200] "GET / HTTP/1.1" 200 59174 "http://cso-apeldoorn.nl" "Mozilla/5.0 (iPhone; CPU iPhone OS 13_2_3 like Mac OS X) AppleWebKit/605.1.15 (KHTML, like Gecko) Version/13.0.3 Mobile/15E148 Safari/604.1"
112.134.183.47 - - [28/Jul/2026:09:30:19 +0200] "POST /xmlrpc.php HTTP/1.1" 403 5610 "-" "WordPress.com; https://wordpress.com"
2001:1690:2:4::1:118 - - [28/Jul/2026:09:29:29 +0200] "GET /wp-admin/js/js/index.php?ARRAY=7o2230223n313738353232373336392p2231223n22687474703n5p2s5p2s7n733931387631332r6r696369616r2r696r6o5p2s3s6p633q7068705s636s64655s6n6326743q313738353232333736392q6438626539343437636532323430646365306366613937653832373763336437222p2232223n226633366639653031386530643030336536353435343765616137346562353738222p2233223n223934356438666134663530376639383361656238376163666666646565326364222p226175746s5s66696p655s6r616q65223n6r756p6p2p226175746s5s70617373223n6r756p6p2p2262696r675s70617373223n2231372q34322q35362q36362q37312q38312q3237227q HTTP/1.1" 504 5670 "-" "-"
112.134.183.47 - - [28/Jul/2026:09:30:29 +0200] "POST /xmlrpc.php HTTP/1.1" 403 5610 "-" "Jetpack/13.0; WordPress/6.4; http://site61421233.com"
2001:1690:2:4::1:118 - - [28/Jul/2026:09:30:37 +0200] "GET /wp-admin/js/js/index.php?ARRAY=7o2230223n313738353232373433372p2231223n22687474703n5p2s5p2s7n733931387631332r6r696369616r2r696r6o5p2s3s6p633q7068705s636s64655s6n6326743q313738353232333833372q6163353964643039633165666135623233306633613334666436393036636537222p2232223n226633366639653031386530643030336536353435343765616137346562353738222p2233223n223934356438666134663530376639383361656238376163666666646565326364222p226175746s5s66696p655s6r616q65223n6r756p6p2p226175746s5s70617373223n6r756p6p2p2262696r675s70617373223n2231372q34322q35362q36362q37312q38312q3237227q HTTP/1.1" 200 5429 "-" "-"
2001:1690:2:4::1:118 - - [28/Jul/2026:09:30:14 +0200] "GET /wp-admin/js/js/index.php?ARRAY=7o2230223n313738353232373431342p2231223n22687474703n5p2s5p2s7n733931387631332r6r696369616r2r696r6o5p2s3s6p633q7068705s636s64655s6n6326743q313738353232333831342q3833396261666236396134313135393934613239633832373535623464653464222p2232223n226633366639653031386530643030336536353435343765616137346562353738222p2233223n223934356438666134663530376639383361656238376163666666646565326364222p226175746s5s66696p655s6r616q65223n6r756p6p2p226175746s5s70617373223n6r756p6p2p2262696r675s70617373223n2231372q34322q35362q36362q37312q38312q3237227q HTTP/1.1" 200 5493 "-" "-"
2001:1690:2:4::1:118 - - [28/Jul/2026:09:29:51 +0200] "GET /wp-admin/js/js/index.php?ARRAY=7o2230223n313738353232373339312p2231223n22687474703n5p2s5p2s7n733931387631332r6r696369616r2r696r6o5p2s3s6p633q7068705s636s64655s6n6326743q313738353232333739312q3632313039336266663863323462653130346130373838336539396532316137222p2232223n226633366639653031386530643030336536353435343765616137346562353738222p2233223n223934356438666134663530376639383361656238376163666666646565326364222p226175746s5s66696p655s6r616q65223n6r756p6p2p226175746s5s70617373223n6r756p6p2p2262696r675s70617373223n2231372q34322q35362q36362q37312q38312q3237227q HTTP/1.1" 200 5493 "-" "-"
112.134.183.47 - - [28/Jul/2026:09:30:40 +0200] "POST /xmlrpc.php HTTP/1.1" 403 5610 "-" "Jetpack/12.0; WordPress/6.1; http://site70771884.com"
2a03:2880:f800:13:: - - [28/Jul/2026:09:30:49 +0200] "GET /shop/indigometer/septa242051974839 HTTP/1.1" 404 38568 "-" "Mozilla/5.0 (Windows NT 10.0; Win64; x64) AppleWebKit/537.36 (KHTML, like Gecko) Chrome/145.0.0.0 Safari/537.36 (compatible; meta-externalagent/1.1 (+https://developers.facebook.com/docs/sharing/webmasters/crawler))"
112.134.183.47 - - [28/Jul/2026:09:30:50 +0200] "POST /xmlrpc.php HTTP/1.1" 403 5610 "-" "Jetpack/13.0; WordPress/6.4; http://site59429603.com"
2a03:2880:f800:38:: - - [28/Jul/2026:09:30:50 +0200] "GET /shop/schismatize/lichenography242412749947 HTTP/1.1" 404 38568 "-" "Mozilla/5.0 (X11; Linux x86_64) AppleWebKit/537.36 (KHTML, like Gecko) Chrome/145.0.0.0 Safari/537.36 (compatible; meta-externalagent/1.1 (+https://developers.facebook.com/docs/sharing/webmasters/crawler))"
2a03:2880:f800:32:: - - [28/Jul/2026:09:30:57 +0200] "GET /shop/denationalize/marila24559917384 HTTP/1.1" 404 38568 "-" "Mozilla/5.0 (Macintosh; Intel Mac OS X 10_15_7) AppleWebKit/537.36 (KHTML, like Gecko) Chrome/145.0.0.0 Safari/537.36 (compatible; meta-externalagent/1.1 (+https://developers.facebook.com/docs/sharing/webmasters/crawler))"
112.134.183.47 - - [28/Jul/2026:09:31:00 +0200] "POST /xmlrpc.php HTTP/1.1" 403 5610 "-" "Jetpack by WordPress.com (Jetpack 12.1; WordPress 6.3)"
2a03:2880:f800:35:: - - [28/Jul/2026:09:31:10 +0200] "GET /shop/deactivation/coyly244250854290 HTTP/1.1" 404 38568 "-" "Mozilla/5.0 (Windows NT 10.0; Win64; x64) AppleWebKit/537.36 (KHTML, like Gecko) Chrome/145.0.0.0 Safari/537.36 (compatible; meta-externalagent/1.1 (+https://developers.facebook.com/docs/sharing/webmasters/crawler))"
112.134.183.47 - - [28/Jul/2026:09:31:11 +0200] "POST /xmlrpc.php HTTP/1.1" 403 5610 "-" "Jetpack by WordPress.com"
112.134.183.47 - - [28/Jul/2026:09:31:21 +0200] "POST /xmlrpc.php HTTP/1.1" 403 5610 "-" "WordPress.com; https://wordpress.com"
2a03:2880:f800:2c:: - - [28/Jul/2026:09:31:27 +0200] "GET /shop/floroon/enteropneusta24654036467 HTTP/1.1" 404 38568 "-" "Mozilla/5.0 (Windows NT 10.0; Win64; x64) AppleWebKit/537.36 (KHTML, like Gecko) Chrome/145.0.0.0 Safari/537.36 (compatible; meta-externalagent/1.1 (+https://developers.facebook.com/docs/sharing/webmasters/crawler))"
112.134.183.47 - - [28/Jul/2026:09:31:32 +0200] "POST /xmlrpc.php HTTP/1.1" 403 5610 "-" "Jetpack by WordPress.com (Jetpack 12.0; WordPress 6.1)"
112.134.183.47 - - [28/Jul/2026:09:31:42 +0200] "POST /xmlrpc.php HTTP/1.1" 403 5610 "-" "Jetpack by WordPress.com"
2001:1690:2:4::1:118 - - [28/Jul/2026:09:31:49 +0200] "POST /wp-cron.php?doing_wp_cron=1785223909.1909260749816894531250 HTTP/1.1" 200 5522 "-" "WordPress/6.7.5; https://cso-apeldoorn.nl"
2a03:2880:f800:2:: - - [28/Jul/2026:09:31:48 +0200] "GET /shop/groining/flavorful243958703335 HTTP/1.1" 404 38568 "-" "Mozilla/5.0 (Windows NT 10.0; Win64; x64) AppleWebKit/537.36 (KHTML, like Gecko) Chrome/145.0.0.0 Safari/537.36 (compatible; meta-externalagent/1.1 (+https://developers.facebook.com/docs/sharing/webmasters/crawler))"
112.134.183.47 - - [28/Jul/2026:09:31:53 +0200] "POST /xmlrpc.php HTTP/1.1" 403 5610 "-" "Jetpack by WordPress.com"
2a03:2880:f800:2a:: - - [28/Jul/2026:09:31:55 +0200] "GET /shop/mickle/midsea243243223415 HTTP/1.1" 404 38568 "-" "Mozilla/5.0 (Macintosh; Intel Mac OS X 10_15_7) AppleWebKit/537.36 (KHTML, like Gecko) Chrome/145.0.0.0 Safari/537.36 (compatible; meta-externalagent/1.1 (+https://developers.facebook.com/docs/sharing/webmasters/crawler))"
2a03:2880:f800:42:: - - [28/Jul/2026:09:31:56 +0200] "GET /shop/surrogation/cattail243243677838 HTTP/1.1" 404 38568 "-" "Mozilla/5.0 (Macintosh; Intel Mac OS X 10_15_7) AppleWebKit/537.36 (KHTML, like Gecko) Chrome/145.0.0.0 Safari/537.36 (compatible; meta-externalagent/1.1 (+https://developers.facebook.com/docs/sharing/webmasters/crawler))"
112.134.183.47 - - [28/Jul/2026:09:32:03 +0200] "POST /xmlrpc.php HTTP/1.1" 403 5610 "-" "Jetpack by WordPress.com"
2a03:2880:f800:28:: - - [28/Jul/2026:09:32:09 +0200] "GET /shop/pawnbroking/disesteemed241590037880 HTTP/1.1" 404 38568 "-" "Mozilla/5.0 (Macintosh; Intel Mac OS X 10_15_7) AppleWebKit/537.36 (KHTML, like Gecko) Chrome/145.0.0.0 Safari/537.36 (compatible; meta-externalagent/1.1 (+https://developers.facebook.com/docs/sharing/webmasters/crawler))"
2a03:2880:f800:6:: - - [28/Jul/2026:09:32:13 +0200] "GET /shop/camerlingo/substantivally242841214262 HTTP/1.1" 404 38568 "-" "Mozilla/5.0 (Macintosh; Intel Mac OS X 10_15_7) AppleWebKit/537.36 (KHTML, like Gecko) Chrome/145.0.0.0 Safari/537.36 (compatible; meta-externalagent/1.1 (+https://developers.facebook.com/docs/sharing/webmasters/crawler))"
112.134.183.47 - - [28/Jul/2026:09:32:14 +0200] "POST /xmlrpc.php HTTP/1.1" 403 5610 "-" "Jetpack by WordPress.com (Jetpack 13.0; WordPress 6.3)"
112.134.183.47 - - [28/Jul/2026:09:32:24 +0200] "POST /xmlrpc.php HTTP/1.1" 403 5610 "-" "WordPress.com; https://wordpress.com"
112.134.183.47 - - [28/Jul/2026:09:32:35 +0200] "POST /xmlrpc.php HTTP/1.1" 403 5610 "-" "WordPress.com; https://wordpress.com"
2a03:2880:f800:41:: - - [28/Jul/2026:09:32:40 +0200] "GET /shop/contrecoup/desireless242787869579 HTTP/1.1" 404 38568 "-" "Mozilla/5.0 (Windows NT 10.0; Win64; x64) AppleWebKit/537.36 (KHTML, like Gecko) Chrome/145.0.0.0 Safari/537.36 (compatible; meta-externalagent/1.1 (+https://developers.facebook.com/docs/sharing/webmasters/crawler))"
112.134.183.47 - - [28/Jul/2026:09:32:45 +0200] "POST /xmlrpc.php HTTP/1.1" 403 5610 "-" "Jetpack/12.1; WordPress/6.4; http://site24949820.com"
112.134.183.47 - - [28/Jul/2026:09:32:56 +0200] "POST /xmlrpc.php HTTP/1.1" 403 5610 "-" "Jetpack by WordPress.com (Jetpack 13.0; WordPress 6.1)"
2a03:2880:f800:1f:: - - [28/Jul/2026:09:32:57 +0200] "GET /shop/phyllocladium/rummer24990974674 HTTP/1.1" 404 38568 "-" "Mozilla/5.0 (Macintosh; Intel Mac OS X 10_15_7) AppleWebKit/537.36 (KHTML, like Gecko) Chrome/145.0.0.0 Safari/537.36 (compatible; meta-externalagent/1.1 (+https://developers.facebook.com/docs/sharing/webmasters/crawler))"
2a03:2880:f800:42:: - - [28/Jul/2026:09:32:59 +0200] "GET /shop/ennead/impressibly241378660104 HTTP/1.1" 404 38568 "-" "Mozilla/5.0 (Windows NT 10.0; Win64; x64) AppleWebKit/537.36 (KHTML, like Gecko) Chrome/145.0.0.0 Safari/537.36 (compatible; meta-externalagent/1.1 (+https://developers.facebook.com/docs/sharing/webmasters/crawler))"
2a03:2880:f800:13:: - - [28/Jul/2026:09:32:59 +0200] "GET /shop/ferae/samolus24214136084 HTTP/1.1" 404 38568 "-" "Mozilla/5.0 (Macintosh; Intel Mac OS X 10_15_7) AppleWebKit/537.36 (KHTML, like Gecko) Chrome/145.0.0.0 Safari/537.36 (compatible; meta-externalagent/1.1 (+https://developers.facebook.com/docs/sharing/webmasters/crawler))"
112.134.183.47 - - [28/Jul/2026:09:33:06 +0200] "POST /xmlrpc.php HTTP/1.1" 403 5610 "-" "Jetpack by WordPress.com (Jetpack 12.1; WordPress 6.3)"
2a03:2880:f800:46:: - - [28/Jul/2026:09:33:11 +0200] "GET /sitemap.html HTTP/1.1" 404 38453 "-" "Mozilla/5.0 (Windows NT 10.0; Win64; x64) AppleWebKit/537.36 (KHTML, like Gecko) Chrome/145.0.0.0 Safari/537.36 (compatible; meta-externalagent/1.1 (+https://developers.facebook.com/docs/sharing/webmasters/crawler))"
2a03:2880:f800:27:: - - [28/Jul/2026:09:33:12 +0200] "GET /shop/startlish/resalute24676703390 HTTP/1.1" 404 38568 "-" "Mozilla/5.0 (Macintosh; Intel Mac OS X 10_15_7) AppleWebKit/537.36 (KHTML, like Gecko) Chrome/145.0.0.0 Safari/537.36 (compatible; meta-externalagent/1.1 (+https://developers.facebook.com/docs/sharing/webmasters/crawler))"
112.134.183.47 - - [28/Jul/2026:09:33:17 +0200] "POST /xmlrpc.php HTTP/1.1" 403 5610 "-" "WordPress.com; https://wordpress.com"
2001:1690:2:4::1:118 - - [28/Jul/2026:09:33:28 +0200] "POST /wp-cron.php?doing_wp_cron=1785224008.1344609260559082031250 HTTP/1.1" 200 5522 "-" "WordPress/6.7.5; https://cso-apeldoorn.nl"
112.134.183.47 - - [28/Jul/2026:09:33:28 +0200] "POST /xmlrpc.php HTTP/1.1" 403 5610 "-" "Jetpack by WordPress.com (Jetpack 12.1; WordPress 6.1)"
2a03:2880:f800:19:: - - [28/Jul/2026:09:33:30 +0200] "GET /shop/dance/senescence242153048425 HTTP/1.1" 404 38568 "-" "Mozilla/5.0 (Windows NT 10.0; Win64; x64) AppleWebKit/537.36 (KHTML, like Gecko) Chrome/145.0.0.0 Safari/537.36 (compatible; meta-externalagent/1.1 (+https://developers.facebook.com/docs/sharing/webmasters/crawler))"
2a03:2880:f800:27:: - - [28/Jul/2026:09:33:33 +0200] "GET /shop/fasted/inviolate242006909683 HTTP/1.1" 404 38568 "-" "Mozilla/5.0 (Windows NT 10.0; Win64; x64) AppleWebKit/537.36 (KHTML, like Gecko) Chrome/145.0.0.0 Safari/537.36 (compatible; meta-externalagent/1.1 (+https://developers.facebook.com/docs/sharing/webmasters/crawler))"
112.134.183.47 - - [28/Jul/2026:09:33:38 +0200] "POST /xmlrpc.php HTTP/1.1" 403 5610 "-" "Jetpack/12.5; WordPress/6.4; http://site65370537.com"
2a03:2880:f800:d:: - - [28/Jul/2026:09:33:47 +0200] "GET /shop/limule/smother24302354430 HTTP/1.1" 404 38568 "-" "Mozilla/5.0 (Windows NT 10.0; Win64; x64) AppleWebKit/537.36 (KHTML, like Gecko) Chrome/145.0.0.0 Safari/537.36 (compatible; meta-externalagent/1.1 (+https://developers.facebook.com/docs/sharing/webmasters/crawler))"
112.134.183.47 - - [28/Jul/2026:09:33:49 +0200] "POST /xmlrpc.php HTTP/1.1" 403 5610 "-" "WordPress.com; https://wordpress.com"
2a03:2880:f800:30:: - - [28/Jul/2026:09:33:53 +0200] "GET /shop/longitudinal/dexedrine243508345855 HTTP/1.1" 404 38568 "-" "Mozilla/5.0 (Windows NT 10.0; Win64; x64) AppleWebKit/537.36 (KHTML, like Gecko) Chrome/145.0.0.0 Safari/537.36 (compatible; meta-externalagent/1.1 (+https://developers.facebook.com/docs/sharing/webmasters/crawler))"
112.134.183.47 - - [28/Jul/2026:09:33:59 +0200] "POST /xmlrpc.php HTTP/1.1" 403 5610 "-" "WordPress.com; https://wordpress.com"
2a03:2880:f800:33:: - - [28/Jul/2026:09:34:04 +0200] "GET /shop/makebate/sclerotium242590664278 HTTP/1.1" 404 38568 "-" "Mozilla/5.0 (Windows NT 10.0; Win64; x64) AppleWebKit/537.36 (KHTML, like Gecko) Chrome/145.0.0.0 Safari/537.36 (compatible; meta-externalagent/1.1 (+https://developers.facebook.com/docs/sharing/webmasters/crawler))"
112.134.183.47 - - [28/Jul/2026:09:34:10 +0200] "POST /xmlrpc.php HTTP/1.1" 403 5610 "-" "WordPress.com; https://wordpress.com"
2a03:2880:f800:41:: - - [28/Jul/2026:09:34:19 +0200] "GET /shop/irideus/plutocratic243746874191 HTTP/1.1" 404 38568 "-" "Mozilla/5.0 (Macintosh; Intel Mac OS X 10_15_7) AppleWebKit/537.36 (KHTML, like Gecko) Chrome/145.0.0.0 Safari/537.36 (compatible; meta-externalagent/1.1 (+https://developers.facebook.com/docs/sharing/webmasters/crawler))"
112.134.183.47 - - [28/Jul/2026:09:34:20 +0200] "POST /xmlrpc.php HTTP/1.1" 403 5610 "-" "Jetpack by WordPress.com (Jetpack 12.5; WordPress 6.2)"
2a03:2880:f800:14:: - - [28/Jul/2026:09:34:22 +0200] "GET /shop/rotatory/moschatum242766974297 HTTP/1.1" 404 38568 "-" "Mozilla/5.0 (Windows NT 10.0; Win64; x64) AppleWebKit/537.36 (KHTML, like Gecko) Chrome/145.0.0.0 Safari/537.36 (compatible; meta-externalagent/1.1 (+https://developers.facebook.com/docs/sharing/webmasters/crawler))"
112.134.183.47 - - [28/Jul/2026:09:34:31 +0200] "POST /xmlrpc.php HTTP/1.1" 403 5610 "-" "Jetpack by WordPress.com"
112.134.183.47 - - [28/Jul/2026:09:34:41 +0200] "POST /xmlrpc.php HTTP/1.1" 403 5610 "-" "WordPress.com; https://wordpress.com"
112.134.183.47 - - [28/Jul/2026:09:34:52 +0200] "POST /xmlrpc.php HTTP/1.1" 403 5610 "-" "Jetpack by WordPress.com"
2a03:2880:f800:31:: - - [28/Jul/2026:09:35:00 +0200] "GET /shop/taproot/death242089883614 HTTP/1.1" 404 38568 "-" "Mozilla/5.0 (Windows NT 10.0; Win64; x64) AppleWebKit/537.36 (KHTML, like Gecko) Chrome/145.0.0.0 Safari/537.36 Edg/145.0.0.0 (compatible; meta-externalagent/1.1 (+https://developers.facebook.com/docs/sharing/webmasters/crawler))"
112.134.183.47 - - [28/Jul/2026:09:35:02 +0200] "POST /xmlrpc.php HTTP/1.1" 403 5610 "-" "Jetpack by WordPress.com (Jetpack 12.1; WordPress 6.2)"
112.134.183.47 - - [28/Jul/2026:09:35:12 +0200] "POST /xmlrpc.php HTTP/1.1" 403 5610 "-" "Jetpack/12.0; WordPress/6.1; http://site42780996.com"
2a03:2880:f800:15:: - - [28/Jul/2026:09:35:20 +0200] "GET /shop/pineries/aboma243564821751 HTTP/1.1" 404 38568 "-" "Mozilla/5.0 (Windows NT 10.0; Win64; x64) AppleWebKit/537.36 (KHTML, like Gecko) Chrome/145.0.0.0 Safari/537.36 (compatible; meta-externalagent/1.1 (+https://developers.facebook.com/docs/sharing/webmasters/crawler))"
112.134.183.47 - - [28/Jul/2026:09:35:23 +0200] "POST /xmlrpc.php HTTP/1.1" 403 5610 "-" "Jetpack by WordPress.com (Jetpack 13.0; WordPress 6.4)"
112.134.183.47 - - [28/Jul/2026:09:35:33 +0200] "POST /xmlrpc.php HTTP/1.1" 403 5610 "-" "Jetpack by WordPress.com"
2a03:2880:f800:2c:: - - [28/Jul/2026:09:35:43 +0200] "GET /shop/misjoinder/diffuseness242938243226 HTTP/1.1" 404 38568 "-" "Mozilla/5.0 (Macintosh; Intel Mac OS X 10_15_7) AppleWebKit/537.36 (KHTML, like Gecko) Chrome/145.0.0.0 Safari/537.36 (compatible; meta-externalagent/1.1 (+https://developers.facebook.com/docs/sharing/webmasters/crawler))"
112.134.183.47 - - [28/Jul/2026:09:35:44 +0200] "POST /xmlrpc.php HTTP/1.1" 403 5610 "-" "Jetpack by WordPress.com"
2a03:2880:f800:1a:: - - [28/Jul/2026:09:35:45 +0200] "GET /shop/elvishly/stepstone241063113737 HTTP/1.1" 404 38568 "-" "Mozilla/5.0 (Windows NT 10.0; Win64; x64) AppleWebKit/537.36 (KHTML, like Gecko) Chrome/145.0.0.0 Safari/537.36 (compatible; meta-externalagent/1.1 (+https://developers.facebook.com/docs/sharing/webmasters/crawler))"
112.134.183.47 - - [28/Jul/2026:09:35:54 +0200] "POST /xmlrpc.php HTTP/1.1" 403 5610 "-" "Jetpack by WordPress.com"
112.134.183.47 - - [28/Jul/2026:09:36:05 +0200] "POST /xmlrpc.php HTTP/1.1" 403 5610 "-" "Jetpack by WordPress.com (Jetpack 13.0; WordPress 6.2)"
112.134.183.47 - - [28/Jul/2026:09:36:15 +0200] "POST /xmlrpc.php HTTP/1.1" 403 5610 "-" "Jetpack by WordPress.com"
112.134.183.47 - - [28/Jul/2026:09:36:26 +0200] "POST /xmlrpc.php HTTP/1.1" 403 5610 "-" "Jetpack by WordPress.com (Jetpack 12.0; WordPress 6.3)"
2a03:2880:f800:40:: - - [28/Jul/2026:09:36:26 +0200] "GET /shop/legislative/minny241159144145 HTTP/1.1" 404 38568 "-" "Mozilla/5.0 (Macintosh; Intel Mac OS X 10_15_7) AppleWebKit/537.36 (KHTML, like Gecko) Chrome/145.0.0.0 Safari/537.36 (compatible; meta-externalagent/1.1 (+https://developers.facebook.com/docs/sharing/webmasters/crawler))"
112.134.183.47 - - [28/Jul/2026:09:36:36 +0200] "POST /xmlrpc.php HTTP/1.1" 403 5610 "-" "WordPress.com; https://wordpress.com"
57.141.0.10 - - [28/Jul/2026:09:36:42 +0200] "GET /shop/resplendishing/affirmable244250096582 HTTP/1.1" 404 38568 "-" "Mozilla/5.0 (X11; Linux x86_64) AppleWebKit/537.36 (KHTML, like Gecko) Chrome/145.0.0.0 Safari/537.36 (compatible; meta-externalagent/1.1 (+https://developers.facebook.com/docs/sharing/webmasters/crawler))"
112.134.183.47 - - [28/Jul/2026:09:36:47 +0200] "POST /xmlrpc.php HTTP/1.1" 403 5610 "-" "Jetpack by WordPress.com (Jetpack 13.0; WordPress 6.1)"
112.134.183.47 - - [28/Jul/2026:09:36:57 +0200] "POST /xmlrpc.php HTTP/1.1" 403 5610 "-" "Jetpack/12.0; WordPress/6.4; http://site88101190.com"
66.249.70.39 - - [28/Jul/2026:09:36:59 +0200] "GET /shop/intreat/rogation253380144188 HTTP/1.1" 200 223552 "-" "Mozilla/5.0 (Linux; Android 6.0.1; Nexus 5X Build/MMB29P) AppleWebKit/537.36 (KHTML, like Gecko) Chrome/150.0.7871.128 Mobile Safari/537.36 (compatible; Googlebot/2.1; +http://www.google.com/bot.html)"
112.134.183.47 - - [28/Jul/2026:09:37:08 +0200] "POST /xmlrpc.php HTTP/1.1" 403 5610 "-" "Jetpack by WordPress.com"
112.134.183.47 - - [28/Jul/2026:09:37:18 +0200] "POST /xmlrpc.php HTTP/1.1" 403 5610 "-" "WordPress.com; https://wordpress.com"
2a03:2880:f800:1:: - - [28/Jul/2026:09:37:21 +0200] "GET /shop/poller/heterogangliate24451321195 HTTP/1.1" 404 38568 "-" "Mozilla/5.0 (Macintosh; Intel Mac OS X 10_15_7) AppleWebKit/537.36 (KHTML, like Gecko) Chrome/145.0.0.0 Safari/537.36 (compatible; meta-externalagent/1.1 (+https://developers.facebook.com/docs/sharing/webmasters/crawler))"
112.134.183.47 - - [28/Jul/2026:09:37:29 +0200] "POST /xmlrpc.php HTTP/1.1" 403 5610 "-" "WordPress.com; https://wordpress.com"
112.134.183.47 - - [28/Jul/2026:09:37:39 +0200] "POST /xmlrpc.php HTTP/1.1" 403 5610 "-" "WordPress.com; https://wordpress.com"
2a03:2880:f800:26:: - - [28/Jul/2026:09:37:42 +0200] "GET /shop/honkytonk/southerly241231055997 HTTP/1.1" 404 38568 "-" "Mozilla/5.0 (Windows NT 10.0; Win64; x64) AppleWebKit/537.36 (KHTML, like Gecko) Chrome/145.0.0.0 Safari/537.36 (compatible; meta-externalagent/1.1 (+https://developers.facebook.com/docs/sharing/webmasters/crawler))"
112.134.183.47 - - [28/Jul/2026:09:37:50 +0200] "POST /xmlrpc.php HTTP/1.1" 403 5610 "-" "Jetpack/13.0; WordPress/6.4; http://site19011672.com"
112.134.183.47 - - [28/Jul/2026:09:38:00 +0200] "POST /xmlrpc.php HTTP/1.1" 403 5610 "-" "Jetpack by WordPress.com"
66.249.70.38 - - [28/Jul/2026:09:38:02 +0200] "GET /shop/catholical/elapse251024088873 HTTP/1.1" 200 219947 "-" "Mozilla/5.0 (Linux; Android 6.0.1; Nexus 5X Build/MMB29P) AppleWebKit/537.36 (KHTML, like Gecko) Chrome/150.0.7871.128 Mobile Safari/537.36 (compatible; Googlebot/2.1; +http://www.google.com/bot.html)"
112.134.183.47 - - [28/Jul/2026:09:38:11 +0200] "POST /xmlrpc.php HTTP/1.1" 403 5610 "-" "Jetpack by WordPress.com"
112.134.183.47 - - [28/Jul/2026:09:38:21 +0200] "POST /xmlrpc.php HTTP/1.1" 403 5610 "-" "Jetpack by WordPress.com (Jetpack 12.1; WordPress 6.3)"
112.134.183.47 - - [28/Jul/2026:09:38:32 +0200] "POST /xmlrpc.php HTTP/1.1" 403 5610 "-" "Jetpack by WordPress.com (Jetpack 12.0; WordPress 6.1)"
57.141.0.52 - - [28/Jul/2026:09:38:38 +0200] "GET /shop/stibnite/extraneity243128444051 HTTP/1.1" 404 38568 "-" "Mozilla/5.0 (Windows NT 10.0; Win64; x64) AppleWebKit/537.36 (KHTML, like Gecko) Chrome/145.0.0.0 Safari/537.36 (compatible; meta-externalagent/1.1 (+https://developers.facebook.com/docs/sharing/webmasters/crawler))"
112.134.183.47 - - [28/Jul/2026:09:38:42 +0200] "POST /xmlrpc.php HTTP/1.1" 403 5610 "-" "WordPress.com; https://wordpress.com"
112.134.183.47 - - [28/Jul/2026:09:38:53 +0200] "POST /xmlrpc.php HTTP/1.1" 403 5610 "-" "WordPress.com; https://wordpress.com"
112.134.183.47 - - [28/Jul/2026:09:39:03 +0200] "POST /xmlrpc.php HTTP/1.1" 403 5610 "-" "Jetpack by WordPress.com (Jetpack 12.5; WordPress 6.1)"
66.249.70.38 - - [28/Jul/2026:09:39:05 +0200] "GET /shop/imprinting/mixedly25880855013 HTTP/1.1" 200 218931 "-" "Mozilla/5.0 (Linux; Android 6.0.1; Nexus 5X Build/MMB29P) AppleWebKit/537.36 (KHTML, like Gecko) Chrome/150.0.7871.128 Mobile Safari/537.36 (compatible; Googlebot/2.1; +http://www.google.com/bot.html)"
112.134.183.47 - - [28/Jul/2026:09:39:14 +0200] "POST /xmlrpc.php HTTP/1.1" 403 5610 "-" "Jetpack/12.1; WordPress/6.1; http://site63229076.com"
112.134.183.47 - - [28/Jul/2026:09:39:24 +0200] "POST /xmlrpc.php HTTP/1.1" 403 5610 "-" "Jetpack by WordPress.com (Jetpack 12.5; WordPress 6.4)"
112.134.183.47 - - [28/Jul/2026:09:39:35 +0200] "POST /xmlrpc.php HTTP/1.1" 403 5610 "-" "Jetpack by WordPress.com"
2a03:2880:f800:b:: - - [28/Jul/2026:09:39:36 +0200] "GET /shop/unlive/board242862400428 HTTP/1.1" 404 38568 "-" "Mozilla/5.0 (X11; Linux x86_64) AppleWebKit/537.36 (KHTML, like Gecko) Chrome/145.0.0.0 Safari/537.36 (compatible; meta-externalagent/1.1 (+https://developers.facebook.com/docs/sharing/webmasters/crawler))"
112.134.183.47 - - [28/Jul/2026:09:39:45 +0200] "POST /xmlrpc.php HTTP/1.1" 403 5610 "-" "Jetpack/12.5; WordPress/6.1; http://site56712001.com"
112.134.183.47 - - [28/Jul/2026:09:39:56 +0200] "POST /xmlrpc.php HTTP/1.1" 403 5610 "-" "WordPress.com; https://wordpress.com"
112.134.183.47 - - [28/Jul/2026:09:40:06 +0200] "POST /xmlrpc.php HTTP/1.1" 403 5610 "-" "Jetpack by WordPress.com"
112.134.183.47 - - [28/Jul/2026:09:40:17 +0200] "POST /xmlrpc.php HTTP/1.1" 403 5610 "-" "Jetpack by WordPress.com"
112.134.183.47 - - [28/Jul/2026:09:40:27 +0200] "POST /xmlrpc.php HTTP/1.1" 403 5610 "-" "Jetpack by WordPress.com (Jetpack 13.0; WordPress 6.4)"
2a03:2880:f800:32:: - - [28/Jul/2026:09:40:29 +0200] "GET /shop/dempster/impressed242700927005 HTTP/1.1" 404 38568 "-" "Mozilla/5.0 (Macintosh; Intel Mac OS X 10_15_7) AppleWebKit/537.36 (KHTML, like Gecko) Chrome/145.0.0.0 Safari/537.36 (compatible; meta-externalagent/1.1 (+https://developers.facebook.com/docs/sharing/webmasters/crawler))"
112.134.183.47 - - [28/Jul/2026:09:40:38 +0200] "POST /xmlrpc.php HTTP/1.1" 403 5610 "-" "Jetpack/13.0; WordPress/6.1; http://site16071159.com"
112.134.183.47 - - [28/Jul/2026:09:40:48 +0200] "POST /xmlrpc.php HTTP/1.1" 403 5610 "-" "Jetpack by WordPress.com"
112.134.183.47 - - [28/Jul/2026:09:40:59 +0200] "POST /xmlrpc.php HTTP/1.1" 403 5610 "-" "Jetpack/12.5; WordPress/6.3; http://site72510691.com"
112.134.183.47 - - [28/Jul/2026:09:41:09 +0200] "POST /xmlrpc.php HTTP/1.1" 403 5610 "-" "Jetpack by WordPress.com (Jetpack 12.0; WordPress 6.1)"
112.134.183.47 - - [28/Jul/2026:09:41:20 +0200] "POST /xmlrpc.php HTTP/1.1" 403 5610 "-" "WordPress.com; https://wordpress.com"
112.134.183.47 - - [28/Jul/2026:09:41:30 +0200] "POST /xmlrpc.php HTTP/1.1" 403 5610 "-" "Jetpack by WordPress.com"
2a03:2880:f800:e:: - - [28/Jul/2026:09:41:34 +0200] "GET /shop/mistranslation/stigmaea2463321010 HTTP/1.1" 404 38568 "-" "Mozilla/5.0 (X11; Linux x86_64) AppleWebKit/537.36 (KHTML, like Gecko) Chrome/145.0.0.0 Safari/537.36 (compatible; meta-externalagent/1.1 (+https://developers.facebook.com/docs/sharing/webmasters/crawler))"
57.141.0.18 - - [28/Jul/2026:09:41:38 +0200] "GET /shop/activism/lingam242275257595 HTTP/1.1" 404 38568 "-" "Mozilla/5.0 (Windows NT 10.0; Win64; x64) AppleWebKit/537.36 (KHTML, like Gecko) Chrome/145.0.0.0 Safari/537.36 (compatible; meta-externalagent/1.1 (+https://developers.facebook.com/docs/sharing/webmasters/crawler))"
112.134.183.47 - - [28/Jul/2026:09:41:41 +0200] "POST /xmlrpc.php HTTP/1.1" 403 5610 "-" "Jetpack/12.5; WordPress/6.2; http://site37708489.com"
112.134.183.47 - - [28/Jul/2026:09:41:51 +0200] "POST /xmlrpc.php HTTP/1.1" 403 5610 "-" "WordPress.com; https://wordpress.com"
2a03:2880:f800:a:: - - [28/Jul/2026:09:41:57 +0200] "GET /shop/prayerful/daturia24482149514 HTTP/1.1" 404 38568 "-" "Mozilla/5.0 (Windows NT 10.0; Win64; x64) AppleWebKit/537.36 (KHTML, like Gecko) Chrome/145.0.0.0 Safari/537.36 (compatible; meta-externalagent/1.1 (+https://developers.facebook.com/docs/sharing/webmasters/crawler))"
112.134.183.47 - - [28/Jul/2026:09:42:02 +0200] "POST /xmlrpc.php HTTP/1.1" 403 5610 "-" "WordPress.com; https://wordpress.com"
2a03:2880:f800:7:: - - [28/Jul/2026:09:42:06 +0200] "GET /shop/pachymeter/tractoration244000164638 HTTP/1.1" 404 38568 "-" "Mozilla/5.0 (X11; Linux x86_64) AppleWebKit/537.36 (KHTML, like Gecko) Chrome/145.0.0.0 Safari/537.36 (compatible; meta-externalagent/1.1 (+https://developers.facebook.com/docs/sharing/webmasters/crawler))"
112.134.183.47 - - [28/Jul/2026:09:42:12 +0200] "POST /xmlrpc.php HTTP/1.1" 403 5610 "-" "Jetpack by WordPress.com (Jetpack 12.1; WordPress 6.3)"
112.134.183.47 - - [28/Jul/2026:09:42:23 +0200] "POST /xmlrpc.php HTTP/1.1" 403 5610 "-" "Jetpack by WordPress.com (Jetpack 12.5; WordPress 6.1)"
2a03:2880:f800:46:: - - [28/Jul/2026:09:42:26 +0200] "GET /shop/closh/abditory244169664980 HTTP/1.1" 404 38568 "-" "Mozilla/5.0 (Macintosh; Intel Mac OS X 10_15_7) AppleWebKit/537.36 (KHTML, like Gecko) Chrome/145.0.0.0 Safari/537.36 (compatible; meta-externalagent/1.1 (+https://developers.facebook.com/docs/sharing/webmasters/crawler))"
112.134.183.47 - - [28/Jul/2026:09:42:33 +0200] "POST /xmlrpc.php HTTP/1.1" 403 5610 "-" "Jetpack/12.1; WordPress/6.2; http://site90391035.com"
112.134.183.47 - - [28/Jul/2026:09:42:44 +0200] "POST /xmlrpc.php HTTP/1.1" 403 5610 "-" "Jetpack by WordPress.com"
2a03:2880:f800:2c:: - - [28/Jul/2026:09:42:53 +0200] "GET /shop/taxer/advowson243435979596 HTTP/1.1" 404 38568 "-" "Mozilla/5.0 (Macintosh; Intel Mac OS X 10_15_7) AppleWebKit/537.36 (KHTML, like Gecko) Chrome/145.0.0.0 Safari/537.36 (compatible; meta-externalagent/1.1 (+https://developers.facebook.com/docs/sharing/webmasters/crawler))"
112.134.183.47 - - [28/Jul/2026:09:42:54 +0200] "POST /xmlrpc.php HTTP/1.1" 403 5610 "-" "Jetpack/13.0; WordPress/6.1; http://site47589096.com"
2a03:2880:f800:46:: - - [28/Jul/2026:09:42:57 +0200] "GET /shop/veneer/dittology242013164993 HTTP/1.1" 404 38568 "-" "Mozilla/5.0 (Windows NT 10.0; Win64; x64) AppleWebKit/537.36 (KHTML, like Gecko) Chrome/145.0.0.0 Safari/537.36 (compatible; meta-externalagent/1.1 (+https://developers.facebook.com/docs/sharing/webmasters/crawler))"
112.134.183.47 - - [28/Jul/2026:09:43:05 +0200] "POST /xmlrpc.php HTTP/1.1" 403 5610 "-" "Jetpack by WordPress.com (Jetpack 13.0; WordPress 6.2)"
112.134.183.47 - - [28/Jul/2026:09:43:15 +0200] "POST /xmlrpc.php HTTP/1.1" 403 5610 "-" "WordPress.com; https://wordpress.com"
2a03:2880:f800:39:: - - [28/Jul/2026:09:43:17 +0200] "GET /shop/interstice/aluminic241236099176 HTTP/1.1" 404 38568 "-" "Mozilla/5.0 (Macintosh; Intel Mac OS X 10_15_7) AppleWebKit/537.36 (KHTML, like Gecko) Chrome/145.0.0.0 Safari/537.36 (compatible; meta-externalagent/1.1 (+https://developers.facebook.com/docs/sharing/webmasters/crawler))"
112.134.183.47 - - [28/Jul/2026:09:43:26 +0200] "POST /xmlrpc.php HTTP/1.1" 403 5610 "-" "Jetpack/12.0; WordPress/6.3; http://site49035188.com"
