2a03:2880:f800:22:: - - [28/Jul/2026:12:26:43 +0200] "GET /shop/maraschino/flector242133327656 HTTP/1.1" 404 38568 "-" "Mozilla/5.0 (Macintosh; Intel Mac OS X 10_15_7) AppleWebKit/537.36 (KHTML, like Gecko) Chrome/145.0.0.0 Safari/537.36 (compatible; meta-externalagent/1.1 (+https://developers.facebook.com/docs/sharing/webmasters/crawler))"
2605:59c1:35e0:8b10:792a:add5:e35a:158d - - [28/Jul/2026:12:26:47 +0200] "POST /xmlrpc.php HTTP/1.1" 200 6090 "-" "Jetpack by WordPress.com"
2605:59c1:35e0:8b10:792a:add5:e35a:158d - - [28/Jul/2026:12:26:58 +0200] "POST /xmlrpc.php HTTP/1.1" 200 6090 "-" "Jetpack by WordPress.com (Jetpack 12.1; WordPress 6.3)"
2605:59c1:35e0:8b10:792a:add5:e35a:158d - - [28/Jul/2026:12:27:08 +0200] "POST /xmlrpc.php HTTP/1.1" 200 6090 "-" "Jetpack by WordPress.com"
2605:59c1:35e0:8b10:792a:add5:e35a:158d - - [28/Jul/2026:12:27:19 +0200] "POST /xmlrpc.php HTTP/1.1" 200 6090 "-" "Jetpack by WordPress.com"
2605:59c1:35e0:8b10:792a:add5:e35a:158d - - [28/Jul/2026:12:27:30 +0200] "POST /xmlrpc.php HTTP/1.1" 200 6090 "-" "Jetpack by WordPress.com"
2605:59c1:35e0:8b10:792a:add5:e35a:158d - - [28/Jul/2026:12:27:40 +0200] "POST /xmlrpc.php HTTP/1.1" 200 6090 "-" "Jetpack by WordPress.com"
2a03:2880:f800:2e:: - - [28/Jul/2026:12:27:43 +0200] "GET /shop/sebaceous/crepitating24281168264 HTTP/1.1" 404 38568 "-" "Mozilla/5.0 (Windows NT 10.0; Win64; x64) AppleWebKit/537.36 (KHTML, like Gecko) Chrome/145.0.0.0 Safari/537.36 (compatible; meta-externalagent/1.1 (+https://developers.facebook.com/docs/sharing/webmasters/crawler))"
2a03:2880:f800:2a:: - - [28/Jul/2026:12:27:45 +0200] "GET /shop/osteocopic/vartabed24777109027 HTTP/1.1" 404 38568 "-" "Mozilla/5.0 (Windows NT 10.0; Win64; x64) AppleWebKit/537.36 (KHTML, like Gecko) Chrome/145.0.0.0 Safari/537.36 (compatible; meta-externalagent/1.1 (+https://developers.facebook.com/docs/sharing/webmasters/crawler))"
2605:59c1:35e0:8b10:792a:add5:e35a:158d - - [28/Jul/2026:12:27:51 +0200] "POST /xmlrpc.php HTTP/1.1" 200 6090 "-" "Jetpack/12.5; WordPress/6.3; http://site79747969.com"
2a03:2880:f800:b:: - - [28/Jul/2026:12:28:02 +0200] "GET /shop/polygamian/minifying242157637229 HTTP/1.1" 404 38568 "-" "Mozilla/5.0 (Windows NT 10.0; Win64; x64) AppleWebKit/537.36 (KHTML, like Gecko) Chrome/145.0.0.0 Safari/537.36 (compatible; meta-externalagent/1.1 (+https://developers.facebook.com/docs/sharing/webmasters/crawler))"
74.244.195.162 - - [28/Jul/2026:12:28:02 +0200] "POST /xmlrpc.php HTTP/1.1" 200 6090 "-" "WordPress.com; https://wordpress.com"
2605:59c1:35e0:8b10:792a:add5:e35a:158d - - [28/Jul/2026:12:28:12 +0200] "POST /xmlrpc.php HTTP/1.1" 200 6090 "-" "WordPress.com; https://wordpress.com"
2605:59c1:35e0:8b10:792a:add5:e35a:158d - - [28/Jul/2026:12:28:22 +0200] "POST /xmlrpc.php HTTP/1.1" 200 6090 "-" "Jetpack/13.0; WordPress/6.1; http://site49490583.com"
2605:59c1:35e0:8b10:792a:add5:e35a:158d - - [28/Jul/2026:12:28:33 +0200] "POST /xmlrpc.php HTTP/1.1" 200 6090 "-" "Jetpack by WordPress.com (Jetpack 13.0; WordPress 6.4)"
2605:59c1:35e0:8b10:792a:add5:e35a:158d - - [28/Jul/2026:12:28:43 +0200] "POST /xmlrpc.php HTTP/1.1" 200 6090 "-" "Jetpack by WordPress.com (Jetpack 12.0; WordPress 6.4)"
2605:59c1:35e0:8b10:792a:add5:e35a:158d - - [28/Jul/2026:12:28:54 +0200] "POST /xmlrpc.php HTTP/1.1" 200 6090 "-" "WordPress.com; https://wordpress.com"
2605:59c1:35e0:8b10:792a:add5:e35a:158d - - [28/Jul/2026:12:29:04 +0200] "POST /xmlrpc.php HTTP/1.1" 200 6090 "-" "WordPress.com; https://wordpress.com"
2605:59c1:35e0:8b10:792a:add5:e35a:158d - - [28/Jul/2026:12:29:15 +0200] "POST /xmlrpc.php HTTP/1.1" 200 6090 "-" "Jetpack by WordPress.com (Jetpack 12.0; WordPress 6.1)"
2605:59c1:35e0:8b10:792a:add5:e35a:158d - - [28/Jul/2026:12:29:25 +0200] "POST /xmlrpc.php HTTP/1.1" 200 6090 "-" "Jetpack/12.0; WordPress/6.3; http://site52616000.com"
2a03:2880:f800:13:: - - [28/Jul/2026:12:29:28 +0200] "GET /shop/chank/myography242689161708 HTTP/1.1" 404 38568 "-" "Mozilla/5.0 (Windows NT 10.0; Win64; x64; rv:147.0) Gecko/20100101 Firefox/147.0 (compatible; meta-externalagent/1.1 (+https://developers.facebook.com/docs/sharing/webmasters/crawler))"
2a03:2880:f800:f:: - - [28/Jul/2026:12:29:32 +0200] "GET /shop/synchronistic/shoulders24363102865 HTTP/1.1" 404 38568 "-" "Mozilla/5.0 (Windows NT 10.0; Win64; x64) AppleWebKit/537.36 (KHTML, like Gecko) Chrome/145.0.0.0 Safari/537.36 (compatible; meta-externalagent/1.1 (+https://developers.facebook.com/docs/sharing/webmasters/crawler))"
2605:59c1:35e0:8b10:792a:add5:e35a:158d - - [28/Jul/2026:12:29:36 +0200] "POST /xmlrpc.php HTTP/1.1" 200 6090 "-" "Jetpack by WordPress.com"
2a03:2880:f800:: - - [28/Jul/2026:12:29:37 +0200] "GET /shop/bladebone/minimization241825342958 HTTP/1.1" 404 38568 "-" "Mozilla/5.0 (Windows NT 10.0; Win64; x64) AppleWebKit/537.36 (KHTML, like Gecko) Chrome/145.0.0.0 Safari/537.36 Edg/145.0.0.0 (compatible; meta-externalagent/1.1 (+https://developers.facebook.com/docs/sharing/webmasters/crawler))"
2605:59c1:35e0:8b10:792a:add5:e35a:158d - - [28/Jul/2026:12:29:46 +0200] "POST /xmlrpc.php HTTP/1.1" 200 6090 "-" "Jetpack/13.0; WordPress/6.3; http://site21282643.com"
2605:59c1:35e0:8b10:792a:add5:e35a:158d - - [28/Jul/2026:12:29:57 +0200] "POST /xmlrpc.php HTTP/1.1" 200 6090 "-" "Jetpack by WordPress.com (Jetpack 12.5; WordPress 6.4)"
2605:59c1:35e0:8b10:792a:add5:e35a:158d - - [28/Jul/2026:12:30:07 +0200] "POST /xmlrpc.php HTTP/1.1" 200 6090 "-" "WordPress.com; https://wordpress.com"
2a03:2880:f800:13:: - - [28/Jul/2026:12:30:10 +0200] "GET /shop/revetement/myceloid242298184110 HTTP/1.1" 404 38568 "-" "Mozilla/5.0 (Macintosh; Intel Mac OS X 10_15_7) AppleWebKit/537.36 (KHTML, like Gecko) Chrome/145.0.0.0 Safari/537.36 (compatible; meta-externalagent/1.1 (+https://developers.facebook.com/docs/sharing/webmasters/crawler))"
2a03:2880:f800:41:: - - [28/Jul/2026:12:30:13 +0200] "GET /shop/chardock/eccentricities242657165993 HTTP/1.1" 404 38568 "-" "Mozilla/5.0 (Windows NT 10.0; Win64; x64) AppleWebKit/537.36 (KHTML, like Gecko) Chrome/145.0.0.0 Safari/537.36 (compatible; meta-externalagent/1.1 (+https://developers.facebook.com/docs/sharing/webmasters/crawler))"
2605:59c1:35e0:8b10:792a:add5:e35a:158d - - [28/Jul/2026:12:30:18 +0200] "POST /xmlrpc.php HTTP/1.1" 200 6090 "-" "Jetpack/12.0; WordPress/6.1; http://site54181622.com"
2a03:2880:f800:3c:: - - [28/Jul/2026:12:30:25 +0200] "GET /shop/labyrinthodon/palmette241445919511 HTTP/1.1" 404 38568 "-" "Mozilla/5.0 (X11; Linux x86_64; rv:146.0) Gecko/20100101 Firefox/146.0 (compatible; meta-externalagent/1.1 (+https://developers.facebook.com/docs/sharing/webmasters/crawler))"
2605:59c1:35e0:8b10:792a:add5:e35a:158d - - [28/Jul/2026:12:30:28 +0200] "POST /xmlrpc.php HTTP/1.1" 200 6090 "-" "Jetpack/12.0; WordPress/6.1; http://site48597665.com"
2001:1690:2:4::1:118 - - [28/Jul/2026:12:30:39 +0200] "POST /wp-cron.php?doing_wp_cron=1785234639.4659531116485595703125 HTTP/1.1" 200 5522 "-" "WordPress/6.7.5; https://cso-apeldoorn.nl"
2605:59c1:35e0:8b10:792a:add5:e35a:158d - - [28/Jul/2026:12:30:39 +0200] "POST /xmlrpc.php HTTP/1.1" 200 6090 "-" "Jetpack by WordPress.com (Jetpack 13.0; WordPress 6.3)"
2605:59c1:35e0:8b10:792a:add5:e35a:158d - - [28/Jul/2026:12:30:49 +0200] "POST /xmlrpc.php HTTP/1.1" 200 6090 "-" "Jetpack by WordPress.com (Jetpack 13.0; WordPress 6.2)"
2605:59c1:35e0:8b10:792a:add5:e35a:158d - - [28/Jul/2026:12:31:00 +0200] "POST /xmlrpc.php HTTP/1.1" 200 6090 "-" "Jetpack/13.0; WordPress/6.2; http://site58052402.com"
2605:59c1:35e0:8b10:792a:add5:e35a:158d - - [28/Jul/2026:12:31:11 +0200] "POST /xmlrpc.php HTTP/1.1" 200 6090 "-" "Jetpack by WordPress.com"
2605:59c1:35e0:8b10:792a:add5:e35a:158d - - [28/Jul/2026:12:31:21 +0200] "POST /xmlrpc.php HTTP/1.1" 200 6090 "-" "WordPress.com; https://wordpress.com"
2a03:2880:f812:25:: - - [28/Jul/2026:12:31:22 +0200] "GET /shop/abradant/definement244173962884 HTTP/1.1" 404 38568 "-" "Mozilla/5.0 (Windows NT 10.0; Win64; x64) AppleWebKit/537.36 (KHTML, like Gecko) Chrome/145.0.0.0 Safari/537.36 (compatible; meta-externalagent/1.1 (+https://developers.facebook.com/docs/sharing/webmasters/crawler))"
2a03:2880:f800:20:: - - [28/Jul/2026:12:31:31 +0200] "GET /shop/ginmill/almoner243769007594 HTTP/1.1" 404 38568 "-" "Mozilla/5.0 (Windows NT 10.0; Win64; x64) AppleWebKit/537.36 (KHTML, like Gecko) Chrome/145.0.0.0 Safari/537.36 (compatible; meta-externalagent/1.1 (+https://developers.facebook.com/docs/sharing/webmasters/crawler))"
2605:59c1:35e0:8b10:792a:add5:e35a:158d - - [28/Jul/2026:12:31:32 +0200] "POST /xmlrpc.php HTTP/1.1" 200 6090 "-" "WordPress.com; https://wordpress.com"
2a03:2880:f800:20:: - - [28/Jul/2026:12:31:32 +0200] "GET /shop/candescent/disensanity242583942192 HTTP/1.1" 404 38568 "-" "Mozilla/5.0 (Macintosh; Intel Mac OS X 10_15_7) AppleWebKit/537.36 (KHTML, like Gecko) Chrome/145.0.0.0 Safari/537.36 (compatible; meta-externalagent/1.1 (+https://developers.facebook.com/docs/sharing/webmasters/crawler))"
2605:59c1:35e0:8b10:792a:add5:e35a:158d - - [28/Jul/2026:12:31:42 +0200] "POST /xmlrpc.php HTTP/1.1" 200 6090 "-" "Jetpack/12.0; WordPress/6.1; http://site65839029.com"
2001:1690:2:4::1:118 - - [28/Jul/2026:12:31:53 +0200] "POST /wp-cron.php?doing_wp_cron=1785234713.1109449863433837890625 HTTP/1.1" 200 5522 "-" "WordPress/6.7.5; https://cso-apeldoorn.nl"
2605:59c1:35e0:8b10:792a:add5:e35a:158d - - [28/Jul/2026:12:31:53 +0200] "POST /xmlrpc.php HTTP/1.1" 200 6090 "-" "Jetpack/13.0; WordPress/6.2; http://site43462714.com"
2605:59c1:35e0:8b10:792a:add5:e35a:158d - - [28/Jul/2026:12:32:03 +0200] "POST /xmlrpc.php HTTP/1.1" 200 6090 "-" "Jetpack by WordPress.com"
2a03:2880:f800:1a:: - - [28/Jul/2026:12:32:03 +0200] "GET /shop/entire/topology241353176066 HTTP/1.1" 404 38568 "-" "Mozilla/5.0 (Macintosh; Intel Mac OS X 10_15_7) AppleWebKit/537.36 (KHTML, like Gecko) Chrome/145.0.0.0 Safari/537.36 (compatible; meta-externalagent/1.1 (+https://developers.facebook.com/docs/sharing/webmasters/crawler))"
2a03:2880:f800:1e:: - - [28/Jul/2026:12:32:05 +0200] "GET /shop/paguma/trellised242272335313 HTTP/1.1" 404 38568 "-" "Mozilla/5.0 (X11; Linux x86_64) AppleWebKit/537.36 (KHTML, like Gecko) Chrome/145.0.0.0 Safari/537.36 (compatible; meta-externalagent/1.1 (+https://developers.facebook.com/docs/sharing/webmasters/crawler))"
2a03:2880:f800:3c:: - - [28/Jul/2026:12:32:08 +0200] "GET /shop/goldencrowned/inconsiderate241808352631 HTTP/1.1" 404 38568 "-" "Mozilla/5.0 (Macintosh; Intel Mac OS X 10_15_7) AppleWebKit/537.36 (KHTML, like Gecko) Chrome/145.0.0.0 Safari/537.36 (compatible; meta-externalagent/1.1 (+https://developers.facebook.com/docs/sharing/webmasters/crawler))"
2a03:2880:f800:6:: - - [28/Jul/2026:12:32:11 +0200] "GET /shop/outwit/alength24996484661 HTTP/1.1" 404 38568 "-" "Mozilla/5.0 (Windows NT 10.0; Win64; x64) AppleWebKit/537.36 (KHTML, like Gecko) Chrome/145.0.0.0 Safari/537.36 (compatible; meta-externalagent/1.1 (+https://developers.facebook.com/docs/sharing/webmasters/crawler))"
2a03:2880:f800:b:: - - [28/Jul/2026:12:32:13 +0200] "GET /shop/thysanoura/hypernym241431941146 HTTP/1.1" 404 38568 "-" "Mozilla/5.0 (Windows NT 10.0; Win64; x64) AppleWebKit/537.36 (KHTML, like Gecko) Chrome/145.0.0.0 Safari/537.36 (compatible; meta-externalagent/1.1 (+https://developers.facebook.com/docs/sharing/webmasters/crawler))"
2605:59c1:35e0:8b10:792a:add5:e35a:158d - - [28/Jul/2026:12:32:13 +0200] "POST /xmlrpc.php HTTP/1.1" 200 6090 "-" "Jetpack by WordPress.com (Jetpack 13.0; WordPress 6.3)"
2a03:2880:f800:1a:: - - [28/Jul/2026:12:32:15 +0200] "GET /shop/monomphalus/candicant242305100995 HTTP/1.1" 404 38568 "-" "Mozilla/5.0 (Macintosh; Intel Mac OS X 10_15_7) AppleWebKit/537.36 (KHTML, like Gecko) Chrome/145.0.0.0 Safari/537.36 (compatible; meta-externalagent/1.1 (+https://developers.facebook.com/docs/sharing/webmasters/crawler))"
2a03:2880:f800:3:: - - [28/Jul/2026:12:32:22 +0200] "GET /shop/perfect/dempne243029672539 HTTP/1.1" 404 38568 "-" "Mozilla/5.0 (Windows NT 10.0; Win64; x64) AppleWebKit/537.36 (KHTML, like Gecko) Chrome/145.0.0.0 Safari/537.36 (compatible; meta-externalagent/1.1 (+https://developers.facebook.com/docs/sharing/webmasters/crawler))"
2605:59c1:35e0:8b10:792a:add5:e35a:158d - - [28/Jul/2026:12:32:24 +0200] "POST /xmlrpc.php HTTP/1.1" 200 6090 "-" "WordPress.com; https://wordpress.com"
2605:59c1:35e0:8b10:792a:add5:e35a:158d - - [28/Jul/2026:12:32:35 +0200] "POST /xmlrpc.php HTTP/1.1" 200 6090 "-" "Jetpack by WordPress.com (Jetpack 13.0; WordPress 6.2)"
2605:59c1:35e0:8b10:792a:add5:e35a:158d - - [28/Jul/2026:12:32:45 +0200] "POST /xmlrpc.php HTTP/1.1" 200 6090 "-" "WordPress.com; https://wordpress.com"
2605:59c1:35e0:8b10:792a:add5:e35a:158d - - [28/Jul/2026:12:32:56 +0200] "POST /xmlrpc.php HTTP/1.1" 200 6090 "-" "Jetpack by WordPress.com"
2605:59c1:35e0:8b10:792a:add5:e35a:158d - - [28/Jul/2026:12:33:06 +0200] "POST /xmlrpc.php HTTP/1.1" 200 6090 "-" "WordPress.com; https://wordpress.com"
2a03:2880:f800:3d:: - - [28/Jul/2026:12:33:07 +0200] "GET /shop/retrograde/pewterer243145853579 HTTP/1.1" 404 38568 "-" "Mozilla/5.0 (Windows NT 10.0; Win64; x64) AppleWebKit/537.36 (KHTML, like Gecko) Chrome/145.0.0.0 Safari/537.36 (compatible; meta-externalagent/1.1 (+https://developers.facebook.com/docs/sharing/webmasters/crawler))"
2a03:2880:f800:3e:: - - [28/Jul/2026:12:33:16 +0200] "GET /shop/johnson/aerography242350102510 HTTP/1.1" 404 38568 "-" "Mozilla/5.0 (Windows NT 10.0; Win64; x64) AppleWebKit/537.36 (KHTML, like Gecko) Chrome/145.0.0.0 Safari/537.36 (compatible; meta-externalagent/1.1 (+https://developers.facebook.com/docs/sharing/webmasters/crawler))"
2605:59c1:35e0:8b10:792a:add5:e35a:158d - - [28/Jul/2026:12:33:17 +0200] "POST /xmlrpc.php HTTP/1.1" 200 6090 "-" "Jetpack/12.5; WordPress/6.4; http://site24471103.com"
2a03:2880:f800:12:: - - [28/Jul/2026:12:33:18 +0200] "GET /shop/intomb/whimling24131325708 HTTP/1.1" 404 38568 "-" "Mozilla/5.0 (Macintosh; Intel Mac OS X 10_15_7) AppleWebKit/537.36 (KHTML, like Gecko) Chrome/145.0.0.0 Safari/537.36 (compatible; meta-externalagent/1.1 (+https://developers.facebook.com/docs/sharing/webmasters/crawler))"
2a03:2880:f800:d:: - - [28/Jul/2026:12:33:26 +0200] "GET /shop/assumptive/persistive24231641697 HTTP/1.1" 404 38568 "-" "Mozilla/5.0 (X11; Linux x86_64) AppleWebKit/537.36 (KHTML, like Gecko) Chrome/145.0.0.0 Safari/537.36 (compatible; meta-externalagent/1.1 (+https://developers.facebook.com/docs/sharing/webmasters/crawler))"
2605:59c1:35e0:8b10:792a:add5:e35a:158d - - [28/Jul/2026:12:33:27 +0200] "POST /xmlrpc.php HTTP/1.1" 200 6090 "-" "Jetpack by WordPress.com (Jetpack 12.0; WordPress 6.3)"
2a03:2880:f800:19:: - - [28/Jul/2026:12:33:32 +0200] "GET /shop/effectually/entozoon243675783672 HTTP/1.1" 404 38568 "-" "Mozilla/5.0 (Macintosh; Intel Mac OS X 10_15_7) AppleWebKit/537.36 (KHTML, like Gecko) Chrome/145.0.0.0 Safari/537.36 (compatible; meta-externalagent/1.1 (+https://developers.facebook.com/docs/sharing/webmasters/crawler))"
2605:59c1:35e0:8b10:792a:add5:e35a:158d - - [28/Jul/2026:12:33:38 +0200] "POST /xmlrpc.php HTTP/1.1" 200 6090 "-" "WordPress.com; https://wordpress.com"
2605:59c1:35e0:8b10:792a:add5:e35a:158d - - [28/Jul/2026:12:33:48 +0200] "POST /xmlrpc.php HTTP/1.1" 200 6090 "-" "WordPress.com; https://wordpress.com"
2a03:2880:f800:10:: - - [28/Jul/2026:12:33:55 +0200] "GET /shop/netted/revised244145495106 HTTP/1.1" 404 38568 "-" "Mozilla/5.0 (Macintosh; Intel Mac OS X 10_15_7) AppleWebKit/537.36 (KHTML, like Gecko) Chrome/145.0.0.0 Safari/537.36 (compatible; meta-externalagent/1.1 (+https://developers.facebook.com/docs/sharing/webmasters/crawler))"
2605:59c1:35e0:8b10:792a:add5:e35a:158d - - [28/Jul/2026:12:33:59 +0200] "POST /xmlrpc.php HTTP/1.1" 200 6090 "-" "Jetpack by WordPress.com"
2605:59c1:35e0:8b10:792a:add5:e35a:158d - - [28/Jul/2026:12:34:09 +0200] "POST /xmlrpc.php HTTP/1.1" 200 6090 "-" "Jetpack/12.0; WordPress/6.1; http://site99601889.com"
2605:59c1:35e0:8b10:792a:add5:e35a:158d - - [28/Jul/2026:12:34:20 +0200] "POST /xmlrpc.php HTTP/1.1" 200 6090 "-" "WordPress.com; https://wordpress.com"
2605:59c1:35e0:8b10:792a:add5:e35a:158d - - [28/Jul/2026:12:34:30 +0200] "POST /xmlrpc.php HTTP/1.1" 200 6090 "-" "Jetpack by WordPress.com"
2a03:2880:f800:6:: - - [28/Jul/2026:12:34:39 +0200] "GET /shop/incrassated/pronucleus243727507273 HTTP/1.1" 404 38568 "-" "Mozilla/5.0 (Macintosh; Intel Mac OS X 10_15_7) AppleWebKit/537.36 (KHTML, like Gecko) Chrome/145.0.0.0 Safari/537.36 (compatible; meta-externalagent/1.1 (+https://developers.facebook.com/docs/sharing/webmasters/crawler))"
2605:59c1:35e0:8b10:792a:add5:e35a:158d - - [28/Jul/2026:12:34:41 +0200] "POST /xmlrpc.php HTTP/1.1" 200 6090 "-" "WordPress.com; https://wordpress.com"
2605:59c1:35e0:8b10:792a:add5:e35a:158d - - [28/Jul/2026:12:34:51 +0200] "POST /xmlrpc.php HTTP/1.1" 200 6090 "-" "Jetpack by WordPress.com (Jetpack 12.5; WordPress 6.3)"
2a03:2880:f800:28:: - - [28/Jul/2026:12:34:55 +0200] "GET /shop/taboret/augurist24564669711 HTTP/1.1" 404 38568 "-" "Mozilla/5.0 (Windows NT 10.0; Win64; x64) AppleWebKit/537.36 (KHTML, like Gecko) Chrome/145.0.0.0 Safari/537.36 (compatible; meta-externalagent/1.1 (+https://developers.facebook.com/docs/sharing/webmasters/crawler))"
2001:1690:2:4::1:118 - - [28/Jul/2026:12:35:02 +0200] "POST /wp-cron.php?doing_wp_cron=1785234902.5754311084747314453125 HTTP/1.1" 200 5522 "-" "WordPress/6.7.5; https://cso-apeldoorn.nl"
2605:59c1:35e0:8b10:792a:add5:e35a:158d - - [28/Jul/2026:12:35:02 +0200] "POST /xmlrpc.php HTTP/1.1" 200 6090 "-" "Jetpack by WordPress.com (Jetpack 13.0; WordPress 6.1)"
2605:59c1:35e0:8b10:792a:add5:e35a:158d - - [28/Jul/2026:12:35:13 +0200] "POST /xmlrpc.php HTTP/1.1" 200 6090 "-" "Jetpack by WordPress.com (Jetpack 12.0; WordPress 6.1)"
2a03:2880:f800:14:: - - [28/Jul/2026:12:35:15 +0200] "GET /shop/overexcitement/streptosolen241556031022 HTTP/1.1" 404 38568 "-" "Mozilla/5.0 (Macintosh; Intel Mac OS X 10_15_7) AppleWebKit/537.36 (KHTML, like Gecko) Chrome/145.0.0.0 Safari/537.36 (compatible; meta-externalagent/1.1 (+https://developers.facebook.com/docs/sharing/webmasters/crawler))"
2a03:2880:f800:2a:: - - [28/Jul/2026:12:35:18 +0200] "GET /shop/divorcer/provent242607866606 HTTP/1.1" 404 38568 "-" "Mozilla/5.0 (Windows NT 10.0; Win64; x64) AppleWebKit/537.36 (KHTML, like Gecko) Chrome/145.0.0.0 Safari/537.36 (compatible; meta-externalagent/1.1 (+https://developers.facebook.com/docs/sharing/webmasters/crawler))"
2605:59c1:35e0:8b10:792a:add5:e35a:158d - - [28/Jul/2026:12:35:23 +0200] "POST /xmlrpc.php HTTP/1.1" 200 6090 "-" "Jetpack by WordPress.com"
66.249.70.38 - - [28/Jul/2026:12:35:26 +0200] "GET /shop/selfsuspended/notoriety252827792632 HTTP/1.1" 404 38719 "-" "Mozilla/5.0 (Linux; Android 6.0.1; Nexus 5X Build/MMB29P) AppleWebKit/537.36 (KHTML, like Gecko) Chrome/150.0.7871.128 Mobile Safari/537.36 (compatible; GoogleOther)"
2a03:2880:f800:3c:: - - [28/Jul/2026:12:35:32 +0200] "GET /shop/conchyliologist/doand241479139632 HTTP/1.1" 404 38568 "-" "Mozilla/5.0 (Windows NT 10.0; Win64; x64) AppleWebKit/537.36 (KHTML, like Gecko) Chrome/145.0.0.0 Safari/537.36 (compatible; meta-externalagent/1.1 (+https://developers.facebook.com/docs/sharing/webmasters/crawler))"
2605:59c1:35e0:8b10:792a:add5:e35a:158d - - [28/Jul/2026:12:35:33 +0200] "POST /xmlrpc.php HTTP/1.1" 200 6090 "-" "Jetpack by WordPress.com"
2605:59c1:35e0:8b10:792a:add5:e35a:158d - - [28/Jul/2026:12:35:44 +0200] "POST /xmlrpc.php HTTP/1.1" 200 6090 "-" "Jetpack by WordPress.com (Jetpack 12.1; WordPress 6.2)"
2a03:2880:f800:: - - [28/Jul/2026:12:35:45 +0200] "GET /shop/kanakin/sidereal243812160784 HTTP/1.1" 404 38568 "-" "Mozilla/5.0 (Windows NT 10.0; Win64; x64) AppleWebKit/537.36 (KHTML, like Gecko) Chrome/145.0.0.0 Safari/537.36 (compatible; meta-externalagent/1.1 (+https://developers.facebook.com/docs/sharing/webmasters/crawler))"
2605:59c1:35e0:8b10:792a:add5:e35a:158d - - [28/Jul/2026:12:35:54 +0200] "POST /xmlrpc.php HTTP/1.1" 200 6090 "-" "Jetpack by WordPress.com"
2605:59c1:35e0:8b10:792a:add5:e35a:158d - - [28/Jul/2026:12:36:05 +0200] "POST /xmlrpc.php HTTP/1.1" 200 6090 "-" "WordPress.com; https://wordpress.com"
2a03:2880:f800:3b:: - - [28/Jul/2026:12:36:07 +0200] "GET /shop/infatigable/oglio243999243423 HTTP/1.1" 404 38568 "-" "Mozilla/5.0 (Windows NT 10.0; Win64; x64) AppleWebKit/537.36 (KHTML, like Gecko) Chrome/145.0.0.0 Safari/537.36 (compatible; meta-externalagent/1.1 (+https://developers.facebook.com/docs/sharing/webmasters/crawler))"
2605:59c1:35e0:8b10:792a:add5:e35a:158d - - [28/Jul/2026:12:36:15 +0200] "POST /xmlrpc.php HTTP/1.1" 200 6090 "-" "Jetpack by WordPress.com"
2a03:2880:f800:b:: - - [28/Jul/2026:12:36:16 +0200] "GET /shop/schiller/oviposited244032463512 HTTP/1.1" 404 38568 "-" "Mozilla/5.0 (Windows NT 10.0; Win64; x64) AppleWebKit/537.36 (KHTML, like Gecko) Chrome/145.0.0.0 Safari/537.36 (compatible; meta-externalagent/1.1 (+https://developers.facebook.com/docs/sharing/webmasters/crawler))"
2a03:2880:f800:41:: - - [28/Jul/2026:12:36:21 +0200] "GET /shop/isobathythermic/ousel242770514525 HTTP/1.1" 404 38568 "-" "Mozilla/5.0 (X11; Linux x86_64) AppleWebKit/537.36 (KHTML, like Gecko) Chrome/145.0.0.0 Safari/537.36 (compatible; meta-externalagent/1.1 (+https://developers.facebook.com/docs/sharing/webmasters/crawler))"
2605:59c1:35e0:8b10:792a:add5:e35a:158d - - [28/Jul/2026:12:36:26 +0200] "POST /xmlrpc.php HTTP/1.1" 200 6090 "-" "WordPress.com; https://wordpress.com"
2a03:2880:f800:32:: - - [28/Jul/2026:12:36:30 +0200] "GET /shop/maudlinwort/enamoring241844678568 HTTP/1.1" 404 38568 "-" "Mozilla/5.0 (Macintosh; Intel Mac OS X 10_15_7) AppleWebKit/537.36 (KHTML, like Gecko) Chrome/145.0.0.0 Safari/537.36 (compatible; meta-externalagent/1.1 (+https://developers.facebook.com/docs/sharing/webmasters/crawler))"
2605:59c1:35e0:8b10:792a:add5:e35a:158d - - [28/Jul/2026:12:36:37 +0200] "POST /xmlrpc.php HTTP/1.1" 200 6090 "-" "Jetpack/12.1; WordPress/6.3; http://site62356392.com"
2a03:2880:f800:27:: - - [28/Jul/2026:12:36:45 +0200] "GET /shop/adducing/shortwited243934117330 HTTP/1.1" 404 38568 "-" "Mozilla/5.0 (Macintosh; Intel Mac OS X 10_15_7) AppleWebKit/537.36 (KHTML, like Gecko) Chrome/145.0.0.0 Safari/537.36 (compatible; meta-externalagent/1.1 (+https://developers.facebook.com/docs/sharing/webmasters/crawler))"
2a03:2880:f800:d:: - - [28/Jul/2026:12:36:46 +0200] "GET /shop/encirclet/antiochian242529535937 HTTP/1.1" 404 38568 "-" "Mozilla/5.0 (Windows NT 10.0; Win64; x64) AppleWebKit/537.36 (KHTML, like Gecko) Chrome/145.0.0.0 Safari/537.36 (compatible; meta-externalagent/1.1 (+https://developers.facebook.com/docs/sharing/webmasters/crawler))"
2605:59c1:35e0:8b10:792a:add5:e35a:158d - - [28/Jul/2026:12:36:47 +0200] "POST /xmlrpc.php HTTP/1.1" 200 6090 "-" "WordPress.com; https://wordpress.com"
2a03:2880:f800:3d:: - - [28/Jul/2026:12:36:49 +0200] "GET /shop/quiddany/buchloe243604629512 HTTP/1.1" 404 38568 "-" "Mozilla/5.0 (Windows NT 10.0; Win64; x64) AppleWebKit/537.36 (KHTML, like Gecko) Chrome/145.0.0.0 Safari/537.36 (compatible; meta-externalagent/1.1 (+https://developers.facebook.com/docs/sharing/webmasters/crawler))"
2a03:2880:f800:1d:: - - [28/Jul/2026:12:36:53 +0200] "GET /shop/subverted/romeward244057049549 HTTP/1.1" 404 38568 "-" "Mozilla/5.0 (Windows NT 10.0; Win64; x64) AppleWebKit/537.36 (KHTML, like Gecko) Chrome/145.0.0.0 Safari/537.36 (compatible; meta-externalagent/1.1 (+https://developers.facebook.com/docs/sharing/webmasters/crawler))"
2a03:2880:f800:a:: - - [28/Jul/2026:12:36:54 +0200] "GET /shop/moneyspinner/impaint242699424006 HTTP/1.1" 404 38568 "-" "Mozilla/5.0 (Windows NT 10.0; Win64; x64) AppleWebKit/537.36 (KHTML, like Gecko) Chrome/145.0.0.0 Safari/537.36 (compatible; meta-externalagent/1.1 (+https://developers.facebook.com/docs/sharing/webmasters/crawler))"
2605:59c1:35e0:8b10:792a:add5:e35a:158d - - [28/Jul/2026:12:36:58 +0200] "POST /xmlrpc.php HTTP/1.1" 200 6090 "-" "Jetpack/13.0; WordPress/6.1; http://site74171803.com"
2a03:2880:f800:28:: - - [28/Jul/2026:12:36:58 +0200] "GET /shop/louder/straightener241498052127 HTTP/1.1" 404 38568 "-" "Mozilla/5.0 (Windows NT 10.0; Win64; x64) AppleWebKit/537.36 (KHTML, like Gecko) Chrome/145.0.0.0 Safari/537.36 (compatible; meta-externalagent/1.1 (+https://developers.facebook.com/docs/sharing/webmasters/crawler))"
66.249.70.39 - - [28/Jul/2026:12:37:01 +0200] "GET /sitemap-subitems-535.xml HTTP/1.1" 200 382918 "-" "Mozilla/5.0 (compatible; Googlebot/2.1; +http://www.google.com/bot.html)"
2a03:2880:f800:12:: - - [28/Jul/2026:12:37:07 +0200] "GET /shop/heterocarpism/ziphiidae243287121880 HTTP/1.1" 404 38568 "-" "Mozilla/5.0 (Macintosh; Intel Mac OS X 10_15_7) AppleWebKit/537.36 (KHTML, like Gecko) Chrome/145.0.0.0 Safari/537.36 (compatible; meta-externalagent/1.1 (+https://developers.facebook.com/docs/sharing/webmasters/crawler))"
2605:59c1:35e0:8b10:792a:add5:e35a:158d - - [28/Jul/2026:12:37:08 +0200] "POST /xmlrpc.php HTTP/1.1" 200 6090 "-" "WordPress.com; https://wordpress.com"
2605:59c1:35e0:8b10:792a:add5:e35a:158d - - [28/Jul/2026:12:37:19 +0200] "POST /xmlrpc.php HTTP/1.1" 200 6090 "-" "WordPress.com; https://wordpress.com"
2a03:2880:f800:2e:: - - [28/Jul/2026:12:37:20 +0200] "GET /shop/semiannual/axile24292933561 HTTP/1.1" 404 38568 "-" "Mozilla/5.0 (Windows NT 10.0; Win64; x64) AppleWebKit/537.36 (KHTML, like Gecko) Chrome/145.0.0.0 Safari/537.36 (compatible; meta-externalagent/1.1 (+https://developers.facebook.com/docs/sharing/webmasters/crawler))"
2605:59c1:35e0:8b10:792a:add5:e35a:158d - - [28/Jul/2026:12:37:29 +0200] "POST /xmlrpc.php HTTP/1.1" 200 6090 "-" "Jetpack by WordPress.com"
2a03:2880:f800:27:: - - [28/Jul/2026:12:37:31 +0200] "GET /shop/brownism/goatsuckers243779791105 HTTP/1.1" 404 38568 "-" "Mozilla/5.0 (X11; Linux x86_64) AppleWebKit/537.36 (KHTML, like Gecko) Chrome/145.0.0.0 Safari/537.36 (compatible; meta-externalagent/1.1 (+https://developers.facebook.com/docs/sharing/webmasters/crawler))"
2605:59c1:35e0:8b10:792a:add5:e35a:158d - - [28/Jul/2026:12:37:40 +0200] "POST /xmlrpc.php HTTP/1.1" 200 6090 "-" "Jetpack by WordPress.com"
2605:59c1:35e0:8b10:792a:add5:e35a:158d - - [28/Jul/2026:12:37:50 +0200] "POST /xmlrpc.php HTTP/1.1" 200 6090 "-" "Jetpack by WordPress.com"
2a03:2880:f800:9:: - - [28/Jul/2026:12:37:56 +0200] "GET /shop/glycoluril/deplorate242634137413 HTTP/1.1" 404 38568 "-" "Mozilla/5.0 (Macintosh; Intel Mac OS X 10_15_7) AppleWebKit/537.36 (KHTML, like Gecko) Chrome/145.0.0.0 Safari/537.36 (compatible; meta-externalagent/1.1 (+https://developers.facebook.com/docs/sharing/webmasters/crawler))"
2605:59c1:35e0:8b10:792a:add5:e35a:158d - - [28/Jul/2026:12:38:01 +0200] "POST /xmlrpc.php HTTP/1.1" 200 6090 "-" "Jetpack/13.0; WordPress/6.3; http://site79484492.com"
2a03:2880:f800:1b:: - - [28/Jul/2026:12:38:06 +0200] "GET /shop/pickmeup/disburser2492275623 HTTP/1.1" 404 38568 "-" "Mozilla/5.0 (Macintosh; Intel Mac OS X 10_15_7) AppleWebKit/537.36 (KHTML, like Gecko) Chrome/145.0.0.0 Safari/537.36 (compatible; meta-externalagent/1.1 (+https://developers.facebook.com/docs/sharing/webmasters/crawler))"
2605:59c1:35e0:8b10:792a:add5:e35a:158d - - [28/Jul/2026:12:38:11 +0200] "POST /xmlrpc.php HTTP/1.1" 200 6090 "-" "Jetpack/12.1; WordPress/6.1; http://site89987433.com"
2605:59c1:35e0:8b10:792a:add5:e35a:158d - - [28/Jul/2026:12:38:22 +0200] "POST /xmlrpc.php HTTP/1.1" 200 6090 "-" "Jetpack/12.5; WordPress/6.1; http://site50299664.com"
2a03:2880:f800:23:: - - [28/Jul/2026:12:38:28 +0200] "GET /shop/stoping/exhorter242414125569 HTTP/1.1" 404 38568 "-" "Mozilla/5.0 (Macintosh; Intel Mac OS X 10_15_7) AppleWebKit/537.36 (KHTML, like Gecko) Chrome/145.0.0.0 Safari/537.36 (compatible; meta-externalagent/1.1 (+https://developers.facebook.com/docs/sharing/webmasters/crawler))"
2605:59c1:35e0:8b10:792a:add5:e35a:158d - - [28/Jul/2026:12:38:32 +0200] "POST /xmlrpc.php HTTP/1.1" 200 6090 "-" "WordPress.com; https://wordpress.com"
2605:59c1:35e0:8b10:792a:add5:e35a:158d - - [28/Jul/2026:12:38:43 +0200] "POST /xmlrpc.php HTTP/1.1" 200 6090 "-" "Jetpack by WordPress.com"
94.154.43.186 - - [28/Jul/2026:12:38:51 +0200] "GET / HTTP/1.1" 200 59408 "-" "Mozilla/5.0 (Windows NT 10.0; Win64; x64) AppleWebKit/537.36 (KHTML, like Gecko) Chrome/147.0.0.0 Safari/537.36"
2a03:2880:f800:27:: - - [28/Jul/2026:12:38:52 +0200] "GET /shop/myrtaceous/insinuatingly24558705285 HTTP/1.1" 404 38568 "-" "Mozilla/5.0 (Windows NT 10.0; Win64; x64) AppleWebKit/537.36 (KHTML, like Gecko) Chrome/145.0.0.0 Safari/537.36 (compatible; meta-externalagent/1.1 (+https://developers.facebook.com/docs/sharing/webmasters/crawler))"
2605:59c1:35e0:8b10:792a:add5:e35a:158d - - [28/Jul/2026:12:38:53 +0200] "POST /xmlrpc.php HTTP/1.1" 200 6090 "-" "WordPress.com; https://wordpress.com"
66.249.70.32 - - [28/Jul/2026:12:38:59 +0200] "GET /sitemap-subitems-484.xml HTTP/1.1" 200 382997 "-" "Mozilla/5.0 (compatible; Googlebot/2.1; +http://www.google.com/bot.html)"
2605:59c1:35e0:8b10:792a:add5:e35a:158d - - [28/Jul/2026:12:39:04 +0200] "POST /xmlrpc.php HTTP/1.1" 200 6090 "-" "Jetpack by WordPress.com"
2a03:2880:f800:3a:: - - [28/Jul/2026:12:39:14 +0200] "GET /shop/epitomizer/ampulla241208798073 HTTP/1.1" 404 38568 "-" "Mozilla/5.0 (Macintosh; Intel Mac OS X 10_15_7) AppleWebKit/537.36 (KHTML, like Gecko) Chrome/145.0.0.0 Safari/537.36 (compatible; meta-externalagent/1.1 (+https://developers.facebook.com/docs/sharing/webmasters/crawler))"
2605:59c1:35e0:8b10:792a:add5:e35a:158d - - [28/Jul/2026:12:39:15 +0200] "POST /xmlrpc.php HTTP/1.1" 200 6090 "-" "WordPress.com; https://wordpress.com"
2605:59c1:35e0:8b10:792a:add5:e35a:158d - - [28/Jul/2026:12:39:25 +0200] "POST /xmlrpc.php HTTP/1.1" 200 6090 "-" "Jetpack/13.0; WordPress/6.3; http://site77506721.com"
2605:59c1:35e0:8b10:792a:add5:e35a:158d - - [28/Jul/2026:12:39:36 +0200] "POST /xmlrpc.php HTTP/1.1" 200 6090 "-" "Jetpack by WordPress.com (Jetpack 12.5; WordPress 6.4)"
2a03:2880:f800:31:: - - [28/Jul/2026:12:39:45 +0200] "GET /shop/nubility/eosin24774944437 HTTP/1.1" 404 38568 "-" "Mozilla/5.0 (Windows NT 10.0; Win64; x64) AppleWebKit/537.36 (KHTML, like Gecko) Chrome/145.0.0.0 Safari/537.36 (compatible; meta-externalagent/1.1 (+https://developers.facebook.com/docs/sharing/webmasters/crawler))"
2605:59c1:35e0:8b10:792a:add5:e35a:158d - - [28/Jul/2026:12:39:46 +0200] "POST /xmlrpc.php HTTP/1.1" 200 6090 "-" "Jetpack/12.0; WordPress/6.3; http://site28495512.com"
2a03:2880:f800:20:: - - [28/Jul/2026:12:39:56 +0200] "GET /shop/letterpress/astonishingness242836916358 HTTP/1.1" 404 38568 "-" "Mozilla/5.0 (Windows NT 10.0; Win64; x64) AppleWebKit/537.36 (KHTML, like Gecko) Chrome/145.0.0.0 Safari/537.36 (compatible; meta-externalagent/1.1 (+https://developers.facebook.com/docs/sharing/webmasters/crawler))"
2605:59c1:35e0:8b10:792a:add5:e35a:158d - - [28/Jul/2026:12:39:57 +0200] "POST /xmlrpc.php HTTP/1.1" 200 6090 "-" "Jetpack by WordPress.com"
66.249.70.38 - - [28/Jul/2026:12:39:58 +0200] "GET /shop/framework/neckplate251892495990 HTTP/1.1" 404 38719 "-" "Mozilla/5.0 (Linux; Android 6.0.1; Nexus 5X Build/MMB29P) AppleWebKit/537.36 (KHTML, like Gecko) Chrome/150.0.7871.128 Mobile Safari/537.36 (compatible; GoogleOther)"
2a03:2880:f800:2f:: - - [28/Jul/2026:12:40:02 +0200] "GET /shop/likeness/shovelpenny242880069548 HTTP/1.1" 404 38568 "-" "Mozilla/5.0 (Windows NT 10.0; Win64; x64) AppleWebKit/537.36 (KHTML, like Gecko) Chrome/145.0.0.0 Safari/537.36 (compatible; meta-externalagent/1.1 (+https://developers.facebook.com/docs/sharing/webmasters/crawler))"
2605:59c1:35e0:8b10:792a:add5:e35a:158d - - [28/Jul/2026:12:40:07 +0200] "POST /xmlrpc.php HTTP/1.1" 200 6090 "-" "Jetpack by WordPress.com"
2605:59c1:35e0:8b10:792a:add5:e35a:158d - - [28/Jul/2026:12:40:18 +0200] "POST /xmlrpc.php HTTP/1.1" 200 6090 "-" "Jetpack by WordPress.com"
2605:59c1:35e0:8b10:792a:add5:e35a:158d - - [28/Jul/2026:12:40:29 +0200] "POST /xmlrpc.php HTTP/1.1" 200 6090 "-" "Jetpack/12.0; WordPress/6.1; http://site41124358.com"
2a03:2880:f800:1d:: - - [28/Jul/2026:12:40:33 +0200] "GET /shop/bedribble/nonslaveholding241624166909 HTTP/1.1" 404 38568 "-" "Mozilla/5.0 (Windows NT 10.0; Win64; x64) AppleWebKit/537.36 (KHTML, like Gecko) Chrome/145.0.0.0 Safari/537.36 (compatible; meta-externalagent/1.1 (+https://developers.facebook.com/docs/sharing/webmasters/crawler))"
2605:59c1:35e0:8b10:792a:add5:e35a:158d - - [28/Jul/2026:12:40:39 +0200] "POST /xmlrpc.php HTTP/1.1" 200 6090 "-" "Jetpack by WordPress.com (Jetpack 12.5; WordPress 6.4)"
2a03:2880:f800:b:: - - [28/Jul/2026:12:40:44 +0200] "GET /shop/enclose/sweetroot241202588203 HTTP/1.1" 404 38568 "-" "Mozilla/5.0 (Windows NT 10.0; Win64; x64) AppleWebKit/537.36 (KHTML, like Gecko) Chrome/145.0.0.0 Safari/537.36 (compatible; meta-externalagent/1.1 (+https://developers.facebook.com/docs/sharing/webmasters/crawler))"
2605:59c1:35e0:8b10:792a:add5:e35a:158d - - [28/Jul/2026:12:40:50 +0200] "POST /xmlrpc.php HTTP/1.1" 200 6090 "-" "Jetpack/12.1; WordPress/6.3; http://site83626611.com"
2605:59c1:35e0:8b10:792a:add5:e35a:158d - - [28/Jul/2026:12:41:00 +0200] "POST /xmlrpc.php HTTP/1.1" 200 6090 "-" "Jetpack by WordPress.com"
2605:59c1:35e0:8b10:792a:add5:e35a:158d - - [28/Jul/2026:12:41:11 +0200] "POST /xmlrpc.php HTTP/1.1" 200 6090 "-" "WordPress.com; https://wordpress.com"
2a03:2880:f800:30:: - - [28/Jul/2026:12:41:12 +0200] "GET /shop/antipole/holding244033675627 HTTP/1.1" 404 38568 "-" "Mozilla/5.0 (Macintosh; Intel Mac OS X 10_15_7) AppleWebKit/537.36 (KHTML, like Gecko) Chrome/145.0.0.0 Safari/537.36 (compatible; meta-externalagent/1.1 (+https://developers.facebook.com/docs/sharing/webmasters/crawler))"
2605:59c1:35e0:8b10:792a:add5:e35a:158d - - [28/Jul/2026:12:41:21 +0200] "POST /xmlrpc.php HTTP/1.1" 200 6090 "-" "Jetpack by WordPress.com"
2605:59c1:35e0:8b10:792a:add5:e35a:158d - - [28/Jul/2026:12:41:32 +0200] "POST /xmlrpc.php HTTP/1.1" 200 6090 "-" "WordPress.com; https://wordpress.com"
2a03:2880:f800:19:: - - [28/Jul/2026:12:41:32 +0200] "GET /shop/phylactered/solving244080659881 HTTP/1.1" 404 38568 "-" "Mozilla/5.0 (Windows NT 10.0; Win64; x64) AppleWebKit/537.36 (KHTML, like Gecko) Chrome/145.0.0.0 Safari/537.36 (compatible; meta-externalagent/1.1 (+https://developers.facebook.com/docs/sharing/webmasters/crawler))"
2605:59c1:35e0:8b10:792a:add5:e35a:158d - - [28/Jul/2026:12:41:42 +0200] "POST /xmlrpc.php HTTP/1.1" 200 6090 "-" "WordPress.com; https://wordpress.com"
2605:59c1:35e0:8b10:792a:add5:e35a:158d - - [28/Jul/2026:12:41:53 +0200] "POST /xmlrpc.php HTTP/1.1" 200 6090 "-" "Jetpack by WordPress.com (Jetpack 12.5; WordPress 6.1)"
2a03:2880:f800:32:: - - [28/Jul/2026:12:41:58 +0200] "GET /shop/rabbet/isabel242318158161 HTTP/1.1" 404 38568 "-" "Mozilla/5.0 (Windows NT 10.0; Win64; x64) AppleWebKit/537.36 (KHTML, like Gecko) Chrome/145.0.0.0 Safari/537.36 (compatible; meta-externalagent/1.1 (+https://developers.facebook.com/docs/sharing/webmasters/crawler))"
2605:59c1:35e0:8b10:792a:add5:e35a:158d - - [28/Jul/2026:12:42:03 +0200] "POST /xmlrpc.php HTTP/1.1" 200 6090 "-" "Jetpack by WordPress.com"
2605:59c1:35e0:8b10:792a:add5:e35a:158d - - [28/Jul/2026:12:42:14 +0200] "POST /xmlrpc.php HTTP/1.1" 200 6090 "-" "WordPress.com; https://wordpress.com"
2a03:2880:f800:2f:: - - [28/Jul/2026:12:42:14 +0200] "GET /shop/colubris/italicism242741946865 HTTP/1.1" 404 38568 "-" "Mozilla/5.0 (Windows NT 10.0; Win64; x64) AppleWebKit/537.36 (KHTML, like Gecko) Chrome/145.0.0.0 Safari/537.36 (compatible; meta-externalagent/1.1 (+https://developers.facebook.com/docs/sharing/webmasters/crawler))"
2605:59c1:35e0:8b10:792a:add5:e35a:158d - - [28/Jul/2026:12:42:24 +0200] "POST /xmlrpc.php HTTP/1.1" 200 6090 "-" "Jetpack/12.0; WordPress/6.3; http://site10744285.com"
2605:59c1:35e0:8b10:792a:add5:e35a:158d - - [28/Jul/2026:12:42:35 +0200] "POST /xmlrpc.php HTTP/1.1" 200 6090 "-" "Jetpack by WordPress.com"
2a03:2880:2ff:4b:: - - [28/Jul/2026:12:42:36 +0200] "GET /robots.txt HTTP/1.1" 206 5631 "-" "facebookexternalhit/1.1 (+http://www.facebook.com/externalhit_uatext.php)"
2a03:2880:f800:16:: - - [28/Jul/2026:12:42:40 +0200] "GET /shop/brush/quantic243905754671 HTTP/1.1" 404 38568 "-" "Mozilla/5.0 (Windows NT 10.0; Win64; x64) AppleWebKit/537.36 (KHTML, like Gecko) Chrome/145.0.0.0 Safari/537.36 (compatible; meta-externalagent/1.1 (+https://developers.facebook.com/docs/sharing/webmasters/crawler))"
2a03:2880:f800:6:: - - [28/Jul/2026:12:42:51 +0200] "GET /shop/pyocyaneus/trilinguar24868192982 HTTP/1.1" 404 38568 "-" "Mozilla/5.0 (Macintosh; Intel Mac OS X 10_15_7) AppleWebKit/537.36 (KHTML, like Gecko) Chrome/145.0.0.0 Safari/537.36 (compatible; meta-externalagent/1.1 (+https://developers.facebook.com/docs/sharing/webmasters/crawler))"
2a03:2880:f800:21:: - - [28/Jul/2026:12:43:17 +0200] "GET /shop/currently/apprenticing241899551647 HTTP/1.1" 404 38568 "-" "Mozilla/5.0 (Macintosh; Intel Mac OS X 10_15_7) AppleWebKit/537.36 (KHTML, like Gecko) Chrome/145.0.0.0 Safari/537.36 (compatible; meta-externalagent/1.1 (+https://developers.facebook.com/docs/sharing/webmasters/crawler))"
2a03:2880:f800:5:: - - [28/Jul/2026:12:43:34 +0200] "GET /shop/blandiloquious/ariel244220947170 HTTP/1.1" 404 38568 "-" "Mozilla/5.0 (X11; Linux x86_64) AppleWebKit/537.36 (KHTML, like Gecko) Chrome/145.0.0.0 Safari/537.36 (compatible; meta-externalagent/1.1 (+https://developers.facebook.com/docs/sharing/webmasters/crawler))"
2a03:2880:f800:40:: - - [28/Jul/2026:12:43:43 +0200] "GET /shop/celtuce/unconclusive244124599840 HTTP/1.1" 404 38568 "-" "Mozilla/5.0 (Macintosh; Intel Mac OS X 10_15_7) AppleWebKit/537.36 (KHTML, like Gecko) Chrome/145.0.0.0 Safari/537.36 (compatible; meta-externalagent/1.1 (+https://developers.facebook.com/docs/sharing/webmasters/crawler))"
2a03:2880:f800:3e:: - - [28/Jul/2026:12:44:11 +0200] "GET /shop/dinnerless/lavature24216560282 HTTP/1.1" 404 38568 "-" "Mozilla/5.0 (Windows NT 10.0; Win64; x64) AppleWebKit/537.36 (KHTML, like Gecko) Chrome/145.0.0.0 Safari/537.36 (compatible; meta-externalagent/1.1 (+https://developers.facebook.com/docs/sharing/webmasters/crawler))"
2a03:2880:f800:7:: - - [28/Jul/2026:12:44:17 +0200] "GET /shop/kalong/decayed242148296130 HTTP/1.1" 404 38568 "-" "Mozilla/5.0 (Windows NT 10.0; Win64; x64) AppleWebKit/537.36 (KHTML, like Gecko) Chrome/145.0.0.0 Safari/537.36 (compatible; meta-externalagent/1.1 (+https://developers.facebook.com/docs/sharing/webmasters/crawler))"
2a03:2880:f800:40:: - - [28/Jul/2026:12:44:19 +0200] "GET /shop/chaste/repetition241799072119 HTTP/1.1" 404 38568 "-" "Mozilla/5.0 (X11; Linux x86_64) AppleWebKit/537.36 (KHTML, like Gecko) Chrome/145.0.0.0 Safari/537.36 (compatible; meta-externalagent/1.1 (+https://developers.facebook.com/docs/sharing/webmasters/crawler))"
2a03:2880:f800:34:: - - [28/Jul/2026:12:44:24 +0200] "GET /shop/capitan/padre24253749046 HTTP/1.1" 404 38568 "-" "Mozilla/5.0 (Windows NT 10.0; Win64; x64) AppleWebKit/537.36 (KHTML, like Gecko) Chrome/145.0.0.0 Safari/537.36 (compatible; meta-externalagent/1.1 (+https://developers.facebook.com/docs/sharing/webmasters/crawler))"
160.191.139.115 - - [28/Jul/2026:12:44:27 +0200] "GET /wp-login.php HTTP/1.1" 200 17026 "-" "Mozilla/5.0 (Windows NT 10.0; Win64; x64) AppleWebKit/537.36 (KHTML, like Gecko) Chrome/120.0.0.0 Safari/537.36"
160.191.139.115 - - [28/Jul/2026:12:44:28 +0200] "POST /wp-login.php HTTP/1.1" 200 21973 "https://cso-apeldoorn.nl/wp-login.php" "Mozilla/5.0 (Windows NT 10.0; Win64; x64) AppleWebKit/537.36 (KHTML, like Gecko) Chrome/120.0.0.0 Safari/537.36"
2a03:2880:f800:39:: - - [28/Jul/2026:12:44:30 +0200] "GET /sitemap-subitems-1992.xml HTTP/1.1" 404 36445 "-" "Mozilla/5.0 (Windows NT 10.0; Win64; x64) AppleWebKit/537.36 (KHTML, like Gecko) Chrome/145.0.0.0 Safari/537.36 Edg/145.0.0.0 (compatible; meta-externalagent/1.1 (+https://developers.facebook.com/docs/sharing/webmasters/crawler))"
2a03:2880:f800:c:: - - [28/Jul/2026:12:44:49 +0200] "GET /shop/stavewood/divulge243261032892 HTTP/1.1" 404 38568 "-" "Mozilla/5.0 (Windows NT 10.0; Win64; x64) AppleWebKit/537.36 (KHTML, like Gecko) Chrome/145.0.0.0 Safari/537.36 (compatible; meta-externalagent/1.1 (+https://developers.facebook.com/docs/sharing/webmasters/crawler))"
2a03:2880:f800:14:: - - [28/Jul/2026:12:44:51 +0200] "GET /shop/caravansera/reverberate242426766673 HTTP/1.1" 404 38568 "-" "Mozilla/5.0 (Windows NT 10.0; Win64; x64) AppleWebKit/537.36 (KHTML, like Gecko) Chrome/145.0.0.0 Safari/537.36 (compatible; meta-externalagent/1.1 (+https://developers.facebook.com/docs/sharing/webmasters/crawler))"
2001:1690:2:4::1:118 - - [28/Jul/2026:12:45:10 +0200] "POST /wp-cron.php?doing_wp_cron=1785235510.0551929473876953125000 HTTP/1.1" 200 5522 "-" "WordPress/6.7.5; https://cso-apeldoorn.nl"
2a03:2880:f800:18:: - - [28/Jul/2026:12:45:09 +0200] "GET /shop/tmesis/caulescent243222341129 HTTP/1.1" 404 38568 "-" "Mozilla/5.0 (Macintosh; Intel Mac OS X 10_15_7) AppleWebKit/537.36 (KHTML, like Gecko) Chrome/145.0.0.0 Safari/537.36 (compatible; meta-externalagent/1.1 (+https://developers.facebook.com/docs/sharing/webmasters/crawler))"
2a03:2880:f800:2c:: - - [28/Jul/2026:12:45:16 +0200] "GET /shop/colours/impennate241061610770 HTTP/1.1" 404 38568 "-" "Mozilla/5.0 (Windows NT 10.0; Win64; x64) AppleWebKit/537.36 (KHTML, like Gecko) Chrome/145.0.0.0 Safari/537.36 (compatible; meta-externalagent/1.1 (+https://developers.facebook.com/docs/sharing/webmasters/crawler))"
2a03:2880:f800:29:: - - [28/Jul/2026:12:45:20 +0200] "GET /shop/diligent/anthozoan242655032679 HTTP/1.1" 404 38568 "-" "Mozilla/5.0 (Macintosh; Intel Mac OS X 10_15_7) AppleWebKit/537.36 (KHTML, like Gecko) Chrome/145.0.0.0 Safari/537.36 (compatible; meta-externalagent/1.1 (+https://developers.facebook.com/docs/sharing/webmasters/crawler))"
2a03:2880:f800:e:: - - [28/Jul/2026:12:45:23 +0200] "GET /shop/puckfist/highheartedness241502804422 HTTP/1.1" 404 38568 "-" "Mozilla/5.0 (Windows NT 10.0; Win64; x64) AppleWebKit/537.36 (KHTML, like Gecko) Chrome/145.0.0.0 Safari/537.36 (compatible; meta-externalagent/1.1 (+https://developers.facebook.com/docs/sharing/webmasters/crawler))"
2a03:2880:f800:43:: - - [28/Jul/2026:12:45:46 +0200] "GET /shop/vertebroiliac/herisson24447490083 HTTP/1.1" 404 38568 "-" "Mozilla/5.0 (Windows NT 10.0; Win64; x64) AppleWebKit/537.36 (KHTML, like Gecko) Chrome/145.0.0.0 Safari/537.36 Edg/145.0.0.0 (compatible; meta-externalagent/1.1 (+https://developers.facebook.com/docs/sharing/webmasters/crawler))"
2a03:2880:f800:12:: - - [28/Jul/2026:12:45:56 +0200] "GET /shop/petrologic/tranquillity242733526965 HTTP/1.1" 404 38568 "-" "Mozilla/5.0 (Macintosh; Intel Mac OS X 10_15_7) AppleWebKit/537.36 (KHTML, like Gecko) Chrome/145.0.0.0 Safari/537.36 (compatible; meta-externalagent/1.1 (+https://developers.facebook.com/docs/sharing/webmasters/crawler))"
66.249.70.38 - - [28/Jul/2026:12:46:03 +0200] "GET /sitemap-subitems-672.xml HTTP/1.1" 200 383103 "-" "Mozilla/5.0 (compatible; Googlebot/2.1; +http://www.google.com/bot.html)"
2a03:2880:f800:2f:: - - [28/Jul/2026:12:46:19 +0200] "GET /shop/caseworm/miring24221312609 HTTP/1.1" 404 38568 "-" "Mozilla/5.0 (Macintosh; Intel Mac OS X 10_15_7) AppleWebKit/537.36 (KHTML, like Gecko) Chrome/145.0.0.0 Safari/537.36 (compatible; meta-externalagent/1.1 (+https://developers.facebook.com/docs/sharing/webmasters/crawler))"
2a03:2880:f800:1c:: - - [28/Jul/2026:12:46:33 +0200] "GET /shop/oreas/jacobin241085889052 HTTP/1.1" 404 38568 "-" "Mozilla/5.0 (Windows NT 10.0; Win64; x64) AppleWebKit/537.36 (KHTML, like Gecko) Chrome/145.0.0.0 Safari/537.36 (compatible; meta-externalagent/1.1 (+https://developers.facebook.com/docs/sharing/webmasters/crawler))"
2a03:2880:f800:23:: - - [28/Jul/2026:12:46:35 +0200] "GET /shop/scatteredly/journalized241939650276 HTTP/1.1" 404 38568 "-" "Mozilla/5.0 (Windows NT 10.0; Win64; x64) AppleWebKit/537.36 (KHTML, like Gecko) Chrome/145.0.0.0 Safari/537.36 (compatible; meta-externalagent/1.1 (+https://developers.facebook.com/docs/sharing/webmasters/crawler))"
2001:1690:2:4::1:118 - - [28/Jul/2026:12:46:49 +0200] "POST /wp-cron.php?doing_wp_cron=1785235609.6093211174011230468750 HTTP/1.1" 200 5522 "-" "WordPress/6.7.5; https://cso-apeldoorn.nl"
2a03:2880:f800:3c:: - - [28/Jul/2026:12:46:49 +0200] "GET /shop/siriasis/springhead24970079408 HTTP/1.1" 404 38568 "-" "Mozilla/5.0 (X11; Linux x86_64) AppleWebKit/537.36 (KHTML, like Gecko) Chrome/145.0.0.0 Safari/537.36 (compatible; meta-externalagent/1.1 (+https://developers.facebook.com/docs/sharing/webmasters/crawler))"
2a03:2880:f800:45:: - - [28/Jul/2026:12:47:00 +0200] "GET /shop/abscess/subsumptive24700659064 HTTP/1.1" 404 38568 "-" "Mozilla/5.0 (Windows NT 10.0; Win64; x64) AppleWebKit/537.36 (KHTML, like Gecko) Chrome/145.0.0.0 Safari/537.36 (compatible; meta-externalagent/1.1 (+https://developers.facebook.com/docs/sharing/webmasters/crawler))"
2a03:2880:f800:5:: - - [28/Jul/2026:12:47:05 +0200] "GET /shop/assassination/pockets244005207817 HTTP/1.1" 404 38568 "-" "Mozilla/5.0 (Windows NT 10.0; Win64; x64) AppleWebKit/537.36 (KHTML, like Gecko) Chrome/145.0.0.0 Safari/537.36 (compatible; meta-externalagent/1.1 (+https://developers.facebook.com/docs/sharing/webmasters/crawler))"
2a03:2880:f800:17:: - - [28/Jul/2026:12:47:22 +0200] "GET /shop/theodicy/cadrans241645516566 HTTP/1.1" 404 38568 "-" "Mozilla/5.0 (Windows NT 10.0; Win64; x64) AppleWebKit/537.36 (KHTML, like Gecko) Chrome/145.0.0.0 Safari/537.36 Edg/145.0.0.0 (compatible; meta-externalagent/1.1 (+https://developers.facebook.com/docs/sharing/webmasters/crawler))"
2a03:2880:f800:5:: - - [28/Jul/2026:12:47:29 +0200] "GET /shop/meach/stelled24949791291 HTTP/1.1" 404 38568 "-" "Mozilla/5.0 (Macintosh; Intel Mac OS X 10_15_7) AppleWebKit/537.36 (KHTML, like Gecko) Chrome/145.0.0.0 Safari/537.36 (compatible; meta-externalagent/1.1 (+https://developers.facebook.com/docs/sharing/webmasters/crawler))"
2a03:2880:f800:2e:: - - [28/Jul/2026:12:47:47 +0200] "GET /shop/lawmaking/hostage242503948931 HTTP/1.1" 404 38568 "-" "Mozilla/5.0 (Macintosh; Intel Mac OS X 10_15_7) AppleWebKit/537.36 (KHTML, like Gecko) Chrome/145.0.0.0 Safari/537.36 (compatible; meta-externalagent/1.1 (+https://developers.facebook.com/docs/sharing/webmasters/crawler))"
2a03:2880:f800:44:: - - [28/Jul/2026:12:48:33 +0200] "GET /shop/arriving/coniferales243410661264 HTTP/1.1" 404 38568 "-" "Mozilla/5.0 (Windows NT 10.0; Win64; x64) AppleWebKit/537.36 (KHTML, like Gecko) Chrome/145.0.0.0 Safari/537.36 Edg/145.0.0.0 (compatible; meta-externalagent/1.1 (+https://developers.facebook.com/docs/sharing/webmasters/crawler))"
2a03:2880:f800:3d:: - - [28/Jul/2026:12:48:41 +0200] "GET /shop/quich/ephah243732259600 HTTP/1.1" 404 38568 "-" "Mozilla/5.0 (Windows NT 10.0; Win64; x64) AppleWebKit/537.36 (KHTML, like Gecko) Chrome/145.0.0.0 Safari/537.36 (compatible; meta-externalagent/1.1 (+https://developers.facebook.com/docs/sharing/webmasters/crawler))"
2a03:2880:f800:16:: - - [28/Jul/2026:12:48:43 +0200] "GET /shop/rhinoplasty/unteam243747795406 HTTP/1.1" 404 38568 "-" "Mozilla/5.0 (Windows NT 10.0; Win64; x64) AppleWebKit/537.36 (KHTML, like Gecko) Chrome/145.0.0.0 Safari/537.36 (compatible; meta-externalagent/1.1 (+https://developers.facebook.com/docs/sharing/webmasters/crawler))"
2a03:2880:f800:2f:: - - [28/Jul/2026:12:49:22 +0200] "GET /shop/teemer/gainly243491597950 HTTP/1.1" 404 38568 "-" "Mozilla/5.0 (Macintosh; Intel Mac OS X 10_15_7) AppleWebKit/537.36 (KHTML, like Gecko) Chrome/145.0.0.0 Safari/537.36 (compatible; meta-externalagent/1.1 (+https://developers.facebook.com/docs/sharing/webmasters/crawler))"
2a03:2880:f800:17:: - - [28/Jul/2026:12:49:44 +0200] "GET /shop/calcinate/phonautograph242412913470 HTTP/1.1" 404 38568 "-" "Mozilla/5.0 (Windows NT 10.0; Win64; x64) AppleWebKit/537.36 (KHTML, like Gecko) Chrome/145.0.0.0 Safari/537.36 (compatible; meta-externalagent/1.1 (+https://developers.facebook.com/docs/sharing/webmasters/crawler))"
2001:1690:2:4::1:118 - - [28/Jul/2026:12:49:49 +0200] "POST /wp-cron.php?doing_wp_cron=1785235789.8209860324859619140625 HTTP/1.1" 200 5522 "-" "WordPress/6.7.5; https://cso-apeldoorn.nl"
2a03:2880:f800:: - - [28/Jul/2026:12:49:49 +0200] "GET /shop/despairingness/refrangible243288388437 HTTP/1.1" 404 38568 "-" "Mozilla/5.0 (Windows NT 10.0; Win64; x64) AppleWebKit/537.36 (KHTML, like Gecko) Chrome/145.0.0.0 Safari/537.36 (compatible; meta-externalagent/1.1 (+https://developers.facebook.com/docs/sharing/webmasters/crawler))"
2a03:2880:f800:f:: - - [28/Jul/2026:12:50:00 +0200] "GET /shop/tripping/dendrolagus242056436266 HTTP/1.1" 404 38568 "-" "Mozilla/5.0 (Windows NT 10.0; Win64; x64) AppleWebKit/537.36 (KHTML, like Gecko) Chrome/145.0.0.0 Safari/537.36 (compatible; meta-externalagent/1.1 (+https://developers.facebook.com/docs/sharing/webmasters/crawler))"
66.249.70.38 - - [28/Jul/2026:12:50:51 +0200] "GET /sitemap-subitems-1192.xml HTTP/1.1" 200 382670 "-" "Mozilla/5.0 (compatible; Googlebot/2.1; +http://www.google.com/bot.html)"
2a03:2880:f800:1c:: - - [28/Jul/2026:12:51:06 +0200] "GET /shop/grounded/sensuously244139985103 HTTP/1.1" 404 38568 "-" "Mozilla/5.0 (Windows NT 10.0; Win64; x64) AppleWebKit/537.36 (KHTML, like Gecko) Chrome/145.0.0.0 Safari/537.36 (compatible; meta-externalagent/1.1 (+https://developers.facebook.com/docs/sharing/webmasters/crawler))"
2a03:2880:f800:24:: - - [28/Jul/2026:12:51:11 +0200] "GET /shop/methionate/selfsufficient242638726201 HTTP/1.1" 404 38568 "-" "Mozilla/5.0 (Windows NT 10.0; Win64; x64) AppleWebKit/537.36 (KHTML, like Gecko) Chrome/145.0.0.0 Safari/537.36 (compatible; meta-externalagent/1.1 (+https://developers.facebook.com/docs/sharing/webmasters/crawler))"
2a03:2880:f800:42:: - - [28/Jul/2026:12:51:50 +0200] "GET /shop/reapplication/ypsolophus243608006201 HTTP/1.1" 404 38568 "-" "Mozilla/5.0 (Windows NT 10.0; Win64; x64) AppleWebKit/537.36 (KHTML, like Gecko) Chrome/145.0.0.0 Safari/537.36 (compatible; meta-externalagent/1.1 (+https://developers.facebook.com/docs/sharing/webmasters/crawler))"
