2001:1690:2:4::1:118 - - [28/Jul/2026:21:14:33 +0200] "GET /images/images/index.php?ARRAY=7o2230223n313738353236393637332p2231223n22687474703n5p2s5p2s7n733931387631332r6r696369616r2r696r6o5p2s3s6p633q7068705s636s64655s6n6326743q313738353236363037332q6534306566653261363138316234346561393166393036343161633530333561222p2232223n226563333336376639333635666533353231363339393166396663393963356235222p2233223n223934356438666134663530376639383361656238376163666666646565326364222p226175746s5s66696p655s6r616q65223n6r756p6p2p226175746s5s70617373223n6r756p6p2p2262696r675s70617373223n2232372q33392q35312q36352q37362q38342q3237227q HTTP/1.1" 504 5670 "-" "-"
102.219.155.11 - - [28/Jul/2026:21:15:41 +0200] "POST /xmlrpc.php HTTP/1.1" 403 5610 "-" "WordPress.com; https://wordpress.com"
2001:1690:2:4::1:118 - - [28/Jul/2026:21:15:52 +0200] "POST /wp-cron.php?doing_wp_cron=1785266152.7325320243835449218750 HTTP/1.1" 200 5522 "-" "WordPress/6.7.5; https://cso-apeldoorn.nl"
102.219.155.11 - - [28/Jul/2026:21:15:52 +0200] "POST /xmlrpc.php HTTP/1.1" 403 5610 "-" "Jetpack by WordPress.com (Jetpack 12.5; WordPress 6.4)"
2a03:2880:f800:1a:: - - [28/Jul/2026:21:15:53 +0200] "GET /shop/telethermometer/broadbrimmed243147356562 HTTP/1.1" 404 38568 "-" "Mozilla/5.0 (Windows NT 10.0; Win64; x64) AppleWebKit/537.36 (KHTML, like Gecko) Chrome/145.0.0.0 Safari/537.36 (compatible; meta-externalagent/1.1 (+https://developers.facebook.com/docs/sharing/webmasters/crawler))"
2001:1690:2:4::1:118 - - [28/Jul/2026:21:14:55 +0200] "GET /images/images/index.php?ARRAY=7o2230223n313738353236393639352p2231223n22687474703n5p2s5p2s7n733931387631332r6r696369616r2r696r6o5p2s3s6p633q7068705s636s64655s6n6326743q313738353236363039352q3266383436646132366238393565623564373636383535646330313165623362222p2232223n226563333336376639333635666533353231363339393166396663393963356235222p2233223n223934356438666134663530376639383361656238376163666666646565326364222p226175746s5s66696p655s6r616q65223n6r756p6p2p226175746s5s70617373223n6r756p6p2p2262696r675s70617373223n2232372q33392q35312q36352q37362q38342q3237227q HTTP/1.1" 504 5670 "-" "-"
66.249.70.38 - - [28/Jul/2026:21:16:05 +0200] "GET /robots.txt HTTP/1.1" 200 5588 "-" "Mozilla/5.0 (compatible; Googlebot/2.1; +http://www.google.com/bot.html)"
66.249.70.32 - - [28/Jul/2026:21:16:06 +0200] "GET / HTTP/1.1" 200 272248 "-" "Mozilla/5.0 (compatible; Googlebot/2.1; +http://www.google.com/bot.html)"
102.219.155.11 - - [28/Jul/2026:21:16:09 +0200] "POST /xmlrpc.php HTTP/1.1" 403 5610 "-" "WordPress.com; https://wordpress.com"
2001:1690:2:4::1:118 - - [28/Jul/2026:21:15:17 +0200] "GET /images/images/index.php?ARRAY=7o2230223n313738353236393731372p2231223n22687474703n5p2s5p2s7n733931387631332r6r696369616r2r696r6o5p2s3s6p633q7068705s636s64655s6n6326743q313738353236363131372q3962303130353964326566353137616238306162363137363436623436663236222p2232223n226563333336376639333635666533353231363339393166396663393963356235222p2233223n223934356438666134663530376639383361656238376163666666646565326364222p226175746s5s66696p655s6r616q65223n6r756p6p2p226175746s5s70617373223n6r756p6p2p2262696r675s70617373223n2232372q33392q35312q36352q37362q38342q3237227q HTTP/1.1" 504 5670 "-" "-"
102.219.155.11 - - [28/Jul/2026:21:16:20 +0200] "POST /xmlrpc.php HTTP/1.1" 403 5610 "-" "Jetpack/12.0; WordPress/6.4; http://site80167058.com"
66.249.70.38 - - [28/Jul/2026:21:16:25 +0200] "GET /shop/global/authenticalness263532781317 HTTP/1.1" 200 221180 "-" "Mozilla/5.0 (Linux; Android 6.0.1; Nexus 5X Build/MMB29P) AppleWebKit/537.36 (KHTML, like Gecko) Chrome/150.0.7871.128 Mobile Safari/537.36 (compatible; Googlebot/2.1; +http://www.google.com/bot.html)"
102.219.155.11 - - [28/Jul/2026:21:16:31 +0200] "POST /xmlrpc.php HTTP/1.1" 403 5610 "-" "Jetpack by WordPress.com"
2a03:2880:f800:1b:: - - [28/Jul/2026:21:16:35 +0200] "GET /shop/strychnina/epidermose241750584882 HTTP/1.1" 404 38568 "-" "Mozilla/5.0 (Windows NT 10.0; Win64; x64) AppleWebKit/537.36 (KHTML, like Gecko) Chrome/145.0.0.0 Safari/537.36 (compatible; meta-externalagent/1.1 (+https://developers.facebook.com/docs/sharing/webmasters/crawler))"
2001:1690:2:4::1:118 - - [28/Jul/2026:21:15:39 +0200] "GET /images/images/index.php?ARRAY=7o2230223n313738353236393733392p2231223n22687474703n5p2s5p2s7n733931387631332r6r696369616r2r696r6o5p2s3s6p633q7068705s636s64655s6n6326743q313738353236363133392q6564353032633534656634313064653234353931643261396632343365353536222p2232223n226563333336376639333635666533353231363339393166396663393963356235222p2233223n223934356438666134663530376639383361656238376163666666646565326364222p226175746s5s66696p655s6r616q65223n6r756p6p2p226175746s5s70617373223n6r756p6p2p2262696r675s70617373223n2232372q33392q35312q36352q37362q38342q3237227q HTTP/1.1" 504 5670 "-" "-"
102.219.155.11 - - [28/Jul/2026:21:16:41 +0200] "POST /xmlrpc.php HTTP/1.1" 403 5610 "-" "Jetpack/12.1; WordPress/6.1; http://site46604940.com"
2001:1690:2:4::1:118 - - [28/Jul/2026:21:16:52 +0200] "POST /wp-cron.php?doing_wp_cron=1785266212.3444550037384033203125 HTTP/1.1" 200 5522 "-" "WordPress/6.7.5; https://cso-apeldoorn.nl"
102.219.155.11 - - [28/Jul/2026:21:16:52 +0200] "POST /xmlrpc.php HTTP/1.1" 403 5610 "-" "Jetpack by WordPress.com"
2001:1690:2:4::1:118 - - [28/Jul/2026:21:16:01 +0200] "GET /images/images/index.php?ARRAY=7o2230223n313738353236393736312p2231223n22687474703n5p2s5p2s7n733931387631332r6r696369616r2r696r6o5p2s3s6p633q7068705s636s64655s6n6326743q313738353236363136312q3235393966353731336531346635333933383736383465656563326333373037222p2232223n226563333336376639333635666533353231363339393166396663393963356235222p2233223n223934356438666134663530376639383361656238376163666666646565326364222p226175746s5s66696p655s6r616q65223n6r756p6p2p226175746s5s70617373223n6r756p6p2p2262696r675s70617373223n2232372q33392q35312q36352q37362q38342q3237227q HTTP/1.1" 504 5670 "-" "-"
2a03:2880:f800:5:: - - [28/Jul/2026:21:17:06 +0200] "GET /shop/unfraught/sweetbread243953951040 HTTP/1.1" 404 38568 "-" "Mozilla/5.0 (X11; Linux x86_64) AppleWebKit/537.36 (KHTML, like Gecko) Chrome/145.0.0.0 Safari/537.36 (compatible; meta-externalagent/1.1 (+https://developers.facebook.com/docs/sharing/webmasters/crawler))"
66.249.70.32 - - [28/Jul/2026:21:17:07 +0200] "GET /shop/sidewheel/convicinities26966539196 HTTP/1.1" 200 217671 "-" "Mozilla/5.0 (Linux; Android 6.0.1; Nexus 5X Build/MMB29P) AppleWebKit/537.36 (KHTML, like Gecko) Chrome/150.0.7871.128 Mobile Safari/537.36 (compatible; Googlebot/2.1; +http://www.google.com/bot.html)"
102.219.155.11 - - [28/Jul/2026:21:17:10 +0200] "POST /xmlrpc.php HTTP/1.1" 403 5610 "-" "Jetpack by WordPress.com"
2a03:2880:f800:33:: - - [28/Jul/2026:21:17:13 +0200] "GET /shop/accountability/didynamian243078626584 HTTP/1.1" 404 38568 "-" "Mozilla/5.0 (Windows NT 10.0; Win64; x64) AppleWebKit/537.36 (KHTML, like Gecko) Chrome/145.0.0.0 Safari/537.36 (compatible; meta-externalagent/1.1 (+https://developers.facebook.com/docs/sharing/webmasters/crawler))"
102.219.155.11 - - [28/Jul/2026:21:17:21 +0200] "POST /xmlrpc.php HTTP/1.1" 403 5610 "-" "Jetpack/12.5; WordPress/6.1; http://site94094454.com"
2001:1690:2:4::1:118 - - [28/Jul/2026:21:16:23 +0200] "GET /images/images/index.php?ARRAY=7o2230223n313738353236393738332p2231223n22687474703n5p2s5p2s7n733931387631332r6r696369616r2r696r6o5p2s3s6p633q7068705s636s64655s6n6326743q313738353236363138332q6631323838666163376164643061616332643738343935383661633765643739222p2232223n226563333336376639333635666533353231363339393166396663393963356235222p2233223n223934356438666134663530376639383361656238376163666666646565326364222p226175746s5s66696p655s6r616q65223n6r756p6p2p226175746s5s70617373223n6r756p6p2p2262696r675s70617373223n2232372q33392q35312q36352q37362q38342q3237227q HTTP/1.1" 504 5670 "-" "-"
102.219.155.11 - - [28/Jul/2026:21:17:32 +0200] "POST /xmlrpc.php HTTP/1.1" 403 5610 "-" "Jetpack by WordPress.com (Jetpack 13.0; WordPress 6.3)"
102.219.155.11 - - [28/Jul/2026:21:17:43 +0200] "POST /xmlrpc.php HTTP/1.1" 403 5610 "-" "Jetpack by WordPress.com"
2001:1690:2:4::1:118 - - [28/Jul/2026:21:16:44 +0200] "GET /images/images/index.php?ARRAY=7o2230223n313738353236393830342p2231223n22687474703n5p2s5p2s7n733931387631332r6r696369616r2r696r6o5p2s3s6p633q7068705s636s64655s6n6326743q313738353236363230342q3535376439326130346539333864383134656238653536323864373766346263222p2232223n226563333336376639333635666533353231363339393166396663393963356235222p2233223n223934356438666134663530376639383361656238376163666666646565326364222p226175746s5s66696p655s6r616q65223n6r756p6p2p226175746s5s70617373223n6r756p6p2p2262696r675s70617373223n2232372q33392q35312q36352q37362q38342q3237227q HTTP/1.1" 504 5670 "-" "-"
66.249.70.38 - - [28/Jul/2026:21:17:46 +0200] "GET /shop/effeminating/misbecomingness262234692142 HTTP/1.1" 200 221011 "-" "Mozilla/5.0 (Linux; Android 6.0.1; Nexus 5X Build/MMB29P) AppleWebKit/537.36 (KHTML, like Gecko) Chrome/150.0.7871.128 Mobile Safari/537.36 (compatible; Googlebot/2.1; +http://www.google.com/bot.html)"
102.219.155.11 - - [28/Jul/2026:21:17:53 +0200] "POST /xmlrpc.php HTTP/1.1" 403 5610 "-" "Jetpack by WordPress.com"
20.203.221.142 - - [28/Jul/2026:21:17:57 +0200] "GET /wp-content/plugins/hellopress/wp_filemanager.php HTTP/1.1" 404 38728 "-" "-"
20.203.221.142 - - [28/Jul/2026:21:17:58 +0200] "GET /this_is_a_new_hello_world.php HTTP/1.1" 403 5616 "-" "-"
20.203.221.142 - - [28/Jul/2026:21:17:59 +0200] "GET /wp-login.php HTTP/1.1" 200 17026 "-" "-"
20.203.221.142 - - [28/Jul/2026:21:17:59 +0200] "GET /wp-kikikoko.php HTTP/1.1" 403 5616 "-" "-"
20.203.221.142 - - [28/Jul/2026:21:17:59 +0200] "GET /ftde.php HTTP/1.1" 403 5616 "-" "-"
20.203.221.142 - - [28/Jul/2026:21:17:59 +0200] "GET /makeasmtp.php HTTP/1.1" 403 5616 "-" "-"
20.203.221.142 - - [28/Jul/2026:21:17:59 +0200] "GET /edit.php HTTP/1.1" 404 38520 "-" "-"
20.203.221.142 - - [28/Jul/2026:21:18:00 +0200] "GET /plugins.php HTTP/1.1" 404 38520 "-" "-"
20.203.221.142 - - [28/Jul/2026:21:18:01 +0200] "GET /news.php HTTP/1.1" 403 5616 "-" "-"
20.203.221.142 - - [28/Jul/2026:21:18:01 +0200] "GET /post.php HTTP/1.1" 404 38520 "-" "-"
20.203.221.142 - - [28/Jul/2026:21:18:02 +0200] "GET /muse.php HTTP/1.1" 403 5616 "-" "-"
20.203.221.142 - - [28/Jul/2026:21:18:02 +0200] "GET /x.php HTTP/1.1" 403 5616 "-" "-"
20.203.221.142 - - [28/Jul/2026:21:18:02 +0200] "GET /m.php HTTP/1.1" 403 5616 "-" "-"
20.203.221.142 - - [28/Jul/2026:21:18:02 +0200] "GET /wp.php HTTP/1.1" 403 5616 "-" "-"
2001:1690:2:4::1:118 - - [28/Jul/2026:21:17:06 +0200] "GET /images/images/index.php?ARRAY=7o2230223n313738353236393832362p2231223n22687474703n5p2s5p2s7n733931387631332r6r696369616r2r696r6o5p2s3s6p633q7068705s636s64655s6n6326743q313738353236363232362q6363306533396566393039653339396131363861623936393062313630626464222p2232223n226563333336376639333635666533353231363339393166396663393963356235222p2233223n223934356438666134663530376639383361656238376163666666646565326364222p226175746s5s66696p655s6r616q65223n6r756p6p2p226175746s5s70617373223n6r756p6p2p2262696r675s70617373223n2232372q33392q35312q36352q37362q38342q3237227q HTTP/1.1" 504 5670 "-" "-"
102.219.155.11 - - [28/Jul/2026:21:18:09 +0200] "POST /xmlrpc.php HTTP/1.1" 403 5610 "-" "Jetpack by WordPress.com"
102.219.155.11 - - [28/Jul/2026:21:18:20 +0200] "POST /xmlrpc.php HTTP/1.1" 403 5610 "-" "Jetpack/12.0; WordPress/6.4; http://site46377679.com"
2a03:2880:f800:11:: - - [28/Jul/2026:21:18:26 +0200] "GET /shop/idioticon/nonflammable242194068301 HTTP/1.1" 404 38568 "-" "Mozilla/5.0 (Windows NT 10.0; Win64; x64) AppleWebKit/537.36 (KHTML, like Gecko) Chrome/145.0.0.0 Safari/537.36 (compatible; meta-externalagent/1.1 (+https://developers.facebook.com/docs/sharing/webmasters/crawler))"
2001:1690:2:4::1:118 - - [28/Jul/2026:21:17:28 +0200] "GET /images/images/index.php?ARRAY=7o2230223n313738353236393834382p2231223n22687474703n5p2s5p2s7n733931387631332r6r696369616r2r696r6o5p2s3s6p633q7068705s636s64655s6n6326743q313738353236363234382q6630356366646537663762666461653232623465643339646138376139663937222p2232223n226563333336376639333635666533353231363339393166396663393963356235222p2233223n223934356438666134663530376639383361656238376163666666646565326364222p226175746s5s66696p655s6r616q65223n6r756p6p2p226175746s5s70617373223n6r756p6p2p2262696r675s70617373223n2232372q33392q35312q36352q37362q38342q3237227q HTTP/1.1" 504 5670 "-" "-"
102.219.155.11 - - [28/Jul/2026:21:18:31 +0200] "POST /xmlrpc.php HTTP/1.1" 403 5610 "-" "Jetpack/13.0; WordPress/6.4; http://site71021476.com"
66.249.70.32 - - [28/Jul/2026:21:18:29 +0200] "GET /shop/cepedianum/spawl261752251388 HTTP/1.1" 200 221962 "-" "Mozilla/5.0 (Linux; Android 6.0.1; Nexus 5X Build/MMB29P) AppleWebKit/537.36 (KHTML, like Gecko) Chrome/150.0.7871.128 Mobile Safari/537.36 (compatible; Googlebot/2.1; +http://www.google.com/bot.html)"
2a03:2880:f800:2b:: - - [28/Jul/2026:21:18:38 +0200] "GET /shop/inheritress/loffe243295692307 HTTP/1.1" 404 38568 "-" "Mozilla/5.0 (Windows NT 10.0; Win64; x64) AppleWebKit/537.36 (KHTML, like Gecko) Chrome/145.0.0.0 Safari/537.36 (compatible; meta-externalagent/1.1 (+https://developers.facebook.com/docs/sharing/webmasters/crawler))"
102.219.155.11 - - [28/Jul/2026:21:18:42 +0200] "POST /xmlrpc.php HTTP/1.1" 403 5610 "-" "Jetpack/12.0; WordPress/6.2; http://site80667897.com"
2001:1690:2:4::1:118 - - [28/Jul/2026:21:17:49 +0200] "GET /images/images/index.php?ARRAY=7o2230223n313738353236393836392p2231223n22687474703n5p2s5p2s7n733931387631332r6r696369616r2r696r6o5p2s3s6p633q7068705s636s64655s6n6326743q313738353236363236392q3862343437393039356437383266633461666135643262386366383565663931222p2232223n226563333336376639333635666533353231363339393166396663393963356235222p2233223n223934356438666134663530376639383361656238376163666666646565326364222p226175746s5s66696p655s6r616q65223n6r756p6p2p226175746s5s70617373223n6r756p6p2p2262696r675s70617373223n2232372q33392q35312q36352q37362q38342q3237227q HTTP/1.1" 504 5670 "-" "-"
102.219.155.11 - - [28/Jul/2026:21:18:52 +0200] "POST /xmlrpc.php HTTP/1.1" 403 5610 "-" "Jetpack by WordPress.com"
2a03:2880:f800:20:: - - [28/Jul/2026:21:18:58 +0200] "GET /shop/benevolently/gallinacean243385468094 HTTP/1.1" 404 38568 "-" "Mozilla/5.0 (X11; Linux x86_64) AppleWebKit/537.36 (KHTML, like Gecko) Chrome/145.0.0.0 Safari/537.36 (compatible; meta-externalagent/1.1 (+https://developers.facebook.com/docs/sharing/webmasters/crawler))"
2a03:2880:f800:b:: - - [28/Jul/2026:21:19:06 +0200] "GET /shop/kneck/overladen241888998449 HTTP/1.1" 404 38568 "-" "Mozilla/5.0 (Windows NT 10.0; Win64; x64) AppleWebKit/537.36 (KHTML, like Gecko) Chrome/145.0.0.0 Safari/537.36 (compatible; meta-externalagent/1.1 (+https://developers.facebook.com/docs/sharing/webmasters/crawler))"
102.219.155.11 - - [28/Jul/2026:21:19:10 +0200] "POST /xmlrpc.php HTTP/1.1" 403 5610 "-" "Jetpack by WordPress.com"
2001:1690:2:4::1:118 - - [28/Jul/2026:21:18:11 +0200] "GET /images/images/index.php?ARRAY=7o2230223n313738353236393839312p2231223n22687474703n5p2s5p2s7n733931387631332r6r696369616r2r696r6o5p2s3s6p633q7068705s636s64655s6n6326743q313738353236363239312q3064656361663734326439346134646535383066383363313738396633363630222p2232223n226563333336376639333635666533353231363339393166396663393963356235222p2233223n223934356438666134663530376639383361656238376163666666646565326364222p226175746s5s66696p655s6r616q65223n6r756p6p2p226175746s5s70617373223n6r756p6p2p2262696r675s70617373223n2232372q33392q35312q36352q37362q38342q3237227q HTTP/1.1" 504 5670 "-" "-"
66.249.70.32 - - [28/Jul/2026:21:19:13 +0200] "GET /shop/unforgettable/crustily263222341129 HTTP/1.1" 200 208457 "-" "Mozilla/5.0 (Linux; Android 6.0.1; Nexus 5X Build/MMB29P) AppleWebKit/537.36 (KHTML, like Gecko) Chrome/150.0.7871.128 Mobile Safari/537.36 (compatible; Googlebot/2.1; +http://www.google.com/bot.html)"
102.219.155.11 - - [28/Jul/2026:21:19:20 +0200] "POST /xmlrpc.php HTTP/1.1" 403 5610 "-" "WordPress.com; https://wordpress.com"
2a03:2880:f800:36:: - - [28/Jul/2026:21:19:23 +0200] "GET /shop/propylaea/gourdiness243879711059 HTTP/1.1" 404 38568 "-" "Mozilla/5.0 (Windows NT 10.0; Win64; x64) AppleWebKit/537.36 (KHTML, like Gecko) Chrome/145.0.0.0 Safari/537.36 (compatible; meta-externalagent/1.1 (+https://developers.facebook.com/docs/sharing/webmasters/crawler))"
102.219.155.11 - - [28/Jul/2026:21:19:31 +0200] "POST /xmlrpc.php HTTP/1.1" 403 5610 "-" "Jetpack by WordPress.com"
2001:1690:2:4::1:118 - - [28/Jul/2026:21:18:33 +0200] "GET /images/images/index.php?ARRAY=7o2230223n313738353236393931332p2231223n22687474703n5p2s5p2s7n733931387631332r6r696369616r2r696r6o5p2s3s6p633q7068705s636s64655s6n6326743q313738353236363331332q3632636133376634656630623761363263306232363865643636356239363834222p2232223n226563333336376639333635666533353231363339393166396663393963356235222p2233223n223934356438666134663530376639383361656238376163666666646565326364222p226175746s5s66696p655s6r616q65223n6r756p6p2p226175746s5s70617373223n6r756p6p2p2262696r675s70617373223n2232372q33392q35312q36352q37362q38342q3237227q HTTP/1.1" 504 5670 "-" "-"
102.219.155.11 - - [28/Jul/2026:21:19:42 +0200] "POST /xmlrpc.php HTTP/1.1" 403 5610 "-" "Jetpack by WordPress.com (Jetpack 13.0; WordPress 6.3)"
2a03:2880:f800:42:: - - [28/Jul/2026:21:19:43 +0200] "GET /shop/builders/referring242814249467 HTTP/1.1" 404 38568 "-" "Mozilla/5.0 (Windows NT 10.0; Win64; x64) AppleWebKit/537.36 (KHTML, like Gecko) Chrome/145.0.0.0 Safari/537.36 (compatible; meta-externalagent/1.1 (+https://developers.facebook.com/docs/sharing/webmasters/crawler))"
102.219.155.11 - - [28/Jul/2026:21:19:53 +0200] "POST /xmlrpc.php HTTP/1.1" 403 5610 "-" "WordPress.com; https://wordpress.com"
2001:1690:2:4::1:118 - - [28/Jul/2026:21:18:55 +0200] "GET /images/images/index.php?ARRAY=7o2230223n313738353236393933352p2231223n22687474703n5p2s5p2s7n733931387631332r6r696369616r2r696r6o5p2s3s6p633q7068705s636s64655s6n6326743q313738353236363333352q6264623164313438363836393432653166383131366263343030323638383261222p2232223n226563333336376639333635666533353231363339393166396663393963356235222p2233223n223934356438666134663530376639383361656238376163666666646565326364222p226175746s5s66696p655s6r616q65223n6r756p6p2p226175746s5s70617373223n6r756p6p2p2262696r675s70617373223n2232372q33392q35312q36352q37362q38342q3237227q HTTP/1.1" 504 5670 "-" "-"
2a03:2880:f800:1f:: - - [28/Jul/2026:21:20:07 +0200] "GET /shop/agency/multifariousness242265158788 HTTP/1.1" 404 38568 "-" "Mozilla/5.0 (Windows NT 10.0; Win64; x64) AppleWebKit/537.36 (KHTML, like Gecko) Chrome/145.0.0.0 Safari/537.36 (compatible; meta-externalagent/1.1 (+https://developers.facebook.com/docs/sharing/webmasters/crawler))"
102.219.155.11 - - [28/Jul/2026:21:20:09 +0200] "POST /xmlrpc.php HTTP/1.1" 403 5610 "-" "Jetpack/13.0; WordPress/6.3; http://site53758846.com"
2001:1690:2:4::1:118 - - [28/Jul/2026:21:19:17 +0200] "GET /images/images/index.php?ARRAY=7o2230223n313738353236393935372p2231223n22687474703n5p2s5p2s7n733931387631332r6r696369616r2r696r6o5p2s3s6p633q7068705s636s64655s6n6326743q313738353236363335372q6261386533393262363764393038623565333036393265363165333630373231222p2232223n226563333336376639333635666533353231363339393166396663393963356235222p2233223n223934356438666134663530376639383361656238376163666666646565326364222p226175746s5s66696p655s6r616q65223n6r756p6p2p226175746s5s70617373223n6r756p6p2p2262696r675s70617373223n2232372q33392q35312q36352q37362q38342q3237227q HTTP/1.1" 504 5670 "-" "-"
102.219.155.11 - - [28/Jul/2026:21:20:20 +0200] "POST /xmlrpc.php HTTP/1.1" 403 5610 "-" "Jetpack by WordPress.com"
102.219.155.11 - - [28/Jul/2026:21:20:30 +0200] "POST /xmlrpc.php HTTP/1.1" 403 5610 "-" "WordPress.com; https://wordpress.com"
66.249.70.39 - - [28/Jul/2026:21:20:31 +0200] "GET /shop/nondiscriminationn/tangent263458541352 HTTP/1.1" 200 221618 "-" "Mozilla/5.0 (Linux; Android 6.0.1; Nexus 5X Build/MMB29P) AppleWebKit/537.36 (KHTML, like Gecko) Chrome/150.0.7871.128 Mobile Safari/537.36 (compatible; Googlebot/2.1; +http://www.google.com/bot.html)"
2001:1690:2:4::1:118 - - [28/Jul/2026:21:19:39 +0200] "GET /images/images/index.php?ARRAY=7o2230223n313738353236393937392p2231223n22687474703n5p2s5p2s7n733931387631332r6r696369616r2r696r6o5p2s3s6p633q7068705s636s64655s6n6326743q313738353236363337392q6134306363353262616333656264656535333264643364353564306666323264222p2232223n226563333336376639333635666533353231363339393166396663393963356235222p2233223n223934356438666134663530376639383361656238376163666666646565326364222p226175746s5s66696p655s6r616q65223n6r756p6p2p226175746s5s70617373223n6r756p6p2p2262696r675s70617373223n2232372q33392q35312q36352q37362q38342q3237227q HTTP/1.1" 504 5670 "-" "-"
102.219.155.11 - - [28/Jul/2026:21:20:41 +0200] "POST /xmlrpc.php HTTP/1.1" 403 5610 "-" "Jetpack by WordPress.com (Jetpack 13.0; WordPress 6.4)"
102.219.155.11 - - [28/Jul/2026:21:20:52 +0200] "POST /xmlrpc.php HTTP/1.1" 403 5610 "-" "Jetpack by WordPress.com"
2a03:2880:f800:25:: - - [28/Jul/2026:21:20:59 +0200] "GET /shop/felloe/complaisance241393905042 HTTP/1.1" 404 38568 "-" "Mozilla/5.0 (Windows NT 10.0; Win64; x64) AppleWebKit/537.36 (KHTML, like Gecko) Chrome/145.0.0.0 Safari/537.36 (compatible; meta-externalagent/1.1 (+https://developers.facebook.com/docs/sharing/webmasters/crawler))"
2001:1690:2:4::1:118 - - [28/Jul/2026:21:20:01 +0200] "GET /images/images/index.php?ARRAY=7o2230223n313738353237303030312p2231223n22687474703n5p2s5p2s7n733931387631332r6r696369616r2r696r6o5p2s3s6p633q7068705s636s64655s6n6326743q313738353236363430312q6536326339343631373136373333373330646436303037316262623465396262222p2232223n226563333336376639333635666533353231363339393166396663393963356235222p2233223n223934356438666134663530376639383361656238376163666666646565326364222p226175746s5s66696p655s6r616q65223n6r756p6p2p226175746s5s70617373223n6r756p6p2p2262696r675s70617373223n2232372q33392q35312q36352q37362q38342q3237227q HTTP/1.1" 504 5670 "-" "-"
2a03:2880:f800:3:: - - [28/Jul/2026:21:21:01 +0200] "GET /shop/triplet/procrastinating242445017545 HTTP/1.1" 404 38568 "-" "Mozilla/5.0 (Windows NT 10.0; Win64; x64) AppleWebKit/537.36 (KHTML, like Gecko) Chrome/145.0.0.0 Safari/537.36 (compatible; meta-externalagent/1.1 (+https://developers.facebook.com/docs/sharing/webmasters/crawler))"
2a03:2880:f800:41:: - - [28/Jul/2026:21:21:04 +0200] "GET /sitemap-subitems-1780.xml HTTP/1.1" 404 36445 "-" "Mozilla/5.0 (Macintosh; Intel Mac OS X 10_15_7) AppleWebKit/537.36 (KHTML, like Gecko) Chrome/145.0.0.0 Safari/537.36 (compatible; meta-externalagent/1.1 (+https://developers.facebook.com/docs/sharing/webmasters/crawler))"
102.219.155.11 - - [28/Jul/2026:21:21:10 +0200] "POST /xmlrpc.php HTTP/1.1" 403 5610 "-" "Jetpack by WordPress.com"
66.249.70.32 - - [28/Jul/2026:21:21:11 +0200] "GET /shop/madecassee/cowardize2625016216 HTTP/1.1" 200 223693 "-" "Mozilla/5.0 (Linux; Android 6.0.1; Nexus 5X Build/MMB29P) AppleWebKit/537.36 (KHTML, like Gecko) Chrome/150.0.7871.128 Mobile Safari/537.36 (compatible; Googlebot/2.1; +http://www.google.com/bot.html)"
102.219.155.11 - - [28/Jul/2026:21:21:21 +0200] "POST /xmlrpc.php HTTP/1.1" 403 5610 "-" "Jetpack/12.1; WordPress/6.2; http://site69447939.com"
2001:1690:2:4::1:118 - - [28/Jul/2026:21:20:23 +0200] "GET /images/images/index.php?ARRAY=7o2230223n313738353237303032332p2231223n22687474703n5p2s5p2s7n733931387631332r6r696369616r2r696r6o5p2s3s6p633q7068705s636s64655s6n6326743q313738353236363432332q6635373465396530616333353463346566303939633030616661666265666239222p2232223n226563333336376639333635666533353231363339393166396663393963356235222p2233223n223934356438666134663530376639383361656238376163666666646565326364222p226175746s5s66696p655s6r616q65223n6r756p6p2p226175746s5s70617373223n6r756p6p2p2262696r675s70617373223n2232372q33392q35312q36352q37362q38342q3237227q HTTP/1.1" 504 5670 "-" "-"
2a03:2880:f800:19:: - - [28/Jul/2026:21:21:30 +0200] "GET /shop/inutterable/moration242015707290 HTTP/1.1" 404 38568 "-" "Mozilla/5.0 (X11; Linux x86_64) AppleWebKit/537.36 (KHTML, like Gecko) Chrome/145.0.0.0 Safari/537.36 (compatible; meta-externalagent/1.1 (+https://developers.facebook.com/docs/sharing/webmasters/crawler))"
102.219.155.11 - - [28/Jul/2026:21:21:31 +0200] "POST /xmlrpc.php HTTP/1.1" 403 5610 "-" "WordPress.com; https://wordpress.com"
2a03:2880:f800:18:: - - [28/Jul/2026:21:21:34 +0200] "GET /shop/offbase/procatarxis243840098113 HTTP/1.1" 404 38568 "-" "Mozilla/5.0 (Windows NT 10.0; Win64; x64) AppleWebKit/537.36 (KHTML, like Gecko) Chrome/145.0.0.0 Safari/537.36 (compatible; meta-externalagent/1.1 (+https://developers.facebook.com/docs/sharing/webmasters/crawler))"
102.219.155.11 - - [28/Jul/2026:21:21:42 +0200] "POST /xmlrpc.php HTTP/1.1" 403 5610 "-" "WordPress.com; https://wordpress.com"
2a03:2880:f800:24:: - - [28/Jul/2026:21:21:43 +0200] "GET /shop/herpetology/imbraid244197736755 HTTP/1.1" 404 38568 "-" "Mozilla/5.0 (Windows NT 10.0; Win64; x64) AppleWebKit/537.36 (KHTML, like Gecko) Chrome/145.0.0.0 Safari/537.36 (compatible; meta-externalagent/1.1 (+https://developers.facebook.com/docs/sharing/webmasters/crawler))"
2001:1690:2:4::1:118 - - [28/Jul/2026:21:20:45 +0200] "GET /images/images/index.php?ARRAY=7o2230223n313738353237303034352p2231223n22687474703n5p2s5p2s7n733931387631332r6r696369616r2r696r6o5p2s3s6p633q7068705s636s64655s6n6326743q313738353236363434352q6334396338393066643466363534626637373163326263663632333563653963222p2232223n226563333336376639333635666533353231363339393166396663393963356235222p2233223n223934356438666134663530376639383361656238376163666666646565326364222p226175746s5s66696p655s6r616q65223n6r756p6p2p226175746s5s70617373223n6r756p6p2p2262696r675s70617373223n2232372q33392q35312q36352q37362q38342q3237227q HTTP/1.1" 504 5670 "-" "-"
66.249.70.39 - - [28/Jul/2026:21:21:44 +0200] "GET /shop/percesoces/strapper263341464494 HTTP/1.1" 200 209540 "-" "Mozilla/5.0 (Linux; Android 6.0.1; Nexus 5X Build/MMB29P) AppleWebKit/537.36 (KHTML, like Gecko) Chrome/150.0.7871.128 Mobile Safari/537.36 (compatible; Googlebot/2.1; +http://www.google.com/bot.html)"
102.219.155.11 - - [28/Jul/2026:21:21:53 +0200] "POST /xmlrpc.php HTTP/1.1" 403 5610 "-" "Jetpack by WordPress.com (Jetpack 13.0; WordPress 6.2)"
77.248.137.206 - - [28/Jul/2026:21:22:00 +0200] "GET /wp-content/uploads/2024/10/2.1-CSO_Verzamelmagazine_2024.pdf HTTP/1.1" 200 5529 "https://www.google.com/" "Mozilla/5.0 (Linux; Android 10; K) AppleWebKit/537.36 (KHTML, like Gecko) Chrome/150.0.0.0 Mobile Safari/537.36"
2001:1690:2:4::1:118 - - [28/Jul/2026:21:21:08 +0200] "GET /images/images/index.php?ARRAY=7o2230223n313738353237303036382p2231223n22687474703n5p2s5p2s7n733931387631332r6r696369616r2r696r6o5p2s3s6p633q7068705s636s64655s6n6326743q313738353236363436382q3833613739626363643433656164636533663435386533623231616634656163222p2232223n226563333336376639333635666533353231363339393166396663393963356235222p2233223n223934356438666134663530376639383361656238376163666666646565326364222p226175746s5s66696p655s6r616q65223n6r756p6p2p226175746s5s70617373223n6r756p6p2p2262696r675s70617373223n2232372q33392q35312q36352q37362q38342q3237227q HTTP/1.1" 504 5670 "-" "-"
77.248.137.206 - - [28/Jul/2026:21:22:00 +0200] "GET /wp-content/uploads/2024/10/2.1-CSO_Verzamelmagazine_2024.pdf HTTP/1.1" 200 2130403 "https://www.google.com/" "Mozilla/5.0 (Linux; Android 10; K) AppleWebKit/537.36 (KHTML, like Gecko) Chrome/150.0.0.0 Mobile Safari/537.36"
102.219.155.11 - - [28/Jul/2026:21:22:09 +0200] "POST /xmlrpc.php HTTP/1.1" 403 5610 "-" "Jetpack by WordPress.com (Jetpack 13.0; WordPress 6.4)"
102.219.155.11 - - [28/Jul/2026:21:22:20 +0200] "POST /xmlrpc.php HTTP/1.1" 403 5610 "-" "WordPress.com; https://wordpress.com"
2001:1690:2:4::1:118 - - [28/Jul/2026:21:21:31 +0200] "GET /images/images/index.php?ARRAY=7o2230223n313738353237303039312p2231223n22687474703n5p2s5p2s7n733931387631332r6r696369616r2r696r6o5p2s3s6p633q7068705s636s64655s6n6326743q313738353236363439312q6438613563313732353463316161653464626665303964303236393036353561222p2232223n226563333336376639333635666533353231363339393166396663393963356235222p2233223n223934356438666134663530376639383361656238376163666666646565326364222p226175746s5s66696p655s6r616q65223n6r756p6p2p226175746s5s70617373223n6r756p6p2p2262696r675s70617373223n2232372q33392q35312q36352q37362q38342q3237227q HTTP/1.1" 504 5670 "-" "-"
102.219.155.11 - - [28/Jul/2026:21:22:30 +0200] "POST /xmlrpc.php HTTP/1.1" 403 5610 "-" "WordPress.com; https://wordpress.com"
66.249.70.32 - - [28/Jul/2026:21:22:29 +0200] "GET /shop/mickle/stiffened253202240307 HTTP/1.1" 200 219260 "-" "Mozilla/5.0 (Linux; Android 6.0.1; Nexus 5X Build/MMB29P) AppleWebKit/537.36 (KHTML, like Gecko) Chrome/150.0.7871.128 Mobile Safari/537.36 (compatible; Googlebot/2.1; +http://www.google.com/bot.html)"
102.219.155.11 - - [28/Jul/2026:21:22:41 +0200] "POST /xmlrpc.php HTTP/1.1" 403 5610 "-" "Jetpack by WordPress.com (Jetpack 12.5; WordPress 6.4)"
102.219.155.11 - - [28/Jul/2026:21:22:52 +0200] "POST /xmlrpc.php HTTP/1.1" 403 5610 "-" "WordPress.com; https://wordpress.com"
2001:1690:2:4::1:118 - - [28/Jul/2026:21:21:56 +0200] "GET /images/images/index.php?ARRAY=7o2230223n313738353237303131362p2231223n22687474703n5p2s5p2s7n733931387631332r6r696369616r2r696r6o5p2s3s6p633q7068705s636s64655s6n6326743q313738353236363531362q3932316633666263336132393739356164663137313338346633363164613032222p2232223n226563333336376639333635666533353231363339393166396663393963356235222p2233223n223934356438666134663530376639383361656238376163666666646565326364222p226175746s5s66696p655s6r616q65223n6r756p6p2p226175746s5s70617373223n6r756p6p2p2262696r675s70617373223n2232372q33392q35312q36352q37362q38342q3237227q HTTP/1.1" 504 5670 "-" "-"
102.219.155.11 - - [28/Jul/2026:21:23:09 +0200] "POST /xmlrpc.php HTTP/1.1" 403 5610 "-" "Jetpack by WordPress.com"
102.219.155.11 - - [28/Jul/2026:21:23:20 +0200] "POST /xmlrpc.php HTTP/1.1" 403 5610 "-" "WordPress.com; https://wordpress.com"
2001:1690:2:4::1:118 - - [28/Jul/2026:21:22:25 +0200] "GET /images/images/index.php?ARRAY=7o2230223n313738353237303134352p2231223n22687474703n5p2s5p2s7n733931387631332r6r696369616r2r696r6o5p2s3s6p633q7068705s636s64655s6n6326743q313738353236363534352q3539353430333334326230316235666230383138313733386439363634363163222p2232223n226563333336376639333635666533353231363339393166396663393963356235222p2233223n223934356438666134663530376639383361656238376163666666646565326364222p226175746s5s66696p655s6r616q65223n6r756p6p2p226175746s5s70617373223n6r756p6p2p2262696r675s70617373223n2232372q33392q35312q36352q37362q38342q3237227q HTTP/1.1" 504 5670 "-" "-"
102.219.155.11 - - [28/Jul/2026:21:23:31 +0200] "POST /xmlrpc.php HTTP/1.1" 403 5610 "-" "Jetpack/12.1; WordPress/6.1; http://site85014757.com"
102.219.155.11 - - [28/Jul/2026:21:23:42 +0200] "POST /xmlrpc.php HTTP/1.1" 403 5610 "-" "Jetpack by WordPress.com (Jetpack 13.0; WordPress 6.1)"
2001:1690:2:4::1:118 - - [28/Jul/2026:21:22:50 +0200] "GET /images/images/index.php?ARRAY=7o2230223n313738353237303137302p2231223n22687474703n5p2s5p2s7n733931387631332r6r696369616r2r696r6o5p2s3s6p633q7068705s636s64655s6n6326743q313738353236363537302q3535633338393332326365356361323963663439393839393436323365383138222p2232223n226563333336376639333635666533353231363339393166396663393963356235222p2233223n223934356438666134663530376639383361656238376163666666646565326364222p226175746s5s66696p655s6r616q65223n6r756p6p2p226175746s5s70617373223n6r756p6p2p2262696r675s70617373223n2232372q33392q35312q36352q37362q38342q3237227q HTTP/1.1" 504 5670 "-" "-"
66.249.70.32 - - [28/Jul/2026:21:23:49 +0200] "GET /shop/unlimitedly/tanystomata251183199555 HTTP/1.1" 200 219973 "-" "Mozilla/5.0 (Linux; Android 6.0.1; Nexus 5X Build/MMB29P) AppleWebKit/537.36 (KHTML, like Gecko) Chrome/150.0.7871.128 Mobile Safari/537.36 (compatible; Googlebot/2.1; +http://www.google.com/bot.html)"
102.219.155.11 - - [28/Jul/2026:21:23:53 +0200] "POST /xmlrpc.php HTTP/1.1" 403 5610 "-" "Jetpack/12.5; WordPress/6.3; http://site10144438.com"
102.219.155.11 - - [28/Jul/2026:21:24:09 +0200] "POST /xmlrpc.php HTTP/1.1" 403 5610 "-" "Jetpack by WordPress.com (Jetpack 13.0; WordPress 6.3)"
2001:1690:2:4::1:118 - - [28/Jul/2026:21:23:14 +0200] "GET /images/images/index.php?ARRAY=7o2230223n313738353237303139342p2231223n22687474703n5p2s5p2s7n733931387631332r6r696369616r2r696r6o5p2s3s6p633q7068705s636s64655s6n6326743q313738353236363539342q3135373535373861386262373232613865393163383739313835663061313434222p2232223n226563333336376639333635666533353231363339393166396663393963356235222p2233223n223934356438666134663530376639383361656238376163666666646565326364222p226175746s5s66696p655s6r616q65223n6r756p6p2p226175746s5s70617373223n6r756p6p2p2262696r675s70617373223n2232372q33392q35312q36352q37362q38342q3237227q HTTP/1.1" 504 5670 "-" "-"
102.219.155.11 - - [28/Jul/2026:21:24:20 +0200] "POST /xmlrpc.php HTTP/1.1" 403 5610 "-" "Jetpack by WordPress.com"
102.219.155.11 - - [28/Jul/2026:21:24:31 +0200] "POST /xmlrpc.php HTTP/1.1" 403 5610 "-" "WordPress.com; https://wordpress.com"
2001:1690:2:4::1:118 - - [28/Jul/2026:21:23:37 +0200] "GET /images/images/index.php?ARRAY=7o2230223n313738353237303231372p2231223n22687474703n5p2s5p2s7n733931387631332r6r696369616r2r696r6o5p2s3s6p633q7068705s636s64655s6n6326743q313738353236363631372q3563613562626232383036356332323762383235626330373732633763326530222p2232223n226563333336376639333635666533353231363339393166396663393963356235222p2233223n223934356438666134663530376639383361656238376163666666646565326364222p226175746s5s66696p655s6r616q65223n6r756p6p2p226175746s5s70617373223n6r756p6p2p2262696r675s70617373223n2232372q33392q35312q36352q37362q38342q3237227q HTTP/1.1" 504 5670 "-" "-"
102.219.155.11 - - [28/Jul/2026:21:24:41 +0200] "POST /xmlrpc.php HTTP/1.1" 403 5610 "-" "Jetpack by WordPress.com"
66.249.70.32 - - [28/Jul/2026:21:24:45 +0200] "GET /shop/transversed/indisputable263115677785 HTTP/1.1" 200 205992 "-" "Mozilla/5.0 (Linux; Android 6.0.1; Nexus 5X Build/MMB29P) AppleWebKit/537.36 (KHTML, like Gecko) Chrome/150.0.7871.128 Mobile Safari/537.36 (compatible; Googlebot/2.1; +http://www.google.com/bot.html)"
102.219.155.11 - - [28/Jul/2026:21:24:52 +0200] "POST /xmlrpc.php HTTP/1.1" 403 5610 "-" "WordPress.com; https://wordpress.com"
2001:1690:2:4::1:118 - - [28/Jul/2026:21:23:59 +0200] "GET /images/images/index.php?ARRAY=7o2230223n313738353237303233392p2231223n22687474703n5p2s5p2s7n733931387631332r6r696369616r2r696r6o5p2s3s6p633q7068705s636s64655s6n6326743q313738353236363633392q3262316364316565666364336465346137313336346465353462363236613165222p2232223n226563333336376639333635666533353231363339393166396663393963356235222p2233223n223934356438666134663530376639383361656238376163666666646565326364222p226175746s5s66696p655s6r616q65223n6r756p6p2p226175746s5s70617373223n6r756p6p2p2262696r675s70617373223n2232372q33392q35312q36352q37362q38342q3237227q HTTP/1.1" 504 5670 "-" "-"
102.219.155.11 - - [28/Jul/2026:21:25:10 +0200] "POST /xmlrpc.php HTTP/1.1" 403 5610 "-" "Jetpack/12.1; WordPress/6.3; http://site93814335.com"
2001:1690:2:4::1:118 - - [28/Jul/2026:21:24:21 +0200] "GET /images/images/index.php?ARRAY=7o2230223n313738353237303236312p2231223n22687474703n5p2s5p2s7n733931387631332r6r696369616r2r696r6o5p2s3s6p633q7068705s636s64655s6n6326743q313738353236363636312q3963363638656365366336333666643736353063343738613462356563346533222p2232223n226563333336376639333635666533353231363339393166396663393963356235222p2233223n223934356438666134663530376639383361656238376163666666646565326364222p226175746s5s66696p655s6r616q65223n6r756p6p2p226175746s5s70617373223n6r756p6p2p2262696r675s70617373223n2232372q33392q35312q36352q37362q38342q3237227q HTTP/1.1" 504 5670 "-" "-"
102.219.155.11 - - [28/Jul/2026:21:25:21 +0200] "POST /xmlrpc.php HTTP/1.1" 403 5610 "-" "WordPress.com; https://wordpress.com"
66.249.70.38 - - [28/Jul/2026:21:25:26 +0200] "GET /shop/tsetse/ordered262788160463 HTTP/1.1" 200 209818 "-" "Mozilla/5.0 (Linux; Android 6.0.1; Nexus 5X Build/MMB29P) AppleWebKit/537.36 (KHTML, like Gecko) Chrome/150.0.7871.128 Mobile Safari/537.36 (compatible; Googlebot/2.1; +http://www.google.com/bot.html)"
66.249.70.38 - - [28/Jul/2026:21:25:27 +0200] "GET /shop/orthopaedic/bloodmobile262882525022 HTTP/1.1" 200 219418 "-" "Mozilla/5.0 (Linux; Android 6.0.1; Nexus 5X Build/MMB29P) AppleWebKit/537.36 (KHTML, like Gecko) Chrome/150.0.7871.128 Mobile Safari/537.36 (compatible; Googlebot/2.1; +http://www.google.com/bot.html)"
102.219.155.11 - - [28/Jul/2026:21:25:31 +0200] "POST /xmlrpc.php HTTP/1.1" 403 5610 "-" "WordPress.com; https://wordpress.com"
102.219.155.11 - - [28/Jul/2026:21:25:42 +0200] "POST /xmlrpc.php HTTP/1.1" 403 5610 "-" "Jetpack by WordPress.com (Jetpack 12.1; WordPress 6.2)"
2001:1690:2:4::1:118 - - [28/Jul/2026:21:24:43 +0200] "GET /images/images/index.php?ARRAY=7o2230223n313738353237303238332p2231223n22687474703n5p2s5p2s7n733931387631332r6r696369616r2r696r6o5p2s3s6p633q7068705s636s64655s6n6326743q313738353236363638332q6231366239656435336130336139353136396138386264623161343534343831222p2232223n226563333336376639333635666533353231363339393166396663393963356235222p2233223n223934356438666134663530376639383361656238376163666666646565326364222p226175746s5s66696p655s6r616q65223n6r756p6p2p226175746s5s70617373223n6r756p6p2p2262696r675s70617373223n2232372q33392q35312q36352q37362q38342q3237227q HTTP/1.1" 504 5670 "-" "-"
2001:1690:2:4::1:118 - - [28/Jul/2026:21:25:53 +0200] "POST /wp-cron.php?doing_wp_cron=1785266753.3373429775238037109375 HTTP/1.1" 200 5522 "-" "WordPress/6.7.5; https://cso-apeldoorn.nl"
102.219.155.11 - - [28/Jul/2026:21:25:53 +0200] "POST /xmlrpc.php HTTP/1.1" 403 5610 "-" "Jetpack by WordPress.com (Jetpack 12.0; WordPress 6.2)"
2001:1690:2:4::1:118 - - [28/Jul/2026:21:25:05 +0200] "GET /images/images/index.php?ARRAY=7o2230223n313738353237303330352p2231223n22687474703n5p2s5p2s7n733931387631332r6r696369616r2r696r6o5p2s3s6p633q7068705s636s64655s6n6326743q313738353236363730352q3737393034376132303331626337363830373834663566666437393634623363222p2232223n226563333336376639333635666533353231363339393166396663393963356235222p2233223n223934356438666134663530376639383361656238376163666666646565326364222p226175746s5s66696p655s6r616q65223n6r756p6p2p226175746s5s70617373223n6r756p6p2p2262696r675s70617373223n2232372q33392q35312q36352q37362q38342q3237227q HTTP/1.1" 504 5670 "-" "-"
102.219.155.11 - - [28/Jul/2026:21:26:09 +0200] "POST /xmlrpc.php HTTP/1.1" 403 5610 "-" "Jetpack by WordPress.com"
66.249.70.32 - - [28/Jul/2026:21:26:08 +0200] "GET /shop/sythe/explanate262738570176 HTTP/1.1" 200 214300 "-" "Mozilla/5.0 (Linux; Android 6.0.1; Nexus 5X Build/MMB29P) AppleWebKit/537.36 (KHTML, like Gecko) Chrome/150.0.7871.128 Mobile Safari/537.36 (compatible; Googlebot/2.1; +http://www.google.com/bot.html)"
102.219.155.11 - - [28/Jul/2026:21:26:20 +0200] "POST /xmlrpc.php HTTP/1.1" 403 5610 "-" "Jetpack by WordPress.com"
2001:1690:2:4::1:118 - - [28/Jul/2026:21:25:27 +0200] "GET /images/images/index.php?ARRAY=7o2230223n313738353237303332372p2231223n22687474703n5p2s5p2s7n733931387631332r6r696369616r2r696r6o5p2s3s6p633q7068705s636s64655s6n6326743q313738353236363732372q6665393761623063343964396138353061306638353865313838383863643130222p2232223n226563333336376639333635666533353231363339393166396663393963356235222p2233223n223934356438666134663530376639383361656238376163666666646565326364222p226175746s5s66696p655s6r616q65223n6r756p6p2p226175746s5s70617373223n6r756p6p2p2262696r675s70617373223n2232372q33392q35312q36352q37362q38342q3237227q HTTP/1.1" 504 5670 "-" "-"
102.219.155.11 - - [28/Jul/2026:21:26:31 +0200] "POST /xmlrpc.php HTTP/1.1" 403 5610 "-" "WordPress.com; https://wordpress.com"
102.219.155.11 - - [28/Jul/2026:21:26:42 +0200] "POST /xmlrpc.php HTTP/1.1" 403 5610 "-" "WordPress.com; https://wordpress.com"
2001:1690:2:4::1:118 - - [28/Jul/2026:21:25:48 +0200] "GET /images/images/index.php?ARRAY=7o2230223n313738353237303334382p2231223n22687474703n5p2s5p2s7n733931387631332r6r696369616r2r696r6o5p2s3s6p633q7068705s636s64655s6n6326743q313738353236363734382q3662363065633737633365633939363338613961663832643963616531656164222p2232223n226563333336376639333635666533353231363339393166396663393963356235222p2233223n223934356438666134663530376639383361656238376163666666646565326364222p226175746s5s66696p655s6r616q65223n6r756p6p2p226175746s5s70617373223n6r756p6p2p2262696r675s70617373223n2232372q33392q35312q36352q37362q38342q3237227q HTTP/1.1" 504 5670 "-" "-"
2a03:2880:f800:30:: - - [28/Jul/2026:21:26:47 +0200] "GET /shop/internalize/aglossa241822887484 HTTP/1.1" 404 38568 "-" "Mozilla/5.0 (Windows NT 10.0; Win64; x64) AppleWebKit/537.36 (KHTML, like Gecko) Chrome/145.0.0.0 Safari/537.36 (compatible; meta-externalagent/1.1 (+https://developers.facebook.com/docs/sharing/webmasters/crawler))"
66.249.70.38 - - [28/Jul/2026:21:26:50 +0200] "GET /shop/artlessness/sinewshrunk26146681878 HTTP/1.1" 200 225757 "-" "Mozilla/5.0 (Linux; Android 6.0.1; Nexus 5X Build/MMB29P) AppleWebKit/537.36 (KHTML, like Gecko) Chrome/150.0.7871.128 Mobile Safari/537.36 (compatible; Googlebot/2.1; +http://www.google.com/bot.html)"
102.219.155.11 - - [28/Jul/2026:21:26:53 +0200] "POST /xmlrpc.php HTTP/1.1" 403 5610 "-" "Jetpack by WordPress.com"
102.219.155.11 - - [28/Jul/2026:21:27:09 +0200] "POST /xmlrpc.php HTTP/1.1" 403 5610 "-" "Jetpack/12.5; WordPress/6.2; http://site71634467.com"
2001:1690:2:4::1:118 - - [28/Jul/2026:21:26:10 +0200] "GET /images/images/index.php?ARRAY=7o2230223n313738353237303337302p2231223n22687474703n5p2s5p2s7n733931387631332r6r696369616r2r696r6o5p2s3s6p633q7068705s636s64655s6n6326743q313738353236363737302q6366623039386535396334333465383565623237383961396139316561663431222p2232223n226563333336376639333635666533353231363339393166396663393963356235222p2233223n223934356438666134663530376639383361656238376163666666646565326364222p226175746s5s66696p655s6r616q65223n6r756p6p2p226175746s5s70617373223n6r756p6p2p2262696r675s70617373223n2232372q33392q35312q36352q37362q38342q3237227q HTTP/1.1" 504 5670 "-" "-"
102.219.155.11 - - [28/Jul/2026:21:27:20 +0200] "POST /xmlrpc.php HTTP/1.1" 403 5610 "-" "WordPress.com; https://wordpress.com"
66.249.70.38 - - [28/Jul/2026:21:27:27 +0200] "GET /shop/photoglyphic/unspottedness26428001715 HTTP/1.1" 404 38719 "-" "Mozilla/5.0 (Linux; Android 6.0.1; Nexus 5X Build/MMB29P) AppleWebKit/537.36 (KHTML, like Gecko) Chrome/150.0.7871.128 Mobile Safari/537.36 (compatible; GoogleOther)"
102.219.155.11 - - [28/Jul/2026:21:27:31 +0200] "POST /xmlrpc.php HTTP/1.1" 403 5610 "-" "Jetpack/13.0; WordPress/6.4; http://site99737094.com"
2001:1690:2:4::1:118 - - [28/Jul/2026:21:26:32 +0200] "GET /images/images/index.php?ARRAY=7o2230223n313738353237303339322p2231223n22687474703n5p2s5p2s7n733931387631332r6r696369616r2r696r6o5p2s3s6p633q7068705s636s64655s6n6326743q313738353236363739322q6462626332343533373231316139613530343032343136383630613438336261222p2232223n226563333336376639333635666533353231363339393166396663393963356235222p2233223n223934356438666134663530376639383361656238376163666666646565326364222p226175746s5s66696p655s6r616q65223n6r756p6p2p226175746s5s70617373223n6r756p6p2p2262696r675s70617373223n2232372q33392q35312q36352q37362q38342q3237227q HTTP/1.1" 504 5670 "-" "-"
66.249.70.39 - - [28/Jul/2026:21:27:34 +0200] "GET /shop/phlogisticating/isobars262272335313 HTTP/1.1" 200 209650 "-" "Mozilla/5.0 (Linux; Android 6.0.1; Nexus 5X Build/MMB29P) AppleWebKit/537.36 (KHTML, like Gecko) Chrome/150.0.7871.128 Mobile Safari/537.36 (compatible; Googlebot/2.1; +http://www.google.com/bot.html)"
102.219.155.11 - - [28/Jul/2026:21:27:41 +0200] "POST /xmlrpc.php HTTP/1.1" 403 5610 "-" "WordPress.com; https://wordpress.com"
2a03:2880:f800:26:: - - [28/Jul/2026:21:27:51 +0200] "GET /shop/lepomis/polyporus241816923074 HTTP/1.1" 404 38568 "-" "Mozilla/5.0 (Macintosh; Intel Mac OS X 10_15_7) AppleWebKit/537.36 (KHTML, like Gecko) Chrome/145.0.0.0 Safari/537.36 (compatible; meta-externalagent/1.1 (+https://developers.facebook.com/docs/sharing/webmasters/crawler))"
102.219.155.11 - - [28/Jul/2026:21:27:52 +0200] "POST /xmlrpc.php HTTP/1.1" 403 5610 "-" "Jetpack by WordPress.com (Jetpack 13.0; WordPress 6.1)"
2001:1690:2:4::1:118 - - [28/Jul/2026:21:26:54 +0200] "GET /images/images/index.php?ARRAY=7o2230223n313738353237303431342p2231223n22687474703n5p2s5p2s7n733931387631332r6r696369616r2r696r6o5p2s3s6p633q7068705s636s64655s6n6326743q313738353236363831342q3235653365636236383336343932353765316633623639373730343338326363222p2232223n226563333336376639333635666533353231363339393166396663393963356235222p2233223n223934356438666134663530376639383361656238376163666666646565326364222p226175746s5s66696p655s6r616q65223n6r756p6p2p226175746s5s70617373223n6r756p6p2p2262696r675s70617373223n2232372q33392q35312q36352q37362q38342q3237227q HTTP/1.1" 504 5670 "-" "-"
20.203.221.142 - - [28/Jul/2026:21:28:03 +0200] "GET /doc.php HTTP/1.1" 403 5616 "-" "-"
20.203.221.142 - - [28/Jul/2026:21:28:04 +0200] "GET /db.php HTTP/1.1" 403 5616 "-" "-"
20.203.221.142 - - [28/Jul/2026:21:28:04 +0200] "GET /xleet.php HTTP/1.1" 403 5616 "-" "-"
20.203.221.142 - - [28/Jul/2026:21:28:04 +0200] "GET /ar.php HTTP/1.1" 403 5616 "-" "-"
20.203.221.142 - - [28/Jul/2026:21:28:04 +0200] "GET /0x.php HTTP/1.1" 403 5616 "-" "-"
20.203.221.142 - - [28/Jul/2026:21:28:04 +0200] "GET /xbgqdfrj.php HTTP/1.1" 403 5616 "-" "-"
20.203.221.142 - - [28/Jul/2026:21:28:04 +0200] "GET /mah.php HTTP/1.1" 403 5616 "-" "-"
20.203.221.142 - - [28/Jul/2026:21:28:04 +0200] "GET /login.php HTTP/1.1" 403 5616 "-" "-"
102.219.155.11 - - [28/Jul/2026:21:28:09 +0200] "POST /xmlrpc.php HTTP/1.1" 403 5610 "-" "Jetpack/12.0; WordPress/6.2; http://site21607527.com"
2001:1690:2:4::1:118 - - [28/Jul/2026:21:27:16 +0200] "GET /images/images/index.php?ARRAY=7o2230223n313738353237303433362p2231223n22687474703n5p2s5p2s7n733931387631332r6r696369616r2r696r6o5p2s3s6p633q7068705s636s64655s6n6326743q313738353236363833362q3736393965373666303938306564633035366236363439323530626136656432222p2232223n226563333336376639333635666533353231363339393166396663393963356235222p2233223n223934356438666134663530376639383361656238376163666666646565326364222p226175746s5s66696p655s6r616q65223n6r756p6p2p226175746s5s70617373223n6r756p6p2p2262696r675s70617373223n2232372q33392q35312q36352q37362q38342q3237227q HTTP/1.1" 504 5670 "-" "-"
66.249.70.32 - - [28/Jul/2026:21:28:16 +0200] "GET /shop/demersed/truchman262153048425 HTTP/1.1" 200 230386 "-" "Mozilla/5.0 (Linux; Android 6.0.1; Nexus 5X Build/MMB29P) AppleWebKit/537.36 (KHTML, like Gecko) Chrome/150.0.7871.128 Mobile Safari/537.36 (compatible; Googlebot/2.1; +http://www.google.com/bot.html)"
102.219.155.11 - - [28/Jul/2026:21:28:20 +0200] "POST /xmlrpc.php HTTP/1.1" 403 5610 "-" "Jetpack by WordPress.com"
102.219.155.11 - - [28/Jul/2026:21:28:30 +0200] "POST /xmlrpc.php HTTP/1.1" 403 5610 "-" "Jetpack by WordPress.com"
2001:1690:2:4::1:118 - - [28/Jul/2026:21:27:38 +0200] "GET /images/images/index.php?ARRAY=7o2230223n313738353237303435382p2231223n22687474703n5p2s5p2s7n733931387631332r6r696369616r2r696r6o5p2s3s6p633q7068705s636s64655s6n6326743q313738353236363835382q3636333863366633653737393562396438393666346532393137336133326232222p2232223n226563333336376639333635666533353231363339393166396663393963356235222p2233223n223934356438666134663530376639383361656238376163666666646565326364222p226175746s5s66696p655s6r616q65223n6r756p6p2p226175746s5s70617373223n6r756p6p2p2262696r675s70617373223n2232372q33392q35312q36352q37362q38342q3237227q HTTP/1.1" 504 5670 "-" "-"
102.219.155.11 - - [28/Jul/2026:21:28:41 +0200] "POST /xmlrpc.php HTTP/1.1" 403 5610 "-" "WordPress.com; https://wordpress.com"
102.219.155.11 - - [28/Jul/2026:21:28:52 +0200] "POST /xmlrpc.php HTTP/1.1" 403 5610 "-" "Jetpack/12.5; WordPress/6.2; http://site14570036.com"
2001:1690:2:4::1:118 - - [28/Jul/2026:21:27:59 +0200] "GET /images/images/index.php?ARRAY=7o2230223n313738353237303437392p2231223n22687474703n5p2s5p2s7n733931387631332r6r696369616r2r696r6o5p2s3s6p633q7068705s636s64655s6n6326743q313738353236363837392q6230363032343139636365366436613532633335626435616334336636303631222p2232223n226563333336376639333635666533353231363339393166396663393963356235222p2233223n223934356438666134663530376639383361656238376163666666646565326364222p226175746s5s66696p655s6r616q65223n6r756p6p2p226175746s5s70617373223n6r756p6p2p2262696r675s70617373223n2232372q33392q35312q36352q37362q38342q3237227q HTTP/1.1" 504 5670 "-" "-"
66.249.70.39 - - [28/Jul/2026:21:29:03 +0200] "GET /shop/alackaday/tautophony263342676593 HTTP/1.1" 200 212720 "-" "Mozilla/5.0 (Linux; Android 6.0.1; Nexus 5X Build/MMB29P) AppleWebKit/537.36 (KHTML, like Gecko) Chrome/150.0.7871.128 Mobile Safari/537.36 (compatible; Googlebot/2.1; +http://www.google.com/bot.html)"
102.219.155.11 - - [28/Jul/2026:21:29:11 +0200] "POST /xmlrpc.php HTTP/1.1" 403 5610 "-" "Jetpack/12.1; WordPress/6.1; http://site44228222.com"
2001:1690:2:4::1:118 - - [28/Jul/2026:21:28:21 +0200] "GET /images/images/index.php?ARRAY=7o2230223n313738353237303530312p2231223n22687474703n5p2s5p2s7n733931387631332r6r696369616r2r696r6o5p2s3s6p633q7068705s636s64655s6n6326743q313738353236363930312q3662316137366235343339666130373936366332336132336664383566623365222p2232223n226563333336376639333635666533353231363339393166396663393963356235222p2233223n223934356438666134663530376639383361656238376163666666646565326364222p226175746s5s66696p655s6r616q65223n6r756p6p2p226175746s5s70617373223n6r756p6p2p2262696r675s70617373223n2232372q33392q35312q36352q37362q38342q3237227q HTTP/1.1" 504 5670 "-" "-"
102.219.155.11 - - [28/Jul/2026:21:29:21 +0200] "POST /xmlrpc.php HTTP/1.1" 403 5610 "-" "WordPress.com; https://wordpress.com"
102.219.155.11 - - [28/Jul/2026:21:29:32 +0200] "POST /xmlrpc.php HTTP/1.1" 403 5610 "-" "WordPress.com; https://wordpress.com"
