2001:1690:2:4::1:118 - - [28/Jul/2026:09:43:36 +0200] "POST /wp-cron.php?doing_wp_cron=1785224616.7034649848937988281250 HTTP/1.1" 200 5522 "-" "WordPress/6.7.5; https://cso-apeldoorn.nl"
112.134.183.47 - - [28/Jul/2026:09:43:36 +0200] "POST /xmlrpc.php HTTP/1.1" 403 5610 "-" "Jetpack/12.0; WordPress/6.2; http://site38456503.com"
112.134.183.47 - - [28/Jul/2026:09:43:47 +0200] "POST /xmlrpc.php HTTP/1.1" 403 5610 "-" "Jetpack by WordPress.com"
2a03:2880:f800:17:: - - [28/Jul/2026:09:43:51 +0200] "GET /shop/emissivity/americana244176387082 HTTP/1.1" 404 38568 "-" "Mozilla/5.0 (Windows NT 10.0; Win64; x64) AppleWebKit/537.36 (KHTML, like Gecko) Chrome/145.0.0.0 Safari/537.36 (compatible; meta-externalagent/1.1 (+https://developers.facebook.com/docs/sharing/webmasters/crawler))"
2001:1690:2:4::1:118 - - [28/Jul/2026:09:43:57 +0200] "POST /wp-cron.php?doing_wp_cron=1785224637.8238229751586914062500 HTTP/1.1" 200 5522 "-" "WordPress/6.7.5; https://cso-apeldoorn.nl"
112.134.183.47 - - [28/Jul/2026:09:43:57 +0200] "POST /xmlrpc.php HTTP/1.1" 403 5610 "-" "Jetpack by WordPress.com"
2a03:2880:f800:3f:: - - [28/Jul/2026:09:44:03 +0200] "GET /shop/limitation/buckle24130871285 HTTP/1.1" 404 38568 "-" "Mozilla/5.0 (Macintosh; Intel Mac OS X 10_15_7) AppleWebKit/537.36 (KHTML, like Gecko) Chrome/145.0.0.0 Safari/537.36 (compatible; meta-externalagent/1.1 (+https://developers.facebook.com/docs/sharing/webmasters/crawler))"
112.134.183.47 - - [28/Jul/2026:09:44:08 +0200] "POST /xmlrpc.php HTTP/1.1" 403 5610 "-" "WordPress.com; https://wordpress.com"
112.134.183.47 - - [28/Jul/2026:09:44:18 +0200] "POST /xmlrpc.php HTTP/1.1" 403 5610 "-" "WordPress.com; https://wordpress.com"
112.134.183.47 - - [28/Jul/2026:09:44:29 +0200] "POST /xmlrpc.php HTTP/1.1" 403 5610 "-" "Jetpack/12.0; WordPress/6.3; http://site26296650.com"
112.134.183.47 - - [28/Jul/2026:09:44:39 +0200] "POST /xmlrpc.php HTTP/1.1" 403 5610 "-" "Jetpack by WordPress.com"
66.249.70.39 - - [28/Jul/2026:09:44:45 +0200] "GET /shop/aleyrodes/assaultable2536229101 HTTP/1.1" 404 38719 "-" "Mozilla/5.0 (Linux; Android 6.0.1; Nexus 5X Build/MMB29P) AppleWebKit/537.36 (KHTML, like Gecko) Chrome/150.0.7871.128 Mobile Safari/537.36 (compatible; GoogleOther)"
112.134.183.47 - - [28/Jul/2026:09:44:50 +0200] "POST /xmlrpc.php HTTP/1.1" 403 5610 "-" "Jetpack/12.1; WordPress/6.3; http://site90552335.com"
112.134.183.47 - - [28/Jul/2026:09:45:00 +0200] "POST /xmlrpc.php HTTP/1.1" 403 5610 "-" "WordPress.com; https://wordpress.com"
112.134.183.47 - - [28/Jul/2026:09:45:11 +0200] "POST /xmlrpc.php HTTP/1.1" 403 5610 "-" "WordPress.com; https://wordpress.com"
112.134.183.47 - - [28/Jul/2026:09:45:21 +0200] "POST /xmlrpc.php HTTP/1.1" 403 5610 "-" "Jetpack/12.5; WordPress/6.1; http://site24595383.com"
112.134.183.47 - - [28/Jul/2026:09:45:32 +0200] "POST /xmlrpc.php HTTP/1.1" 403 5610 "-" "Jetpack by WordPress.com (Jetpack 12.1; WordPress 6.1)"
2a03:2880:f800:23:: - - [28/Jul/2026:09:45:34 +0200] "GET /shop/poikilothermal/holloed242775394181 HTTP/1.1" 404 38568 "-" "Mozilla/5.0 (Windows NT 10.0; Win64; x64) AppleWebKit/537.36 (KHTML, like Gecko) Chrome/145.0.0.0 Safari/537.36 (compatible; meta-externalagent/1.1 (+https://developers.facebook.com/docs/sharing/webmasters/crawler))"
112.134.183.47 - - [28/Jul/2026:09:45:42 +0200] "POST /xmlrpc.php HTTP/1.1" 403 5610 "-" "Jetpack/12.1; WordPress/6.1; http://site47900211.com"
2a03:2880:f800:e:: - - [28/Jul/2026:09:45:47 +0200] "GET /shop/justify/perpetuable24408925713 HTTP/1.1" 404 38568 "-" "Mozilla/5.0 (Windows NT 10.0; Win64; x64) AppleWebKit/537.36 (KHTML, like Gecko) Chrome/145.0.0.0 Safari/537.36 (compatible; meta-externalagent/1.1 (+https://developers.facebook.com/docs/sharing/webmasters/crawler))"
112.134.183.47 - - [28/Jul/2026:09:45:53 +0200] "POST /xmlrpc.php HTTP/1.1" 403 5610 "-" "Jetpack by WordPress.com (Jetpack 12.5; WordPress 6.3)"
2a03:2880:f800:35:: - - [28/Jul/2026:09:45:56 +0200] "GET /sitemap-subitems-2435.xml HTTP/1.1" 404 36445 "-" "Mozilla/5.0 (Windows NT 10.0; Win64; x64) AppleWebKit/537.36 (KHTML, like Gecko) Chrome/145.0.0.0 Safari/537.36 (compatible; meta-externalagent/1.1 (+https://developers.facebook.com/docs/sharing/webmasters/crawler))"
2a03:2880:f800:3:: - - [28/Jul/2026:09:45:59 +0200] "GET /sitemap-subitems-1972.xml HTTP/1.1" 404 36445 "-" "Mozilla/5.0 (Windows NT 10.0; Win64; x64) AppleWebKit/537.36 (KHTML, like Gecko) Chrome/145.0.0.0 Safari/537.36 (compatible; meta-externalagent/1.1 (+https://developers.facebook.com/docs/sharing/webmasters/crawler))"
2a03:2880:f800:46:: - - [28/Jul/2026:09:46:01 +0200] "GET /shop/mysterious/deception242356357804 HTTP/1.1" 404 38568 "-" "Mozilla/5.0 (Windows NT 10.0; Win64; x64) AppleWebKit/537.36 (KHTML, like Gecko) Chrome/145.0.0.0 Safari/537.36 (compatible; meta-externalagent/1.1 (+https://developers.facebook.com/docs/sharing/webmasters/crawler))"
112.134.183.47 - - [28/Jul/2026:09:46:03 +0200] "POST /xmlrpc.php HTTP/1.1" 403 5610 "-" "WordPress.com; https://wordpress.com"
112.134.183.47 - - [28/Jul/2026:09:46:14 +0200] "POST /xmlrpc.php HTTP/1.1" 403 5610 "-" "Jetpack by WordPress.com"
112.134.183.47 - - [28/Jul/2026:09:46:24 +0200] "POST /xmlrpc.php HTTP/1.1" 403 5610 "-" "Jetpack/12.0; WordPress/6.3; http://site36403176.com"
112.134.183.47 - - [28/Jul/2026:09:46:35 +0200] "POST /xmlrpc.php HTTP/1.1" 403 5610 "-" "Jetpack/12.0; WordPress/6.1; http://site87990466.com"
66.249.70.38 - - [28/Jul/2026:09:46:37 +0200] "GET /shop/homaloidal/dampne251728698324 HTTP/1.1" 200 227930 "-" "Mozilla/5.0 (Linux; Android 6.0.1; Nexus 5X Build/MMB29P) AppleWebKit/537.36 (KHTML, like Gecko) Chrome/150.0.7871.128 Mobile Safari/537.36 (compatible; Googlebot/2.1; +http://www.google.com/bot.html)"
2a03:2880:f800:1c:: - - [28/Jul/2026:09:46:41 +0200] "GET /shop/biblicism/streperous242494771371 HTTP/1.1" 404 38568 "-" "Mozilla/5.0 (Windows NT 10.0; Win64; x64) AppleWebKit/537.36 (KHTML, like Gecko) Chrome/145.0.0.0 Safari/537.36 (compatible; meta-externalagent/1.1 (+https://developers.facebook.com/docs/sharing/webmasters/crawler))"
2a03:2880:f800:1:: - - [28/Jul/2026:09:46:43 +0200] "GET /shop/aspirement/grippleness24212729202 HTTP/1.1" 404 38568 "-" "Mozilla/5.0 (Windows NT 10.0; Win64; x64) AppleWebKit/537.36 (KHTML, like Gecko) Chrome/145.0.0.0 Safari/537.36 (compatible; meta-externalagent/1.1 (+https://developers.facebook.com/docs/sharing/webmasters/crawler))"
2001:1690:2:4::1:118 - - [28/Jul/2026:09:46:45 +0200] "POST /wp-cron.php?doing_wp_cron=1785224805.6970369815826416015625 HTTP/1.1" 200 5522 "-" "WordPress/6.7.5; https://cso-apeldoorn.nl"
112.134.183.47 - - [28/Jul/2026:09:46:45 +0200] "POST /xmlrpc.php HTTP/1.1" 403 5610 "-" "Jetpack/13.0; WordPress/6.4; http://site13655336.com"
112.134.183.47 - - [28/Jul/2026:09:46:56 +0200] "POST /xmlrpc.php HTTP/1.1" 403 5610 "-" "WordPress.com; https://wordpress.com"
112.134.183.47 - - [28/Jul/2026:09:47:06 +0200] "POST /xmlrpc.php HTTP/1.1" 403 5610 "-" "WordPress.com; https://wordpress.com"
112.134.183.47 - - [28/Jul/2026:09:47:17 +0200] "POST /xmlrpc.php HTTP/1.1" 403 5610 "-" "WordPress.com; https://wordpress.com"
112.134.183.47 - - [28/Jul/2026:09:47:27 +0200] "POST /xmlrpc.php HTTP/1.1" 403 5610 "-" "WordPress.com; https://wordpress.com"
112.134.183.47 - - [28/Jul/2026:09:47:38 +0200] "POST /xmlrpc.php HTTP/1.1" 403 5610 "-" "Jetpack by WordPress.com"
66.249.70.38 - - [28/Jul/2026:09:47:41 +0200] "GET /shop/meticulosity/rumen254261624698 HTTP/1.1" 200 222396 "-" "Mozilla/5.0 (Linux; Android 6.0.1; Nexus 5X Build/MMB29P) AppleWebKit/537.36 (KHTML, like Gecko) Chrome/150.0.7871.128 Mobile Safari/537.36 (compatible; Googlebot/2.1; +http://www.google.com/bot.html)"
112.134.183.47 - - [28/Jul/2026:09:47:48 +0200] "POST /xmlrpc.php HTTP/1.1" 403 5610 "-" "Jetpack by WordPress.com"
112.134.183.47 - - [28/Jul/2026:09:47:58 +0200] "POST /xmlrpc.php HTTP/1.1" 403 5610 "-" "Jetpack by WordPress.com (Jetpack 12.5; WordPress 6.3)"
112.134.183.47 - - [28/Jul/2026:09:48:09 +0200] "POST /xmlrpc.php HTTP/1.1" 403 5610 "-" "Jetpack by WordPress.com (Jetpack 13.0; WordPress 6.2)"
112.134.183.47 - - [28/Jul/2026:09:48:19 +0200] "POST /xmlrpc.php HTTP/1.1" 403 5610 "-" "WordPress.com; https://wordpress.com"
112.134.183.47 - - [28/Jul/2026:09:48:30 +0200] "POST /xmlrpc.php HTTP/1.1" 403 5610 "-" "Jetpack/12.1; WordPress/6.4; http://site51687410.com"
2a03:2880:f800:2c:: - - [28/Jul/2026:09:48:30 +0200] "GET /shop/overbearing/blastosphere24894627344 HTTP/1.1" 404 38568 "-" "Mozilla/5.0 (Windows NT 10.0; Win64; x64) AppleWebKit/537.36 (KHTML, like Gecko) Chrome/145.0.0.0 Safari/537.36 (compatible; meta-externalagent/1.1 (+https://developers.facebook.com/docs/sharing/webmasters/crawler))"
2a03:2880:f800:33:: - - [28/Jul/2026:09:48:35 +0200] "GET /shop/melungeon/tamilian242132115557 HTTP/1.1" 404 38568 "-" "Mozilla/5.0 (Windows NT 10.0; Win64; x64) AppleWebKit/537.36 (KHTML, like Gecko) Chrome/144.0.0.0 Safari/537.36 Edg/144.0.0.0 (compatible; meta-externalagent/1.1 (+https://developers.facebook.com/docs/sharing/webmasters/crawler))"
2a03:2880:f800:22:: - - [28/Jul/2026:09:48:36 +0200] "GET /shop/westering/indispersed243285618913 HTTP/1.1" 404 38568 "-" "Mozilla/5.0 (Windows NT 10.0; Win64; x64) AppleWebKit/537.36 (KHTML, like Gecko) Chrome/145.0.0.0 Safari/537.36 (compatible; meta-externalagent/1.1 (+https://developers.facebook.com/docs/sharing/webmasters/crawler))"
112.134.183.47 - - [28/Jul/2026:09:48:40 +0200] "POST /xmlrpc.php HTTP/1.1" 403 5610 "-" "Jetpack/13.0; WordPress/6.1; http://site76525626.com"
112.134.183.47 - - [28/Jul/2026:09:48:51 +0200] "POST /xmlrpc.php HTTP/1.1" 403 5610 "-" "WordPress.com; https://wordpress.com"
112.134.183.47 - - [28/Jul/2026:09:49:01 +0200] "POST /xmlrpc.php HTTP/1.1" 403 5610 "-" "Jetpack by WordPress.com (Jetpack 12.1; WordPress 6.1)"
112.134.183.47 - - [28/Jul/2026:09:49:12 +0200] "POST /xmlrpc.php HTTP/1.1" 403 5610 "-" "WordPress.com; https://wordpress.com"
112.134.183.47 - - [28/Jul/2026:09:49:22 +0200] "POST /xmlrpc.php HTTP/1.1" 403 5610 "-" "Jetpack by WordPress.com (Jetpack 12.0; WordPress 6.3)"
112.134.183.47 - - [28/Jul/2026:09:49:33 +0200] "POST /xmlrpc.php HTTP/1.1" 403 5610 "-" "WordPress.com; https://wordpress.com"
66.249.70.32 - - [28/Jul/2026:09:49:39 +0200] "GET /shop/hierophantic/reseize2586983009 HTTP/1.1" 200 215665 "-" "Mozilla/5.0 (Linux; Android 6.0.1; Nexus 5X Build/MMB29P) AppleWebKit/537.36 (KHTML, like Gecko) Chrome/150.0.7871.128 Mobile Safari/537.36 (compatible; Googlebot/2.1; +http://www.google.com/bot.html)"
112.134.183.47 - - [28/Jul/2026:09:49:43 +0200] "POST /xmlrpc.php HTTP/1.1" 403 5610 "-" "Jetpack/12.1; WordPress/6.2; http://site26297844.com"
2001:1690:2:4::1:118 - - [28/Jul/2026:09:49:50 +0200] "POST /wp-cron.php?doing_wp_cron=1785224990.4318649768829345703125 HTTP/1.1" 200 5522 "-" "WordPress/6.7.5; https://cso-apeldoorn.nl"
2a03:2880:f800:e:: - - [28/Jul/2026:09:49:50 +0200] "GET /shop/tremie/opinicus243107257917 HTTP/1.1" 404 38568 "-" "Mozilla/5.0 (Windows NT 10.0; Win64; x64) AppleWebKit/537.36 (KHTML, like Gecko) Chrome/145.0.0.0 Safari/537.36 (compatible; meta-externalagent/1.1 (+https://developers.facebook.com/docs/sharing/webmasters/crawler))"
112.134.183.47 - - [28/Jul/2026:09:49:54 +0200] "POST /xmlrpc.php HTTP/1.1" 403 5610 "-" "Jetpack/12.1; WordPress/6.1; http://site26910700.com"
112.134.183.47 - - [28/Jul/2026:09:50:04 +0200] "POST /xmlrpc.php HTTP/1.1" 403 5610 "-" "Jetpack by WordPress.com (Jetpack 12.0; WordPress 6.3)"
112.134.183.47 - - [28/Jul/2026:09:50:15 +0200] "POST /xmlrpc.php HTTP/1.1" 403 5610 "-" "Jetpack by WordPress.com (Jetpack 12.1; WordPress 6.4)"
112.134.183.47 - - [28/Jul/2026:09:50:25 +0200] "POST /xmlrpc.php HTTP/1.1" 403 5610 "-" "WordPress.com; https://wordpress.com"
112.134.183.47 - - [28/Jul/2026:09:50:36 +0200] "POST /xmlrpc.php HTTP/1.1" 403 5610 "-" "Jetpack by WordPress.com (Jetpack 12.5; WordPress 6.1)"
2a03:2880:f800:12:: - - [28/Jul/2026:09:50:37 +0200] "GET /shop/blasphemous/seaboard241817213942 HTTP/1.1" 404 38568 "-" "Mozilla/5.0 (Macintosh; Intel Mac OS X 10_15_7) AppleWebKit/537.36 (KHTML, like Gecko) Chrome/145.0.0.0 Safari/537.36 (compatible; meta-externalagent/1.1 (+https://developers.facebook.com/docs/sharing/webmasters/crawler))"
2a03:2880:f800:3f:: - - [28/Jul/2026:09:50:43 +0200] "GET /shop/indicant/underslung242128738868 HTTP/1.1" 404 38568 "-" "Mozilla/5.0 (Windows NT 10.0; Win64; x64) AppleWebKit/537.36 (KHTML, like Gecko) Chrome/145.0.0.0 Safari/537.36 Edg/145.0.0.0 (compatible; meta-externalagent/1.1 (+https://developers.facebook.com/docs/sharing/webmasters/crawler))"
2a03:2880:f800:f:: - - [28/Jul/2026:09:50:45 +0200] "GET /shop/shepherdling/zoutch243907130277 HTTP/1.1" 404 38568 "-" "Mozilla/5.0 (Macintosh; Intel Mac OS X 10_15_7) AppleWebKit/537.36 (KHTML, like Gecko) Chrome/145.0.0.0 Safari/537.36 (compatible; meta-externalagent/1.1 (+https://developers.facebook.com/docs/sharing/webmasters/crawler))"
112.134.183.47 - - [28/Jul/2026:09:50:46 +0200] "POST /xmlrpc.php HTTP/1.1" 403 5610 "-" "Jetpack/13.0; WordPress/6.1; http://site90966787.com"
112.134.183.47 - - [28/Jul/2026:09:50:57 +0200] "POST /xmlrpc.php HTTP/1.1" 403 5610 "-" "Jetpack by WordPress.com"
66.249.81.104 - - [28/Jul/2026:09:50:58 +0200] "GET /.well-known/traffic-advice HTTP/1.1" 404 38520 "-" "Chrome Privacy Preserving Prefetch Proxy"
2001:4860:7:151f::ff - - [28/Jul/2026:09:50:58 +0200] "GET /beleid/ HTTP/1.1" 200 46573 "https://www.google.com/" "Mozilla/5.0 (Windows NT 10.0; Win64; x64) AppleWebKit/537.36 (KHTML, like Gecko) Chrome/150.0.0.0 Safari/537.36"
2001:4860:7:61f::ff - - [28/Jul/2026:09:50:58 +0200] "GET /onze-scholen/ HTTP/1.1" 200 60872 "https://www.google.com/" "Mozilla/5.0 (Windows NT 10.0; Win64; x64) AppleWebKit/537.36 (KHTML, like Gecko) Chrome/150.0.0.0 Safari/537.36"
31.149.99.210 - - [28/Jul/2026:09:51:02 +0200] "GET /wp-content/uploads/2019/11/CSO_logo_retina.png HTTP/1.1" 200 5509 "https://cso-apeldoorn.nl/onze-scholen/" "Mozilla/5.0 (Windows NT 10.0; Win64; x64) AppleWebKit/537.36 (KHTML, like Gecko) Chrome/150.0.0.0 Safari/537.36"
31.149.99.210 - - [28/Jul/2026:09:51:02 +0200] "GET /wp-includes/js/dist/hooks.min.js?ver=4d63a3d491d11ffd8ac6 HTTP/1.1" 200 5508 "https://cso-apeldoorn.nl/onze-scholen/" "Mozilla/5.0 (Windows NT 10.0; Win64; x64) AppleWebKit/537.36 (KHTML, like Gecko) Chrome/150.0.0.0 Safari/537.36"
31.149.99.210 - - [28/Jul/2026:09:51:02 +0200] "GET /wp-content/uploads/fusion-styles/fa7f479150e27e9368f8bc01b9964b7f.min.css?ver=3.11.14 HTTP/1.1" 200 5535 "https://cso-apeldoorn.nl/onze-scholen/" "Mozilla/5.0 (Windows NT 10.0; Win64; x64) AppleWebKit/537.36 (KHTML, like Gecko) Chrome/150.0.0.0 Safari/537.36"
31.149.99.210 - - [28/Jul/2026:09:51:02 +0200] "GET /wp-includes/js/dist/i18n.min.js?ver=5e580eb46a90c2b997e6 HTTP/1.1" 200 5507 "https://cso-apeldoorn.nl/onze-scholen/" "Mozilla/5.0 (Windows NT 10.0; Win64; x64) AppleWebKit/537.36 (KHTML, like Gecko) Chrome/150.0.0.0 Safari/537.36"
31.149.99.210 - - [28/Jul/2026:09:51:02 +0200] "GET /wp-content/plugins/contact-form-7/includes/swv/js/index.js?ver=6.1.6 HTTP/1.1" 200 5534 "https://cso-apeldoorn.nl/onze-scholen/" "Mozilla/5.0 (Windows NT 10.0; Win64; x64) AppleWebKit/537.36 (KHTML, like Gecko) Chrome/150.0.0.0 Safari/537.36"
31.149.99.210 - - [28/Jul/2026:09:51:02 +0200] "GET /wp-content/plugins/contact-form-7/includes/js/index.js?ver=6.1.6 HTTP/1.1" 200 5530 "https://cso-apeldoorn.nl/onze-scholen/" "Mozilla/5.0 (Windows NT 10.0; Win64; x64) AppleWebKit/537.36 (KHTML, like Gecko) Chrome/150.0.0.0 Safari/537.36"
31.149.99.210 - - [28/Jul/2026:09:51:02 +0200] "GET /wp-includes/js/jquery/jquery.min.js?ver=3.7.1 HTTP/1.1" 200 5511 "https://cso-apeldoorn.nl/onze-scholen/" "Mozilla/5.0 (Windows NT 10.0; Win64; x64) AppleWebKit/537.36 (KHTML, like Gecko) Chrome/150.0.0.0 Safari/537.36"
31.149.99.210 - - [28/Jul/2026:09:51:02 +0200] "GET /wp-includes/js/dist/vendor/wp-polyfill.min.js?ver=3.15.0 HTTP/1.1" 200 5521 "https://cso-apeldoorn.nl/onze-scholen/" "Mozilla/5.0 (Windows NT 10.0; Win64; x64) AppleWebKit/537.36 (KHTML, like Gecko) Chrome/150.0.0.0 Safari/537.36"
31.149.99.210 - - [28/Jul/2026:09:51:02 +0200] "GET /wp-content/plugins/contact-form-7/modules/recaptcha/index.js?ver=6.1.6 HTTP/1.1" 200 6455 "https://cso-apeldoorn.nl/onze-scholen/" "Mozilla/5.0 (Windows NT 10.0; Win64; x64) AppleWebKit/537.36 (KHTML, like Gecko) Chrome/150.0.0.0 Safari/537.36"
31.149.99.210 - - [28/Jul/2026:09:51:02 +0200] "GET /wp-content/uploads/2019/07/CSO-logo.png HTTP/1.1" 200 5502 "https://cso-apeldoorn.nl/onze-scholen/" "Mozilla/5.0 (Windows NT 10.0; Win64; x64) AppleWebKit/537.36 (KHTML, like Gecko) Chrome/150.0.0.0 Safari/537.36"
31.149.99.210 - - [28/Jul/2026:09:51:02 +0200] "GET /wp-content/uploads/fusion-scripts/8e644f57fa7653d837b132cc1eee5038.min.js?ver=3.11.14 HTTP/1.1" 200 5549 "https://cso-apeldoorn.nl/onze-scholen/" "Mozilla/5.0 (Windows NT 10.0; Win64; x64) AppleWebKit/537.36 (KHTML, like Gecko) Chrome/150.0.0.0 Safari/537.36"
31.149.99.210 - - [28/Jul/2026:09:51:02 +0200] "GET /wp-content/themes/Avada/includes/lib/assets/fonts/icomoon/awb-icons.woff HTTP/1.1" 200 5535 "https://cso-apeldoorn.nl/wp-content/uploads/fusion-styles/fa7f479150e27e9368f8bc01b9964b7f.min.css?ver=3.11.14" "Mozilla/5.0 (Windows NT 10.0; Win64; x64) AppleWebKit/537.36 (KHTML, like Gecko) Chrome/150.0.0.0 Safari/537.36"
31.149.99.210 - - [28/Jul/2026:09:51:02 +0200] "GET /wp-content/uploads/2019/07/deboog-9.jpg HTTP/1.1" 200 5503 "https://cso-apeldoorn.nl/onze-scholen/" "Mozilla/5.0 (Windows NT 10.0; Win64; x64) AppleWebKit/537.36 (KHTML, like Gecko) Chrome/150.0.0.0 Safari/537.36"
31.149.99.210 - - [28/Jul/2026:09:51:02 +0200] "GET /wp-includes/js/wp-emoji-release.min.js?ver=6.7.5 HTTP/1.1" 200 5514 "https://cso-apeldoorn.nl/onze-scholen/" "Mozilla/5.0 (Windows NT 10.0; Win64; x64) AppleWebKit/537.36 (KHTML, like Gecko) Chrome/150.0.0.0 Safari/537.36"
31.149.99.210 - - [28/Jul/2026:09:51:02 +0200] "GET /wp-content/uploads/2019/11/home-onderbouw11.jpg HTTP/1.1" 200 5511 "https://cso-apeldoorn.nl/onze-scholen/" "Mozilla/5.0 (Windows NT 10.0; Win64; x64) AppleWebKit/537.36 (KHTML, like Gecko) Chrome/150.0.0.0 Safari/537.36"
31.149.99.210 - - [28/Jul/2026:09:51:02 +0200] "GET /wp-content/uploads/2021/05/cropped-Favicon-CSO-1-32x32.png HTTP/1.1" 200 6377 "https://cso-apeldoorn.nl/onze-scholen/" "Mozilla/5.0 (Windows NT 10.0; Win64; x64) AppleWebKit/537.36 (KHTML, like Gecko) Chrome/150.0.0.0 Safari/537.36"
31.149.99.210 - - [28/Jul/2026:09:51:02 +0200] "GET /wp-json/contact-form-7/v1/contact-forms/421/feedback/schema HTTP/1.1" 200 6438 "https://cso-apeldoorn.nl/onze-scholen/" "Mozilla/5.0 (Windows NT 10.0; Win64; x64) AppleWebKit/537.36 (KHTML, like Gecko) Chrome/150.0.0.0 Safari/537.36"
31.149.99.210 - - [28/Jul/2026:09:51:02 +0200] "GET /wp-json/contact-form-7/v1/contact-forms/421/refill HTTP/1.1" 200 5802 "https://cso-apeldoorn.nl/onze-scholen/" "Mozilla/5.0 (Windows NT 10.0; Win64; x64) AppleWebKit/537.36 (KHTML, like Gecko) Chrome/150.0.0.0 Safari/537.36"
31.149.99.210 - - [28/Jul/2026:09:51:02 +0200] "GET /wp-content/uploads/2019/11/CSO_logo_retina.png HTTP/1.1" 200 4036 "https://cso-apeldoorn.nl/onze-scholen/" "Mozilla/5.0 (Windows NT 10.0; Win64; x64) AppleWebKit/537.36 (KHTML, like Gecko) Chrome/150.0.0.0 Safari/537.36"
31.149.99.210 - - [28/Jul/2026:09:51:02 +0200] "GET /wp-includes/js/dist/hooks.min.js?ver=4d63a3d491d11ffd8ac6 HTTP/1.1" 200 1583 "https://cso-apeldoorn.nl/onze-scholen/" "Mozilla/5.0 (Windows NT 10.0; Win64; x64) AppleWebKit/537.36 (KHTML, like Gecko) Chrome/150.0.0.0 Safari/537.36"
31.149.99.210 - - [28/Jul/2026:09:51:02 +0200] "GET /wp-content/uploads/fusion-styles/fa7f479150e27e9368f8bc01b9964b7f.min.css?ver=3.11.14 HTTP/1.1" 200 114416 "https://cso-apeldoorn.nl/onze-scholen/" "Mozilla/5.0 (Windows NT 10.0; Win64; x64) AppleWebKit/537.36 (KHTML, like Gecko) Chrome/150.0.0.0 Safari/537.36"
31.149.99.210 - - [28/Jul/2026:09:51:02 +0200] "GET /wp-includes/js/dist/i18n.min.js?ver=5e580eb46a90c2b997e6 HTTP/1.1" 200 3551 "https://cso-apeldoorn.nl/onze-scholen/" "Mozilla/5.0 (Windows NT 10.0; Win64; x64) AppleWebKit/537.36 (KHTML, like Gecko) Chrome/150.0.0.0 Safari/537.36"
31.149.99.210 - - [28/Jul/2026:09:51:02 +0200] "GET /wp-content/plugins/contact-form-7/includes/swv/js/index.js?ver=6.1.6 HTTP/1.1" 200 3374 "https://cso-apeldoorn.nl/onze-scholen/" "Mozilla/5.0 (Windows NT 10.0; Win64; x64) AppleWebKit/537.36 (KHTML, like Gecko) Chrome/150.0.0.0 Safari/537.36"
31.149.99.210 - - [28/Jul/2026:09:51:02 +0200] "GET /wp-content/plugins/contact-form-7/includes/js/index.js?ver=6.1.6 HTTP/1.1" 200 4013 "https://cso-apeldoorn.nl/onze-scholen/" "Mozilla/5.0 (Windows NT 10.0; Win64; x64) AppleWebKit/537.36 (KHTML, like Gecko) Chrome/150.0.0.0 Safari/537.36"
31.149.99.210 - - [28/Jul/2026:09:51:02 +0200] "GET /wp-includes/js/jquery/jquery.min.js?ver=3.7.1 HTTP/1.1" 200 29610 "https://cso-apeldoorn.nl/onze-scholen/" "Mozilla/5.0 (Windows NT 10.0; Win64; x64) AppleWebKit/537.36 (KHTML, like Gecko) Chrome/150.0.0.0 Safari/537.36"
31.149.99.210 - - [28/Jul/2026:09:51:02 +0200] "GET /wp-includes/js/dist/vendor/wp-polyfill.min.js?ver=3.15.0 HTTP/1.1" 200 13138 "https://cso-apeldoorn.nl/onze-scholen/" "Mozilla/5.0 (Windows NT 10.0; Win64; x64) AppleWebKit/537.36 (KHTML, like Gecko) Chrome/150.0.0.0 Safari/537.36"
31.149.99.210 - - [28/Jul/2026:09:51:02 +0200] "GET /wp-content/uploads/2019/07/CSO-logo.png HTTP/1.1" 200 1930 "https://cso-apeldoorn.nl/onze-scholen/" "Mozilla/5.0 (Windows NT 10.0; Win64; x64) AppleWebKit/537.36 (KHTML, like Gecko) Chrome/150.0.0.0 Safari/537.36"
31.149.99.210 - - [28/Jul/2026:09:51:02 +0200] "GET /wp-content/uploads/fusion-scripts/8e644f57fa7653d837b132cc1eee5038.min.js?ver=3.11.14 HTTP/1.1" 200 118062 "https://cso-apeldoorn.nl/onze-scholen/" "Mozilla/5.0 (Windows NT 10.0; Win64; x64) AppleWebKit/537.36 (KHTML, like Gecko) Chrome/150.0.0.0 Safari/537.36"
31.149.99.210 - - [28/Jul/2026:09:51:02 +0200] "GET /wp-content/themes/Avada/includes/lib/assets/fonts/icomoon/awb-icons.woff HTTP/1.1" 200 22204 "https://cso-apeldoorn.nl/wp-content/uploads/fusion-styles/fa7f479150e27e9368f8bc01b9964b7f.min.css?ver=3.11.14" "Mozilla/5.0 (Windows NT 10.0; Win64; x64) AppleWebKit/537.36 (KHTML, like Gecko) Chrome/150.0.0.0 Safari/537.36"
31.149.99.210 - - [28/Jul/2026:09:51:02 +0200] "GET /wp-includes/js/wp-emoji-release.min.js?ver=6.7.5 HTTP/1.1" 200 4646 "https://cso-apeldoorn.nl/onze-scholen/" "Mozilla/5.0 (Windows NT 10.0; Win64; x64) AppleWebKit/537.36 (KHTML, like Gecko) Chrome/150.0.0.0 Safari/537.36"
31.149.99.210 - - [28/Jul/2026:09:51:02 +0200] "GET /wp-content/uploads/2019/07/deboog-9.jpg HTTP/1.1" 200 304521 "https://cso-apeldoorn.nl/onze-scholen/" "Mozilla/5.0 (Windows NT 10.0; Win64; x64) AppleWebKit/537.36 (KHTML, like Gecko) Chrome/150.0.0.0 Safari/537.36"
31.149.99.210 - - [28/Jul/2026:09:51:02 +0200] "GET /wp-content/uploads/2019/11/home-onderbouw11.jpg HTTP/1.1" 200 71885 "https://cso-apeldoorn.nl/onze-scholen/" "Mozilla/5.0 (Windows NT 10.0; Win64; x64) AppleWebKit/537.36 (KHTML, like Gecko) Chrome/150.0.0.0 Safari/537.36"
31.149.99.210 - - [28/Jul/2026:09:51:07 +0200] "GET /wp-content/uploads/2019/11/DSC1892-scaled.jpg HTTP/1.1" 200 287024 "https://cso-apeldoorn.nl/onze-scholen/" "Mozilla/5.0 (Windows NT 10.0; Win64; x64) AppleWebKit/537.36 (KHTML, like Gecko) Chrome/150.0.0.0 Safari/537.36"
31.149.99.210 - - [28/Jul/2026:09:51:07 +0200] "GET /wp-content/uploads/2019/11/DSC1892-scaled.jpg HTTP/1.1" 200 5509 "https://cso-apeldoorn.nl/onze-scholen/" "Mozilla/5.0 (Windows NT 10.0; Win64; x64) AppleWebKit/537.36 (KHTML, like Gecko) Chrome/150.0.0.0 Safari/537.36"
66.249.70.39 - - [28/Jul/2026:09:51:02 +0200] "GET /shop/kirkmen/founding253792816555 HTTP/1.1" 200 233497 "-" "Mozilla/5.0 (Linux; Android 6.0.1; Nexus 5X Build/MMB29P) AppleWebKit/537.36 (KHTML, like Gecko) Chrome/150.0.7871.128 Mobile Safari/537.36 (compatible; Googlebot/2.1; +http://www.google.com/bot.html)"
112.134.183.47 - - [28/Jul/2026:09:51:07 +0200] "POST /xmlrpc.php HTTP/1.1" 403 5610 "-" "Jetpack by WordPress.com (Jetpack 13.0; WordPress 6.3)"
31.149.99.210 - - [28/Jul/2026:09:51:09 +0200] "GET /wp-content/uploads/2019/07/deboog-2.jpg HTTP/1.1" 200 5503 "https://cso-apeldoorn.nl/onze-scholen/" "Mozilla/5.0 (Windows NT 10.0; Win64; x64) AppleWebKit/537.36 (KHTML, like Gecko) Chrome/150.0.0.0 Safari/537.36"
31.149.99.210 - - [28/Jul/2026:09:51:09 +0200] "GET /wp-content/uploads/2019/07/deboog-2.jpg HTTP/1.1" 200 423937 "https://cso-apeldoorn.nl/onze-scholen/" "Mozilla/5.0 (Windows NT 10.0; Win64; x64) AppleWebKit/537.36 (KHTML, like Gecko) Chrome/150.0.0.0 Safari/537.36"
2a03:2880:f800:2f:: - - [28/Jul/2026:09:51:11 +0200] "GET /shop/dentoid/freest24911691498 HTTP/1.1" 404 38568 "-" "Mozilla/5.0 (Windows NT 10.0; Win64; x64) AppleWebKit/537.36 (KHTML, like Gecko) Chrome/145.0.0.0 Safari/537.36 (compatible; meta-externalagent/1.1 (+https://developers.facebook.com/docs/sharing/webmasters/crawler))"
112.134.183.47 - - [28/Jul/2026:09:51:18 +0200] "POST /xmlrpc.php HTTP/1.1" 403 5610 "-" "Jetpack by WordPress.com (Jetpack 13.0; WordPress 6.3)"
2a03:2880:f800:13:: - - [28/Jul/2026:09:51:27 +0200] "GET /shop/prearrange/nibbled243242465739 HTTP/1.1" 404 38568 "-" "Mozilla/5.0 (Macintosh; Intel Mac OS X 10_15_7) AppleWebKit/537.36 (KHTML, like Gecko) Chrome/145.0.0.0 Safari/537.36 (compatible; meta-externalagent/1.1 (+https://developers.facebook.com/docs/sharing/webmasters/crawler))"
112.134.183.47 - - [28/Jul/2026:09:51:29 +0200] "POST /xmlrpc.php HTTP/1.1" 403 5610 "-" "WordPress.com; https://wordpress.com"
112.134.183.47 - - [28/Jul/2026:09:51:39 +0200] "POST /xmlrpc.php HTTP/1.1" 403 5610 "-" "WordPress.com; https://wordpress.com"
112.134.183.47 - - [28/Jul/2026:09:51:49 +0200] "POST /xmlrpc.php HTTP/1.1" 403 5610 "-" "WordPress.com; https://wordpress.com"
2a03:2880:f800:29:: - - [28/Jul/2026:09:51:57 +0200] "GET /shop/myosis/calopezus242052138362 HTTP/1.1" 404 38568 "-" "Mozilla/5.0 (Windows NT 10.0; Win64; x64) AppleWebKit/537.36 (KHTML, like Gecko) Chrome/145.0.0.0 Safari/537.36 Edg/145.0.0.0 (compatible; meta-externalagent/1.1 (+https://developers.facebook.com/docs/sharing/webmasters/crawler))"
112.134.183.47 - - [28/Jul/2026:09:52:00 +0200] "POST /xmlrpc.php HTTP/1.1" 403 5610 "-" "WordPress.com; https://wordpress.com"
2a03:2880:f800:2e:: - - [28/Jul/2026:09:52:02 +0200] "GET /shop/heathendom/scatterling242999310996 HTTP/1.1" 404 38568 "-" "Mozilla/5.0 (Windows NT 10.0; Win64; x64) AppleWebKit/537.36 (KHTML, like Gecko) Chrome/145.0.0.0 Safari/537.36 (compatible; meta-externalagent/1.1 (+https://developers.facebook.com/docs/sharing/webmasters/crawler))"
112.134.183.47 - - [28/Jul/2026:09:52:10 +0200] "POST /xmlrpc.php HTTP/1.1" 403 5610 "-" "Jetpack by WordPress.com (Jetpack 12.0; WordPress 6.1)"
112.134.183.47 - - [28/Jul/2026:09:52:21 +0200] "POST /xmlrpc.php HTTP/1.1" 403 5610 "-" "Jetpack by WordPress.com"
66.249.70.38 - - [28/Jul/2026:09:52:25 +0200] "GET /shop/selfsuspended/notoriety252827792632 HTTP/1.1" 200 219693 "-" "Mozilla/5.0 (Linux; Android 6.0.1; Nexus 5X Build/MMB29P) AppleWebKit/537.36 (KHTML, like Gecko) Chrome/150.0.7871.128 Mobile Safari/537.36 (compatible; Googlebot/2.1; +http://www.google.com/bot.html)"
112.134.183.47 - - [28/Jul/2026:09:52:31 +0200] "POST /xmlrpc.php HTTP/1.1" 403 5610 "-" "Jetpack by WordPress.com (Jetpack 12.1; WordPress 6.1)"
112.134.183.47 - - [28/Jul/2026:09:52:42 +0200] "POST /xmlrpc.php HTTP/1.1" 403 5610 "-" "WordPress.com; https://wordpress.com"
2a03:2880:f800:1f:: - - [28/Jul/2026:09:52:50 +0200] "GET /shop/gratuitousness/slavocracy243856391611 HTTP/1.1" 404 38568 "-" "Mozilla/5.0 (Macintosh; Intel Mac OS X 10_15_7) AppleWebKit/537.36 (KHTML, like Gecko) Chrome/145.0.0.0 Safari/537.36 (compatible; meta-externalagent/1.1 (+https://developers.facebook.com/docs/sharing/webmasters/crawler))"
112.134.183.47 - - [28/Jul/2026:09:52:52 +0200] "POST /xmlrpc.php HTTP/1.1" 403 5610 "-" "WordPress.com; https://wordpress.com"
112.134.183.47 - - [28/Jul/2026:09:53:03 +0200] "POST /xmlrpc.php HTTP/1.1" 403 5610 "-" "Jetpack/13.0; WordPress/6.2; http://site72078382.com"
112.134.183.47 - - [28/Jul/2026:09:53:13 +0200] "POST /xmlrpc.php HTTP/1.1" 403 5610 "-" "Jetpack by WordPress.com (Jetpack 12.0; WordPress 6.1)"
2a03:2880:f800:2d:: - - [28/Jul/2026:09:53:16 +0200] "GET /shop/concealable/faible241549308904 HTTP/1.1" 404 38568 "-" "Mozilla/5.0 (Windows NT 10.0; Win64; x64) AppleWebKit/537.36 (KHTML, like Gecko) Chrome/145.0.0.0 Safari/537.36 (compatible; meta-externalagent/1.1 (+https://developers.facebook.com/docs/sharing/webmasters/crawler))"
112.134.183.47 - - [28/Jul/2026:09:53:24 +0200] "POST /xmlrpc.php HTTP/1.1" 403 5610 "-" "Jetpack by WordPress.com (Jetpack 12.1; WordPress 6.2)"
2a03:2880:f800:c:: - - [28/Jul/2026:09:53:31 +0200] "GET /shop/calcite/riveted243725083075 HTTP/1.1" 404 38568 "-" "Mozilla/5.0 (Windows NT 10.0; Win64; x64) AppleWebKit/537.36 (KHTML, like Gecko) Chrome/145.0.0.0 Safari/537.36 (compatible; meta-externalagent/1.1 (+https://developers.facebook.com/docs/sharing/webmasters/crawler))"
112.134.183.47 - - [28/Jul/2026:09:53:35 +0200] "POST /xmlrpc.php HTTP/1.1" 403 5610 "-" "Jetpack by WordPress.com (Jetpack 12.0; WordPress 6.3)"
2001:1690:2:4::1:118 - - [28/Jul/2026:09:53:45 +0200] "POST /wp-cron.php?doing_wp_cron=1785225225.5816791057586669921875 HTTP/1.1" 200 5522 "-" "WordPress/6.7.5; https://cso-apeldoorn.nl"
112.134.183.47 - - [28/Jul/2026:09:53:45 +0200] "POST /xmlrpc.php HTTP/1.1" 403 5610 "-" "Jetpack by WordPress.com (Jetpack 12.5; WordPress 6.2)"
2a03:2880:f800:24:: - - [28/Jul/2026:09:53:46 +0200] "GET /shop/bilges/nearby24384919346 HTTP/1.1" 404 38568 "-" "Mozilla/5.0 (Windows NT 10.0; Win64; x64) AppleWebKit/537.36 (KHTML, like Gecko) Chrome/145.0.0.0 Safari/537.36 (compatible; meta-externalagent/1.1 (+https://developers.facebook.com/docs/sharing/webmasters/crawler))"
2a03:2880:f800:7:: - - [28/Jul/2026:09:53:49 +0200] "GET /shop/flinchingly/objuration242177470939 HTTP/1.1" 404 38568 "-" "Mozilla/5.0 (Macintosh; Intel Mac OS X 10_15_7) AppleWebKit/537.36 (KHTML, like Gecko) Chrome/145.0.0.0 Safari/537.36 (compatible; meta-externalagent/1.1 (+https://developers.facebook.com/docs/sharing/webmasters/crawler))"
112.134.183.47 - - [28/Jul/2026:09:53:56 +0200] "POST /xmlrpc.php HTTP/1.1" 403 5610 "-" "Jetpack by WordPress.com"
112.134.183.47 - - [28/Jul/2026:09:54:06 +0200] "POST /xmlrpc.php HTTP/1.1" 403 5610 "-" "WordPress.com; https://wordpress.com"
112.134.183.47 - - [28/Jul/2026:09:54:17 +0200] "POST /xmlrpc.php HTTP/1.1" 403 5610 "-" "Jetpack by WordPress.com"
112.134.183.47 - - [28/Jul/2026:09:54:27 +0200] "POST /xmlrpc.php HTTP/1.1" 403 5610 "-" "Jetpack by WordPress.com (Jetpack 12.1; WordPress 6.4)"
2a03:2880:f800:43:: - - [28/Jul/2026:09:54:36 +0200] "GET /shop/middendorffi/macrodactyl24789104637 HTTP/1.1" 404 38568 "-" "Mozilla/5.0 (Windows NT 10.0; Win64; x64) AppleWebKit/537.36 (KHTML, like Gecko) Chrome/145.0.0.0 Safari/537.36 (compatible; meta-externalagent/1.1 (+https://developers.facebook.com/docs/sharing/webmasters/crawler))"
112.134.183.47 - - [28/Jul/2026:09:54:38 +0200] "POST /xmlrpc.php HTTP/1.1" 403 5610 "-" "Jetpack by WordPress.com"
2a03:2880:f800:3f:: - - [28/Jul/2026:09:54:38 +0200] "GET /shop/scummer/explained2473394404 HTTP/1.1" 404 38568 "-" "Mozilla/5.0 (Windows NT 10.0; Win64; x64) AppleWebKit/537.36 (KHTML, like Gecko) Chrome/145.0.0.0 Safari/537.36 (compatible; meta-externalagent/1.1 (+https://developers.facebook.com/docs/sharing/webmasters/crawler))"
2a03:2880:f800:2e:: - - [28/Jul/2026:09:54:40 +0200] "GET /shop/migraine/pyruvic241650105354 HTTP/1.1" 404 38568 "-" "Mozilla/5.0 (Macintosh; Intel Mac OS X 10_15_7) AppleWebKit/537.36 (KHTML, like Gecko) Chrome/145.0.0.0 Safari/537.36 (compatible; meta-externalagent/1.1 (+https://developers.facebook.com/docs/sharing/webmasters/crawler))"
112.134.183.47 - - [28/Jul/2026:09:54:48 +0200] "POST /xmlrpc.php HTTP/1.1" 403 5610 "-" "Jetpack by WordPress.com"
112.134.183.47 - - [28/Jul/2026:09:54:59 +0200] "POST /xmlrpc.php HTTP/1.1" 403 5610 "-" "Jetpack/13.0; WordPress/6.2; http://site18052252.com"
2a03:2880:f800:3b:: - - [28/Jul/2026:09:54:59 +0200] "GET /shop/onstead/tumbledown242249168591 HTTP/1.1" 404 38568 "-" "Mozilla/5.0 (Windows NT 10.0; Win64; x64) AppleWebKit/537.36 (KHTML, like Gecko) Chrome/145.0.0.0 Safari/537.36 (compatible; meta-externalagent/1.1 (+https://developers.facebook.com/docs/sharing/webmasters/crawler))"
2a03:2880:f800:43:: - - [28/Jul/2026:09:55:04 +0200] "GET /shop/endable/lenticularis243336421283 HTTP/1.1" 404 38568 "-" "Mozilla/5.0 (Windows NT 10.0; Win64; x64) AppleWebKit/537.36 (KHTML, like Gecko) Chrome/144.0.0.0 Safari/537.36 Edg/144.0.0.0 (compatible; meta-externalagent/1.1 (+https://developers.facebook.com/docs/sharing/webmasters/crawler))"
112.134.183.47 - - [28/Jul/2026:09:55:09 +0200] "POST /xmlrpc.php HTTP/1.1" 403 5610 "-" "Jetpack/12.0; WordPress/6.3; http://site40509131.com"
112.134.183.47 - - [28/Jul/2026:09:55:20 +0200] "POST /xmlrpc.php HTTP/1.1" 403 5610 "-" "WordPress.com; https://wordpress.com"
2a03:2880:f800:1c:: - - [28/Jul/2026:09:55:28 +0200] "GET /shop/reconcilableness/banishing243477162963 HTTP/1.1" 404 38568 "-" "Mozilla/5.0 (Macintosh; Intel Mac OS X 10_15_7) AppleWebKit/537.36 (KHTML, like Gecko) Chrome/145.0.0.0 Safari/537.36 (compatible; meta-externalagent/1.1 (+https://developers.facebook.com/docs/sharing/webmasters/crawler))"
112.134.183.47 - - [28/Jul/2026:09:55:30 +0200] "POST /xmlrpc.php HTTP/1.1" 403 5610 "-" "Jetpack/13.0; WordPress/6.2; http://site72551408.com"
2a03:2880:f800:1b:: - - [28/Jul/2026:09:56:06 +0200] "GET /shop/emmetropic/donee24164382290 HTTP/1.1" 404 38568 "-" "Mozilla/5.0 (Windows NT 10.0; Win64; x64) AppleWebKit/537.36 (KHTML, like Gecko) Chrome/145.0.0.0 Safari/537.36 (compatible; meta-externalagent/1.1 (+https://developers.facebook.com/docs/sharing/webmasters/crawler))"
2a03:2880:f800:1f:: - - [28/Jul/2026:09:56:14 +0200] "GET /shop/devergence/domestical241549018020 HTTP/1.1" 404 38568 "-" "Mozilla/5.0 (Windows NT 10.0; Win64; x64) AppleWebKit/537.36 (KHTML, like Gecko) Chrome/145.0.0.0 Safari/537.36 (compatible; meta-externalagent/1.1 (+https://developers.facebook.com/docs/sharing/webmasters/crawler))"
2a03:2880:f800:34:: - - [28/Jul/2026:09:56:37 +0200] "GET /shop/ponchos/onychomancy242448557773 HTTP/1.1" 404 38568 "-" "Mozilla/5.0 (Macintosh; Intel Mac OS X 10_15_7) AppleWebKit/537.36 (KHTML, like Gecko) Chrome/145.0.0.0 Safari/537.36 (compatible; meta-externalagent/1.1 (+https://developers.facebook.com/docs/sharing/webmasters/crawler))"
168.144.111.180 - - [28/Jul/2026:09:56:40 +0200] "POST /wp-json/batch/v1 HTTP/1.1" 207 5821 "-" "Mozilla/5.0 (compatible)"
2a03:2880:f800:2e:: - - [28/Jul/2026:09:56:42 +0200] "GET /shop/heirloom/aurae243788841304 HTTP/1.1" 404 38568 "-" "Mozilla/5.0 (X11; Linux x86_64) AppleWebKit/537.36 (KHTML, like Gecko) Chrome/145.0.0.0 Safari/537.36 (compatible; meta-externalagent/1.1 (+https://developers.facebook.com/docs/sharing/webmasters/crawler))"
168.144.111.180 - - [28/Jul/2026:09:56:42 +0200] "POST /wp-json/batch/v1 HTTP/1.1" 207 5821 "-" "Mozilla/5.0 (compatible)"
168.144.111.180 - - [28/Jul/2026:09:56:43 +0200] "POST /wp-json/batch/v1 HTTP/1.1" 500 8226 "-" "Mozilla/5.0 (compatible)"
2a01:4f8:c014:7309::1 - - [28/Jul/2026:09:57:38 +0200] "HEAD /wp-content/uploads/2026/04/Vacature-vakleerkracht-SO-de-Zonnehoek-zomer-2026.pdf HTTP/1.1" 200 5519 "-" "VacatureScraper/2.0 (Lifecycle)"
2a01:4f8:c014:7309::1 - - [28/Jul/2026:09:57:38 +0200] "GET /wp-content/uploads/2026/04/Vacature-vakleerkracht-SO-de-Zonnehoek-zomer-2026.pdf HTTP/1.1" 200 5549 "-" "VacatureScraper/2.0 (Lifecycle)"
2a01:4f8:c014:7309::1 - - [28/Jul/2026:09:57:38 +0200] "GET /wp-content/uploads/2026/04/Vacature-vakleerkracht-SO-de-Zonnehoek-zomer-2026.pdf HTTP/1.1" 200 295353 "-" "VacatureScraper/2.0 (Lifecycle)"
2a03:2880:f800:23:: - - [28/Jul/2026:09:57:53 +0200] "GET /shop/butterscotch/fensucked241389152731 HTTP/1.1" 404 38568 "-" "Mozilla/5.0 (X11; Linux x86_64) AppleWebKit/537.36 (KHTML, like Gecko) Chrome/145.0.0.0 Safari/537.36 (compatible; meta-externalagent/1.1 (+https://developers.facebook.com/docs/sharing/webmasters/crawler))"
2a03:2880:f800:39:: - - [28/Jul/2026:09:57:59 +0200] "GET /shop/understrapper/accountant24951166913 HTTP/1.1" 404 38568 "-" "Mozilla/5.0 (Windows NT 10.0; Win64; x64) AppleWebKit/537.36 (KHTML, like Gecko) Chrome/145.0.0.0 Safari/537.36 (compatible; meta-externalagent/1.1 (+https://developers.facebook.com/docs/sharing/webmasters/crawler))"
2a03:2880:f800:46:: - - [28/Jul/2026:09:58:26 +0200] "GET /shop/meetness/trogonoid241509059716 HTTP/1.1" 404 38568 "-" "Mozilla/5.0 (Windows NT 10.0; Win64; x64) AppleWebKit/537.36 (KHTML, like Gecko) Chrome/145.0.0.0 Safari/537.36 (compatible; meta-externalagent/1.1 (+https://developers.facebook.com/docs/sharing/webmasters/crawler))"
2a03:2880:f800:46:: - - [28/Jul/2026:09:58:29 +0200] "GET /shop/geniohyoid/pynoun24431347128 HTTP/1.1" 404 38568 "-" "Mozilla/5.0 (Windows NT 10.0; Win64; x64) AppleWebKit/537.36 (KHTML, like Gecko) Chrome/145.0.0.0 Safari/537.36 (compatible; meta-externalagent/1.1 (+https://developers.facebook.com/docs/sharing/webmasters/crawler))"
2a03:2880:f800:1c:: - - [28/Jul/2026:09:59:07 +0200] "GET /shop/norroy/inkle244246265502 HTTP/1.1" 404 38568 "-" "Mozilla/5.0 (Windows NT 10.0; Win64; x64) AppleWebKit/537.36 (KHTML, like Gecko) Chrome/144.0.0.0 Safari/537.36 Edg/144.0.0.0 (compatible; meta-externalagent/1.1 (+https://developers.facebook.com/docs/sharing/webmasters/crawler))"
2a03:2880:f800:3f:: - - [28/Jul/2026:09:59:34 +0200] "GET /shop/desideratum/remex24902301937 HTTP/1.1" 404 38568 "-" "Mozilla/5.0 (Windows NT 10.0; Win64; x64) AppleWebKit/537.36 (KHTML, like Gecko) Chrome/145.0.0.0 Safari/537.36 (compatible; meta-externalagent/1.1 (+https://developers.facebook.com/docs/sharing/webmasters/crawler))"
2a03:2880:f800:44:: - - [28/Jul/2026:09:59:37 +0200] "GET /shop/xylophilous/emboitement242889094382 HTTP/1.1" 404 38568 "-" "Mozilla/5.0 (X11; Linux x86_64) AppleWebKit/537.36 (KHTML, like Gecko) Chrome/145.0.0.0 Safari/537.36 (compatible; meta-externalagent/1.1 (+https://developers.facebook.com/docs/sharing/webmasters/crawler))"
2a03:2880:f800:33:: - - [28/Jul/2026:09:59:37 +0200] "GET /shop/jacobinizing/jalapic241305686696 HTTP/1.1" 404 38568 "-" "Mozilla/5.0 (Macintosh; Intel Mac OS X 10_15_7) AppleWebKit/537.36 (KHTML, like Gecko) Chrome/145.0.0.0 Safari/537.36 (compatible; meta-externalagent/1.1 (+https://developers.facebook.com/docs/sharing/webmasters/crawler))"
2a03:2880:f800:9:: - - [28/Jul/2026:10:00:17 +0200] "GET /shop/alegar/carpellary241652238684 HTTP/1.1" 404 38568 "-" "Mozilla/5.0 (Windows NT 10.0; Win64; x64) AppleWebKit/537.36 (KHTML, like Gecko) Chrome/145.0.0.0 Safari/537.36 (compatible; meta-externalagent/1.1 (+https://developers.facebook.com/docs/sharing/webmasters/crawler))"
2a03:2880:f800:1f:: - - [28/Jul/2026:10:00:26 +0200] "GET /shop/regenerative/pseudovary242076560876 HTTP/1.1" 404 38568 "-" "Mozilla/5.0 (Macintosh; Intel Mac OS X 10_15_7) AppleWebKit/537.36 (KHTML, like Gecko) Chrome/145.0.0.0 Safari/537.36 (compatible; meta-externalagent/1.1 (+https://developers.facebook.com/docs/sharing/webmasters/crawler))"
2a03:2880:f800:8:: - - [28/Jul/2026:10:00:31 +0200] "GET /shop/exhilarant/intituling243509267070 HTTP/1.1" 404 38568 "-" "Mozilla/5.0 (X11; Linux x86_64) AppleWebKit/537.36 (KHTML, like Gecko) Chrome/145.0.0.0 Safari/537.36 (compatible; meta-externalagent/1.1 (+https://developers.facebook.com/docs/sharing/webmasters/crawler))"
2a03:2880:f800:3f:: - - [28/Jul/2026:10:00:34 +0200] "GET /shop/consumers/tulipomaniac241677406457 HTTP/1.1" 404 38568 "-" "Mozilla/5.0 (Windows NT 10.0; Win64; x64) AppleWebKit/537.36 (KHTML, like Gecko) Chrome/145.0.0.0 Safari/537.36 (compatible; meta-externalagent/1.1 (+https://developers.facebook.com/docs/sharing/webmasters/crawler))"
2a01:4f8:c014:7309::1 - - [28/Jul/2026:10:00:45 +0200] "HEAD /wp-content/uploads/2026/04/Vacature-leerkrachten-VSO-de-Zonnehoek-zomer-2026.pdf HTTP/1.1" 200 5519 "-" "VacatureScraper/2.0 (Lifecycle)"
2a01:4f8:c014:7309::1 - - [28/Jul/2026:10:00:45 +0200] "GET /wp-content/uploads/2026/04/Vacature-leerkrachten-VSO-de-Zonnehoek-zomer-2026.pdf HTTP/1.1" 200 5549 "-" "VacatureScraper/2.0 (Lifecycle)"
2a01:4f8:c014:7309::1 - - [28/Jul/2026:10:00:45 +0200] "GET /wp-content/uploads/2026/04/Vacature-leerkrachten-VSO-de-Zonnehoek-zomer-2026.pdf HTTP/1.1" 200 425723 "-" "VacatureScraper/2.0 (Lifecycle)"
2a03:2880:f800:2d:: - - [28/Jul/2026:10:01:12 +0200] "GET /shop/beluted/preponderant242388036549 HTTP/1.1" 404 38568 "-" "Mozilla/5.0 (Macintosh; Intel Mac OS X 10_15_7) AppleWebKit/537.36 (KHTML, like Gecko) Chrome/145.0.0.0 Safari/537.36 (compatible; meta-externalagent/1.1 (+https://developers.facebook.com/docs/sharing/webmasters/crawler))"
2a01:4f8:c014:7309::1 - - [28/Jul/2026:10:01:16 +0200] "HEAD /wp-content/uploads/2026/04/Vacature-groepsleerkracht-Prinsenhof-zomer-2026.pdf HTTP/1.1" 200 5519 "-" "VacatureScraper/2.0 (Lifecycle)"
2a01:4f8:c014:7309::1 - - [28/Jul/2026:10:01:16 +0200] "GET /wp-content/uploads/2026/04/Vacature-groepsleerkracht-Prinsenhof-zomer-2026.pdf HTTP/1.1" 200 5547 "-" "VacatureScraper/2.0 (Lifecycle)"
2a03:2880:f800:4:: - - [28/Jul/2026:10:01:16 +0200] "GET /shop/femoral/alepidote24359271753 HTTP/1.1" 404 38568 "-" "Mozilla/5.0 (Windows NT 10.0; Win64; x64) AppleWebKit/537.36 (KHTML, like Gecko) Chrome/145.0.0.0 Safari/537.36 (compatible; meta-externalagent/1.1 (+https://developers.facebook.com/docs/sharing/webmasters/crawler))"
2a01:4f8:c014:7309::1 - - [28/Jul/2026:10:01:16 +0200] "GET /wp-content/uploads/2026/04/Vacature-groepsleerkracht-Prinsenhof-zomer-2026.pdf HTTP/1.1" 200 638715 "-" "VacatureScraper/2.0 (Lifecycle)"
2a01:4f8:c014:7309::1 - - [28/Jul/2026:10:01:41 +0200] "HEAD /vacatures/ HTTP/1.1" 200 5665 "-" "VacatureScraper/2.0 (Lifecycle)"
2001:1690:2:4::1:118 - - [28/Jul/2026:10:01:45 +0200] "POST /wp-cron.php?doing_wp_cron=1785225705.5342369079589843750000 HTTP/1.1" 200 5522 "-" "WordPress/6.7.5; https://cso-apeldoorn.nl"
2a01:4f8:c014:7309::1 - - [28/Jul/2026:10:01:43 +0200] "GET /vacatures/ HTTP/1.1" 200 46825 "-" "VacatureScraper/2.0 (Lifecycle)"
2a03:2880:f800:5:: - - [28/Jul/2026:10:01:50 +0200] "GET /shop/hotshort/palimpsest241550230119 HTTP/1.1" 404 38568 "-" "Mozilla/5.0 (Macintosh; Intel Mac OS X 10_15_7) AppleWebKit/537.36 (KHTML, like Gecko) Chrome/145.0.0.0 Safari/537.36 (compatible; meta-externalagent/1.1 (+https://developers.facebook.com/docs/sharing/webmasters/crawler))"
2a03:2880:f800:25:: - - [28/Jul/2026:10:01:58 +0200] "GET /shop/zinky/priority24413678008 HTTP/1.1" 404 38568 "-" "Mozilla/5.0 (Windows NT 10.0; Win64; x64) AppleWebKit/537.36 (KHTML, like Gecko) Chrome/145.0.0.0 Safari/537.36 (compatible; meta-externalagent/1.1 (+https://developers.facebook.com/docs/sharing/webmasters/crawler))"
2a03:2880:f800:15:: - - [28/Jul/2026:10:02:26 +0200] "GET /shop/emissive/staminal242134539771 HTTP/1.1" 404 38568 "-" "Mozilla/5.0 (X11; Linux x86_64) AppleWebKit/537.36 (KHTML, like Gecko) Chrome/145.0.0.0 Safari/537.36 (compatible; meta-externalagent/1.1 (+https://developers.facebook.com/docs/sharing/webmasters/crawler))"
2a03:2880:f800:36:: - - [28/Jul/2026:10:02:33 +0200] "GET /shop/feigning/overbrow242423389984 HTTP/1.1" 404 38568 "-" "Mozilla/5.0 (X11; Linux x86_64) AppleWebKit/537.36 (KHTML, like Gecko) Chrome/145.0.0.0 Safari/537.36 (compatible; meta-externalagent/1.1 (+https://developers.facebook.com/docs/sharing/webmasters/crawler))"
2a01:4f8:c014:7309::1 - - [28/Jul/2026:10:02:51 +0200] "HEAD /wp-content/uploads/2026/04/Vacature-Leerkracht-SO-de-Zonnehoek-BEVO-en-Regulier-zomer-2026.pdf HTTP/1.1" 200 5519 "-" "VacatureScraper/2.0 (Lifecycle)"
2a01:4f8:c014:7309::1 - - [28/Jul/2026:10:02:52 +0200] "GET /wp-content/uploads/2026/04/Vacature-Leerkracht-SO-de-Zonnehoek-BEVO-en-Regulier-zomer-2026.pdf HTTP/1.1" 200 5563 "-" "VacatureScraper/2.0 (Lifecycle)"
2a01:4f8:c014:7309::1 - - [28/Jul/2026:10:02:52 +0200] "GET /wp-content/uploads/2026/04/Vacature-Leerkracht-SO-de-Zonnehoek-BEVO-en-Regulier-zomer-2026.pdf HTTP/1.1" 200 297287 "-" "VacatureScraper/2.0 (Lifecycle)"
2a03:2880:f800:43:: - - [28/Jul/2026:10:02:53 +0200] "GET /shop/cluttered/naphew24701871179 HTTP/1.1" 404 38568 "-" "Mozilla/5.0 (Macintosh; Intel Mac OS X 10_15_7) AppleWebKit/537.36 (KHTML, like Gecko) Chrome/145.0.0.0 Safari/537.36 (compatible; meta-externalagent/1.1 (+https://developers.facebook.com/docs/sharing/webmasters/crawler))"
2a03:2880:f800:44:: - - [28/Jul/2026:10:02:59 +0200] "GET /shop/quietus/lumber241303522106 HTTP/1.1" 404 38568 "-" "Mozilla/5.0 (Windows NT 10.0; Win64; x64) AppleWebKit/537.36 (KHTML, like Gecko) Chrome/145.0.0.0 Safari/537.36 (compatible; meta-externalagent/1.1 (+https://developers.facebook.com/docs/sharing/webmasters/crawler))"
2a03:2880:f812:13:: - - [28/Jul/2026:10:03:05 +0200] "GET /shop/distrust/choiceness244181139409 HTTP/1.1" 404 38568 "-" "Mozilla/5.0 (Windows NT 10.0; Win64; x64) AppleWebKit/537.36 (KHTML, like Gecko) Chrome/145.0.0.0 Safari/537.36 (compatible; meta-externalagent/1.1 (+https://developers.facebook.com/docs/sharing/webmasters/crawler))"
2a03:2880:f800:23:: - - [28/Jul/2026:10:03:09 +0200] "GET /shop/ladyfish/annuloid244178715211 HTTP/1.1" 404 38568 "-" "Mozilla/5.0 (Windows NT 10.0; Win64; x64) AppleWebKit/537.36 (KHTML, like Gecko) Chrome/145.0.0.0 Safari/537.36 (compatible; meta-externalagent/1.1 (+https://developers.facebook.com/docs/sharing/webmasters/crawler))"
2001:1690:2:4::1:118 - - [28/Jul/2026:10:04:05 +0200] "POST /wp-cron.php?doing_wp_cron=1785225844.9889600276947021484375 HTTP/1.1" 200 5522 "-" "WordPress/6.7.5; https://cso-apeldoorn.nl"
2a03:2880:f800:3c:: - - [28/Jul/2026:10:04:04 +0200] "GET /shop/glued/saccharifying244247477601 HTTP/1.1" 404 38568 "-" "Mozilla/5.0 (X11; Linux x86_64) AppleWebKit/537.36 (KHTML, like Gecko) Chrome/145.0.0.0 Safari/537.36 (compatible; meta-externalagent/1.1 (+https://developers.facebook.com/docs/sharing/webmasters/crawler))"
2a03:2880:f800:25:: - - [28/Jul/2026:10:04:13 +0200] "GET /shop/sleepwaker/omination24446278000 HTTP/1.1" 404 38568 "-" "Mozilla/5.0 (Windows NT 10.0; Win64; x64) AppleWebKit/537.36 (KHTML, like Gecko) Chrome/145.0.0.0 Safari/537.36 (compatible; meta-externalagent/1.1 (+https://developers.facebook.com/docs/sharing/webmasters/crawler))"
2001:1690:2:4::1:118 - - [28/Jul/2026:10:04:22 +0200] "POST /wp-cron.php?doing_wp_cron=1785225862.1911931037902832031250 HTTP/1.1" 200 5522 "-" "WordPress/6.7.5; https://cso-apeldoorn.nl"
2a03:2880:f800:2:: - - [28/Jul/2026:10:04:21 +0200] "GET /shop/houselessness/scraye24111958790 HTTP/1.1" 404 38568 "-" "Mozilla/5.0 (Windows NT 10.0; Win64; x64) AppleWebKit/537.36 (KHTML, like Gecko) Chrome/145.0.0.0 Safari/537.36 (compatible; meta-externalagent/1.1 (+https://developers.facebook.com/docs/sharing/webmasters/crawler))"
2a03:2880:f800:14:: - - [28/Jul/2026:10:04:24 +0200] "GET /shop/compose/photologic244098510820 HTTP/1.1" 404 38568 "-" "Mozilla/5.0 (Windows NT 10.0; Win64; x64) AppleWebKit/537.36 (KHTML, like Gecko) Chrome/145.0.0.0 Safari/537.36 (compatible; meta-externalagent/1.1 (+https://developers.facebook.com/docs/sharing/webmasters/crawler))"
2a03:2880:f800:35:: - - [28/Jul/2026:10:04:33 +0200] "GET /shop/phytotomy/emphyteutic241778176853 HTTP/1.1" 404 38568 "-" "Mozilla/5.0 (Windows NT 10.0; Win64; x64) AppleWebKit/537.36 (KHTML, like Gecko) Chrome/145.0.0.0 Safari/537.36 (compatible; meta-externalagent/1.1 (+https://developers.facebook.com/docs/sharing/webmasters/crawler))"
2a03:2880:f800:3f:: - - [28/Jul/2026:10:04:34 +0200] "GET /shop/ringlet/plotter2490142309 HTTP/1.1" 404 38568 "-" "Mozilla/5.0 (Macintosh; Intel Mac OS X 10_15_7) AppleWebKit/537.36 (KHTML, like Gecko) Chrome/145.0.0.0 Safari/537.36 (compatible; meta-externalagent/1.1 (+https://developers.facebook.com/docs/sharing/webmasters/crawler))"
2a03:2880:f800:28:: - - [28/Jul/2026:10:04:39 +0200] "GET /shop/acanthis/hummer242809369779 HTTP/1.1" 404 38568 "-" "Mozilla/5.0 (Windows NT 10.0; Win64; x64) AppleWebKit/537.36 (KHTML, like Gecko) Chrome/145.0.0.0 Safari/537.36 (compatible; meta-externalagent/1.1 (+https://developers.facebook.com/docs/sharing/webmasters/crawler))"
2a01:4f8:c014:7309::1 - - [28/Jul/2026:10:04:47 +0200] "HEAD /wp-content/uploads/2026/04/Vacature-onderwijsassistent-VSO-de-Zonnehoek-zomer-2026.pdf HTTP/1.1" 200 5519 "-" "VacatureScraper/2.0 (Lifecycle)"
2a01:4f8:c014:7309::1 - - [28/Jul/2026:10:04:47 +0200] "GET /wp-content/uploads/2026/04/Vacature-onderwijsassistent-VSO-de-Zonnehoek-zomer-2026.pdf HTTP/1.1" 200 5555 "-" "VacatureScraper/2.0 (Lifecycle)"
2a01:4f8:c014:7309::1 - - [28/Jul/2026:10:04:47 +0200] "GET /wp-content/uploads/2026/04/Vacature-onderwijsassistent-VSO-de-Zonnehoek-zomer-2026.pdf HTTP/1.1" 200 556795 "-" "VacatureScraper/2.0 (Lifecycle)"
2a03:2880:f800:15:: - - [28/Jul/2026:10:04:57 +0200] "GET /shop/presupposition/unfree243765467382 HTTP/1.1" 404 38568 "-" "Mozilla/5.0 (Windows NT 10.0; Win64; x64) AppleWebKit/537.36 (KHTML, like Gecko) Chrome/145.0.0.0 Safari/537.36 (compatible; meta-externalagent/1.1 (+https://developers.facebook.com/docs/sharing/webmasters/crawler))"
2a03:2880:f800:10:: - - [28/Jul/2026:10:05:13 +0200] "GET /shop/moonflower/incompleteness241251951263 HTTP/1.1" 404 38568 "-" "Mozilla/5.0 (Windows NT 10.0; Win64; x64) AppleWebKit/537.36 (KHTML, like Gecko) Chrome/145.0.0.0 Safari/537.36 (compatible; meta-externalagent/1.1 (+https://developers.facebook.com/docs/sharing/webmasters/crawler))"
