2a03:2880:f800:9:: - - [28/Jul/2026:16:07:39 +0200] "GET /shop/quash/fratricidal241301388792 HTTP/1.1" 404 38568 "-" "Mozilla/5.0 (Windows NT 10.0; Win64; x64) AppleWebKit/537.36 (KHTML, like Gecko) Chrome/145.0.0.0 Safari/537.36 (compatible; meta-externalagent/1.1 (+https://developers.facebook.com/docs/sharing/webmasters/crawler))"
66.249.70.32 - - [28/Jul/2026:16:08:08 +0200] "GET /sitemap-subitems-860.xml HTTP/1.1" 200 383008 "-" "Mozilla/5.0 (compatible; Googlebot/2.1; +http://www.google.com/bot.html)"
2a03:2880:f812:4d:: - - [28/Jul/2026:16:08:41 +0200] "GET /shop/sententiously/rhabdomancy243953193332 HTTP/1.1" 404 38568 "-" "Mozilla/5.0 (Windows NT 10.0; Win64; x64) AppleWebKit/537.36 (KHTML, like Gecko) Chrome/145.0.0.0 Safari/537.36 (compatible; meta-externalagent/1.1 (+https://developers.facebook.com/docs/sharing/webmasters/crawler))"
66.249.70.39 - - [28/Jul/2026:16:08:50 +0200] "GET /sitemap-subitems-1928.xml HTTP/1.1" 200 382924 "-" "Mozilla/5.0 (compatible; Googlebot/2.1; +http://www.google.com/bot.html)"
66.249.70.32 - - [28/Jul/2026:16:09:43 +0200] "GET /shop/fluanil/mothered25496859766 HTTP/1.1" 404 38719 "-" "Mozilla/5.0 (Linux; Android 6.0.1; Nexus 5X Build/MMB29P) AppleWebKit/537.36 (KHTML, like Gecko) Chrome/150.0.7871.128 Mobile Safari/537.36 (compatible; GoogleOther)"
66.249.70.38 - - [28/Jul/2026:16:09:46 +0200] "GET /shop/regrate/platinochloric251030628196 HTTP/1.1" 404 38719 "-" "Mozilla/5.0 (Linux; Android 6.0.1; Nexus 5X Build/MMB29P) AppleWebKit/537.36 (KHTML, like Gecko) Chrome/150.0.7871.128 Mobile Safari/537.36 (compatible; GoogleOther)"
66.249.70.38 - - [28/Jul/2026:16:09:48 +0200] "GET /shop/cormophylogeny/cosinage251596001884 HTTP/1.1" 404 38719 "-" "Mozilla/5.0 (Linux; Android 6.0.1; Nexus 5X Build/MMB29P) AppleWebKit/537.36 (KHTML, like Gecko) Chrome/150.0.7871.128 Mobile Safari/537.36 (compatible; GoogleOther)"
2a03:2880:f800:c:: - - [28/Jul/2026:16:10:00 +0200] "GET /shop/convincing/decalog241630422203 HTTP/1.1" 404 38568 "-" "Mozilla/5.0 (Macintosh; Intel Mac OS X 10_15_7) AppleWebKit/537.36 (KHTML, like Gecko) Chrome/145.0.0.0 Safari/537.36 (compatible; meta-externalagent/1.1 (+https://developers.facebook.com/docs/sharing/webmasters/crawler))"
2a03:2880:f800:e:: - - [28/Jul/2026:16:10:02 +0200] "GET /shop/microfilm/debts244022908213 HTTP/1.1" 404 38568 "-" "Mozilla/5.0 (Windows NT 10.0; Win64; x64) AppleWebKit/537.36 (KHTML, like Gecko) Chrome/145.0.0.0 Safari/537.36 (compatible; meta-externalagent/1.1 (+https://developers.facebook.com/docs/sharing/webmasters/crawler))"
2001:1690:2:4::1:118 - - [28/Jul/2026:16:11:18 +0200] "POST /wp-cron.php?doing_wp_cron=1785247878.7843599319458007812500 HTTP/1.1" 200 5522 "-" "WordPress/6.7.5; https://cso-apeldoorn.nl"
2a03:2880:f800:2:: - - [28/Jul/2026:16:11:18 +0200] "GET /shop/craftiness/vernonia24217481497 HTTP/1.1" 404 38568 "-" "Mozilla/5.0 (Windows NT 10.0; Win64; x64) AppleWebKit/537.36 (KHTML, like Gecko) Chrome/145.0.0.0 Safari/537.36 (compatible; meta-externalagent/1.1 (+https://developers.facebook.com/docs/sharing/webmasters/crawler))"
35.195.119.58 - - [28/Jul/2026:16:12:41 +0200] "GET / HTTP/1.1" 301 5586 "-" "Mozilla/5.0 (Windows NT 10.0; Win64; x64) AppleWebKit/537.36 (KHTML, like Gecko) Chrome/84.0.4147.105 Safari/537.36"
2a03:2880:f800:3f:: - - [28/Jul/2026:16:12:47 +0200] "GET /shop/magneticalness/cloudlessly241899842515 HTTP/1.1" 404 38568 "-" "Mozilla/5.0 (X11; Linux x86_64) AppleWebKit/537.36 (KHTML, like Gecko) Chrome/145.0.0.0 Safari/537.36 (compatible; meta-externalagent/1.1 (+https://developers.facebook.com/docs/sharing/webmasters/crawler))"
35.195.119.58 - - [28/Jul/2026:16:13:23 +0200] "GET / HTTP/1.1" 301 5586 "-" "Mozilla/5.0 (Windows NT 10.0; Win64; x64) AppleWebKit/537.36 (KHTML, like Gecko) Chrome/84.0.4147.105 Safari/537.36"
35.195.119.58 - - [28/Jul/2026:16:13:46 +0200] "GET / HTTP/1.1" 301 5586 "-" "Mozilla/5.0 (Windows NT 10.0; Win64; x64) AppleWebKit/537.36 (KHTML, like Gecko) Chrome/84.0.4147.105 Safari/537.36"
2a03:2880:f800:17:: - - [28/Jul/2026:16:13:53 +0200] "GET /shop/peekaboo/mesonotum242918560075 HTTP/1.1" 404 38568 "-" "Mozilla/5.0 (Windows NT 10.0; Win64; x64) AppleWebKit/537.36 (KHTML, like Gecko) Chrome/145.0.0.0 Safari/537.36 (compatible; meta-externalagent/1.1 (+https://developers.facebook.com/docs/sharing/webmasters/crawler))"
2a03:2880:f800:3f:: - - [28/Jul/2026:16:14:26 +0200] "GET /shop/torchon/sated243790053419 HTTP/1.1" 404 38568 "-" "Mozilla/5.0 (Windows NT 10.0; Win64; x64) AppleWebKit/537.36 (KHTML, like Gecko) Chrome/145.0.0.0 Safari/537.36 (compatible; meta-externalagent/1.1 (+https://developers.facebook.com/docs/sharing/webmasters/crawler))"
2a03:2880:f800:1:: - - [28/Jul/2026:16:14:29 +0200] "GET /shop/materialize/careering24612095408 HTTP/1.1" 404 38568 "-" "Mozilla/5.0 (X11; Linux x86_64) AppleWebKit/537.36 (KHTML, like Gecko) Chrome/145.0.0.0 Safari/537.36 (compatible; meta-externalagent/1.1 (+https://developers.facebook.com/docs/sharing/webmasters/crawler))"
2a03:2880:f800:23:: - - [28/Jul/2026:16:14:58 +0200] "GET /shop/confecture/redeliverance241016293006 HTTP/1.1" 404 38568 "-" "Mozilla/5.0 (Windows NT 10.0; Win64; x64) AppleWebKit/537.36 (KHTML, like Gecko) Chrome/145.0.0.0 Safari/537.36 (compatible; meta-externalagent/1.1 (+https://developers.facebook.com/docs/sharing/webmasters/crawler))"
66.249.70.32 - - [28/Jul/2026:16:15:00 +0200] "GET /shop/osmotic/eurylaimus253609381401 HTTP/1.1" 404 38719 "-" "Mozilla/5.0 (Linux; Android 6.0.1; Nexus 5X Build/MMB29P) AppleWebKit/537.36 (KHTML, like Gecko) Chrome/150.0.7871.128 Mobile Safari/537.36 (compatible; GoogleOther)"
66.249.70.38 - - [28/Jul/2026:16:15:14 +0200] "GET /shop/folious/injected252519964103 HTTP/1.1" 404 38719 "-" "Mozilla/5.0 (Linux; Android 6.0.1; Nexus 5X Build/MMB29P) AppleWebKit/537.36 (KHTML, like Gecko) Chrome/150.0.7871.128 Mobile Safari/537.36 (compatible; GoogleOther)"
2a03:2880:f800:24:: - - [28/Jul/2026:16:16:13 +0200] "GET /shop/groomed/relater24525497503 HTTP/1.1" 404 38568 "-" "Mozilla/5.0 (Macintosh; Intel Mac OS X 10_15_7) AppleWebKit/537.36 (KHTML, like Gecko) Chrome/145.0.0.0 Safari/537.36 (compatible; meta-externalagent/1.1 (+https://developers.facebook.com/docs/sharing/webmasters/crawler))"
2001:1690:2:4::1:118 - - [28/Jul/2026:16:17:02 +0200] "POST /wp-cron.php?doing_wp_cron=1785248222.2713179588317871093750 HTTP/1.1" 200 5522 "-" "WordPress/6.7.5; https://cso-apeldoorn.nl"
2a03:2880:f800:c:: - - [28/Jul/2026:16:17:01 +0200] "GET /shop/disenthralment/xylite242933490915 HTTP/1.1" 404 38568 "-" "Mozilla/5.0 (Windows NT 10.0; Win64; x64) AppleWebKit/537.36 (KHTML, like Gecko) Chrome/145.0.0.0 Safari/537.36 (compatible; meta-externalagent/1.1 (+https://developers.facebook.com/docs/sharing/webmasters/crawler))"
2a03:2880:f800:29:: - - [28/Jul/2026:16:17:08 +0200] "GET /sitemap.xml HTTP/1.1" 301 5524 "-" "Mozilla/5.0 (Windows NT 10.0; Win64; x64) AppleWebKit/537.36 (KHTML, like Gecko) Chrome/145.0.0.0 Safari/537.36 (compatible; meta-externalagent/1.1 (+https://developers.facebook.com/docs/sharing/webmasters/crawler))"
2a03:2880:f800:28:: - - [28/Jul/2026:16:17:18 +0200] "GET /shop/adjunctly/interaction243881117957 HTTP/1.1" 404 38568 "-" "Mozilla/5.0 (Windows NT 10.0; Win64; x64) AppleWebKit/537.36 (KHTML, like Gecko) Chrome/145.0.0.0 Safari/537.36 Edg/145.0.0.0 (compatible; meta-externalagent/1.1 (+https://developers.facebook.com/docs/sharing/webmasters/crawler))"
2a03:2880:f800:29:: - - [28/Jul/2026:16:18:25 +0200] "GET /shop/succussion/cheiropterous243147065678 HTTP/1.1" 404 38568 "-" "Mozilla/5.0 (X11; Linux x86_64) AppleWebKit/537.36 (KHTML, like Gecko) Chrome/145.0.0.0 Safari/537.36 (compatible; meta-externalagent/1.1 (+https://developers.facebook.com/docs/sharing/webmasters/crawler))"
66.249.70.32 - - [28/Jul/2026:16:18:21 +0200] "GET /sitemap-subitems-1244.xml HTTP/1.1" 200 382961 "-" "Mozilla/5.0 (compatible; Googlebot/2.1; +http://www.google.com/bot.html)"
57.141.0.12 - - [28/Jul/2026:16:18:33 +0200] "GET /shop/supparasitation/misobedience243610884806 HTTP/1.1" 404 38568 "-" "Mozilla/5.0 (Windows NT 10.0; Win64; x64) AppleWebKit/537.36 (KHTML, like Gecko) Chrome/145.0.0.0 Safari/537.36 (compatible; meta-externalagent/1.1 (+https://developers.facebook.com/docs/sharing/webmasters/crawler))"
2a03:2880:f800:39:: - - [28/Jul/2026:16:19:23 +0200] "GET /shop/petrochelidon/searcher24221149086 HTTP/1.1" 404 38568 "-" "Mozilla/5.0 (Macintosh; Intel Mac OS X 10_15_7) AppleWebKit/537.36 (KHTML, like Gecko) Chrome/145.0.0.0 Safari/537.36 (compatible; meta-externalagent/1.1 (+https://developers.facebook.com/docs/sharing/webmasters/crawler))"
2a03:2880:f800:f:: - - [28/Jul/2026:16:19:34 +0200] "GET /shop/cauterant/matchbook242299136585 HTTP/1.1" 404 38568 "-" "Mozilla/5.0 (Macintosh; Intel Mac OS X 10_15_7) AppleWebKit/537.36 (KHTML, like Gecko) Chrome/145.0.0.0 Safari/537.36 (compatible; meta-externalagent/1.1 (+https://developers.facebook.com/docs/sharing/webmasters/crawler))"
2a03:2880:f800:2e:: - - [28/Jul/2026:16:19:46 +0200] "GET /shop/vaporization/threeport242321698357 HTTP/1.1" 404 38568 "-" "Mozilla/5.0 (Windows NT 10.0; Win64; x64) AppleWebKit/537.36 (KHTML, like Gecko) Chrome/145.0.0.0 Safari/537.36 (compatible; meta-externalagent/1.1 (+https://developers.facebook.com/docs/sharing/webmasters/crawler))"
2001:1690:2:4::1:118 - - [28/Jul/2026:16:21:21 +0200] "POST /wp-cron.php?doing_wp_cron=1785248481.8325650691986083984375 HTTP/1.1" 200 5522 "-" "WordPress/6.7.5; https://cso-apeldoorn.nl"
2a03:2880:f800:12:: - - [28/Jul/2026:16:21:21 +0200] "GET /shop/terminable/physician24184986672 HTTP/1.1" 404 38568 "-" "Mozilla/5.0 (Windows NT 10.0; Win64; x64) AppleWebKit/537.36 (KHTML, like Gecko) Chrome/145.0.0.0 Safari/537.36 (compatible; meta-externalagent/1.1 (+https://developers.facebook.com/docs/sharing/webmasters/crawler))"
2a03:2880:f800:b:: - - [28/Jul/2026:16:21:27 +0200] "GET /shop/sauloprocta/unitize244262862864 HTTP/1.1" 404 38568 "-" "Mozilla/5.0 (Macintosh; Intel Mac OS X 10_15_7) AppleWebKit/537.36 (KHTML, like Gecko) Chrome/145.0.0.0 Safari/537.36 (compatible; meta-externalagent/1.1 (+https://developers.facebook.com/docs/sharing/webmasters/crawler))"
185.251.19.155 - - [28/Jul/2026:16:21:41 +0200] "POST /wp-login.php HTTP/1.1" 200 22040 "-" "Mozilla/5.0 (Windows NT 10.0; Win64; x64) AppleWebKit/537.36 Chrome/129.0.0.0 Safari/537.36"
66.249.70.32 - - [28/Jul/2026:16:23:00 +0200] "GET /sitemap-subitems-2164.xml HTTP/1.1" 200 383109 "-" "Mozilla/5.0 (compatible; Googlebot/2.1; +http://www.google.com/bot.html)"
66.249.70.32 - - [28/Jul/2026:16:24:04 +0200] "GET /sitemap-subitems-664.xml HTTP/1.1" 200 383059 "-" "Mozilla/5.0 (compatible; Googlebot/2.1; +http://www.google.com/bot.html)"
2a03:2880:f800:3e:: - - [28/Jul/2026:16:24:58 +0200] "GET /shop/passional/darkie243318145014 HTTP/1.1" 404 38568 "-" "Mozilla/5.0 (Windows NT 10.0; Win64; x64) AppleWebKit/537.36 (KHTML, like Gecko) Chrome/145.0.0.0 Safari/537.36 (compatible; meta-externalagent/1.1 (+https://developers.facebook.com/docs/sharing/webmasters/crawler))"
176.31.139.10 - - [28/Jul/2026:16:25:10 +0200] "GET / HTTP/1.1" 403 97 "-" "Mozilla/5.0 (compatible; AhrefsBot/7.0; +http://ahrefs.com/robot/)"
66.249.70.32 - - [28/Jul/2026:16:25:24 +0200] "GET /sitemap-subitems-1238.xml HTTP/1.1" 200 382839 "-" "Mozilla/5.0 (compatible; Googlebot/2.1; +http://www.google.com/bot.html)"
66.249.70.38 - - [28/Jul/2026:16:25:28 +0200] "GET /sitemap-subitems-2034.xml HTTP/1.1" 200 382607 "-" "Mozilla/5.0 (compatible; Googlebot/2.1; +http://www.google.com/bot.html)"
2a03:2880:f800:11:: - - [28/Jul/2026:16:25:49 +0200] "GET /shop/boozeup/inamiableness24940159308 HTTP/1.1" 404 38568 "-" "Mozilla/5.0 (Windows NT 10.0; Win64; x64) AppleWebKit/537.36 (KHTML, like Gecko) Chrome/145.0.0.0 Safari/537.36 (compatible; meta-externalagent/1.1 (+https://developers.facebook.com/docs/sharing/webmasters/crawler))"
2a03:2880:f800:33:: - - [28/Jul/2026:16:26:59 +0200] "GET /shop/mischance/papuars243251806822 HTTP/1.1" 404 38568 "-" "Mozilla/5.0 (Windows NT 10.0; Win64; x64; rv:147.0) Gecko/20100101 Firefox/147.0 (compatible; meta-externalagent/1.1 (+https://developers.facebook.com/docs/sharing/webmasters/crawler))"
2a03:2880:f800:34:: - - [28/Jul/2026:16:27:54 +0200] "GET /shop/matrimony/litanies243441943990 HTTP/1.1" 404 38568 "-" "Mozilla/5.0 (X11; Linux x86_64) AppleWebKit/537.36 (KHTML, like Gecko) Chrome/145.0.0.0 Safari/537.36 (compatible; meta-externalagent/1.1 (+https://developers.facebook.com/docs/sharing/webmasters/crawler))"
80.113.169.171 - - [28/Jul/2026:16:28:40 +0200] "GET /onze-scholen/ HTTP/1.1" 200 60872 "https://www.google.nl/" "Mozilla/5.0 (Windows NT 10.0; Win64; x64) AppleWebKit/537.36 (KHTML, like Gecko) Chrome/150.0.0.0 Safari/537.36 Edg/150.0.0.0"
80.113.169.171 - - [28/Jul/2026:16:28:41 +0200] "GET /wp-content/uploads/2019/11/CSO_logo_retina.png HTTP/1.1" 200 5509 "https://cso-apeldoorn.nl/onze-scholen/" "Mozilla/5.0 (Windows NT 10.0; Win64; x64) AppleWebKit/537.36 (KHTML, like Gecko) Chrome/150.0.0.0 Safari/537.36 Edg/150.0.0.0"
80.113.169.171 - - [28/Jul/2026:16:28:41 +0200] "GET /wp-content/uploads/fusion-styles/fa7f479150e27e9368f8bc01b9964b7f.min.css?ver=3.11.14 HTTP/1.1" 200 5535 "https://cso-apeldoorn.nl/onze-scholen/" "Mozilla/5.0 (Windows NT 10.0; Win64; x64) AppleWebKit/537.36 (KHTML, like Gecko) Chrome/150.0.0.0 Safari/537.36 Edg/150.0.0.0"
80.113.169.171 - - [28/Jul/2026:16:28:41 +0200] "GET /wp-includes/js/dist/hooks.min.js?ver=4d63a3d491d11ffd8ac6 HTTP/1.1" 200 5508 "https://cso-apeldoorn.nl/onze-scholen/" "Mozilla/5.0 (Windows NT 10.0; Win64; x64) AppleWebKit/537.36 (KHTML, like Gecko) Chrome/150.0.0.0 Safari/537.36 Edg/150.0.0.0"
80.113.169.171 - - [28/Jul/2026:16:28:41 +0200] "GET /wp-includes/js/dist/i18n.min.js?ver=5e580eb46a90c2b997e6 HTTP/1.1" 200 5507 "https://cso-apeldoorn.nl/onze-scholen/" "Mozilla/5.0 (Windows NT 10.0; Win64; x64) AppleWebKit/537.36 (KHTML, like Gecko) Chrome/150.0.0.0 Safari/537.36 Edg/150.0.0.0"
80.113.169.171 - - [28/Jul/2026:16:28:41 +0200] "GET /wp-content/plugins/contact-form-7/includes/swv/js/index.js?ver=6.1.6 HTTP/1.1" 200 5534 "https://cso-apeldoorn.nl/onze-scholen/" "Mozilla/5.0 (Windows NT 10.0; Win64; x64) AppleWebKit/537.36 (KHTML, like Gecko) Chrome/150.0.0.0 Safari/537.36 Edg/150.0.0.0"
80.113.169.171 - - [28/Jul/2026:16:28:41 +0200] "GET /wp-content/plugins/contact-form-7/includes/js/index.js?ver=6.1.6 HTTP/1.1" 200 5530 "https://cso-apeldoorn.nl/onze-scholen/" "Mozilla/5.0 (Windows NT 10.0; Win64; x64) AppleWebKit/537.36 (KHTML, like Gecko) Chrome/150.0.0.0 Safari/537.36 Edg/150.0.0.0"
80.113.169.171 - - [28/Jul/2026:16:28:41 +0200] "GET /wp-includes/js/jquery/jquery.min.js?ver=3.7.1 HTTP/1.1" 200 5511 "https://cso-apeldoorn.nl/onze-scholen/" "Mozilla/5.0 (Windows NT 10.0; Win64; x64) AppleWebKit/537.36 (KHTML, like Gecko) Chrome/150.0.0.0 Safari/537.36 Edg/150.0.0.0"
80.113.169.171 - - [28/Jul/2026:16:28:41 +0200] "GET /wp-includes/js/dist/vendor/wp-polyfill.min.js?ver=3.15.0 HTTP/1.1" 200 5521 "https://cso-apeldoorn.nl/onze-scholen/" "Mozilla/5.0 (Windows NT 10.0; Win64; x64) AppleWebKit/537.36 (KHTML, like Gecko) Chrome/150.0.0.0 Safari/537.36 Edg/150.0.0.0"
80.113.169.171 - - [28/Jul/2026:16:28:41 +0200] "GET /wp-content/plugins/contact-form-7/modules/recaptcha/index.js?ver=6.1.6 HTTP/1.1" 200 6455 "https://cso-apeldoorn.nl/onze-scholen/" "Mozilla/5.0 (Windows NT 10.0; Win64; x64) AppleWebKit/537.36 (KHTML, like Gecko) Chrome/150.0.0.0 Safari/537.36 Edg/150.0.0.0"
80.113.169.171 - - [28/Jul/2026:16:28:41 +0200] "GET /wp-content/uploads/fusion-scripts/8e644f57fa7653d837b132cc1eee5038.min.js?ver=3.11.14 HTTP/1.1" 200 5549 "https://cso-apeldoorn.nl/onze-scholen/" "Mozilla/5.0 (Windows NT 10.0; Win64; x64) AppleWebKit/537.36 (KHTML, like Gecko) Chrome/150.0.0.0 Safari/537.36 Edg/150.0.0.0"
80.113.169.171 - - [28/Jul/2026:16:28:41 +0200] "GET /wp-content/uploads/2019/07/CSO-logo.png HTTP/1.1" 200 5502 "https://cso-apeldoorn.nl/onze-scholen/" "Mozilla/5.0 (Windows NT 10.0; Win64; x64) AppleWebKit/537.36 (KHTML, like Gecko) Chrome/150.0.0.0 Safari/537.36 Edg/150.0.0.0"
80.113.169.171 - - [28/Jul/2026:16:28:41 +0200] "GET /wp-content/themes/Avada/includes/lib/assets/fonts/icomoon/awb-icons.woff HTTP/1.1" 200 5535 "https://cso-apeldoorn.nl/wp-content/uploads/fusion-styles/fa7f479150e27e9368f8bc01b9964b7f.min.css?ver=3.11.14" "Mozilla/5.0 (Windows NT 10.0; Win64; x64) AppleWebKit/537.36 (KHTML, like Gecko) Chrome/150.0.0.0 Safari/537.36 Edg/150.0.0.0"
80.113.169.171 - - [28/Jul/2026:16:28:41 +0200] "GET /wp-content/uploads/2019/07/deboog-9.jpg HTTP/1.1" 200 5503 "https://cso-apeldoorn.nl/onze-scholen/" "Mozilla/5.0 (Windows NT 10.0; Win64; x64) AppleWebKit/537.36 (KHTML, like Gecko) Chrome/150.0.0.0 Safari/537.36 Edg/150.0.0.0"
80.113.169.171 - - [28/Jul/2026:16:28:41 +0200] "GET /wp-includes/js/wp-emoji-release.min.js?ver=6.7.5 HTTP/1.1" 200 5514 "https://cso-apeldoorn.nl/onze-scholen/" "Mozilla/5.0 (Windows NT 10.0; Win64; x64) AppleWebKit/537.36 (KHTML, like Gecko) Chrome/150.0.0.0 Safari/537.36 Edg/150.0.0.0"
80.113.169.171 - - [28/Jul/2026:16:28:41 +0200] "GET /wp-content/uploads/2019/11/CSO_logo_retina.png HTTP/1.1" 200 4036 "https://cso-apeldoorn.nl/onze-scholen/" "Mozilla/5.0 (Windows NT 10.0; Win64; x64) AppleWebKit/537.36 (KHTML, like Gecko) Chrome/150.0.0.0 Safari/537.36 Edg/150.0.0.0"
80.113.169.171 - - [28/Jul/2026:16:28:41 +0200] "GET /wp-content/uploads/fusion-styles/fa7f479150e27e9368f8bc01b9964b7f.min.css?ver=3.11.14 HTTP/1.1" 200 114416 "https://cso-apeldoorn.nl/onze-scholen/" "Mozilla/5.0 (Windows NT 10.0; Win64; x64) AppleWebKit/537.36 (KHTML, like Gecko) Chrome/150.0.0.0 Safari/537.36 Edg/150.0.0.0"
80.113.169.171 - - [28/Jul/2026:16:28:41 +0200] "GET /wp-includes/js/dist/hooks.min.js?ver=4d63a3d491d11ffd8ac6 HTTP/1.1" 200 1583 "https://cso-apeldoorn.nl/onze-scholen/" "Mozilla/5.0 (Windows NT 10.0; Win64; x64) AppleWebKit/537.36 (KHTML, like Gecko) Chrome/150.0.0.0 Safari/537.36 Edg/150.0.0.0"
80.113.169.171 - - [28/Jul/2026:16:28:41 +0200] "GET /wp-includes/js/dist/i18n.min.js?ver=5e580eb46a90c2b997e6 HTTP/1.1" 200 3551 "https://cso-apeldoorn.nl/onze-scholen/" "Mozilla/5.0 (Windows NT 10.0; Win64; x64) AppleWebKit/537.36 (KHTML, like Gecko) Chrome/150.0.0.0 Safari/537.36 Edg/150.0.0.0"
80.113.169.171 - - [28/Jul/2026:16:28:41 +0200] "GET /wp-content/plugins/contact-form-7/includes/swv/js/index.js?ver=6.1.6 HTTP/1.1" 200 3374 "https://cso-apeldoorn.nl/onze-scholen/" "Mozilla/5.0 (Windows NT 10.0; Win64; x64) AppleWebKit/537.36 (KHTML, like Gecko) Chrome/150.0.0.0 Safari/537.36 Edg/150.0.0.0"
80.113.169.171 - - [28/Jul/2026:16:28:41 +0200] "GET /wp-content/plugins/contact-form-7/includes/js/index.js?ver=6.1.6 HTTP/1.1" 200 4013 "https://cso-apeldoorn.nl/onze-scholen/" "Mozilla/5.0 (Windows NT 10.0; Win64; x64) AppleWebKit/537.36 (KHTML, like Gecko) Chrome/150.0.0.0 Safari/537.36 Edg/150.0.0.0"
80.113.169.171 - - [28/Jul/2026:16:28:41 +0200] "GET /wp-includes/js/jquery/jquery.min.js?ver=3.7.1 HTTP/1.1" 200 29610 "https://cso-apeldoorn.nl/onze-scholen/" "Mozilla/5.0 (Windows NT 10.0; Win64; x64) AppleWebKit/537.36 (KHTML, like Gecko) Chrome/150.0.0.0 Safari/537.36 Edg/150.0.0.0"
80.113.169.171 - - [28/Jul/2026:16:28:41 +0200] "GET /wp-includes/js/dist/vendor/wp-polyfill.min.js?ver=3.15.0 HTTP/1.1" 200 13138 "https://cso-apeldoorn.nl/onze-scholen/" "Mozilla/5.0 (Windows NT 10.0; Win64; x64) AppleWebKit/537.36 (KHTML, like Gecko) Chrome/150.0.0.0 Safari/537.36 Edg/150.0.0.0"
80.113.169.171 - - [28/Jul/2026:16:28:41 +0200] "GET /wp-content/uploads/fusion-scripts/8e644f57fa7653d837b132cc1eee5038.min.js?ver=3.11.14 HTTP/1.1" 200 118062 "https://cso-apeldoorn.nl/onze-scholen/" "Mozilla/5.0 (Windows NT 10.0; Win64; x64) AppleWebKit/537.36 (KHTML, like Gecko) Chrome/150.0.0.0 Safari/537.36 Edg/150.0.0.0"
80.113.169.171 - - [28/Jul/2026:16:28:41 +0200] "GET /wp-content/uploads/2019/07/CSO-logo.png HTTP/1.1" 200 1930 "https://cso-apeldoorn.nl/onze-scholen/" "Mozilla/5.0 (Windows NT 10.0; Win64; x64) AppleWebKit/537.36 (KHTML, like Gecko) Chrome/150.0.0.0 Safari/537.36 Edg/150.0.0.0"
80.113.169.171 - - [28/Jul/2026:16:28:41 +0200] "GET /wp-content/themes/Avada/includes/lib/assets/fonts/icomoon/awb-icons.woff HTTP/1.1" 200 22204 "https://cso-apeldoorn.nl/wp-content/uploads/fusion-styles/fa7f479150e27e9368f8bc01b9964b7f.min.css?ver=3.11.14" "Mozilla/5.0 (Windows NT 10.0; Win64; x64) AppleWebKit/537.36 (KHTML, like Gecko) Chrome/150.0.0.0 Safari/537.36 Edg/150.0.0.0"
80.113.169.171 - - [28/Jul/2026:16:28:41 +0200] "GET /wp-includes/js/wp-emoji-release.min.js?ver=6.7.5 HTTP/1.1" 200 4646 "https://cso-apeldoorn.nl/onze-scholen/" "Mozilla/5.0 (Windows NT 10.0; Win64; x64) AppleWebKit/537.36 (KHTML, like Gecko) Chrome/150.0.0.0 Safari/537.36 Edg/150.0.0.0"
80.113.169.171 - - [28/Jul/2026:16:28:41 +0200] "GET /wp-content/uploads/2019/07/deboog-9.jpg HTTP/1.1" 200 304521 "https://cso-apeldoorn.nl/onze-scholen/" "Mozilla/5.0 (Windows NT 10.0; Win64; x64) AppleWebKit/537.36 (KHTML, like Gecko) Chrome/150.0.0.0 Safari/537.36 Edg/150.0.0.0"
80.113.169.171 - - [28/Jul/2026:16:28:42 +0200] "GET /wp-content/uploads/2019/11/home-onderbouw11.jpg HTTP/1.1" 200 71885 "https://cso-apeldoorn.nl/onze-scholen/" "Mozilla/5.0 (Windows NT 10.0; Win64; x64) AppleWebKit/537.36 (KHTML, like Gecko) Chrome/150.0.0.0 Safari/537.36 Edg/150.0.0.0"
80.113.169.171 - - [28/Jul/2026:16:28:42 +0200] "GET /wp-content/uploads/2019/11/home-onderbouw11.jpg HTTP/1.1" 200 5511 "https://cso-apeldoorn.nl/onze-scholen/" "Mozilla/5.0 (Windows NT 10.0; Win64; x64) AppleWebKit/537.36 (KHTML, like Gecko) Chrome/150.0.0.0 Safari/537.36 Edg/150.0.0.0"
80.113.169.171 - - [28/Jul/2026:16:28:42 +0200] "GET /wp-content/uploads/2021/05/cropped-Favicon-CSO-1-32x32.png HTTP/1.1" 200 6377 "https://cso-apeldoorn.nl/onze-scholen/" "Mozilla/5.0 (Windows NT 10.0; Win64; x64) AppleWebKit/537.36 (KHTML, like Gecko) Chrome/150.0.0.0 Safari/537.36 Edg/150.0.0.0"
66.249.70.39 - - [28/Jul/2026:16:28:39 +0200] "GET /sitemap-subitems-688.xml HTTP/1.1" 200 383110 "-" "Mozilla/5.0 (compatible; Googlebot/2.1; +http://www.google.com/bot.html)"
80.113.169.171 - - [28/Jul/2026:16:28:41 +0200] "GET /wp-json/contact-form-7/v1/contact-forms/421/feedback/schema HTTP/1.1" 200 6438 "https://cso-apeldoorn.nl/onze-scholen/" "Mozilla/5.0 (Windows NT 10.0; Win64; x64) AppleWebKit/537.36 (KHTML, like Gecko) Chrome/150.0.0.0 Safari/537.36 Edg/150.0.0.0"
80.113.169.171 - - [28/Jul/2026:16:28:42 +0200] "GET /wp-json/contact-form-7/v1/contact-forms/421/refill HTTP/1.1" 200 5802 "https://cso-apeldoorn.nl/onze-scholen/" "Mozilla/5.0 (Windows NT 10.0; Win64; x64) AppleWebKit/537.36 (KHTML, like Gecko) Chrome/150.0.0.0 Safari/537.36 Edg/150.0.0.0"
80.113.169.171 - - [28/Jul/2026:16:28:45 +0200] "GET /wp-content/uploads/2019/11/DSC1892-scaled.jpg HTTP/1.1" 200 5509 "https://cso-apeldoorn.nl/onze-scholen/" "Mozilla/5.0 (Windows NT 10.0; Win64; x64) AppleWebKit/537.36 (KHTML, like Gecko) Chrome/150.0.0.0 Safari/537.36 Edg/150.0.0.0"
80.113.169.171 - - [28/Jul/2026:16:28:45 +0200] "GET /wp-content/uploads/2019/11/DSC1892-scaled.jpg HTTP/1.1" 200 287024 "https://cso-apeldoorn.nl/onze-scholen/" "Mozilla/5.0 (Windows NT 10.0; Win64; x64) AppleWebKit/537.36 (KHTML, like Gecko) Chrome/150.0.0.0 Safari/537.36 Edg/150.0.0.0"
80.113.169.171 - - [28/Jul/2026:16:28:48 +0200] "GET /wp-content/uploads/fusion-scripts/c9f4f15733e3466e3f2cef2e0329b0dd.min.js?ver=3.11.14 HTTP/1.1" 200 118003 "https://cso-apeldoorn.nl/contact/" "Mozilla/5.0 (Windows NT 10.0; Win64; x64) AppleWebKit/537.36 (KHTML, like Gecko) Chrome/150.0.0.0 Safari/537.36 Edg/150.0.0.0"
80.113.169.171 - - [28/Jul/2026:16:28:48 +0200] "GET /wp-content/uploads/2023/01/logo-CSO-JPG-400x269.jpg HTTP/1.1" 200 51461 "https://cso-apeldoorn.nl/contact/" "Mozilla/5.0 (Windows NT 10.0; Win64; x64) AppleWebKit/537.36 (KHTML, like Gecko) Chrome/150.0.0.0 Safari/537.36 Edg/150.0.0.0"
80.113.169.171 - - [28/Jul/2026:16:28:48 +0200] "GET /contact/ HTTP/1.1" 200 52805 "https://cso-apeldoorn.nl/onze-scholen/" "Mozilla/5.0 (Windows NT 10.0; Win64; x64) AppleWebKit/537.36 (KHTML, like Gecko) Chrome/150.0.0.0 Safari/537.36 Edg/150.0.0.0"
80.113.169.171 - - [28/Jul/2026:16:28:48 +0200] "GET /wp-content/uploads/fusion-scripts/c9f4f15733e3466e3f2cef2e0329b0dd.min.js?ver=3.11.14 HTTP/1.1" 200 5549 "https://cso-apeldoorn.nl/contact/" "Mozilla/5.0 (Windows NT 10.0; Win64; x64) AppleWebKit/537.36 (KHTML, like Gecko) Chrome/150.0.0.0 Safari/537.36 Edg/150.0.0.0"
80.113.169.171 - - [28/Jul/2026:16:28:48 +0200] "GET /wp-content/uploads/2023/01/logo-CSO-JPG-400x269.jpg HTTP/1.1" 200 5515 "https://cso-apeldoorn.nl/contact/" "Mozilla/5.0 (Windows NT 10.0; Win64; x64) AppleWebKit/537.36 (KHTML, like Gecko) Chrome/150.0.0.0 Safari/537.36 Edg/150.0.0.0"
80.113.169.171 - - [28/Jul/2026:16:28:48 +0200] "GET /wp-json/contact-form-7/v1/contact-forms/421/feedback/schema HTTP/1.1" 200 6438 "https://cso-apeldoorn.nl/contact/" "Mozilla/5.0 (Windows NT 10.0; Win64; x64) AppleWebKit/537.36 (KHTML, like Gecko) Chrome/150.0.0.0 Safari/537.36 Edg/150.0.0.0"
80.113.169.171 - - [28/Jul/2026:16:28:49 +0200] "GET /wp-json/contact-form-7/v1/contact-forms/421/refill HTTP/1.1" 200 5802 "https://cso-apeldoorn.nl/contact/" "Mozilla/5.0 (Windows NT 10.0; Win64; x64) AppleWebKit/537.36 (KHTML, like Gecko) Chrome/150.0.0.0 Safari/537.36 Edg/150.0.0.0"
66.249.70.38 - - [28/Jul/2026:16:29:12 +0200] "GET /sitemap-subitems-1553.xml HTTP/1.1" 200 382879 "-" "Mozilla/5.0 (compatible; Googlebot/2.1; +http://www.google.com/bot.html)"
2a03:2880:f800:2e:: - - [28/Jul/2026:16:29:15 +0200] "GET /shop/hendecagon/hydrating244151295977 HTTP/1.1" 404 38568 "-" "Mozilla/5.0 (Windows NT 10.0; Win64; x64) AppleWebKit/537.36 (KHTML, like Gecko) Chrome/145.0.0.0 Safari/537.36 (compatible; meta-externalagent/1.1 (+https://developers.facebook.com/docs/sharing/webmasters/crawler))"
2a03:2880:f800:c:: - - [28/Jul/2026:16:30:24 +0200] "GET /shop/herling/depeople244255897485 HTTP/1.1" 404 38568 "-" "Mozilla/5.0 (Windows NT 10.0; Win64; x64) AppleWebKit/537.36 (KHTML, like Gecko) Chrome/145.0.0.0 Safari/537.36 (compatible; meta-externalagent/1.1 (+https://developers.facebook.com/docs/sharing/webmasters/crawler))"
2001:1690:2:4::1:118 - - [28/Jul/2026:16:32:07 +0200] "POST /wp-cron.php?doing_wp_cron=1785249127.6303150653839111328125 HTTP/1.1" 200 5522 "-" "WordPress/6.7.5; https://cso-apeldoorn.nl"
2a03:2880:f800:11:: - - [28/Jul/2026:16:32:07 +0200] "GET /shop/bullweed/bruiting24871278787 HTTP/1.1" 404 38568 "-" "Mozilla/5.0 (Windows NT 10.0; Win64; x64) AppleWebKit/537.36 (KHTML, like Gecko) Chrome/145.0.0.0 Safari/537.36 (compatible; meta-externalagent/1.1 (+https://developers.facebook.com/docs/sharing/webmasters/crawler))"
2a03:2880:f800:1b:: - - [28/Jul/2026:16:32:47 +0200] "GET /shop/concentering/sphygmograph24681583046 HTTP/1.1" 404 38568 "-" "Mozilla/5.0 (Windows NT 10.0; Win64; x64) AppleWebKit/537.36 (KHTML, like Gecko) Chrome/145.0.0.0 Safari/537.36 (compatible; meta-externalagent/1.1 (+https://developers.facebook.com/docs/sharing/webmasters/crawler))"
2a03:2880:f800:23:: - - [28/Jul/2026:16:34:21 +0200] "GET /shop/acanthopterous/crossfertilizing241361305050 HTTP/1.1" 404 38568 "-" "Mozilla/5.0 (X11; Linux x86_64) AppleWebKit/537.36 (KHTML, like Gecko) Chrome/145.0.0.0 Safari/537.36 (compatible; meta-externalagent/1.1 (+https://developers.facebook.com/docs/sharing/webmasters/crawler))"
2a03:2880:f800:36:: - - [28/Jul/2026:16:35:08 +0200] "GET /shop/testimonies/jackoutofoffice243603417413 HTTP/1.1" 404 38568 "-" "Mozilla/5.0 (X11; Linux x86_64) AppleWebKit/537.36 (KHTML, like Gecko) Chrome/145.0.0.0 Safari/537.36 (compatible; meta-externalagent/1.1 (+https://developers.facebook.com/docs/sharing/webmasters/crawler))"
2a03:2880:f800:43:: - - [28/Jul/2026:16:35:28 +0200] "GET /shop/secularity/methodist241176953590 HTTP/1.1" 404 38568 "-" "Mozilla/5.0 (Windows NT 10.0; Win64; x64) AppleWebKit/537.36 (KHTML, like Gecko) Chrome/145.0.0.0 Safari/537.36 (compatible; meta-externalagent/1.1 (+https://developers.facebook.com/docs/sharing/webmasters/crawler))"
2a03:2880:f800:3e:: - - [28/Jul/2026:16:36:02 +0200] "GET /shop/sonnish/oryzivora24717723250 HTTP/1.1" 404 38568 "-" "Mozilla/5.0 (Windows NT 10.0; Win64; x64) AppleWebKit/537.36 (KHTML, like Gecko) Chrome/145.0.0.0 Safari/537.36 (compatible; meta-externalagent/1.1 (+https://developers.facebook.com/docs/sharing/webmasters/crawler))"
185.251.19.155 - - [28/Jul/2026:16:36:57 +0200] "POST /wp-login.php HTTP/1.1" 200 22040 "-" "Mozilla/5.0 (Windows NT 10.0; Win64; rv:143.0) Gecko/20100101 Firefox/143.0"
2a02:a440:6245:0:a01d:8eda:9c02:e55c - - [28/Jul/2026:16:37:42 +0200] "GET / HTTP/1.1" 200 59414 "-" "Mozilla/5.0 (iPhone; CPU iPhone OS 18_7 like Mac OS X) AppleWebKit/605.1.15 (KHTML, like Gecko) Version/26.5.2 Mobile/15E148 Safari/604.1"
2a02:a440:6245:0:a01d:8eda:9c02:e55c - - [28/Jul/2026:16:37:43 +0200] "GET /wp-content/uploads/fusion-styles/9fe82a85d1d962655d7f5d0b166a6763.min.css?ver=3.11.14 HTTP/1.1" 200 5535 "https://cso-apeldoorn.nl/" "Mozilla/5.0 (iPhone; CPU iPhone OS 18_7 like Mac OS X) AppleWebKit/605.1.15 (KHTML, like Gecko) Version/26.5.2 Mobile/15E148 Safari/604.1"
2a02:a440:6245:0:a01d:8eda:9c02:e55c - - [28/Jul/2026:16:37:43 +0200] "GET /wp-content/uploads/2019/11/CSO_logo_retina.png HTTP/1.1" 200 5509 "https://cso-apeldoorn.nl/" "Mozilla/5.0 (iPhone; CPU iPhone OS 18_7 like Mac OS X) AppleWebKit/605.1.15 (KHTML, like Gecko) Version/26.5.2 Mobile/15E148 Safari/604.1"
2a02:a440:6245:0:a01d:8eda:9c02:e55c - - [28/Jul/2026:16:37:43 +0200] "GET /wp-content/plugins/contact-form-7/includes/swv/js/index.js?ver=6.1.6 HTTP/1.1" 200 5534 "https://cso-apeldoorn.nl/" "Mozilla/5.0 (iPhone; CPU iPhone OS 18_7 like Mac OS X) AppleWebKit/605.1.15 (KHTML, like Gecko) Version/26.5.2 Mobile/15E148 Safari/604.1"
2a02:a440:6245:0:a01d:8eda:9c02:e55c - - [28/Jul/2026:16:37:43 +0200] "GET /wp-includes/js/mediaelement/mediaelementplayer-legacy.min.css?ver=4.2.17 HTTP/1.1" 200 5523 "https://cso-apeldoorn.nl/" "Mozilla/5.0 (iPhone; CPU iPhone OS 18_7 like Mac OS X) AppleWebKit/605.1.15 (KHTML, like Gecko) Version/26.5.2 Mobile/15E148 Safari/604.1"
2a02:a440:6245:0:a01d:8eda:9c02:e55c - - [28/Jul/2026:16:37:43 +0200] "GET /wp-includes/js/dist/hooks.min.js?ver=4d63a3d491d11ffd8ac6 HTTP/1.1" 200 5508 "https://cso-apeldoorn.nl/" "Mozilla/5.0 (iPhone; CPU iPhone OS 18_7 like Mac OS X) AppleWebKit/605.1.15 (KHTML, like Gecko) Version/26.5.2 Mobile/15E148 Safari/604.1"
2a02:a440:6245:0:a01d:8eda:9c02:e55c - - [28/Jul/2026:16:37:43 +0200] "GET /wp-includes/js/mediaelement/wp-mediaelement.min.css?ver=6.7.5 HTTP/1.1" 200 5513 "https://cso-apeldoorn.nl/" "Mozilla/5.0 (iPhone; CPU iPhone OS 18_7 like Mac OS X) AppleWebKit/605.1.15 (KHTML, like Gecko) Version/26.5.2 Mobile/15E148 Safari/604.1"
2a02:a440:6245:0:a01d:8eda:9c02:e55c - - [28/Jul/2026:16:37:43 +0200] "GET /wp-includes/js/dist/i18n.min.js?ver=5e580eb46a90c2b997e6 HTTP/1.1" 200 5507 "https://cso-apeldoorn.nl/" "Mozilla/5.0 (iPhone; CPU iPhone OS 18_7 like Mac OS X) AppleWebKit/605.1.15 (KHTML, like Gecko) Version/26.5.2 Mobile/15E148 Safari/604.1"
2a02:a440:6245:0:a01d:8eda:9c02:e55c - - [28/Jul/2026:16:37:43 +0200] "GET /wp-content/plugins/contact-form-7/includes/js/index.js?ver=6.1.6 HTTP/1.1" 200 5530 "https://cso-apeldoorn.nl/" "Mozilla/5.0 (iPhone; CPU iPhone OS 18_7 like Mac OS X) AppleWebKit/605.1.15 (KHTML, like Gecko) Version/26.5.2 Mobile/15E148 Safari/604.1"
2a02:a440:6245:0:a01d:8eda:9c02:e55c - - [28/Jul/2026:16:37:43 +0200] "GET /wp-includes/js/jquery/jquery.min.js?ver=3.7.1 HTTP/1.1" 200 5511 "https://cso-apeldoorn.nl/" "Mozilla/5.0 (iPhone; CPU iPhone OS 18_7 like Mac OS X) AppleWebKit/605.1.15 (KHTML, like Gecko) Version/26.5.2 Mobile/15E148 Safari/604.1"
2a02:a440:6245:0:a01d:8eda:9c02:e55c - - [28/Jul/2026:16:37:43 +0200] "GET /wp-includes/js/dist/vendor/wp-polyfill.min.js?ver=3.15.0 HTTP/1.1" 200 5521 "https://cso-apeldoorn.nl/" "Mozilla/5.0 (iPhone; CPU iPhone OS 18_7 like Mac OS X) AppleWebKit/605.1.15 (KHTML, like Gecko) Version/26.5.2 Mobile/15E148 Safari/604.1"
2a02:a440:6245:0:a01d:8eda:9c02:e55c - - [28/Jul/2026:16:37:43 +0200] "GET /wp-content/plugins/contact-form-7/modules/recaptcha/index.js?ver=6.1.6 HTTP/1.1" 200 6455 "https://cso-apeldoorn.nl/" "Mozilla/5.0 (iPhone; CPU iPhone OS 18_7 like Mac OS X) AppleWebKit/605.1.15 (KHTML, like Gecko) Version/26.5.2 Mobile/15E148 Safari/604.1"
2a02:a440:6245:0:a01d:8eda:9c02:e55c - - [28/Jul/2026:16:37:43 +0200] "GET /wp-includes/js/mediaelement/mediaelement-and-player.min.js?ver=4.2.17 HTTP/1.1" 200 5534 "https://cso-apeldoorn.nl/" "Mozilla/5.0 (iPhone; CPU iPhone OS 18_7 like Mac OS X) AppleWebKit/605.1.15 (KHTML, like Gecko) Version/26.5.2 Mobile/15E148 Safari/604.1"
2a02:a440:6245:0:a01d:8eda:9c02:e55c - - [28/Jul/2026:16:37:43 +0200] "GET /wp-includes/js/mediaelement/mediaelement-migrate.min.js?ver=6.7.5 HTTP/1.1" 200 5531 "https://cso-apeldoorn.nl/" "Mozilla/5.0 (iPhone; CPU iPhone OS 18_7 like Mac OS X) AppleWebKit/605.1.15 (KHTML, like Gecko) Version/26.5.2 Mobile/15E148 Safari/604.1"
2a02:a440:6245:0:a01d:8eda:9c02:e55c - - [28/Jul/2026:16:37:43 +0200] "GET /wp-includes/js/mediaelement/wp-mediaelement.min.js?ver=6.7.5 HTTP/1.1" 200 5526 "https://cso-apeldoorn.nl/" "Mozilla/5.0 (iPhone; CPU iPhone OS 18_7 like Mac OS X) AppleWebKit/605.1.15 (KHTML, like Gecko) Version/26.5.2 Mobile/15E148 Safari/604.1"
2a02:a440:6245:0:a01d:8eda:9c02:e55c - - [28/Jul/2026:16:37:43 +0200] "GET /wp-content/uploads/fusion-scripts/70d7131947a8a329f87292c724a2d2f6.min.js?ver=3.11.14 HTTP/1.1" 200 5549 "https://cso-apeldoorn.nl/" "Mozilla/5.0 (iPhone; CPU iPhone OS 18_7 like Mac OS X) AppleWebKit/605.1.15 (KHTML, like Gecko) Version/26.5.2 Mobile/15E148 Safari/604.1"
2a02:a440:6245:0:a01d:8eda:9c02:e55c - - [28/Jul/2026:16:37:43 +0200] "GET /wp-includes/js/mediaelement/renderers/vimeo.min.js?ver=4.2.17 HTTP/1.1" 200 5526 "https://cso-apeldoorn.nl/" "Mozilla/5.0 (iPhone; CPU iPhone OS 18_7 like Mac OS X) AppleWebKit/605.1.15 (KHTML, like Gecko) Version/26.5.2 Mobile/15E148 Safari/604.1"
2a02:a440:6245:0:a01d:8eda:9c02:e55c - - [28/Jul/2026:16:37:43 +0200] "GET /wp-content/uploads/2020/01/Schermafbeelding-2020-01-13-om-16.59.58.png HTTP/1.1" 200 5533 "https://cso-apeldoorn.nl/" "Mozilla/5.0 (iPhone; CPU iPhone OS 18_7 like Mac OS X) AppleWebKit/605.1.15 (KHTML, like Gecko) Version/26.5.2 Mobile/15E148 Safari/604.1"
2a02:a440:6245:0:a01d:8eda:9c02:e55c - - [28/Jul/2026:16:37:43 +0200] "GET /wp-content/themes/Avada/includes/lib/assets/fonts/icomoon/awb-icons.woff HTTP/1.1" 200 5535 "https://cso-apeldoorn.nl/" "Mozilla/5.0 (iPhone; CPU iPhone OS 18_7 like Mac OS X) AppleWebKit/605.1.15 (KHTML, like Gecko) Version/26.5.2 Mobile/15E148 Safari/604.1"
2a02:a440:6245:0:a01d:8eda:9c02:e55c - - [28/Jul/2026:16:37:43 +0200] "GET /wp-content/uploads/2019/07/CSO-logo.png HTTP/1.1" 200 5502 "https://cso-apeldoorn.nl/" "Mozilla/5.0 (iPhone; CPU iPhone OS 18_7 like Mac OS X) AppleWebKit/605.1.15 (KHTML, like Gecko) Version/26.5.2 Mobile/15E148 Safari/604.1"
2a02:a440:6245:0:a01d:8eda:9c02:e55c - - [28/Jul/2026:16:37:43 +0200] "GET /wp-content/uploads/2019/11/Header_CSO-Apeldoorn-1.jpg HTTP/1.1" 200 5517 "https://cso-apeldoorn.nl/" "Mozilla/5.0 (iPhone; CPU iPhone OS 18_7 like Mac OS X) AppleWebKit/605.1.15 (KHTML, like Gecko) Version/26.5.2 Mobile/15E148 Safari/604.1"
2a02:a440:6245:0:a01d:8eda:9c02:e55c - - [28/Jul/2026:16:37:43 +0200] "GET /wp-includes/js/mediaelement/mejs-controls.svg HTTP/1.1" 200 5512 "https://cso-apeldoorn.nl/" "Mozilla/5.0 (iPhone; CPU iPhone OS 18_7 like Mac OS X) AppleWebKit/605.1.15 (KHTML, like Gecko) Version/26.5.2 Mobile/15E148 Safari/604.1"
2a02:a440:6245:0:a01d:8eda:9c02:e55c - - [28/Jul/2026:16:37:43 +0200] "GET /wp-content/uploads/fusion-styles/9fe82a85d1d962655d7f5d0b166a6763.min.css?ver=3.11.14 HTTP/1.1" 200 114477 "https://cso-apeldoorn.nl/" "Mozilla/5.0 (iPhone; CPU iPhone OS 18_7 like Mac OS X) AppleWebKit/605.1.15 (KHTML, like Gecko) Version/26.5.2 Mobile/15E148 Safari/604.1"
2a02:a440:6245:0:a01d:8eda:9c02:e55c - - [28/Jul/2026:16:37:43 +0200] "GET /wp-content/uploads/2019/11/CSO_logo_retina.png HTTP/1.1" 200 4036 "https://cso-apeldoorn.nl/" "Mozilla/5.0 (iPhone; CPU iPhone OS 18_7 like Mac OS X) AppleWebKit/605.1.15 (KHTML, like Gecko) Version/26.5.2 Mobile/15E148 Safari/604.1"
2a02:a440:6245:0:a01d:8eda:9c02:e55c - - [28/Jul/2026:16:37:43 +0200] "GET /wp-content/plugins/contact-form-7/includes/swv/js/index.js?ver=6.1.6 HTTP/1.1" 200 3374 "https://cso-apeldoorn.nl/" "Mozilla/5.0 (iPhone; CPU iPhone OS 18_7 like Mac OS X) AppleWebKit/605.1.15 (KHTML, like Gecko) Version/26.5.2 Mobile/15E148 Safari/604.1"
2a02:a440:6245:0:a01d:8eda:9c02:e55c - - [28/Jul/2026:16:37:43 +0200] "GET /wp-includes/js/mediaelement/mediaelementplayer-legacy.min.css?ver=4.2.17 HTTP/1.1" 200 2390 "https://cso-apeldoorn.nl/" "Mozilla/5.0 (iPhone; CPU iPhone OS 18_7 like Mac OS X) AppleWebKit/605.1.15 (KHTML, like Gecko) Version/26.5.2 Mobile/15E148 Safari/604.1"
2a02:a440:6245:0:a01d:8eda:9c02:e55c - - [28/Jul/2026:16:37:43 +0200] "GET /wp-includes/js/dist/hooks.min.js?ver=4d63a3d491d11ffd8ac6 HTTP/1.1" 200 1583 "https://cso-apeldoorn.nl/" "Mozilla/5.0 (iPhone; CPU iPhone OS 18_7 like Mac OS X) AppleWebKit/605.1.15 (KHTML, like Gecko) Version/26.5.2 Mobile/15E148 Safari/604.1"
2a02:a440:6245:0:a01d:8eda:9c02:e55c - - [28/Jul/2026:16:37:43 +0200] "GET /wp-includes/js/mediaelement/wp-mediaelement.min.css?ver=6.7.5 HTTP/1.1" 200 992 "https://cso-apeldoorn.nl/" "Mozilla/5.0 (iPhone; CPU iPhone OS 18_7 like Mac OS X) AppleWebKit/605.1.15 (KHTML, like Gecko) Version/26.5.2 Mobile/15E148 Safari/604.1"
2a02:a440:6245:0:a01d:8eda:9c02:e55c - - [28/Jul/2026:16:37:43 +0200] "GET /wp-includes/js/dist/i18n.min.js?ver=5e580eb46a90c2b997e6 HTTP/1.1" 200 3551 "https://cso-apeldoorn.nl/" "Mozilla/5.0 (iPhone; CPU iPhone OS 18_7 like Mac OS X) AppleWebKit/605.1.15 (KHTML, like Gecko) Version/26.5.2 Mobile/15E148 Safari/604.1"
2a02:a440:6245:0:a01d:8eda:9c02:e55c - - [28/Jul/2026:16:37:43 +0200] "GET /wp-content/plugins/contact-form-7/includes/js/index.js?ver=6.1.6 HTTP/1.1" 200 4013 "https://cso-apeldoorn.nl/" "Mozilla/5.0 (iPhone; CPU iPhone OS 18_7 like Mac OS X) AppleWebKit/605.1.15 (KHTML, like Gecko) Version/26.5.2 Mobile/15E148 Safari/604.1"
2a02:a440:6245:0:a01d:8eda:9c02:e55c - - [28/Jul/2026:16:37:43 +0200] "GET /wp-includes/js/jquery/jquery.min.js?ver=3.7.1 HTTP/1.1" 200 29610 "https://cso-apeldoorn.nl/" "Mozilla/5.0 (iPhone; CPU iPhone OS 18_7 like Mac OS X) AppleWebKit/605.1.15 (KHTML, like Gecko) Version/26.5.2 Mobile/15E148 Safari/604.1"
2a02:a440:6245:0:a01d:8eda:9c02:e55c - - [28/Jul/2026:16:37:43 +0200] "GET /wp-includes/js/dist/vendor/wp-polyfill.min.js?ver=3.15.0 HTTP/1.1" 200 13138 "https://cso-apeldoorn.nl/" "Mozilla/5.0 (iPhone; CPU iPhone OS 18_7 like Mac OS X) AppleWebKit/605.1.15 (KHTML, like Gecko) Version/26.5.2 Mobile/15E148 Safari/604.1"
2a02:a440:6245:0:a01d:8eda:9c02:e55c - - [28/Jul/2026:16:37:43 +0200] "GET /wp-includes/js/mediaelement/mediaelement-and-player.min.js?ver=4.2.17 HTTP/1.1" 200 35669 "https://cso-apeldoorn.nl/" "Mozilla/5.0 (iPhone; CPU iPhone OS 18_7 like Mac OS X) AppleWebKit/605.1.15 (KHTML, like Gecko) Version/26.5.2 Mobile/15E148 Safari/604.1"
2a02:a440:6245:0:a01d:8eda:9c02:e55c - - [28/Jul/2026:16:37:43 +0200] "GET /wp-includes/js/mediaelement/mediaelement-migrate.min.js?ver=6.7.5 HTTP/1.1" 200 491 "https://cso-apeldoorn.nl/" "Mozilla/5.0 (iPhone; CPU iPhone OS 18_7 like Mac OS X) AppleWebKit/605.1.15 (KHTML, like Gecko) Version/26.5.2 Mobile/15E148 Safari/604.1"
2a02:a440:6245:0:a01d:8eda:9c02:e55c - - [28/Jul/2026:16:37:43 +0200] "GET /wp-includes/js/mediaelement/wp-mediaelement.min.js?ver=6.7.5 HTTP/1.1" 200 466 "https://cso-apeldoorn.nl/" "Mozilla/5.0 (iPhone; CPU iPhone OS 18_7 like Mac OS X) AppleWebKit/605.1.15 (KHTML, like Gecko) Version/26.5.2 Mobile/15E148 Safari/604.1"
2a02:a440:6245:0:a01d:8eda:9c02:e55c - - [28/Jul/2026:16:37:43 +0200] "GET /wp-content/uploads/fusion-scripts/70d7131947a8a329f87292c724a2d2f6.min.js?ver=3.11.14 HTTP/1.1" 200 120910 "https://cso-apeldoorn.nl/" "Mozilla/5.0 (iPhone; CPU iPhone OS 18_7 like Mac OS X) AppleWebKit/605.1.15 (KHTML, like Gecko) Version/26.5.2 Mobile/15E148 Safari/604.1"
2a02:a440:6245:0:a01d:8eda:9c02:e55c - - [28/Jul/2026:16:37:43 +0200] "GET /wp-includes/js/mediaelement/renderers/vimeo.min.js?ver=4.2.17 HTTP/1.1" 200 2083 "https://cso-apeldoorn.nl/" "Mozilla/5.0 (iPhone; CPU iPhone OS 18_7 like Mac OS X) AppleWebKit/605.1.15 (KHTML, like Gecko) Version/26.5.2 Mobile/15E148 Safari/604.1"
2a02:a440:6245:0:a01d:8eda:9c02:e55c - - [28/Jul/2026:16:37:43 +0200] "GET /wp-content/themes/Avada/includes/lib/assets/fonts/icomoon/awb-icons.woff HTTP/1.1" 200 22204 "https://cso-apeldoorn.nl/" "Mozilla/5.0 (iPhone; CPU iPhone OS 18_7 like Mac OS X) AppleWebKit/605.1.15 (KHTML, like Gecko) Version/26.5.2 Mobile/15E148 Safari/604.1"
2a02:a440:6245:0:a01d:8eda:9c02:e55c - - [28/Jul/2026:16:37:43 +0200] "GET /wp-content/uploads/2019/07/CSO-logo.png HTTP/1.1" 200 1930 "https://cso-apeldoorn.nl/" "Mozilla/5.0 (iPhone; CPU iPhone OS 18_7 like Mac OS X) AppleWebKit/605.1.15 (KHTML, like Gecko) Version/26.5.2 Mobile/15E148 Safari/604.1"
2a02:a440:6245:0:a01d:8eda:9c02:e55c - - [28/Jul/2026:16:37:43 +0200] "GET /wp-content/uploads/2020/01/Schermafbeelding-2020-01-13-om-16.59.58.png HTTP/1.1" 200 3540778 "https://cso-apeldoorn.nl/" "Mozilla/5.0 (iPhone; CPU iPhone OS 18_7 like Mac OS X) AppleWebKit/605.1.15 (KHTML, like Gecko) Version/26.5.2 Mobile/15E148 Safari/604.1"
2a02:a440:6245:0:a01d:8eda:9c02:e55c - - [28/Jul/2026:16:37:43 +0200] "GET /wp-content/uploads/2019/11/Header_CSO-Apeldoorn-1.jpg HTTP/1.1" 200 289975 "https://cso-apeldoorn.nl/" "Mozilla/5.0 (iPhone; CPU iPhone OS 18_7 like Mac OS X) AppleWebKit/605.1.15 (KHTML, like Gecko) Version/26.5.2 Mobile/15E148 Safari/604.1"
2a02:a440:6245:0:a01d:8eda:9c02:e55c - - [28/Jul/2026:16:37:43 +0200] "GET /wp-includes/js/mediaelement/mejs-controls.svg HTTP/1.1" 200 4598 "https://cso-apeldoorn.nl/" "Mozilla/5.0 (iPhone; CPU iPhone OS 18_7 like Mac OS X) AppleWebKit/605.1.15 (KHTML, like Gecko) Version/26.5.2 Mobile/15E148 Safari/604.1"
2a02:a440:6245:0:a01d:8eda:9c02:e55c - - [28/Jul/2026:16:37:44 +0200] "GET /wp-content/uploads/2021/05/cropped-Favicon-CSO-1-192x192.png HTTP/1.1" 200 10451 "https://cso-apeldoorn.nl/" "Mozilla/5.0 (iPhone; CPU iPhone OS 18_7 like Mac OS X) AppleWebKit/605.1.15 (KHTML, like Gecko) Version/26.5.2 Mobile/15E148 Safari/604.1"
2a02:a440:6245:0:a01d:8eda:9c02:e55c - - [28/Jul/2026:16:37:44 +0200] "GET /wp-content/uploads/2021/05/cropped-Favicon-CSO-1-32x32.png HTTP/1.1" 200 6377 "https://cso-apeldoorn.nl/" "Mozilla/5.0 (iPhone; CPU iPhone OS 18_7 like Mac OS X) AppleWebKit/605.1.15 (KHTML, like Gecko) Version/26.5.2 Mobile/15E148 Safari/604.1"
2a02:a440:6245:0:a01d:8eda:9c02:e55c - - [28/Jul/2026:16:37:44 +0200] "GET /wp-content/uploads/2021/05/cropped-Favicon-CSO-1-192x192.png HTTP/1.1" 200 5523 "https://cso-apeldoorn.nl/" "Mozilla/5.0 (iPhone; CPU iPhone OS 18_7 like Mac OS X) AppleWebKit/605.1.15 (KHTML, like Gecko) Version/26.5.2 Mobile/15E148 Safari/604.1"
2a02:a440:6245:0:a01d:8eda:9c02:e55c - - [28/Jul/2026:16:37:43 +0200] "GET /wp-json/contact-form-7/v1/contact-forms/421/feedback/schema HTTP/1.1" 200 6438 "https://cso-apeldoorn.nl/" "Mozilla/5.0 (iPhone; CPU iPhone OS 18_7 like Mac OS X) AppleWebKit/605.1.15 (KHTML, like Gecko) Version/26.5.2 Mobile/15E148 Safari/604.1"
2a02:a440:6245:0:a01d:8eda:9c02:e55c - - [28/Jul/2026:16:37:44 +0200] "GET /wp-json/contact-form-7/v1/contact-forms/421/refill HTTP/1.1" 200 5802 "https://cso-apeldoorn.nl/" "Mozilla/5.0 (iPhone; CPU iPhone OS 18_7 like Mac OS X) AppleWebKit/605.1.15 (KHTML, like Gecko) Version/26.5.2 Mobile/15E148 Safari/604.1"
66.249.70.39 - - [28/Jul/2026:16:39:45 +0200] "GET /shop/intern/maltreatment251163732511 HTTP/1.1" 404 38719 "-" "Mozilla/5.0 (Linux; Android 6.0.1; Nexus 5X Build/MMB29P) AppleWebKit/537.36 (KHTML, like Gecko) Chrome/150.0.7871.128 Mobile Safari/537.36 (compatible; GoogleOther)"
2a03:2880:f800:10:: - - [28/Jul/2026:16:42:01 +0200] "GET /shop/parle/pannel242381071186 HTTP/1.1" 404 38568 "-" "Mozilla/5.0 (Windows NT 10.0; Win64; x64) AppleWebKit/537.36 (KHTML, like Gecko) Chrome/145.0.0.0 Safari/537.36 (compatible; meta-externalagent/1.1 (+https://developers.facebook.com/docs/sharing/webmasters/crawler))"
2001:1690:2:4::1:118 - - [28/Jul/2026:16:43:23 +0200] "POST /wp-cron.php?doing_wp_cron=1785249803.3354740142822265625000 HTTP/1.1" 200 5522 "-" "WordPress/6.7.5; https://cso-apeldoorn.nl"
2a03:2880:f800:18:: - - [28/Jul/2026:16:43:22 +0200] "GET /shop/loweringly/aborsement243218447049 HTTP/1.1" 404 38568 "-" "Mozilla/5.0 (Macintosh; Intel Mac OS X 10_15_7) AppleWebKit/537.36 (KHTML, like Gecko) Chrome/145.0.0.0 Safari/537.36 (compatible; meta-externalagent/1.1 (+https://developers.facebook.com/docs/sharing/webmasters/crawler))"
66.249.70.32 - - [28/Jul/2026:16:43:51 +0200] "GET /collections/032271839457 HTTP/1.1" 404 38538 "-" "Mozilla/5.0 (Linux; Android 6.0.1; Nexus 5X Build/MMB29P) AppleWebKit/537.36 (KHTML, like Gecko) Chrome/150.0.7871.128 Mobile Safari/537.36 (compatible; GoogleOther)"
2a03:2880:f800:2e:: - - [28/Jul/2026:16:44:47 +0200] "GET /shop/dishumor/creatin242305391879 HTTP/1.1" 404 38568 "-" "Mozilla/5.0 (Windows NT 10.0; Win64; x64) AppleWebKit/537.36 (KHTML, like Gecko) Chrome/145.0.0.0 Safari/537.36 (compatible; meta-externalagent/1.1 (+https://developers.facebook.com/docs/sharing/webmasters/crawler))"
2a03:2880:f800:23:: - - [28/Jul/2026:16:44:53 +0200] "GET /shop/quata/riveting242057648381 HTTP/1.1" 404 38568 "-" "Mozilla/5.0 (Macintosh; Intel Mac OS X 10_15_7) AppleWebKit/537.36 (KHTML, like Gecko) Chrome/145.0.0.0 Safari/537.36 (compatible; meta-externalagent/1.1 (+https://developers.facebook.com/docs/sharing/webmasters/crawler))"
45.227.253.15 - - [28/Jul/2026:16:45:30 +0200] "GET /index.php/jk HTTP/1.1" 200 5492 "-" "Mozilla/5.0 (Windows NT 10.0; Win64; x64) AppleWebKit/537.36 (KHTML, like Gecko) Chrome/78.0.3790 Safari/537.36 Edg/78.0.142.6"
80.113.169.171 - - [28/Jul/2026:16:45:52 +0200] "GET /actueel/ HTTP/1.1" 200 65000 "https://cso-apeldoorn.nl/contact/" "Mozilla/5.0 (Windows NT 10.0; Win64; x64) AppleWebKit/537.36 (KHTML, like Gecko) Chrome/150.0.0.0 Safari/537.36 Edg/150.0.0.0"
80.113.169.171 - - [28/Jul/2026:16:45:53 +0200] "GET /wp-content/uploads/fusion-styles/81fd83e52bdd2aac169fb972bfa506f1.min.css?ver=3.11.14 HTTP/1.1" 200 5535 "https://cso-apeldoorn.nl/actueel/" "Mozilla/5.0 (Windows NT 10.0; Win64; x64) AppleWebKit/537.36 (KHTML, like Gecko) Chrome/150.0.0.0 Safari/537.36 Edg/150.0.0.0"
80.113.169.171 - - [28/Jul/2026:16:45:53 +0200] "GET /wp-content/uploads/fusion-scripts/78f7d0d9983a046a0ec481b2d55994d9.min.js?ver=3.11.14 HTTP/1.1" 200 5549 "https://cso-apeldoorn.nl/actueel/" "Mozilla/5.0 (Windows NT 10.0; Win64; x64) AppleWebKit/537.36 (KHTML, like Gecko) Chrome/150.0.0.0 Safari/537.36 Edg/150.0.0.0"
80.113.169.171 - - [28/Jul/2026:16:45:53 +0200] "GET /wp-content/uploads/2021/04/Inspectie-1-225x202.png HTTP/1.1" 200 5513 "https://cso-apeldoorn.nl/actueel/" "Mozilla/5.0 (Windows NT 10.0; Win64; x64) AppleWebKit/537.36 (KHTML, like Gecko) Chrome/150.0.0.0 Safari/537.36 Edg/150.0.0.0"
80.113.169.171 - - [28/Jul/2026:16:45:53 +0200] "GET /wp-content/uploads/2023/06/Poster-SBP-2023-2027-1-700x441.jpg HTTP/1.1" 200 5525 "https://cso-apeldoorn.nl/actueel/" "Mozilla/5.0 (Windows NT 10.0; Win64; x64) AppleWebKit/537.36 (KHTML, like Gecko) Chrome/150.0.0.0 Safari/537.36 Edg/150.0.0.0"
80.113.169.171 - - [28/Jul/2026:16:45:53 +0200] "GET /wp-content/uploads/2021/07/Schoolplein-SO-700x441.jpg HTTP/1.1" 200 5517 "https://cso-apeldoorn.nl/actueel/" "Mozilla/5.0 (Windows NT 10.0; Win64; x64) AppleWebKit/537.36 (KHTML, like Gecko) Chrome/150.0.0.0 Safari/537.36 Edg/150.0.0.0"
80.113.169.171 - - [28/Jul/2026:16:45:53 +0200] "GET /wp-content/uploads/fusion-styles/81fd83e52bdd2aac169fb972bfa506f1.min.css?ver=3.11.14 HTTP/1.1" 200 114419 "https://cso-apeldoorn.nl/actueel/" "Mozilla/5.0 (Windows NT 10.0; Win64; x64) AppleWebKit/537.36 (KHTML, like Gecko) Chrome/150.0.0.0 Safari/537.36 Edg/150.0.0.0"
80.113.169.171 - - [28/Jul/2026:16:45:53 +0200] "GET /wp-content/uploads/fusion-scripts/78f7d0d9983a046a0ec481b2d55994d9.min.js?ver=3.11.14 HTTP/1.1" 200 145004 "https://cso-apeldoorn.nl/actueel/" "Mozilla/5.0 (Windows NT 10.0; Win64; x64) AppleWebKit/537.36 (KHTML, like Gecko) Chrome/150.0.0.0 Safari/537.36 Edg/150.0.0.0"
80.113.169.171 - - [28/Jul/2026:16:45:53 +0200] "GET /wp-content/uploads/2021/04/Inspectie-1-225x202.png HTTP/1.1" 200 2223 "https://cso-apeldoorn.nl/actueel/" "Mozilla/5.0 (Windows NT 10.0; Win64; x64) AppleWebKit/537.36 (KHTML, like Gecko) Chrome/150.0.0.0 Safari/537.36 Edg/150.0.0.0"
80.113.169.171 - - [28/Jul/2026:16:45:53 +0200] "GET /wp-content/uploads/2023/06/Poster-SBP-2023-2027-1-700x441.jpg HTTP/1.1" 200 63412 "https://cso-apeldoorn.nl/actueel/" "Mozilla/5.0 (Windows NT 10.0; Win64; x64) AppleWebKit/537.36 (KHTML, like Gecko) Chrome/150.0.0.0 Safari/537.36 Edg/150.0.0.0"
80.113.169.171 - - [28/Jul/2026:16:45:53 +0200] "GET /wp-content/uploads/2021/07/Schoolplein-SO-700x441.jpg HTTP/1.1" 200 69395 "https://cso-apeldoorn.nl/actueel/" "Mozilla/5.0 (Windows NT 10.0; Win64; x64) AppleWebKit/537.36 (KHTML, like Gecko) Chrome/150.0.0.0 Safari/537.36 Edg/150.0.0.0"
80.113.169.171 - - [28/Jul/2026:16:45:58 +0200] "GET /wp-content/uploads/2021/04/Organogram-RvT-700x441.png HTTP/1.1" 200 388568 "https://cso-apeldoorn.nl/actueel/" "Mozilla/5.0 (Windows NT 10.0; Win64; x64) AppleWebKit/537.36 (KHTML, like Gecko) Chrome/150.0.0.0 Safari/537.36 Edg/150.0.0.0"
