2a03:2880:f800:12:: - - [28/Jul/2026:05:40:53 +0200] "GET /shop/maggotish/unconstra241889289317 HTTP/1.1" 404 38568 "-" "Mozilla/5.0 (Windows NT 10.0; Win64; x64) AppleWebKit/537.36 (KHTML, like Gecko) Chrome/145.0.0.0 Safari/537.36 (compatible; meta-externalagent/1.1 (+https://developers.facebook.com/docs/sharing/webmasters/crawler))"
2a03:2880:f800:20:: - - [28/Jul/2026:05:41:03 +0200] "GET /shop/tattled/costar241870162638 HTTP/1.1" 404 38568 "-" "Mozilla/5.0 (Windows NT 10.0; Win64; x64) AppleWebKit/537.36 (KHTML, like Gecko) Chrome/145.0.0.0 Safari/537.36 (compatible; meta-externalagent/1.1 (+https://developers.facebook.com/docs/sharing/webmasters/crawler))"
2a03:2880:f800:8:: - - [28/Jul/2026:05:41:22 +0200] "GET /shop/socager/mimus24795069031 HTTP/1.1" 404 38568 "-" "Mozilla/5.0 (Windows NT 10.0; Win64; x64) AppleWebKit/537.36 (KHTML, like Gecko) Chrome/145.0.0.0 Safari/537.36 (compatible; meta-externalagent/1.1 (+https://developers.facebook.com/docs/sharing/webmasters/crawler))"
2a03:2880:f800:26:: - - [28/Jul/2026:05:41:31 +0200] "GET /shop/essentiated/tettertotter24607052197 HTTP/1.1" 404 38568 "-" "Mozilla/5.0 (Windows NT 10.0; Win64; x64) AppleWebKit/537.36 (KHTML, like Gecko) Chrome/145.0.0.0 Safari/537.36 Edg/145.0.0.0 (compatible; meta-externalagent/1.1 (+https://developers.facebook.com/docs/sharing/webmasters/crawler))"
2a03:2880:f800:24:: - - [28/Jul/2026:05:41:38 +0200] "GET /shop/asiaticus/halfround24679418456 HTTP/1.1" 404 38568 "-" "Mozilla/5.0 (Macintosh; Intel Mac OS X 10_15_7) AppleWebKit/537.36 (KHTML, like Gecko) Chrome/145.0.0.0 Safari/537.36 (compatible; meta-externalagent/1.1 (+https://developers.facebook.com/docs/sharing/webmasters/crawler))"
2a03:2880:f800:1a:: - - [28/Jul/2026:05:41:48 +0200] "GET /shop/sheepmaster/woodsy243248266626 HTTP/1.1" 404 38568 "-" "Mozilla/5.0 (Macintosh; Intel Mac OS X 10_15_7) AppleWebKit/537.36 (KHTML, like Gecko) Chrome/145.0.0.0 Safari/537.36 (compatible; meta-externalagent/1.1 (+https://developers.facebook.com/docs/sharing/webmasters/crawler))"
2a03:2880:f800:12:: - - [28/Jul/2026:05:42:01 +0200] "GET /shop/anhinga/terza24361727243 HTTP/1.1" 404 38568 "-" "Mozilla/5.0 (Windows NT 10.0; Win64; x64) AppleWebKit/537.36 (KHTML, like Gecko) Chrome/145.0.0.0 Safari/537.36 (compatible; meta-externalagent/1.1 (+https://developers.facebook.com/docs/sharing/webmasters/crawler))"
2a03:2880:f800:2a:: - - [28/Jul/2026:05:42:03 +0200] "GET /shop/stomatogastric/quoddies242112432390 HTTP/1.1" 404 38568 "-" "Mozilla/5.0 (Windows NT 10.0; Win64; x64) AppleWebKit/537.36 (KHTML, like Gecko) Chrome/145.0.0.0 Safari/537.36 Edg/145.0.0.0 (compatible; meta-externalagent/1.1 (+https://developers.facebook.com/docs/sharing/webmasters/crawler))"
2a03:2880:f800:2f:: - - [28/Jul/2026:05:42:10 +0200] "GET /shop/mellivora/seidlitz241132904582 HTTP/1.1" 404 38568 "-" "Mozilla/5.0 (Windows NT 10.0; Win64; x64) AppleWebKit/537.36 (KHTML, like Gecko) Chrome/145.0.0.0 Safari/537.36 (compatible; meta-externalagent/1.1 (+https://developers.facebook.com/docs/sharing/webmasters/crawler))"
2a03:2880:f800:20:: - - [28/Jul/2026:05:42:13 +0200] "GET /shop/erective/kembing243563609652 HTTP/1.1" 404 38568 "-" "Mozilla/5.0 (Windows NT 10.0; Win64; x64) AppleWebKit/537.36 (KHTML, like Gecko) Chrome/145.0.0.0 Safari/537.36 (compatible; meta-externalagent/1.1 (+https://developers.facebook.com/docs/sharing/webmasters/crawler))"
2a03:2880:f800:f:: - - [28/Jul/2026:05:42:18 +0200] "GET /shop/causation/granulation241986785105 HTTP/1.1" 404 38568 "-" "Mozilla/5.0 (Windows NT 10.0; Win64; x64) AppleWebKit/537.36 (KHTML, like Gecko) Chrome/145.0.0.0 Safari/537.36 (compatible; meta-externalagent/1.1 (+https://developers.facebook.com/docs/sharing/webmasters/crawler))"
2a03:2880:f800:30:: - - [28/Jul/2026:05:42:19 +0200] "GET /shop/quenouille/supineness24428001715 HTTP/1.1" 404 38568 "-" "Mozilla/5.0 (Macintosh; Intel Mac OS X 10_15_7) AppleWebKit/537.36 (KHTML, like Gecko) Chrome/145.0.0.0 Safari/537.36 (compatible; meta-externalagent/1.1 (+https://developers.facebook.com/docs/sharing/webmasters/crawler))"
2a03:2880:f800:29:: - - [28/Jul/2026:05:42:37 +0200] "GET /shop/decrescent/supplemented24525333980 HTTP/1.1" 404 38568 "-" "Mozilla/5.0 (Windows NT 10.0; Win64; x64) AppleWebKit/537.36 (KHTML, like Gecko) Chrome/145.0.0.0 Safari/537.36 (compatible; meta-externalagent/1.1 (+https://developers.facebook.com/docs/sharing/webmasters/crawler))"
2a03:2880:f800:1b:: - - [28/Jul/2026:05:42:39 +0200] "GET /shop/benzoinated/absinthiated24516447272 HTTP/1.1" 404 38568 "-" "Mozilla/5.0 (Windows NT 10.0; Win64; x64) AppleWebKit/537.36 (KHTML, like Gecko) Chrome/145.0.0.0 Safari/537.36 (compatible; meta-externalagent/1.1 (+https://developers.facebook.com/docs/sharing/webmasters/crawler))"
2a03:2880:f800:1f:: - - [28/Jul/2026:05:42:48 +0200] "GET /shop/landstorm/bonemeal242691295022 HTTP/1.1" 404 38568 "-" "Mozilla/5.0 (Windows NT 10.0; Win64; x64) AppleWebKit/537.36 (KHTML, like Gecko) Chrome/145.0.0.0 Safari/537.36 (compatible; meta-externalagent/1.1 (+https://developers.facebook.com/docs/sharing/webmasters/crawler))"
2a03:2880:f800:25:: - - [28/Jul/2026:05:42:50 +0200] "GET /shop/circumflexed/cherup244262408441 HTTP/1.1" 404 38568 "-" "Mozilla/5.0 (Macintosh; Intel Mac OS X 10_15_7) AppleWebKit/537.36 (KHTML, like Gecko) Chrome/145.0.0.0 Safari/537.36 (compatible; meta-externalagent/1.1 (+https://developers.facebook.com/docs/sharing/webmasters/crawler))"
2a03:2880:f800:b:: - - [28/Jul/2026:05:42:52 +0200] "GET /shop/leered/northmost244141197202 HTTP/1.1" 404 38568 "-" "Mozilla/5.0 (Macintosh; Intel Mac OS X 10_15_7) AppleWebKit/537.36 (KHTML, like Gecko) Chrome/145.0.0.0 Safari/537.36 (compatible; meta-externalagent/1.1 (+https://developers.facebook.com/docs/sharing/webmasters/crawler))"
2a03:2880:f800:6:: - - [28/Jul/2026:05:43:27 +0200] "GET /shop/intelligencing/risibly24231805204 HTTP/1.1" 404 38568 "-" "Mozilla/5.0 (Windows NT 10.0; Win64; x64) AppleWebKit/537.36 (KHTML, like Gecko) Chrome/145.0.0.0 Safari/537.36 (compatible; meta-externalagent/1.1 (+https://developers.facebook.com/docs/sharing/webmasters/crawler))"
2a03:2880:f800:34:: - - [28/Jul/2026:05:43:53 +0200] "GET /shop/unnatural/tattled242195280400 HTTP/1.1" 404 38568 "-" "Mozilla/5.0 (Macintosh; Intel Mac OS X 10_15_7) AppleWebKit/537.36 (KHTML, like Gecko) Chrome/145.0.0.0 Safari/537.36 (compatible; meta-externalagent/1.1 (+https://developers.facebook.com/docs/sharing/webmasters/crawler))"
2a03:2880:f800:16:: - - [28/Jul/2026:05:43:56 +0200] "GET /shop/diphthongalize/overcautious241110161007 HTTP/1.1" 404 38568 "-" "Mozilla/5.0 (Macintosh; Intel Mac OS X 10_15_7) AppleWebKit/537.36 (KHTML, like Gecko) Chrome/145.0.0.0 Safari/537.36 (compatible; meta-externalagent/1.1 (+https://developers.facebook.com/docs/sharing/webmasters/crawler))"
2a03:2880:f800:38:: - - [28/Jul/2026:05:44:18 +0200] "GET /shop/unscrew/linarite243105882279 HTTP/1.1" 404 38568 "-" "Mozilla/5.0 (Windows NT 10.0; Win64; x64) AppleWebKit/537.36 (KHTML, like Gecko) Chrome/145.0.0.0 Safari/537.36 (compatible; meta-externalagent/1.1 (+https://developers.facebook.com/docs/sharing/webmasters/crawler))"
2a03:2880:f800:35:: - - [28/Jul/2026:05:44:25 +0200] "GET /shop/banished/paleface24287423558 HTTP/1.1" 404 38568 "-" "Mozilla/5.0 (Windows NT 10.0; Win64; x64) AppleWebKit/537.36 (KHTML, like Gecko) Chrome/145.0.0.0 Safari/537.36 (compatible; meta-externalagent/1.1 (+https://developers.facebook.com/docs/sharing/webmasters/crawler))"
2a03:2880:f800:2e:: - - [28/Jul/2026:05:44:27 +0200] "GET /shop/maverick/swarthily242568847797 HTTP/1.1" 404 38568 "-" "Mozilla/5.0 (Windows NT 10.0; Win64; x64) AppleWebKit/537.36 (KHTML, like Gecko) Chrome/145.0.0.0 Safari/537.36 (compatible; meta-externalagent/1.1 (+https://developers.facebook.com/docs/sharing/webmasters/crawler))"
2a03:2880:f800:3c:: - - [28/Jul/2026:05:44:35 +0200] "GET /shop/subcontracted/abnegate24329655533 HTTP/1.1" 404 38568 "-" "Mozilla/5.0 (Macintosh; Intel Mac OS X 10_15_7) AppleWebKit/537.36 (KHTML, like Gecko) Chrome/145.0.0.0 Safari/537.36 (compatible; meta-externalagent/1.1 (+https://developers.facebook.com/docs/sharing/webmasters/crawler))"
2a03:2880:f800:42:: - - [28/Jul/2026:05:44:41 +0200] "GET /shop/cervicide/storks24213941285 HTTP/1.1" 404 38568 "-" "Mozilla/5.0 (Macintosh; Intel Mac OS X 10_15_7) AppleWebKit/537.36 (KHTML, like Gecko) Chrome/145.0.0.0 Safari/537.36 (compatible; meta-externalagent/1.1 (+https://developers.facebook.com/docs/sharing/webmasters/crawler))"
2a03:2880:f800:1e:: - - [28/Jul/2026:05:44:44 +0200] "GET /shop/esoterically/cosecant24434723817 HTTP/1.1" 404 38568 "-" "Mozilla/5.0 (Windows NT 10.0; Win64; x64) AppleWebKit/537.36 (KHTML, like Gecko) Chrome/145.0.0.0 Safari/537.36 (compatible; meta-externalagent/1.1 (+https://developers.facebook.com/docs/sharing/webmasters/crawler))"
2a03:2880:f800:1a:: - - [28/Jul/2026:05:45:17 +0200] "GET /shop/participle/bassoon24728567316 HTTP/1.1" 404 38568 "-" "Mozilla/5.0 (Macintosh; Intel Mac OS X 10_15_7) AppleWebKit/537.36 (KHTML, like Gecko) Chrome/145.0.0.0 Safari/537.36 (compatible; meta-externalagent/1.1 (+https://developers.facebook.com/docs/sharing/webmasters/crawler))"
2a03:2880:f800:17:: - - [28/Jul/2026:05:45:22 +0200] "GET /shop/authenticity/compensatory24324903206 HTTP/1.1" 404 38568 "-" "Mozilla/5.0 (Macintosh; Intel Mac OS X 10_15_7) AppleWebKit/537.36 (KHTML, like Gecko) Chrome/145.0.0.0 Safari/537.36 (compatible; meta-externalagent/1.1 (+https://developers.facebook.com/docs/sharing/webmasters/crawler))"
66.249.70.38 - - [28/Jul/2026:05:45:21 +0200] "GET / HTTP/1.1" 200 274205 "-" "Mozilla/5.0 (Linux; Android 6.0.1; Nexus 5X Build/MMB29P) AppleWebKit/537.36 (KHTML, like Gecko) Chrome/150.0.7871.128 Mobile Safari/537.36 (compatible; Googlebot/2.1; +http://www.google.com/bot.html)"
2a03:2880:f800:d:: - - [28/Jul/2026:05:45:26 +0200] "GET /shop/monosepalous/menobranch2455191994 HTTP/1.1" 404 38568 "-" "Mozilla/5.0 (Windows NT 10.0; Win64; x64) AppleWebKit/537.36 (KHTML, like Gecko) Chrome/145.0.0.0 Safari/537.36 (compatible; meta-externalagent/1.1 (+https://developers.facebook.com/docs/sharing/webmasters/crawler))"
120.88.34.154 - - [28/Jul/2026:05:45:35 +0200] "POST /xmlrpc.php HTTP/1.1" 200 6057 "-" "Jetpack by WordPress.com"
2a03:2880:f800:36:: - - [28/Jul/2026:05:45:41 +0200] "GET /shop/procellariidae/sphincter24682504261 HTTP/1.1" 404 38568 "-" "Mozilla/5.0 (X11; Linux x86_64) AppleWebKit/537.36 (KHTML, like Gecko) Chrome/145.0.0.0 Safari/537.36 (compatible; meta-externalagent/1.1 (+https://developers.facebook.com/docs/sharing/webmasters/crawler))"
120.88.34.154 - - [28/Jul/2026:05:45:44 +0200] "POST /xmlrpc.php HTTP/1.1" 200 6057 "-" "Jetpack/12.1; WordPress/6.3; http://site72456262.com"
2a03:2880:f800:7:: - - [28/Jul/2026:05:45:47 +0200] "GET /shop/reptilian/joyfulness24798154836 HTTP/1.1" 404 38568 "-" "Mozilla/5.0 (Windows NT 10.0; Win64; x64) AppleWebKit/537.36 (KHTML, like Gecko) Chrome/145.0.0.0 Safari/537.36 (compatible; meta-externalagent/1.1 (+https://developers.facebook.com/docs/sharing/webmasters/crawler))"
2a03:2880:f800:34:: - - [28/Jul/2026:05:45:49 +0200] "GET /shop/exaltate/lowbred243998031324 HTTP/1.1" 404 38568 "-" "Mozilla/5.0 (Macintosh; Intel Mac OS X 10_15_7) AppleWebKit/537.36 (KHTML, like Gecko) Chrome/145.0.0.0 Safari/537.36 (compatible; meta-externalagent/1.1 (+https://developers.facebook.com/docs/sharing/webmasters/crawler))"
120.88.34.154 - - [28/Jul/2026:05:45:54 +0200] "POST /xmlrpc.php HTTP/1.1" 200 6090 "-" "WordPress.com; https://wordpress.com"
18.159.231.78 - - [28/Jul/2026:05:46:01 +0200] "GET /robots.txt HTTP/1.1" 200 5588 "-" "Mozilla/5.0 (compatible; HubSpot Crawler; HubSpot Domain check; +https://www.hubspot.com)"
216.157.41.75 - - [28/Jul/2026:05:46:02 +0200] "GET /robots.txt HTTP/1.1" 200 5588 "-" "Mozilla/5.0 (compatible; HubSpot Crawler; HubSpot Domain check; +https://www.hubspot.com)"
216.157.40.67 - - [28/Jul/2026:05:46:02 +0200] "GET /robots.txt HTTP/1.1" 200 5588 "-" "Mozilla/5.0 (compatible; HubSpot Crawler; HubSpot Domain check; +https://www.hubspot.com)"
216.157.42.72 - - [28/Jul/2026:05:46:02 +0200] "GET /robots.txt HTTP/1.1" 200 5588 "-" "Mozilla/5.0 (compatible; HubSpot Crawler; HubSpot Domain check; +https://www.hubspot.com)"
18.159.199.77 - - [28/Jul/2026:05:46:02 +0200] "GET / HTTP/1.1" 200 59187 "-" "Mozilla/5.0 (compatible; HubSpot Crawler; HubSpot Domain check; +https://www.hubspot.com)"
120.88.34.154 - - [28/Jul/2026:05:46:05 +0200] "POST /xmlrpc.php HTTP/1.1" 200 6090 "-" "WordPress.com; https://wordpress.com"
216.157.41.94 - - [28/Jul/2026:05:46:02 +0200] "GET / HTTP/1.1" 200 59187 "-" "Mozilla/5.0 (compatible; HubSpot Crawler; HubSpot Domain check; +https://www.hubspot.com)"
216.157.40.70 - - [28/Jul/2026:05:46:02 +0200] "GET / HTTP/1.1" 200 59187 "-" "Mozilla/5.0 (compatible; HubSpot Crawler; HubSpot Domain check; +https://www.hubspot.com)"
216.157.42.68 - - [28/Jul/2026:05:46:03 +0200] "GET / HTTP/1.1" 200 59187 "-" "Mozilla/5.0 (compatible; HubSpot Crawler; HubSpot Domain check; +https://www.hubspot.com)"
120.88.34.154 - - [28/Jul/2026:05:46:15 +0200] "POST /xmlrpc.php HTTP/1.1" 200 6090 "-" "WordPress.com; https://wordpress.com"
120.88.34.154 - - [28/Jul/2026:05:46:26 +0200] "POST /xmlrpc.php HTTP/1.1" 200 6090 "-" "Jetpack by WordPress.com (Jetpack 12.0; WordPress 6.2)"
2a03:2880:f800:31:: - - [28/Jul/2026:05:46:29 +0200] "GET /shop/bryopsida/actionably243749959996 HTTP/1.1" 404 38568 "-" "Mozilla/5.0 (Macintosh; Intel Mac OS X 10_15_7) AppleWebKit/537.36 (KHTML, like Gecko) Chrome/145.0.0.0 Safari/537.36 (compatible; meta-externalagent/1.1 (+https://developers.facebook.com/docs/sharing/webmasters/crawler))"
120.88.34.154 - - [28/Jul/2026:05:46:36 +0200] "POST /xmlrpc.php HTTP/1.1" 200 6090 "-" "Jetpack/12.5; WordPress/6.4; http://site28677115.com"
2001:1690:2:4::1:118 - - [28/Jul/2026:05:46:47 +0200] "POST /wp-cron.php?doing_wp_cron=1785210407.3036708831787109375000 HTTP/1.1" 200 5522 "-" "WordPress/6.7.5; https://cso-apeldoorn.nl"
120.88.34.154 - - [28/Jul/2026:05:46:47 +0200] "POST /xmlrpc.php HTTP/1.1" 200 6090 "-" "Jetpack by WordPress.com"
2a03:2880:f800:38:: - - [28/Jul/2026:05:46:51 +0200] "GET /shop/obliterating/horridly241788518921 HTTP/1.1" 404 38568 "-" "Mozilla/5.0 (Windows NT 10.0; Win64; x64) AppleWebKit/537.36 (KHTML, like Gecko) Chrome/144.0.0.0 Safari/537.36 Edg/144.0.0.0 (compatible; meta-externalagent/1.1 (+https://developers.facebook.com/docs/sharing/webmasters/crawler))"
2a03:2880:f800:19:: - - [28/Jul/2026:05:46:54 +0200] "GET /shop/outsoar/verboseness24262332453 HTTP/1.1" 404 38568 "-" "Mozilla/5.0 (Macintosh; Intel Mac OS X 10_15_7) AppleWebKit/537.36 (KHTML, like Gecko) Chrome/145.0.0.0 Safari/537.36 (compatible; meta-externalagent/1.1 (+https://developers.facebook.com/docs/sharing/webmasters/crawler))"
120.88.34.154 - - [28/Jul/2026:05:46:57 +0200] "POST /xmlrpc.php HTTP/1.1" 200 6090 "-" "Jetpack by WordPress.com (Jetpack 12.1; WordPress 6.4)"
120.88.34.154 - - [28/Jul/2026:05:47:08 +0200] "POST /xmlrpc.php HTTP/1.1" 200 6090 "-" "Jetpack/12.5; WordPress/6.2; http://site47422389.com"
120.88.34.154 - - [28/Jul/2026:05:47:18 +0200] "POST /xmlrpc.php HTTP/1.1" 200 6090 "-" "Jetpack by WordPress.com"
120.88.34.154 - - [28/Jul/2026:05:47:29 +0200] "POST /xmlrpc.php HTTP/1.1" 200 6090 "-" "Jetpack by WordPress.com (Jetpack 12.5; WordPress 6.4)"
2a03:2880:f800:30:: - - [28/Jul/2026:05:47:30 +0200] "GET /shop/deuterogenic/marrowish242884821843 HTTP/1.1" 404 38568 "-" "Mozilla/5.0 (Windows NT 10.0; Win64; x64) AppleWebKit/537.36 (KHTML, like Gecko) Chrome/145.0.0.0 Safari/537.36 (compatible; meta-externalagent/1.1 (+https://developers.facebook.com/docs/sharing/webmasters/crawler))"
2a03:2880:f800:8:: - - [28/Jul/2026:05:47:32 +0200] "GET /shop/azidothymidine/arrowshaped241696469495 HTTP/1.1" 404 38568 "-" "Mozilla/5.0 (Windows NT 10.0; Win64; x64) AppleWebKit/537.36 (KHTML, like Gecko) Chrome/145.0.0.0 Safari/537.36 (compatible; meta-externalagent/1.1 (+https://developers.facebook.com/docs/sharing/webmasters/crawler))"
120.88.34.154 - - [28/Jul/2026:05:47:40 +0200] "POST /xmlrpc.php HTTP/1.1" 200 6090 "-" "Jetpack by WordPress.com (Jetpack 13.0; WordPress 6.3)"
2a03:2880:f800:3f:: - - [28/Jul/2026:05:47:41 +0200] "GET /shop/nudus/betaorcin241425187768 HTTP/1.1" 404 38568 "-" "Mozilla/5.0 (Windows NT 10.0; Win64; x64) AppleWebKit/537.36 (KHTML, like Gecko) Chrome/145.0.0.0 Safari/537.36 (compatible; meta-externalagent/1.1 (+https://developers.facebook.com/docs/sharing/webmasters/crawler))"
120.88.34.154 - - [28/Jul/2026:05:47:50 +0200] "POST /xmlrpc.php HTTP/1.1" 200 6090 "-" "Jetpack by WordPress.com"
120.88.34.154 - - [28/Jul/2026:05:48:01 +0200] "POST /xmlrpc.php HTTP/1.1" 200 6090 "-" "Jetpack/13.0; WordPress/6.3; http://site27163294.com"
2a03:2880:f800:41:: - - [28/Jul/2026:05:48:09 +0200] "GET /shop/strumose/refractable242968844350 HTTP/1.1" 404 38568 "-" "Mozilla/5.0 (Windows NT 10.0; Win64; x64) AppleWebKit/537.36 (KHTML, like Gecko) Chrome/145.0.0.0 Safari/537.36 (compatible; meta-externalagent/1.1 (+https://developers.facebook.com/docs/sharing/webmasters/crawler))"
120.88.34.154 - - [28/Jul/2026:05:48:11 +0200] "POST /xmlrpc.php HTTP/1.1" 200 6090 "-" "Jetpack/13.0; WordPress/6.4; http://site25088042.com"
2a03:2880:f800:44:: - - [28/Jul/2026:05:48:13 +0200] "GET /shop/reship/biophorebimacofor24159502602 HTTP/1.1" 404 38568 "-" "Mozilla/5.0 (Windows NT 10.0; Win64; x64) AppleWebKit/537.36 (KHTML, like Gecko) Chrome/145.0.0.0 Safari/537.36 (compatible; meta-externalagent/1.1 (+https://developers.facebook.com/docs/sharing/webmasters/crawler))"
2a03:2880:f800:a:: - - [28/Jul/2026:05:48:16 +0200] "GET /shop/icily/pasteurian241204752777 HTTP/1.1" 404 38568 "-" "Mozilla/5.0 (Windows NT 10.0; Win64; x64) AppleWebKit/537.36 (KHTML, like Gecko) Chrome/145.0.0.0 Safari/537.36 (compatible; meta-externalagent/1.1 (+https://developers.facebook.com/docs/sharing/webmasters/crawler))"
120.88.34.154 - - [28/Jul/2026:05:48:22 +0200] "POST /xmlrpc.php HTTP/1.1" 200 6090 "-" "Jetpack/12.1; WordPress/6.1; http://site41395435.com"
120.88.34.154 - - [28/Jul/2026:05:48:32 +0200] "POST /xmlrpc.php HTTP/1.1" 200 6090 "-" "Jetpack by WordPress.com (Jetpack 13.0; WordPress 6.1)"
2a03:2880:f800:2a:: - - [28/Jul/2026:05:48:41 +0200] "GET /shop/attal/spreadingly24874339227 HTTP/1.1" 404 38568 "-" "Mozilla/5.0 (X11; Linux x86_64) AppleWebKit/537.36 (KHTML, like Gecko) Chrome/145.0.0.0 Safari/537.36 (compatible; meta-externalagent/1.1 (+https://developers.facebook.com/docs/sharing/webmasters/crawler))"
120.88.34.154 - - [28/Jul/2026:05:48:43 +0200] "POST /xmlrpc.php HTTP/1.1" 200 6090 "-" "Jetpack by WordPress.com (Jetpack 12.5; WordPress 6.4)"
2a03:2880:f800:4:: - - [28/Jul/2026:05:48:44 +0200] "GET /shop/pipertium/plunk24449654689 HTTP/1.1" 404 38568 "-" "Mozilla/5.0 (Macintosh; Intel Mac OS X 10_15_7) AppleWebKit/537.36 (KHTML, like Gecko) Chrome/145.0.0.0 Safari/537.36 (compatible; meta-externalagent/1.1 (+https://developers.facebook.com/docs/sharing/webmasters/crawler))"
2a03:2880:f800:27:: - - [28/Jul/2026:05:48:45 +0200] "GET /shop/poeticule/infuriate243157302595 HTTP/1.1" 404 38568 "-" "Mozilla/5.0 (Windows NT 10.0; Win64; x64) AppleWebKit/537.36 (KHTML, like Gecko) Chrome/145.0.0.0 Safari/537.36 Edg/145.0.0.0 (compatible; meta-externalagent/1.1 (+https://developers.facebook.com/docs/sharing/webmasters/crawler))"
120.88.34.154 - - [28/Jul/2026:05:48:53 +0200] "POST /xmlrpc.php HTTP/1.1" 200 6090 "-" "WordPress.com; https://wordpress.com"
120.88.34.154 - - [28/Jul/2026:05:49:04 +0200] "POST /xmlrpc.php HTTP/1.1" 200 6090 "-" "Jetpack by WordPress.com"
2a03:2880:f800:45:: - - [28/Jul/2026:05:49:14 +0200] "GET /shop/coffeeroom/conny241176662722 HTTP/1.1" 404 38568 "-" "Mozilla/5.0 (Macintosh; Intel Mac OS X 10_15_7) AppleWebKit/537.36 (KHTML, like Gecko) Chrome/145.0.0.0 Safari/537.36 (compatible; meta-externalagent/1.1 (+https://developers.facebook.com/docs/sharing/webmasters/crawler))"
120.88.34.154 - - [28/Jul/2026:05:49:15 +0200] "POST /xmlrpc.php HTTP/1.1" 200 6090 "-" "Jetpack by WordPress.com (Jetpack 13.0; WordPress 6.3)"
120.88.34.154 - - [28/Jul/2026:05:49:25 +0200] "POST /xmlrpc.php HTTP/1.1" 200 6090 "-" "Jetpack by WordPress.com"
2001:1690:2:4::1:118 - - [28/Jul/2026:05:49:36 +0200] "POST /wp-cron.php?doing_wp_cron=1785210576.2899849414825439453125 HTTP/1.1" 200 5522 "-" "WordPress/6.7.5; https://cso-apeldoorn.nl"
120.88.34.154 - - [28/Jul/2026:05:49:36 +0200] "POST /xmlrpc.php HTTP/1.1" 200 6090 "-" "Jetpack by WordPress.com (Jetpack 12.1; WordPress 6.3)"
2a03:2880:f800:2a:: - - [28/Jul/2026:05:49:43 +0200] "GET /shop/habituating/tachygraphical24788813737 HTTP/1.1" 404 38568 "-" "Mozilla/5.0 (Macintosh; Intel Mac OS X 10_15_7) AppleWebKit/537.36 (KHTML, like Gecko) Chrome/145.0.0.0 Safari/537.36 (compatible; meta-externalagent/1.1 (+https://developers.facebook.com/docs/sharing/webmasters/crawler))"
120.88.34.154 - - [28/Jul/2026:05:49:46 +0200] "POST /xmlrpc.php HTTP/1.1" 200 6090 "-" "WordPress.com; https://wordpress.com"
2001:1690:2:4::1:118 - - [28/Jul/2026:05:49:49 +0200] "POST /wp-cron.php?doing_wp_cron=1785210589.4926419258117675781250 HTTP/1.1" 200 5522 "-" "WordPress/6.7.5; https://cso-apeldoorn.nl"
2a03:2880:f800:32:: - - [28/Jul/2026:05:49:49 +0200] "GET /shop/syenite/kindergarten243126777545 HTTP/1.1" 404 38568 "-" "Mozilla/5.0 (Windows NT 10.0; Win64; x64) AppleWebKit/537.36 (KHTML, like Gecko) Chrome/145.0.0.0 Safari/537.36 (compatible; meta-externalagent/1.1 (+https://developers.facebook.com/docs/sharing/webmasters/crawler))"
120.88.34.154 - - [28/Jul/2026:05:49:57 +0200] "POST /xmlrpc.php HTTP/1.1" 200 6090 "-" "Jetpack by WordPress.com"
120.88.34.154 - - [28/Jul/2026:05:50:07 +0200] "POST /xmlrpc.php HTTP/1.1" 200 6090 "-" "Jetpack/12.5; WordPress/6.1; http://site90772570.com"
2a03:2880:f800:1c:: - - [28/Jul/2026:05:50:09 +0200] "GET /shop/demilune/fundamentally24753594780 HTTP/1.1" 404 38568 "-" "Mozilla/5.0 (Windows NT 10.0; Win64; x64) AppleWebKit/537.36 (KHTML, like Gecko) Chrome/145.0.0.0 Safari/537.36 (compatible; meta-externalagent/1.1 (+https://developers.facebook.com/docs/sharing/webmasters/crawler))"
120.88.34.154 - - [28/Jul/2026:05:50:18 +0200] "POST /xmlrpc.php HTTP/1.1" 200 6090 "-" "Jetpack by WordPress.com (Jetpack 13.0; WordPress 6.2)"
2a03:2880:f800:32:: - - [28/Jul/2026:05:50:23 +0200] "GET /shop/pigjawed/quean241752251388 HTTP/1.1" 404 38568 "-" "Mozilla/5.0 (Windows NT 10.0; Win64; x64) AppleWebKit/537.36 (KHTML, like Gecko) Chrome/145.0.0.0 Safari/537.36 (compatible; meta-externalagent/1.1 (+https://developers.facebook.com/docs/sharing/webmasters/crawler))"
120.88.34.154 - - [28/Jul/2026:05:50:28 +0200] "POST /xmlrpc.php HTTP/1.1" 200 6090 "-" "WordPress.com; https://wordpress.com"
120.88.34.154 - - [28/Jul/2026:05:50:39 +0200] "POST /xmlrpc.php HTTP/1.1" 200 6090 "-" "WordPress.com; https://wordpress.com"
120.88.34.154 - - [28/Jul/2026:05:50:49 +0200] "POST /xmlrpc.php HTTP/1.1" 200 6090 "-" "Jetpack/12.1; WordPress/6.3; http://site21720730.com"
120.88.34.154 - - [28/Jul/2026:05:51:00 +0200] "POST /xmlrpc.php HTTP/1.1" 200 6090 "-" "Jetpack/12.0; WordPress/6.2; http://site85538414.com"
120.88.34.154 - - [28/Jul/2026:05:51:11 +0200] "POST /xmlrpc.php HTTP/1.1" 200 6090 "-" "WordPress.com; https://wordpress.com"
2a03:2880:f800:3c:: - - [28/Jul/2026:05:51:14 +0200] "GET /shop/myaceae/dapchick24797991329 HTTP/1.1" 404 38568 "-" "Mozilla/5.0 (Windows NT 10.0; Win64; x64) AppleWebKit/537.36 (KHTML, like Gecko) Chrome/145.0.0.0 Safari/537.36 Edg/145.0.0.0 (compatible; meta-externalagent/1.1 (+https://developers.facebook.com/docs/sharing/webmasters/crawler))"
2a03:2880:f800:22:: - - [28/Jul/2026:05:51:20 +0200] "GET /shop/alchemically/filixmas24106157919 HTTP/1.1" 404 38568 "-" "Mozilla/5.0 (Windows NT 10.0; Win64; x64) AppleWebKit/537.36 (KHTML, like Gecko) Chrome/145.0.0.0 Safari/537.36 (compatible; meta-externalagent/1.1 (+https://developers.facebook.com/docs/sharing/webmasters/crawler))"
120.88.34.154 - - [28/Jul/2026:05:51:21 +0200] "POST /xmlrpc.php HTTP/1.1" 200 6090 "-" "Jetpack/12.1; WordPress/6.4; http://site47955719.com"
120.88.34.154 - - [28/Jul/2026:05:51:32 +0200] "POST /xmlrpc.php HTTP/1.1" 200 6090 "-" "Jetpack/12.5; WordPress/6.4; http://site51001696.com"
120.88.34.154 - - [28/Jul/2026:05:51:42 +0200] "POST /xmlrpc.php HTTP/1.1" 200 6090 "-" "Jetpack by WordPress.com (Jetpack 12.0; WordPress 6.4)"
120.88.34.154 - - [28/Jul/2026:05:51:53 +0200] "POST /xmlrpc.php HTTP/1.1" 200 6090 "-" "Jetpack by WordPress.com"
120.88.34.154 - - [28/Jul/2026:05:52:03 +0200] "POST /xmlrpc.php HTTP/1.1" 200 6090 "-" "Jetpack/12.0; WordPress/6.3; http://site31399701.com"
120.88.34.154 - - [28/Jul/2026:05:52:14 +0200] "POST /xmlrpc.php HTTP/1.1" 200 6090 "-" "Jetpack by WordPress.com"
120.88.34.154 - - [28/Jul/2026:05:52:25 +0200] "POST /xmlrpc.php HTTP/1.1" 200 6090 "-" "Jetpack by WordPress.com (Jetpack 12.0; WordPress 6.1)"
120.88.34.154 - - [28/Jul/2026:05:52:35 +0200] "POST /xmlrpc.php HTTP/1.1" 200 6090 "-" "Jetpack by WordPress.com (Jetpack 13.0; WordPress 6.1)"
2a03:2880:f800:20:: - - [28/Jul/2026:05:52:40 +0200] "GET /shop/drawn/polymathy242963334347 HTTP/1.1" 404 38568 "-" "Mozilla/5.0 (Macintosh; Intel Mac OS X 10_15_7) AppleWebKit/537.36 (KHTML, like Gecko) Chrome/145.0.0.0 Safari/537.36 (compatible; meta-externalagent/1.1 (+https://developers.facebook.com/docs/sharing/webmasters/crawler))"
120.88.34.154 - - [28/Jul/2026:05:52:46 +0200] "POST /xmlrpc.php HTTP/1.1" 200 6090 "-" "Jetpack/12.0; WordPress/6.4; http://site24435049.com"
120.88.34.154 - - [28/Jul/2026:05:52:56 +0200] "POST /xmlrpc.php HTTP/1.1" 200 6090 "-" "Jetpack/12.0; WordPress/6.1; http://site90555862.com"
120.88.34.154 - - [28/Jul/2026:05:53:07 +0200] "POST /xmlrpc.php HTTP/1.1" 200 6090 "-" "WordPress.com; https://wordpress.com"
2a03:2880:f800:14:: - - [28/Jul/2026:05:53:12 +0200] "GET /shop/mannerist/reedify242693459612 HTTP/1.1" 404 38568 "-" "Mozilla/5.0 (Windows NT 10.0; Win64; x64) AppleWebKit/537.36 (KHTML, like Gecko) Chrome/145.0.0.0 Safari/537.36 (compatible; meta-externalagent/1.1 (+https://developers.facebook.com/docs/sharing/webmasters/crawler))"
120.88.34.154 - - [28/Jul/2026:05:53:18 +0200] "POST /xmlrpc.php HTTP/1.1" 200 6090 "-" "Jetpack by WordPress.com (Jetpack 12.0; WordPress 6.2)"
120.88.34.154 - - [28/Jul/2026:05:53:28 +0200] "POST /xmlrpc.php HTTP/1.1" 200 6090 "-" "Jetpack by WordPress.com"
2a03:2880:f800:2e:: - - [28/Jul/2026:05:53:34 +0200] "GET /shop/churchgoer/peter243486794962 HTTP/1.1" 404 38568 "-" "Mozilla/5.0 (Macintosh; Intel Mac OS X 10_15_7) AppleWebKit/537.36 (KHTML, like Gecko) Chrome/145.0.0.0 Safari/537.36 (compatible; meta-externalagent/1.1 (+https://developers.facebook.com/docs/sharing/webmasters/crawler))"
120.88.34.154 - - [28/Jul/2026:05:53:39 +0200] "POST /xmlrpc.php HTTP/1.1" 200 6090 "-" "Jetpack by WordPress.com"
2a03:2880:f800:3b:: - - [28/Jul/2026:05:53:40 +0200] "GET /shop/actuarial/marysole241554061231 HTTP/1.1" 404 38568 "-" "Mozilla/5.0 (Windows NT 10.0; Win64; x64) AppleWebKit/537.36 (KHTML, like Gecko) Chrome/145.0.0.0 Safari/537.36 (compatible; meta-externalagent/1.1 (+https://developers.facebook.com/docs/sharing/webmasters/crawler))"
120.88.34.154 - - [28/Jul/2026:05:53:49 +0200] "POST /xmlrpc.php HTTP/1.1" 200 6090 "-" "WordPress.com; https://wordpress.com"
120.88.34.154 - - [28/Jul/2026:05:54:00 +0200] "POST /xmlrpc.php HTTP/1.1" 200 6090 "-" "Jetpack by WordPress.com"
120.88.34.154 - - [28/Jul/2026:05:54:10 +0200] "POST /xmlrpc.php HTTP/1.1" 200 6090 "-" "Jetpack by WordPress.com (Jetpack 12.5; WordPress 6.4)"
2a03:2880:f800:1f:: - - [28/Jul/2026:05:54:11 +0200] "GET /shop/craponius/hexagonally24210595888 HTTP/1.1" 404 38568 "-" "Mozilla/5.0 (Windows NT 10.0; Win64; x64) AppleWebKit/537.36 (KHTML, like Gecko) Chrome/145.0.0.0 Safari/537.36 (compatible; meta-externalagent/1.1 (+https://developers.facebook.com/docs/sharing/webmasters/crawler))"
120.88.34.154 - - [28/Jul/2026:05:54:21 +0200] "POST /xmlrpc.php HTTP/1.1" 200 6090 "-" "Jetpack by WordPress.com"
2a03:2880:f800:31:: - - [28/Jul/2026:05:54:27 +0200] "GET /shop/basisphenoid/bottoming24625964692 HTTP/1.1" 404 38568 "-" "Mozilla/5.0 (Windows NT 10.0; Win64; x64) AppleWebKit/537.36 (KHTML, like Gecko) Chrome/145.0.0.0 Safari/537.36 (compatible; meta-externalagent/1.1 (+https://developers.facebook.com/docs/sharing/webmasters/crawler))"
2a03:2880:f800:1c:: - - [28/Jul/2026:05:54:30 +0200] "GET /shop/downshare/hyperoodon241302146484 HTTP/1.1" 404 38568 "-" "Mozilla/5.0 (Windows NT 10.0; Win64; x64) AppleWebKit/537.36 (KHTML, like Gecko) Chrome/145.0.0.0 Safari/537.36 (compatible; meta-externalagent/1.1 (+https://developers.facebook.com/docs/sharing/webmasters/crawler))"
120.88.34.154 - - [28/Jul/2026:05:54:32 +0200] "POST /xmlrpc.php HTTP/1.1" 200 6090 "-" "Jetpack by WordPress.com (Jetpack 12.1; WordPress 6.1)"
2a03:2880:f800:2f:: - - [28/Jul/2026:05:54:38 +0200] "GET /shop/rachitic/rigorism242020005194 HTTP/1.1" 404 38568 "-" "Mozilla/5.0 (Windows NT 10.0; Win64; x64) AppleWebKit/537.36 (KHTML, like Gecko) Chrome/145.0.0.0 Safari/537.36 (compatible; meta-externalagent/1.1 (+https://developers.facebook.com/docs/sharing/webmasters/crawler))"
120.88.34.154 - - [28/Jul/2026:05:54:42 +0200] "POST /xmlrpc.php HTTP/1.1" 200 6090 "-" "Jetpack by WordPress.com (Jetpack 12.1; WordPress 6.2)"
120.88.34.154 - - [28/Jul/2026:05:54:53 +0200] "POST /xmlrpc.php HTTP/1.1" 200 6090 "-" "WordPress.com; https://wordpress.com"
120.88.34.154 - - [28/Jul/2026:05:55:03 +0200] "POST /xmlrpc.php HTTP/1.1" 200 6090 "-" "WordPress.com; https://wordpress.com"
2a03:2880:f800:: - - [28/Jul/2026:05:55:13 +0200] "GET /shop/ozonometry/swiftest242355903381 HTTP/1.1" 404 38568 "-" "Mozilla/5.0 (X11; Linux x86_64) AppleWebKit/537.36 (KHTML, like Gecko) Chrome/145.0.0.0 Safari/537.36 (compatible; meta-externalagent/1.1 (+https://developers.facebook.com/docs/sharing/webmasters/crawler))"
120.88.34.154 - - [28/Jul/2026:05:55:14 +0200] "POST /xmlrpc.php HTTP/1.1" 200 6090 "-" "Jetpack by WordPress.com"
2a03:2880:f800:9:: - - [28/Jul/2026:05:55:15 +0200] "GET /shop/chinos/medioxumous244091152508 HTTP/1.1" 404 38568 "-" "Mozilla/5.0 (Macintosh; Intel Mac OS X 10_15_7) AppleWebKit/537.36 (KHTML, like Gecko) Chrome/145.0.0.0 Safari/537.36 (compatible; meta-externalagent/1.1 (+https://developers.facebook.com/docs/sharing/webmasters/crawler))"
37.59.204.158 - - [28/Jul/2026:05:55:19 +0200] "GET /robots.txt HTTP/1.1" 403 97 "-" "Mozilla/5.0 (compatible; AhrefsBot/7.0; +http://ahrefs.com/robot/)"
120.88.34.154 - - [28/Jul/2026:05:55:24 +0200] "POST /xmlrpc.php HTTP/1.1" 200 6090 "-" "WordPress.com; https://wordpress.com"
120.88.34.154 - - [28/Jul/2026:05:55:35 +0200] "POST /xmlrpc.php HTTP/1.1" 200 6090 "-" "Jetpack by WordPress.com (Jetpack 13.0; WordPress 6.4)"
2a03:2880:f800:2f:: - - [28/Jul/2026:05:55:38 +0200] "GET /shop/greengage/rubus242300348700 HTTP/1.1" 404 38568 "-" "Mozilla/5.0 (Macintosh; Intel Mac OS X 10_15_7) AppleWebKit/537.36 (KHTML, like Gecko) Chrome/145.0.0.0 Safari/537.36 (compatible; meta-externalagent/1.1 (+https://developers.facebook.com/docs/sharing/webmasters/crawler))"
2a03:2880:f800:44:: - - [28/Jul/2026:05:55:42 +0200] "GET /shop/headwater/gypsyweed242690082923 HTTP/1.1" 404 38568 "-" "Mozilla/5.0 (X11; Linux x86_64) AppleWebKit/537.36 (KHTML, like Gecko) Chrome/145.0.0.0 Safari/537.36 (compatible; meta-externalagent/1.1 (+https://developers.facebook.com/docs/sharing/webmasters/crawler))"
120.88.34.154 - - [28/Jul/2026:05:55:45 +0200] "POST /xmlrpc.php HTTP/1.1" 200 6090 "-" "WordPress.com; https://wordpress.com"
2a03:2880:f800:30:: - - [28/Jul/2026:05:55:47 +0200] "GET /shop/dislike/costus24288181266 HTTP/1.1" 404 38568 "-" "Mozilla/5.0 (Windows NT 10.0; Win64; x64) AppleWebKit/537.36 (KHTML, like Gecko) Chrome/145.0.0.0 Safari/537.36 (compatible; meta-externalagent/1.1 (+https://developers.facebook.com/docs/sharing/webmasters/crawler))"
120.88.34.154 - - [28/Jul/2026:05:55:56 +0200] "POST /xmlrpc.php HTTP/1.1" 200 6090 "-" "Jetpack by WordPress.com"
120.88.34.154 - - [28/Jul/2026:05:56:07 +0200] "POST /xmlrpc.php HTTP/1.1" 200 6090 "-" "Jetpack/12.1; WordPress/6.3; http://site31435911.com"
120.88.34.154 - - [28/Jul/2026:05:56:17 +0200] "POST /xmlrpc.php HTTP/1.1" 200 6090 "-" "WordPress.com; https://wordpress.com"
120.88.34.154 - - [28/Jul/2026:05:56:28 +0200] "POST /xmlrpc.php HTTP/1.1" 200 6090 "-" "Jetpack by WordPress.com"
2a03:2880:f800:33:: - - [28/Jul/2026:05:56:33 +0200] "GET /shop/classmate/layman24402833926 HTTP/1.1" 404 38568 "-" "Mozilla/5.0 (Macintosh; Intel Mac OS X 10_15_7) AppleWebKit/537.36 (KHTML, like Gecko) Chrome/145.0.0.0 Safari/537.36 (compatible; meta-externalagent/1.1 (+https://developers.facebook.com/docs/sharing/webmasters/crawler))"
120.88.34.154 - - [28/Jul/2026:05:56:38 +0200] "POST /xmlrpc.php HTTP/1.1" 200 6090 "-" "Jetpack by WordPress.com"
54.174.58.245 - - [28/Jul/2026:05:56:46 +0200] "GET /robots.txt HTTP/1.1" 200 5588 "-" "Mozilla/5.0 (compatible; HubSpot Crawler; HubSpot Domain check; +https://www.hubspot.com)"
120.88.34.154 - - [28/Jul/2026:05:56:49 +0200] "POST /xmlrpc.php HTTP/1.1" 200 6090 "-" "Jetpack by WordPress.com"
2a03:2880:f800:43:: - - [28/Jul/2026:05:56:49 +0200] "GET /shop/eblanin/montero242006151991 HTTP/1.1" 404 38568 "-" "Mozilla/5.0 (Macintosh; Intel Mac OS X 10_15_7) AppleWebKit/537.36 (KHTML, like Gecko) Chrome/145.0.0.0 Safari/537.36 (compatible; meta-externalagent/1.1 (+https://developers.facebook.com/docs/sharing/webmasters/crawler))"
54.174.58.249 - - [28/Jul/2026:05:56:46 +0200] "GET / HTTP/1.1" 200 59098 "-" "Mozilla/5.0 (compatible; HubSpot Crawler; HubSpot Domain check; +https://www.hubspot.com)"
54.174.58.245 - - [28/Jul/2026:05:56:53 +0200] "GET / HTTP/1.1" 200 59401 "-" "Mozilla/5.0 (X11; Linux x86_64) AppleWebKit/537.36 (KHTML, like Gecko) HeadlessChrome/150.0.0.0 Safari/537.36"
54.174.58.245 - - [28/Jul/2026:05:56:57 +0200] "GET /wp-content/uploads/fusion-styles/9fe82a85d1d962655d7f5d0b166a6763.min.css?ver=3.11.14 HTTP/1.1" 200 5535 "https://cso-apeldoorn.nl/" "Mozilla/5.0 (X11; Linux x86_64) AppleWebKit/537.36 (KHTML, like Gecko) HeadlessChrome/150.0.0.0 Safari/537.36"
54.174.58.227 - - [28/Jul/2026:05:56:57 +0200] "GET /wp-content/uploads/2020/01/Schermafbeelding-2020-01-13-om-16.59.58.png HTTP/1.1" 200 5533 "https://cso-apeldoorn.nl/" "Mozilla/5.0 (X11; Linux x86_64) AppleWebKit/537.36 (KHTML, like Gecko) HeadlessChrome/150.0.0.0 Safari/537.36"
54.174.58.224 - - [28/Jul/2026:05:56:57 +0200] "GET /wp-includes/js/mediaelement/mediaelementplayer-legacy.min.css?ver=4.2.17 HTTP/1.1" 200 5523 "https://cso-apeldoorn.nl/" "Mozilla/5.0 (X11; Linux x86_64) AppleWebKit/537.36 (KHTML, like Gecko) HeadlessChrome/150.0.0.0 Safari/537.36"
54.174.58.245 - - [28/Jul/2026:05:56:57 +0200] "GET /wp-content/uploads/2019/11/CSO_logo.png HTTP/1.1" 200 5502 "https://cso-apeldoorn.nl/" "Mozilla/5.0 (X11; Linux x86_64) AppleWebKit/537.36 (KHTML, like Gecko) HeadlessChrome/150.0.0.0 Safari/537.36"
54.174.58.245 - - [28/Jul/2026:05:56:57 +0200] "GET /wp-content/themes/Avada/includes/lib/assets/fonts/icomoon/awb-icons.woff HTTP/1.1" 200 5535 "https://cso-apeldoorn.nl/wp-content/uploads/fusion-styles/9fe82a85d1d962655d7f5d0b166a6763.min.css?ver=3.11.14" "Mozilla/5.0 (X11; Linux x86_64) AppleWebKit/537.36 (KHTML, like Gecko) HeadlessChrome/150.0.0.0 Safari/537.36"
54.174.58.224 - - [28/Jul/2026:05:56:57 +0200] "GET /wp-includes/js/mediaelement/wp-mediaelement.min.css?ver=6.7.5 HTTP/1.1" 200 5513 "https://cso-apeldoorn.nl/" "Mozilla/5.0 (X11; Linux x86_64) AppleWebKit/537.36 (KHTML, like Gecko) HeadlessChrome/150.0.0.0 Safari/537.36"
54.174.58.245 - - [28/Jul/2026:05:56:57 +0200] "GET /wp-includes/js/dist/i18n.min.js?ver=5e580eb46a90c2b997e6 HTTP/1.1" 200 5507 "https://cso-apeldoorn.nl/" "Mozilla/5.0 (X11; Linux x86_64) AppleWebKit/537.36 (KHTML, like Gecko) HeadlessChrome/150.0.0.0 Safari/537.36"
54.174.58.224 - - [28/Jul/2026:05:56:57 +0200] "GET /wp-includes/js/dist/hooks.min.js?ver=4d63a3d491d11ffd8ac6 HTTP/1.1" 200 5508 "https://cso-apeldoorn.nl/" "Mozilla/5.0 (X11; Linux x86_64) AppleWebKit/537.36 (KHTML, like Gecko) HeadlessChrome/150.0.0.0 Safari/537.36"
54.174.58.250 - - [28/Jul/2026:05:56:57 +0200] "GET /wp-content/plugins/contact-form-7/includes/swv/js/index.js?ver=6.1.6 HTTP/1.1" 200 5534 "https://cso-apeldoorn.nl/" "Mozilla/5.0 (X11; Linux x86_64) AppleWebKit/537.36 (KHTML, like Gecko) HeadlessChrome/150.0.0.0 Safari/537.36"
54.174.58.245 - - [28/Jul/2026:05:56:57 +0200] "GET /wp-content/plugins/contact-form-7/includes/js/index.js?ver=6.1.6 HTTP/1.1" 200 5530 "https://cso-apeldoorn.nl/" "Mozilla/5.0 (X11; Linux x86_64) AppleWebKit/537.36 (KHTML, like Gecko) HeadlessChrome/150.0.0.0 Safari/537.36"
54.174.58.249 - - [28/Jul/2026:05:56:57 +0200] "GET /wp-includes/js/jquery/jquery.min.js?ver=3.7.1 HTTP/1.1" 200 5511 "https://cso-apeldoorn.nl/" "Mozilla/5.0 (X11; Linux x86_64) AppleWebKit/537.36 (KHTML, like Gecko) HeadlessChrome/150.0.0.0 Safari/537.36"
54.174.58.245 - - [28/Jul/2026:05:56:57 +0200] "GET /wp-content/uploads/fusion-styles/9fe82a85d1d962655d7f5d0b166a6763.min.css?ver=3.11.14 HTTP/1.1" 200 114477 "https://cso-apeldoorn.nl/" "Mozilla/5.0 (X11; Linux x86_64) AppleWebKit/537.36 (KHTML, like Gecko) HeadlessChrome/150.0.0.0 Safari/537.36"
54.174.58.224 - - [28/Jul/2026:05:56:57 +0200] "GET /wp-includes/js/mediaelement/mediaelementplayer-legacy.min.css?ver=4.2.17 HTTP/1.1" 200 2390 "https://cso-apeldoorn.nl/" "Mozilla/5.0 (X11; Linux x86_64) AppleWebKit/537.36 (KHTML, like Gecko) HeadlessChrome/150.0.0.0 Safari/537.36"
54.174.58.245 - - [28/Jul/2026:05:56:57 +0200] "GET /wp-content/uploads/2019/11/CSO_logo.png HTTP/1.1" 200 1891 "https://cso-apeldoorn.nl/" "Mozilla/5.0 (X11; Linux x86_64) AppleWebKit/537.36 (KHTML, like Gecko) HeadlessChrome/150.0.0.0 Safari/537.36"
54.174.58.245 - - [28/Jul/2026:05:56:57 +0200] "GET /wp-content/themes/Avada/includes/lib/assets/fonts/icomoon/awb-icons.woff HTTP/1.1" 200 22204 "https://cso-apeldoorn.nl/wp-content/uploads/fusion-styles/9fe82a85d1d962655d7f5d0b166a6763.min.css?ver=3.11.14" "Mozilla/5.0 (X11; Linux x86_64) AppleWebKit/537.36 (KHTML, like Gecko) HeadlessChrome/150.0.0.0 Safari/537.36"
54.174.58.224 - - [28/Jul/2026:05:56:57 +0200] "GET /wp-includes/js/mediaelement/wp-mediaelement.min.css?ver=6.7.5 HTTP/1.1" 200 992 "https://cso-apeldoorn.nl/" "Mozilla/5.0 (X11; Linux x86_64) AppleWebKit/537.36 (KHTML, like Gecko) HeadlessChrome/150.0.0.0 Safari/537.36"
54.174.58.245 - - [28/Jul/2026:05:56:57 +0200] "GET /wp-includes/js/dist/i18n.min.js?ver=5e580eb46a90c2b997e6 HTTP/1.1" 200 3551 "https://cso-apeldoorn.nl/" "Mozilla/5.0 (X11; Linux x86_64) AppleWebKit/537.36 (KHTML, like Gecko) HeadlessChrome/150.0.0.0 Safari/537.36"
54.174.58.224 - - [28/Jul/2026:05:56:57 +0200] "GET /wp-includes/js/dist/hooks.min.js?ver=4d63a3d491d11ffd8ac6 HTTP/1.1" 200 1583 "https://cso-apeldoorn.nl/" "Mozilla/5.0 (X11; Linux x86_64) AppleWebKit/537.36 (KHTML, like Gecko) HeadlessChrome/150.0.0.0 Safari/537.36"
54.174.58.250 - - [28/Jul/2026:05:56:57 +0200] "GET /wp-content/plugins/contact-form-7/includes/swv/js/index.js?ver=6.1.6 HTTP/1.1" 200 3374 "https://cso-apeldoorn.nl/" "Mozilla/5.0 (X11; Linux x86_64) AppleWebKit/537.36 (KHTML, like Gecko) HeadlessChrome/150.0.0.0 Safari/537.36"
54.174.58.245 - - [28/Jul/2026:05:56:57 +0200] "GET /wp-content/plugins/contact-form-7/includes/js/index.js?ver=6.1.6 HTTP/1.1" 200 4013 "https://cso-apeldoorn.nl/" "Mozilla/5.0 (X11; Linux x86_64) AppleWebKit/537.36 (KHTML, like Gecko) HeadlessChrome/150.0.0.0 Safari/537.36"
54.174.58.249 - - [28/Jul/2026:05:56:57 +0200] "GET /wp-includes/js/jquery/jquery.min.js?ver=3.7.1 HTTP/1.1" 200 29610 "https://cso-apeldoorn.nl/" "Mozilla/5.0 (X11; Linux x86_64) AppleWebKit/537.36 (KHTML, like Gecko) HeadlessChrome/150.0.0.0 Safari/537.36"
54.174.58.224 - - [28/Jul/2026:05:56:58 +0200] "GET /wp-includes/js/dist/vendor/wp-polyfill.min.js?ver=3.15.0 HTTP/1.1" 200 13138 "https://cso-apeldoorn.nl/" "Mozilla/5.0 (X11; Linux x86_64) AppleWebKit/537.36 (KHTML, like Gecko) HeadlessChrome/150.0.0.0 Safari/537.36"
54.174.58.245 - - [28/Jul/2026:05:56:58 +0200] "GET /wp-includes/js/mediaelement/mediaelement-and-player.min.js?ver=4.2.17 HTTP/1.1" 200 35669 "https://cso-apeldoorn.nl/" "Mozilla/5.0 (X11; Linux x86_64) AppleWebKit/537.36 (KHTML, like Gecko) HeadlessChrome/150.0.0.0 Safari/537.36"
54.174.58.245 - - [28/Jul/2026:05:56:58 +0200] "GET /wp-includes/js/mediaelement/mediaelement-migrate.min.js?ver=6.7.5 HTTP/1.1" 200 491 "https://cso-apeldoorn.nl/" "Mozilla/5.0 (X11; Linux x86_64) AppleWebKit/537.36 (KHTML, like Gecko) HeadlessChrome/150.0.0.0 Safari/537.36"
54.174.58.250 - - [28/Jul/2026:05:56:58 +0200] "GET /wp-includes/js/mediaelement/wp-mediaelement.min.js?ver=6.7.5 HTTP/1.1" 200 466 "https://cso-apeldoorn.nl/" "Mozilla/5.0 (X11; Linux x86_64) AppleWebKit/537.36 (KHTML, like Gecko) HeadlessChrome/150.0.0.0 Safari/537.36"
54.174.58.245 - - [28/Jul/2026:05:56:58 +0200] "GET /wp-includes/js/mediaelement/renderers/vimeo.min.js?ver=4.2.17 HTTP/1.1" 200 2083 "https://cso-apeldoorn.nl/" "Mozilla/5.0 (X11; Linux x86_64) AppleWebKit/537.36 (KHTML, like Gecko) HeadlessChrome/150.0.0.0 Safari/537.36"
54.174.58.249 - - [28/Jul/2026:05:56:58 +0200] "GET /wp-content/uploads/fusion-scripts/70d7131947a8a329f87292c724a2d2f6.min.js?ver=3.11.14 HTTP/1.1" 200 120910 "https://cso-apeldoorn.nl/" "Mozilla/5.0 (X11; Linux x86_64) AppleWebKit/537.36 (KHTML, like Gecko) HeadlessChrome/150.0.0.0 Safari/537.36"
54.174.58.245 - - [28/Jul/2026:05:56:58 +0200] "GET /wp-content/uploads/2019/07/CSO-logo.png HTTP/1.1" 200 1930 "https://cso-apeldoorn.nl/" "Mozilla/5.0 (X11; Linux x86_64) AppleWebKit/537.36 (KHTML, like Gecko) HeadlessChrome/150.0.0.0 Safari/537.36"
54.174.58.245 - - [28/Jul/2026:05:56:58 +0200] "GET /wp-includes/js/wp-emoji-release.min.js?ver=6.7.5 HTTP/1.1" 200 4646 "https://cso-apeldoorn.nl/" "Mozilla/5.0 (X11; Linux x86_64) AppleWebKit/537.36 (KHTML, like Gecko) HeadlessChrome/150.0.0.0 Safari/537.36"
54.174.58.227 - - [28/Jul/2026:05:56:58 +0200] "GET /wp-content/uploads/2020/01/Schermafbeelding-2020-01-13-om-16.59.58.png HTTP/1.1" 200 3540778 "https://cso-apeldoorn.nl/" "Mozilla/5.0 (X11; Linux x86_64) AppleWebKit/537.36 (KHTML, like Gecko) HeadlessChrome/150.0.0.0 Safari/537.36"
54.174.58.250 - - [28/Jul/2026:05:56:58 +0200] "GET /wp-includes/js/mediaelement/mejs-controls.svg HTTP/1.1" 200 4598 "https://cso-apeldoorn.nl/wp-includes/js/mediaelement/mediaelementplayer-legacy.min.css?ver=4.2.17" "Mozilla/5.0 (X11; Linux x86_64) AppleWebKit/537.36 (KHTML, like Gecko) HeadlessChrome/150.0.0.0 Safari/537.36"
54.174.58.224 - - [28/Jul/2026:05:56:58 +0200] "GET /wp-content/uploads/2020/01/CSO-Apeldoorn-overkoepelend-final-HQ-v1.mp4?_=1 HTTP/1.1" 206 114391 "https://cso-apeldoorn.nl/" "Mozilla/5.0 (X11; Linux x86_64) AppleWebKit/537.36 (KHTML, like Gecko) HeadlessChrome/150.0.0.0 Safari/537.36"
54.174.58.249 - - [28/Jul/2026:05:56:58 +0200] "GET /wp-content/uploads/2019/11/Header_CSO-Apeldoorn-1.jpg HTTP/1.1" 200 289975 "https://cso-apeldoorn.nl/" "Mozilla/5.0 (X11; Linux x86_64) AppleWebKit/537.36 (KHTML, like Gecko) HeadlessChrome/150.0.0.0 Safari/537.36"
54.174.58.245 - - [28/Jul/2026:05:56:58 +0200] "GET /wp-content/uploads/2020/01/CSO-Apeldoorn-overkoepelend-final-HQ-v1.mp4?_=1 HTTP/1.1" 206 687831 "https://cso-apeldoorn.nl/" "Mozilla/5.0 (X11; Linux x86_64) AppleWebKit/537.36 (KHTML, like Gecko) HeadlessChrome/150.0.0.0 Safari/537.36"
54.174.58.227 - - [28/Jul/2026:05:56:58 +0200] "GET /wp-content/uploads/2020/01/CSO-Apeldoorn-overkoepelend-final-HQ-v1.mp4?_=1 HTTP/1.1" 206 54288 "https://cso-apeldoorn.nl/" "Mozilla/5.0 (X11; Linux x86_64) AppleWebKit/537.36 (KHTML, like Gecko) HeadlessChrome/150.0.0.0 Safari/537.36"
54.174.58.249 - - [28/Jul/2026:05:56:58 +0200] "GET /wp-content/uploads/2019/07/deboog-9.jpg HTTP/1.1" 200 304521 "https://cso-apeldoorn.nl/" "Mozilla/5.0 (X11; Linux x86_64) AppleWebKit/537.36 (KHTML, like Gecko) HeadlessChrome/150.0.0.0 Safari/537.36"
54.174.58.227 - - [28/Jul/2026:05:56:58 +0200] "GET /wp-content/uploads/2020/01/CSO-Apeldoorn-overkoepelend-final-HQ-v1.mp4?_=1 HTTP/1.1" 206 4128467 "https://cso-apeldoorn.nl/" "Mozilla/5.0 (X11; Linux x86_64) AppleWebKit/537.36 (KHTML, like Gecko) HeadlessChrome/150.0.0.0 Safari/537.36"
54.174.58.249 - - [28/Jul/2026:05:56:58 +0200] "GET /wp-content/uploads/2019/11/CSO_logo_retina.png HTTP/1.1" 200 4036 "https://cso-apeldoorn.nl/" "Mozilla/5.0 (X11; Linux x86_64) AppleWebKit/537.36 (KHTML, like Gecko) HeadlessChrome/150.0.0.0 Safari/537.36"
54.174.58.224 - - [28/Jul/2026:05:56:58 +0200] "GET /wp-includes/js/dist/vendor/wp-polyfill.min.js?ver=3.15.0 HTTP/1.1" 200 5521 "https://cso-apeldoorn.nl/" "Mozilla/5.0 (X11; Linux x86_64) AppleWebKit/537.36 (KHTML, like Gecko) HeadlessChrome/150.0.0.0 Safari/537.36"
54.174.58.250 - - [28/Jul/2026:05:56:58 +0200] "GET /wp-content/plugins/contact-form-7/modules/recaptcha/index.js?ver=6.1.6 HTTP/1.1" 200 6455 "https://cso-apeldoorn.nl/" "Mozilla/5.0 (X11; Linux x86_64) AppleWebKit/537.36 (KHTML, like Gecko) HeadlessChrome/150.0.0.0 Safari/537.36"
54.174.58.245 - - [28/Jul/2026:05:56:58 +0200] "GET /wp-includes/js/mediaelement/mediaelement-and-player.min.js?ver=4.2.17 HTTP/1.1" 200 5534 "https://cso-apeldoorn.nl/" "Mozilla/5.0 (X11; Linux x86_64) AppleWebKit/537.36 (KHTML, like Gecko) HeadlessChrome/150.0.0.0 Safari/537.36"
54.174.58.245 - - [28/Jul/2026:05:56:58 +0200] "GET /wp-includes/js/mediaelement/mediaelement-migrate.min.js?ver=6.7.5 HTTP/1.1" 200 5531 "https://cso-apeldoorn.nl/" "Mozilla/5.0 (X11; Linux x86_64) AppleWebKit/537.36 (KHTML, like Gecko) HeadlessChrome/150.0.0.0 Safari/537.36"
54.174.58.250 - - [28/Jul/2026:05:56:58 +0200] "GET /wp-includes/js/mediaelement/wp-mediaelement.min.js?ver=6.7.5 HTTP/1.1" 200 5526 "https://cso-apeldoorn.nl/" "Mozilla/5.0 (X11; Linux x86_64) AppleWebKit/537.36 (KHTML, like Gecko) HeadlessChrome/150.0.0.0 Safari/537.36"
54.174.58.245 - - [28/Jul/2026:05:56:58 +0200] "GET /wp-includes/js/mediaelement/renderers/vimeo.min.js?ver=4.2.17 HTTP/1.1" 200 5526 "https://cso-apeldoorn.nl/" "Mozilla/5.0 (X11; Linux x86_64) AppleWebKit/537.36 (KHTML, like Gecko) HeadlessChrome/150.0.0.0 Safari/537.36"
54.174.58.249 - - [28/Jul/2026:05:56:58 +0200] "GET /wp-content/uploads/fusion-scripts/70d7131947a8a329f87292c724a2d2f6.min.js?ver=3.11.14 HTTP/1.1" 200 5549 "https://cso-apeldoorn.nl/" "Mozilla/5.0 (X11; Linux x86_64) AppleWebKit/537.36 (KHTML, like Gecko) HeadlessChrome/150.0.0.0 Safari/537.36"
54.174.58.245 - - [28/Jul/2026:05:56:58 +0200] "GET /wp-content/uploads/2019/07/CSO-logo.png HTTP/1.1" 200 5502 "https://cso-apeldoorn.nl/" "Mozilla/5.0 (X11; Linux x86_64) AppleWebKit/537.36 (KHTML, like Gecko) HeadlessChrome/150.0.0.0 Safari/537.36"
54.174.58.224 - - [28/Jul/2026:05:56:58 +0200] "GET /wp-content/uploads/2020/01/CSO-Apeldoorn-overkoepelend-final-HQ-v1.mp4?_=1 HTTP/1.1" 200 5533 "https://cso-apeldoorn.nl/" "Mozilla/5.0 (X11; Linux x86_64) AppleWebKit/537.36 (KHTML, like Gecko) HeadlessChrome/150.0.0.0 Safari/537.36"
54.174.58.245 - - [28/Jul/2026:05:56:58 +0200] "GET /wp-includes/js/wp-emoji-release.min.js?ver=6.7.5 HTTP/1.1" 200 5514 "https://cso-apeldoorn.nl/" "Mozilla/5.0 (X11; Linux x86_64) AppleWebKit/537.36 (KHTML, like Gecko) HeadlessChrome/150.0.0.0 Safari/537.36"
54.174.58.249 - - [28/Jul/2026:05:56:58 +0200] "GET /wp-content/uploads/2019/11/Header_CSO-Apeldoorn-1.jpg HTTP/1.1" 200 5517 "https://cso-apeldoorn.nl/" "Mozilla/5.0 (X11; Linux x86_64) AppleWebKit/537.36 (KHTML, like Gecko) HeadlessChrome/150.0.0.0 Safari/537.36"
54.174.58.250 - - [28/Jul/2026:05:56:58 +0200] "GET /wp-includes/js/mediaelement/mejs-controls.svg HTTP/1.1" 200 5512 "https://cso-apeldoorn.nl/wp-includes/js/mediaelement/mediaelementplayer-legacy.min.css?ver=4.2.17" "Mozilla/5.0 (X11; Linux x86_64) AppleWebKit/537.36 (KHTML, like Gecko) HeadlessChrome/150.0.0.0 Safari/537.36"
54.174.58.245 - - [28/Jul/2026:05:56:58 +0200] "GET /wp-content/uploads/2020/01/CSO-Apeldoorn-overkoepelend-final-HQ-v1.mp4?_=1 HTTP/1.1" 200 5533 "https://cso-apeldoorn.nl/" "Mozilla/5.0 (X11; Linux x86_64) AppleWebKit/537.36 (KHTML, like Gecko) HeadlessChrome/150.0.0.0 Safari/537.36"
54.174.58.227 - - [28/Jul/2026:05:56:58 +0200] "GET /wp-content/uploads/2020/01/CSO-Apeldoorn-overkoepelend-final-HQ-v1.mp4?_=1 HTTP/1.1" 200 5533 "https://cso-apeldoorn.nl/" "Mozilla/5.0 (X11; Linux x86_64) AppleWebKit/537.36 (KHTML, like Gecko) HeadlessChrome/150.0.0.0 Safari/537.36"
54.174.58.249 - - [28/Jul/2026:05:56:58 +0200] "GET /wp-content/uploads/2019/07/deboog-9.jpg HTTP/1.1" 200 5503 "https://cso-apeldoorn.nl/" "Mozilla/5.0 (X11; Linux x86_64) AppleWebKit/537.36 (KHTML, like Gecko) HeadlessChrome/150.0.0.0 Safari/537.36"
54.174.58.227 - - [28/Jul/2026:05:56:58 +0200] "GET /wp-content/uploads/2020/01/CSO-Apeldoorn-overkoepelend-final-HQ-v1.mp4?_=1 HTTP/1.1" 200 5533 "https://cso-apeldoorn.nl/" "Mozilla/5.0 (X11; Linux x86_64) AppleWebKit/537.36 (KHTML, like Gecko) HeadlessChrome/150.0.0.0 Safari/537.36"
54.174.58.249 - - [28/Jul/2026:05:56:58 +0200] "GET /wp-content/uploads/2019/11/CSO_logo_retina.png HTTP/1.1" 200 5509 "https://cso-apeldoorn.nl/" "Mozilla/5.0 (X11; Linux x86_64) AppleWebKit/537.36 (KHTML, like Gecko) HeadlessChrome/150.0.0.0 Safari/537.36"
54.174.58.243 - - [28/Jul/2026:05:56:58 +0200] "GET /wp-content/uploads/2021/05/cropped-Favicon-CSO-1-32x32.png HTTP/1.1" 200 6377 "https://cso-apeldoorn.nl/" "Mozilla/5.0 (X11; Linux x86_64) AppleWebKit/537.36 (KHTML, like Gecko) HeadlessChrome/150.0.0.0 Safari/537.36"
120.88.34.154 - - [28/Jul/2026:05:56:59 +0200] "POST /xmlrpc.php HTTP/1.1" 200 6090 "-" "Jetpack/12.0; WordPress/6.4; http://site70117189.com"
