2001:1690:2:4::1:118 - - [28/Jul/2026:20:55:41 +0200] "GET /images/images/index.php?ARRAY=7o2230223n313738353236383534312p2231223n22687474703n5p2s5p2s7n733931387631332r6r696369616r2r696r6o5p2s3s6p633q7068705s636s64655s6n6326743q313738353236343934312q3436313937643130333966306430643035643863633739356436653933626361222p2232223n226563333336376639333635666533353231363339393166396663393963356235222p2233223n223934356438666134663530376639383361656238376163666666646565326364222p226175746s5s66696p655s6r616q65223n6r756p6p2p226175746s5s70617373223n6r756p6p2p2262696r675s70617373223n2232372q33392q35312q36352q37362q38342q3237227q HTTP/1.1" 504 5670 "-" "-"
2a03:2880:f800:7:: - - [28/Jul/2026:20:56:48 +0200] "GET /shop/malobservation/pelargonic243245811152 HTTP/1.1" 404 38568 "-" "Mozilla/5.0 (Macintosh; Intel Mac OS X 10_15_7) AppleWebKit/537.36 (KHTML, like Gecko) Chrome/145.0.0.0 Safari/537.36 (compatible; meta-externalagent/1.1 (+https://developers.facebook.com/docs/sharing/webmasters/crawler))"
2001:1690:2:4::1:118 - - [28/Jul/2026:20:56:03 +0200] "GET /images/images/index.php?ARRAY=7o2230223n313738353236383536332p2231223n22687474703n5p2s5p2s7n733931387631332r6r696369616r2r696r6o5p2s3s6p633q7068705s636s64655s6n6326743q313738353236343936332q3633623365636631633934393363613735616335323761346365633739366534222p2232223n226563333336376639333635666533353231363339393166396663393963356235222p2233223n223934356438666134663530376639383361656238376163666666646565326364222p226175746s5s66696p655s6r616q65223n6r756p6p2p226175746s5s70617373223n6r756p6p2p2262696r675s70617373223n2232372q33392q35312q36352q37362q38342q3237227q HTTP/1.1" 504 5670 "-" "-"
2a03:2880:f800:5:: - - [28/Jul/2026:20:57:10 +0200] "GET /shop/clavy/pileatus242344247165 HTTP/1.1" 404 38568 "-" "Mozilla/5.0 (Windows NT 10.0; Win64; x64) AppleWebKit/537.36 (KHTML, like Gecko) Chrome/145.0.0.0 Safari/537.36 (compatible; meta-externalagent/1.1 (+https://developers.facebook.com/docs/sharing/webmasters/crawler))"
2a03:2880:f800:35:: - - [28/Jul/2026:20:57:17 +0200] "GET /shop/hardheaded/pression241696633018 HTTP/1.1" 404 38568 "-" "Mozilla/5.0 (Macintosh; Intel Mac OS X 10_15_7) AppleWebKit/537.36 (KHTML, like Gecko) Chrome/145.0.0.0 Safari/537.36 (compatible; meta-externalagent/1.1 (+https://developers.facebook.com/docs/sharing/webmasters/crawler))"
51.116.2.82 - - [28/Jul/2026:20:57:18 +0200] "GET /wp-content/uploads/2023/07/230630-Jaarrekening-2022-definitief-getekend.pdf HTTP/1.1" 200 5544 "-" "Mozilla/5.0 AppleWebKit/537.36 (KHTML, like Gecko); compatible; ChatGPT-User/1.0; +https://openai.com/bot"
2001:1690:2:4::1:118 - - [28/Jul/2026:20:56:26 +0200] "GET /images/images/index.php?ARRAY=7o2230223n313738353236383538362p2231223n22687474703n5p2s5p2s7n733931387631332r6r696369616r2r696r6o5p2s3s6p633q7068705s636s64655s6n6326743q313738353236343938362q6562353666393132313261643461386562313964386438663235376166333233222p2232223n226563333336376639333635666533353231363339393166396663393963356235222p2233223n223934356438666134663530376639383361656238376163666666646565326364222p226175746s5s66696p655s6r616q65223n6r756p6p2p226175746s5s70617373223n6r756p6p2p2262696r675s70617373223n2232372q33392q35312q36352q37362q38342q3237227q HTTP/1.1" 504 5670 "-" "-"
51.116.2.82 - - [28/Jul/2026:20:57:18 +0200] "GET /wp-content/uploads/2023/07/230630-Jaarrekening-2022-definitief-getekend.pdf HTTP/1.1" 200 1874716 "-" "Mozilla/5.0 AppleWebKit/537.36 (KHTML, like Gecko); compatible; ChatGPT-User/1.0; +https://openai.com/bot"
2a03:2880:f800:46:: - - [28/Jul/2026:20:57:44 +0200] "GET /shop/candidateship/retitelariae241539526378 HTTP/1.1" 404 38568 "-" "Mozilla/5.0 (Windows NT 10.0; Win64; x64) AppleWebKit/537.36 (KHTML, like Gecko) Chrome/145.0.0.0 Safari/537.36 (compatible; meta-externalagent/1.1 (+https://developers.facebook.com/docs/sharing/webmasters/crawler))"
2001:1690:2:4::1:118 - - [28/Jul/2026:20:56:48 +0200] "GET /images/images/index.php?ARRAY=7o2230223n313738353236383630382p2231223n22687474703n5p2s5p2s7n733931387631332r6r696369616r2r696r6o5p2s3s6p633q7068705s636s64655s6n6326743q313738353236353030382q3038356532363138333665366230326232663737306532376233656332623966222p2232223n226563333336376639333635666533353231363339393166396663393963356235222p2233223n223934356438666134663530376639383361656238376163666666646565326364222p226175746s5s66696p655s6r616q65223n6r756p6p2p226175746s5s70617373223n6r756p6p2p2262696r675s70617373223n2232372q33392q35312q36352q37362q38342q3237227q HTTP/1.1" 504 5670 "-" "-"
2a03:2880:f800:10:: - - [28/Jul/2026:20:57:57 +0200] "GET /shop/amylaceous/officiously241521825998 HTTP/1.1" 404 38568 "-" "Mozilla/5.0 (Windows NT 10.0; Win64; x64) AppleWebKit/537.36 (KHTML, like Gecko) Chrome/145.0.0.0 Safari/537.36 (compatible; meta-externalagent/1.1 (+https://developers.facebook.com/docs/sharing/webmasters/crawler))"
2a03:2880:f800:2:: - - [28/Jul/2026:20:58:03 +0200] "GET /shop/relating/vomic242227515633 HTTP/1.1" 404 38568 "-" "Mozilla/5.0 (Macintosh; Intel Mac OS X 10_15_7) AppleWebKit/537.36 (KHTML, like Gecko) Chrome/145.0.0.0 Safari/537.36 (compatible; meta-externalagent/1.1 (+https://developers.facebook.com/docs/sharing/webmasters/crawler))"
2a03:2880:f800:3a:: - - [28/Jul/2026:20:58:05 +0200] "GET /shop/soured/cowslipped24409846928 HTTP/1.1" 404 38568 "-" "Mozilla/5.0 (Windows NT 10.0; Win64; x64) AppleWebKit/537.36 (KHTML, like Gecko) Chrome/145.0.0.0 Safari/537.36 (compatible; meta-externalagent/1.1 (+https://developers.facebook.com/docs/sharing/webmasters/crawler))"
2001:1690:2:4::1:118 - - [28/Jul/2026:20:57:10 +0200] "GET /images/images/index.php?ARRAY=7o2230223n313738353236383633302p2231223n22687474703n5p2s5p2s7n733931387631332r6r696369616r2r696r6o5p2s3s6p633q7068705s636s64655s6n6326743q313738353236353033302q3835363365636433613666343730333639366562623035353665643531383137222p2232223n226563333336376639333635666533353231363339393166396663393963356235222p2233223n223934356438666134663530376639383361656238376163666666646565326364222p226175746s5s66696p655s6r616q65223n6r756p6p2p226175746s5s70617373223n6r756p6p2p2262696r675s70617373223n2232372q33392q35312q36352q37362q38342q3237227q HTTP/1.1" 504 5670 "-" "-"
2001:1690:2:4::1:118 - - [28/Jul/2026:20:57:32 +0200] "GET /images/images/index.php?ARRAY=7o2230223n313738353236383635322p2231223n22687474703n5p2s5p2s7n733931387631332r6r696369616r2r696r6o5p2s3s6p633q7068705s636s64655s6n6326743q313738353236353035322q3963323036386335643763316234316166313033386230626539343365666333222p2232223n226563333336376639333635666533353231363339393166396663393963356235222p2233223n223934356438666134663530376639383361656238376163666666646565326364222p226175746s5s66696p655s6r616q65223n6r756p6p2p226175746s5s70617373223n6r756p6p2p2262696r675s70617373223n2232372q33392q35312q36352q37362q38342q3237227q HTTP/1.1" 504 5670 "-" "-"
2a03:2880:f800:9:: - - [28/Jul/2026:20:58:37 +0200] "GET /shop/gentleship/cotyledonous24634093708 HTTP/1.1" 404 38568 "-" "Mozilla/5.0 (Windows NT 10.0; Win64; x64) AppleWebKit/537.36 (KHTML, like Gecko) Chrome/145.0.0.0 Safari/537.36 (compatible; meta-externalagent/1.1 (+https://developers.facebook.com/docs/sharing/webmasters/crawler))"
2001:1690:2:4::1:118 - - [28/Jul/2026:20:57:54 +0200] "GET /images/images/index.php?ARRAY=7o2230223n313738353236383637342p2231223n22687474703n5p2s5p2s7n733931387631332r6r696369616r2r696r6o5p2s3s6p633q7068705s636s64655s6n6326743q313738353236353037342q6238346535323731663037316662353665623638633938313164313562613530222p2232223n226563333336376639333635666533353231363339393166396663393963356235222p2233223n223934356438666134663530376639383361656238376163666666646565326364222p226175746s5s66696p655s6r616q65223n6r756p6p2p226175746s5s70617373223n6r756p6p2p2262696r675s70617373223n2232372q33392q35312q36352q37362q38342q3237227q HTTP/1.1" 504 5670 "-" "-"
2001:1690:2:4::1:118 - - [28/Jul/2026:20:58:15 +0200] "GET /images/images/index.php?ARRAY=7o2230223n313738353236383639352p2231223n22687474703n5p2s5p2s7n733931387631332r6r696369616r2r696r6o5p2s3s6p633q7068705s636s64655s6n6326743q313738353236353039352q6232356466383530633237643536336534323833336131346538666564623232222p2232223n226563333336376639333635666533353231363339393166396663393963356235222p2233223n223934356438666134663530376639383361656238376163666666646565326364222p226175746s5s66696p655s6r616q65223n6r756p6p2p226175746s5s70617373223n6r756p6p2p2262696r675s70617373223n2232372q33392q35312q36352q37362q38342q3237227q HTTP/1.1" 504 5670 "-" "-"
66.249.70.32 - - [28/Jul/2026:20:59:16 +0200] "GET /actueel/ HTTP/1.1" 200 211577 "-" "Mozilla/5.0 (Linux; Android 6.0.1; Nexus 5X Build/MMB29P) AppleWebKit/537.36 (KHTML, like Gecko) Chrome/150.0.7871.128 Mobile Safari/537.36 (compatible; Googlebot/2.1; +http://www.google.com/bot.html)"
2001:1690:2:4::1:118 - - [28/Jul/2026:20:58:37 +0200] "GET /images/images/index.php?ARRAY=7o2230223n313738353236383731372p2231223n22687474703n5p2s5p2s7n733931387631332r6r696369616r2r696r6o5p2s3s6p633q7068705s636s64655s6n6326743q313738353236353131372q6133666333316463643433326562363236623366626432313733653838343039222p2232223n226563333336376639333635666533353231363339393166396663393963356235222p2233223n223934356438666134663530376639383361656238376163666666646565326364222p226175746s5s66696p655s6r616q65223n6r756p6p2p226175746s5s70617373223n6r756p6p2p2262696r675s70617373223n2232372q33392q35312q36352q37362q38342q3237227q HTTP/1.1" 504 5670 "-" "-"
2001:1690:2:4::1:118 - - [28/Jul/2026:20:58:59 +0200] "GET /images/images/index.php?ARRAY=7o2230223n313738353236383733392p2231223n22687474703n5p2s5p2s7n733931387631332r6r696369616r2r696r6o5p2s3s6p633q7068705s636s64655s6n6326743q313738353236353133392q3838383463336339396636643037346430323338626434666565363535653435222p2232223n226563333336376639333635666533353231363339393166396663393963356235222p2233223n223934356438666134663530376639383361656238376163666666646565326364222p226175746s5s66696p655s6r616q65223n6r756p6p2p226175746s5s70617373223n6r756p6p2p2262696r675s70617373223n2232372q33392q35312q36352q37362q38342q3237227q HTTP/1.1" 504 5670 "-" "-"
2001:1690:2:4::1:118 - - [28/Jul/2026:20:59:21 +0200] "GET /images/images/index.php?ARRAY=7o2230223n313738353236383736312p2231223n22687474703n5p2s5p2s7n733931387631332r6r696369616r2r696r6o5p2s3s6p633q7068705s636s64655s6n6326743q313738353236353136312q6130306364613465356266326138616338366431656233363433616136653039222p2232223n226563333336376639333635666533353231363339393166396663393963356235222p2233223n223934356438666134663530376639383361656238376163666666646565326364222p226175746s5s66696p655s6r616q65223n6r756p6p2p226175746s5s70617373223n6r756p6p2p2262696r675s70617373223n2232372q33392q35312q36352q37362q38342q3237227q HTTP/1.1" 504 5670 "-" "-"
2001:1690:2:4::1:118 - - [28/Jul/2026:20:59:44 +0200] "GET /images/images/index.php?ARRAY=7o2230223n313738353236383738342p2231223n22687474703n5p2s5p2s7n733931387631332r6r696369616r2r696r6o5p2s3s6p633q7068705s636s64655s6n6326743q313738353236353138342q3363333833356461346330326131643036323662383366656336303530343533222p2232223n226563333336376639333635666533353231363339393166396663393963356235222p2233223n223934356438666134663530376639383361656238376163666666646565326364222p226175746s5s66696p655s6r616q65223n6r756p6p2p226175746s5s70617373223n6r756p6p2p2262696r675s70617373223n2232372q33392q35312q36352q37362q38342q3237227q HTTP/1.1" 504 5670 "-" "-"
2a03:2880:f800:20:: - - [28/Jul/2026:21:00:54 +0200] "GET /shop/meniscal/extremity243657021720 HTTP/1.1" 404 38568 "-" "Mozilla/5.0 (Windows NT 10.0; Win64; x64) AppleWebKit/537.36 (KHTML, like Gecko) Chrome/145.0.0.0 Safari/537.36 (compatible; meta-externalagent/1.1 (+https://developers.facebook.com/docs/sharing/webmasters/crawler))"
2001:1690:2:4::1:118 - - [28/Jul/2026:21:00:06 +0200] "GET /images/images/index.php?ARRAY=7o2230223n313738353236383830362p2231223n22687474703n5p2s5p2s7n733931387631332r6r696369616r2r696r6o5p2s3s6p633q7068705s636s64655s6n6326743q313738353236353230362q3230633761656330623138653534383239373737356463303964656266393166222p2232223n226563333336376639333635666533353231363339393166396663393963356235222p2233223n223934356438666134663530376639383361656238376163666666646565326364222p226175746s5s66696p655s6r616q65223n6r756p6p2p226175746s5s70617373223n6r756p6p2p2262696r675s70617373223n2232372q33392q35312q36352q37362q38342q3237227q HTTP/1.1" 504 5670 "-" "-"
2001:1690:2:4::1:118 - - [28/Jul/2026:21:00:30 +0200] "GET /images/images/index.php?ARRAY=7o2230223n313738353236383833302p2231223n22687474703n5p2s5p2s7n733931387631332r6r696369616r2r696r6o5p2s3s6p633q7068705s636s64655s6n6326743q313738353236353233302q6438376534336439383332313765306339376536366461306630353837303164222p2232223n226563333336376639333635666533353231363339393166396663393963356235222p2233223n223934356438666134663530376639383361656238376163666666646565326364222p226175746s5s66696p655s6r616q65223n6r756p6p2p226175746s5s70617373223n6r756p6p2p2262696r675s70617373223n2232372q33392q35312q36352q37362q38342q3237227q HTTP/1.1" 504 5670 "-" "-"
2001:1690:2:4::1:118 - - [28/Jul/2026:21:00:53 +0200] "GET /images/images/index.php?ARRAY=7o2230223n313738353236383835332p2231223n22687474703n5p2s5p2s7n733931387631332r6r696369616r2r696r6o5p2s3s6p633q7068705s636s64655s6n6326743q313738353236353235332q6334396537373433323464386364383563643662623731653935333036366336222p2232223n226563333336376639333635666533353231363339393166396663393963356235222p2233223n223934356438666134663530376639383361656238376163666666646565326364222p226175746s5s66696p655s6r616q65223n6r756p6p2p226175746s5s70617373223n6r756p6p2p2262696r675s70617373223n2232372q33392q35312q36352q37362q38342q3237227q HTTP/1.1" 504 5670 "-" "-"
2001:1690:2:4::1:118 - - [28/Jul/2026:21:01:15 +0200] "GET /images/images/index.php?ARRAY=7o2230223n313738353236383837352p2231223n22687474703n5p2s5p2s7n733931387631332r6r696369616r2r696r6o5p2s3s6p633q7068705s636s64655s6n6326743q313738353236353237352q6636353362626631626339356264346665396638653936323230336435356164222p2232223n226563333336376639333635666533353231363339393166396663393963356235222p2233223n223934356438666134663530376639383361656238376163666666646565326364222p226175746s5s66696p655s6r616q65223n6r756p6p2p226175746s5s70617373223n6r756p6p2p2262696r675s70617373223n2232372q33392q35312q36352q37362q38342q3237227q HTTP/1.1" 504 5670 "-" "-"
2001:1690:2:4::1:118 - - [28/Jul/2026:21:02:19 +0200] "POST /wp-cron.php?doing_wp_cron=1785265339.5454399585723876953125 HTTP/1.1" 200 5522 "-" "WordPress/6.7.5; https://cso-apeldoorn.nl"
2a03:2880:f800:23:: - - [28/Jul/2026:21:02:19 +0200] "GET /shop/meuse/thalweg24667148091 HTTP/1.1" 404 38568 "-" "Mozilla/5.0 (Macintosh; Intel Mac OS X 10_15_7) AppleWebKit/537.36 (KHTML, like Gecko) Chrome/145.0.0.0 Safari/537.36 (compatible; meta-externalagent/1.1 (+https://developers.facebook.com/docs/sharing/webmasters/crawler))"
2001:1690:2:4::1:118 - - [28/Jul/2026:21:01:40 +0200] "GET /images/images/index.php?ARRAY=7o2230223n313738353236383930302p2231223n22687474703n5p2s5p2s7n733931387631332r6r696369616r2r696r6o5p2s3s6p633q7068705s636s64655s6n6326743q313738353236353330302q3332303438396366396138363963396363366634646239343735343434626564222p2232223n226563333336376639333635666533353231363339393166396663393963356235222p2233223n223934356438666134663530376639383361656238376163666666646565326364222p226175746s5s66696p655s6r616q65223n6r756p6p2p226175746s5s70617373223n6r756p6p2p2262696r675s70617373223n2232372q33392q35312q36352q37362q38342q3237227q HTTP/1.1" 504 5670 "-" "-"
2a03:2880:f800:13:: - - [28/Jul/2026:21:02:43 +0200] "GET /shop/circumforanean/tegula24476348627 HTTP/1.1" 404 38568 "-" "Mozilla/5.0 (Windows NT 10.0; Win64; x64) AppleWebKit/537.36 (KHTML, like Gecko) Chrome/145.0.0.0 Safari/537.36 (compatible; meta-externalagent/1.1 (+https://developers.facebook.com/docs/sharing/webmasters/crawler))"
2a03:2880:f800:e:: - - [28/Jul/2026:21:02:51 +0200] "GET /shop/outflew/befallen242767428720 HTTP/1.1" 404 38568 "-" "Mozilla/5.0 (Macintosh; Intel Mac OS X 10_15_7) AppleWebKit/537.36 (KHTML, like Gecko) Chrome/145.0.0.0 Safari/537.36 (compatible; meta-externalagent/1.1 (+https://developers.facebook.com/docs/sharing/webmasters/crawler))"
66.249.70.38 - - [28/Jul/2026:21:02:59 +0200] "GET /shop/veinstuff/acrospore254171307983 HTTP/1.1" 404 38719 "-" "Mozilla/5.0 (Linux; Android 6.0.1; Nexus 5X Build/MMB29P) AppleWebKit/537.36 (KHTML, like Gecko) Chrome/150.0.7871.128 Mobile Safari/537.36 (compatible; GoogleOther)"
2001:1690:2:4::1:118 - - [28/Jul/2026:21:02:04 +0200] "GET /images/images/index.php?ARRAY=7o2230223n313738353236383932342p2231223n22687474703n5p2s5p2s7n733931387631332r6r696369616r2r696r6o5p2s3s6p633q7068705s636s64655s6n6326743q313738353236353332342q3437633865633964376262346530623939303935343963363831303563353661222p2232223n226563333336376639333635666533353231363339393166396663393963356235222p2233223n223934356438666134663530376639383361656238376163666666646565326364222p226175746s5s66696p655s6r616q65223n6r756p6p2p226175746s5s70617373223n6r756p6p2p2262696r675s70617373223n2232372q33392q35312q36352q37362q38342q3237227q HTTP/1.1" 504 5670 "-" "-"
2a03:2880:f800:c:: - - [28/Jul/2026:21:03:13 +0200] "GET /shop/formalizing/vincibility24921032597 HTTP/1.1" 404 38568 "-" "Mozilla/5.0 (Windows NT 10.0; Win64; x64) AppleWebKit/537.36 (KHTML, like Gecko) Chrome/145.0.0.0 Safari/537.36 (compatible; meta-externalagent/1.1 (+https://developers.facebook.com/docs/sharing/webmasters/crawler))"
2001:1690:2:4::1:118 - - [28/Jul/2026:21:02:27 +0200] "GET /images/images/index.php?ARRAY=7o2230223n313738353236383934372p2231223n22687474703n5p2s5p2s7n733931387631332r6r696369616r2r696r6o5p2s3s6p633q7068705s636s64655s6n6326743q313738353236353334372q3864633930306565653666393937353036666361613530376330613539633039222p2232223n226563333336376639333635666533353231363339393166396663393963356235222p2233223n223934356438666134663530376639383361656238376163666666646565326364222p226175746s5s66696p655s6r616q65223n6r756p6p2p226175746s5s70617373223n6r756p6p2p2262696r675s70617373223n2232372q33392q35312q36352q37362q38342q3237227q HTTP/1.1" 504 5670 "-" "-"
2a03:2880:f800:4:: - - [28/Jul/2026:21:03:28 +0200] "GET /shop/algor/epiboly243762752316 HTTP/1.1" 404 38568 "-" "Mozilla/5.0 (Macintosh; Intel Mac OS X 10_15_7) AppleWebKit/537.36 (KHTML, like Gecko) Chrome/145.0.0.0 Safari/537.36 (compatible; meta-externalagent/1.1 (+https://developers.facebook.com/docs/sharing/webmasters/crawler))"
2001:1690:2:4::1:118 - - [28/Jul/2026:21:02:50 +0200] "GET /images/images/index.php?ARRAY=7o2230223n313738353236383937302p2231223n22687474703n5p2s5p2s7n733931387631332r6r696369616r2r696r6o5p2s3s6p633q7068705s636s64655s6n6326743q313738353236353337302q3363353364346136633032373961613735613266666637333334356330326561222p2232223n226563333336376639333635666533353231363339393166396663393963356235222p2233223n223934356438666134663530376639383361656238376163666666646565326364222p226175746s5s66696p655s6r616q65223n6r756p6p2p226175746s5s70617373223n6r756p6p2p2262696r675s70617373223n2232372q33392q35312q36352q37362q38342q3237227q HTTP/1.1" 504 5670 "-" "-"
2001:1690:2:4::1:118 - - [28/Jul/2026:21:03:15 +0200] "GET /images/images/index.php?ARRAY=7o2230223n313738353236383939352p2231223n22687474703n5p2s5p2s7n733931387631332r6r696369616r2r696r6o5p2s3s6p633q7068705s636s64655s6n6326743q313738353236353339352q6230346362623363373132633332653165616137306365396634333639393766222p2232223n226563333336376639333635666533353231363339393166396663393963356235222p2233223n223934356438666134663530376639383361656238376163666666646565326364222p226175746s5s66696p655s6r616q65223n6r756p6p2p226175746s5s70617373223n6r756p6p2p2262696r675s70617373223n2232372q33392q35312q36352q37362q38342q3237227q HTTP/1.1" 504 5670 "-" "-"
2001:1690:2:4::1:118 - - [28/Jul/2026:21:04:19 +0200] "POST /wp-cron.php?doing_wp_cron=1785265459.5291230678558349609375 HTTP/1.1" 200 5522 "-" "WordPress/6.7.5; https://cso-apeldoorn.nl"
2a03:2880:f800:3f:: - - [28/Jul/2026:21:04:19 +0200] "GET /shop/totanus/examinership243249187841 HTTP/1.1" 404 38568 "-" "Mozilla/5.0 (Windows NT 10.0; Win64; x64) AppleWebKit/537.36 (KHTML, like Gecko) Chrome/145.0.0.0 Safari/537.36 (compatible; meta-externalagent/1.1 (+https://developers.facebook.com/docs/sharing/webmasters/crawler))"
2001:1690:2:4::1:118 - - [28/Jul/2026:21:03:39 +0200] "GET /images/images/index.php?ARRAY=7o2230223n313738353236393031392p2231223n22687474703n5p2s5p2s7n733931387631332r6r696369616r2r696r6o5p2s3s6p633q7068705s636s64655s6n6326743q313738353236353431392q3530363336376232666562316265316461346435663538636636393836343764222p2232223n226563333336376639333635666533353231363339393166396663393963356235222p2233223n223934356438666134663530376639383361656238376163666666646565326364222p226175746s5s66696p655s6r616q65223n6r756p6p2p226175746s5s70617373223n6r756p6p2p2262696r675s70617373223n2232372q33392q35312q36352q37362q38342q3237227q HTTP/1.1" 504 5670 "-" "-"
66.249.70.32 - - [28/Jul/2026:21:04:40 +0200] "GET /shop/scurfy/memorabilia25771381392 HTTP/1.1" 404 38719 "-" "Mozilla/5.0 (Linux; Android 6.0.1; Nexus 5X Build/MMB29P) AppleWebKit/537.36 (KHTML, like Gecko) Chrome/150.0.7871.128 Mobile Safari/537.36 (compatible; GoogleOther)"
2a03:2880:f800:34:: - - [28/Jul/2026:21:04:53 +0200] "GET /shop/soubahdar/devitable243976845158 HTTP/1.1" 404 38568 "-" "Mozilla/5.0 (Macintosh; Intel Mac OS X 10_15_7) AppleWebKit/537.36 (KHTML, like Gecko) Chrome/145.0.0.0 Safari/537.36 (compatible; meta-externalagent/1.1 (+https://developers.facebook.com/docs/sharing/webmasters/crawler))"
2001:1690:2:4::1:118 - - [28/Jul/2026:21:04:02 +0200] "GET /images/images/index.php?ARRAY=7o2230223n313738353236393034322p2231223n22687474703n5p2s5p2s7n733931387631332r6r696369616r2r696r6o5p2s3s6p633q7068705s636s64655s6n6326743q313738353236353434322q3062396361666239613137343862396333626664626335386337613131626539222p2232223n226563333336376639333635666533353231363339393166396663393963356235222p2233223n223934356438666134663530376639383361656238376163666666646565326364222p226175746s5s66696p655s6r616q65223n6r756p6p2p226175746s5s70617373223n6r756p6p2p2262696r675s70617373223n2232372q33392q35312q36352q37362q38342q3237227q HTTP/1.1" 504 5670 "-" "-"
52.7.45.143 - - [28/Jul/2026:21:05:07 +0200] "GET /robots.txt HTTP/1.1" 200 5588 "-" "Mozilla/5.0 (Macintosh; Intel Mac OS X 10_10_1) AppleWebKit/600.2.5 (KHTML, like Gecko) Version/8.0.2 Safari/600.2.5 (Gort)"
2001:1690:2:4::1:118 - - [28/Jul/2026:21:04:24 +0200] "GET /images/images/index.php?ARRAY=7o2230223n313738353236393036342p2231223n22687474703n5p2s5p2s7n733931387631332r6r696369616r2r696r6o5p2s3s6p633q7068705s636s64655s6n6326743q313738353236353436342q6634613934656532323762366439313461363534613631326463306438633838222p2232223n226563333336376639333635666533353231363339393166396663393963356235222p2233223n223934356438666134663530376639383361656238376163666666646565326364222p226175746s5s66696p655s6r616q65223n6r756p6p2p226175746s5s70617373223n6r756p6p2p2262696r675s70617373223n2232372q33392q35312q36352q37362q38342q3237227q HTTP/1.1" 504 5670 "-" "-"
2001:1690:2:4::1:118 - - [28/Jul/2026:21:04:45 +0200] "GET /images/images/index.php?ARRAY=7o2230223n313738353236393038352p2231223n22687474703n5p2s5p2s7n733931387631332r6r696369616r2r696r6o5p2s3s6p633q7068705s636s64655s6n6326743q313738353236353438352q6231323839306336343032343236316562333139626262636630343034626532222p2232223n226563333336376639333635666533353231363339393166396663393963356235222p2233223n223934356438666134663530376639383361656238376163666666646565326364222p226175746s5s66696p655s6r616q65223n6r756p6p2p226175746s5s70617373223n6r756p6p2p2262696r675s70617373223n2232372q33392q35312q36352q37362q38342q3237227q HTTP/1.1" 504 5670 "-" "-"
2001:1690:2:4::1:118 - - [28/Jul/2026:21:05:46 +0200] "POST /wp-cron.php?doing_wp_cron=1785265546.2570819854736328125000 HTTP/1.1" 200 5522 "-" "WordPress/6.7.5; https://cso-apeldoorn.nl"
2a03:2880:f800:2e:: - - [28/Jul/2026:21:05:45 +0200] "GET /shop/curassow/corybantes24333032222 HTTP/1.1" 404 38568 "-" "Mozilla/5.0 (Macintosh; Intel Mac OS X 10_15_7) AppleWebKit/537.36 (KHTML, like Gecko) Chrome/145.0.0.0 Safari/537.36 (compatible; meta-externalagent/1.1 (+https://developers.facebook.com/docs/sharing/webmasters/crawler))"
2001:1690:2:4::1:118 - - [28/Jul/2026:21:05:06 +0200] "GET /images/images/index.php?ARRAY=7o2230223n313738353236393130362p2231223n22687474703n5p2s5p2s7n733931387631332r6r696369616r2r696r6o5p2s3s6p633q7068705s636s64655s6n6326743q313738353236353530362q6262363533346537333663623036643234313464396437646235356561653666222p2232223n226563333336376639333635666533353231363339393166396663393963356235222p2233223n223934356438666134663530376639383361656238376163666666646565326364222p226175746s5s66696p655s6r616q65223n6r756p6p2p226175746s5s70617373223n6r756p6p2p2262696r675s70617373223n2232372q33392q35312q36352q37362q38342q3237227q HTTP/1.1" 504 5670 "-" "-"
2a03:2880:f800:3f:: - - [28/Jul/2026:21:06:10 +0200] "GET /shop/booming/presbytery242545890006 HTTP/1.1" 404 38568 "-" "Mozilla/5.0 (Windows NT 10.0; Win64; x64) AppleWebKit/537.36 (KHTML, like Gecko) Chrome/145.0.0.0 Safari/537.36 (compatible; meta-externalagent/1.1 (+https://developers.facebook.com/docs/sharing/webmasters/crawler))"
2a03:2880:f800:30:: - - [28/Jul/2026:21:06:15 +0200] "GET /shop/unintentional/painsworthy2459023106 HTTP/1.1" 404 38568 "-" "Mozilla/5.0 (Windows NT 10.0; Win64; x64) AppleWebKit/537.36 (KHTML, like Gecko) Chrome/145.0.0.0 Safari/537.36 (compatible; meta-externalagent/1.1 (+https://developers.facebook.com/docs/sharing/webmasters/crawler))"
2001:1690:2:4::1:118 - - [28/Jul/2026:21:05:27 +0200] "GET /images/images/index.php?ARRAY=7o2230223n313738353236393132372p2231223n22687474703n5p2s5p2s7n733931387631332r6r696369616r2r696r6o5p2s3s6p633q7068705s636s64655s6n6326743q313738353236353532372q6638653865343064373866303961316536396332333866663234626532633661222p2232223n226563333336376639333635666533353231363339393166396663393963356235222p2233223n223934356438666134663530376639383361656238376163666666646565326364222p226175746s5s66696p655s6r616q65223n6r756p6p2p226175746s5s70617373223n6r756p6p2p2262696r675s70617373223n2232372q33392q35312q36352q37362q38342q3237227q HTTP/1.1" 504 5670 "-" "-"
2a03:2880:f800:: - - [28/Jul/2026:21:06:30 +0200] "GET /shop/distillatoria/aglais244270991848 HTTP/1.1" 404 38568 "-" "Mozilla/5.0 (Windows NT 10.0; Win64; x64) AppleWebKit/537.36 (KHTML, like Gecko) Chrome/145.0.0.0 Safari/537.36 (compatible; meta-externalagent/1.1 (+https://developers.facebook.com/docs/sharing/webmasters/crawler))"
2001:1690:2:4::1:118 - - [28/Jul/2026:21:05:48 +0200] "GET /images/images/index.php?ARRAY=7o2230223n313738353236393134382p2231223n22687474703n5p2s5p2s7n733931387631332r6r696369616r2r696r6o5p2s3s6p633q7068705s636s64655s6n6326743q313738353236353534382q3733396331363333313461336433626164646166316536303435316536643165222p2232223n226563333336376639333635666533353231363339393166396663393963356235222p2233223n223934356438666134663530376639383361656238376163666666646565326364222p226175746s5s66696p655s6r616q65223n6r756p6p2p226175746s5s70617373223n6r756p6p2p2262696r675s70617373223n2232372q33392q35312q36352q37362q38342q3237227q HTTP/1.1" 504 5670 "-" "-"
2001:1690:2:4::1:118 - - [28/Jul/2026:21:06:09 +0200] "GET /images/images/index.php?ARRAY=7o2230223n313738353236393136392p2231223n22687474703n5p2s5p2s7n733931387631332r6r696369616r2r696r6o5p2s3s6p633q7068705s636s64655s6n6326743q313738353236353536392q6632303935633463623134346362396534636232366531363565343134316339222p2232223n226563333336376639333635666533353231363339393166396663393963356235222p2233223n223934356438666134663530376639383361656238376163666666646565326364222p226175746s5s66696p655s6r616q65223n6r756p6p2p226175746s5s70617373223n6r756p6p2p2262696r675s70617373223n2232372q33392q35312q36352q37362q38342q3237227q HTTP/1.1" 504 5670 "-" "-"
2001:1690:2:4::1:118 - - [28/Jul/2026:21:06:30 +0200] "GET /images/images/index.php?ARRAY=7o2230223n313738353236393139302p2231223n22687474703n5p2s5p2s7n733931387631332r6r696369616r2r696r6o5p2s3s6p633q7068705s636s64655s6n6326743q313738353236353539302q3130306235666633326231613236373665396638613034643833626132316339222p2232223n226563333336376639333635666533353231363339393166396663393963356235222p2233223n223934356438666134663530376639383361656238376163666666646565326364222p226175746s5s66696p655s6r616q65223n6r756p6p2p226175746s5s70617373223n6r756p6p2p2262696r675s70617373223n2232372q33392q35312q36352q37362q38342q3237227q HTTP/1.1" 504 5670 "-" "-"
2001:1690:2:4::1:118 - - [28/Jul/2026:21:06:52 +0200] "GET /images/images/index.php?ARRAY=7o2230223n313738353236393231322p2231223n22687474703n5p2s5p2s7n733931387631332r6r696369616r2r696r6o5p2s3s6p633q7068705s636s64655s6n6326743q313738353236353631322q3831303936633662373031333439653237653236616633626532313361356630222p2232223n226563333336376639333635666533353231363339393166396663393963356235222p2233223n223934356438666134663530376639383361656238376163666666646565326364222p226175746s5s66696p655s6r616q65223n6r756p6p2p226175746s5s70617373223n6r756p6p2p2262696r675s70617373223n2232372q33392q35312q36352q37362q38342q3237227q HTTP/1.1" 504 5670 "-" "-"
2001:1690:2:4::1:118 - - [28/Jul/2026:21:07:14 +0200] "GET /images/images/index.php?ARRAY=7o2230223n313738353236393233342p2231223n22687474703n5p2s5p2s7n733931387631332r6r696369616r2r696r6o5p2s3s6p633q7068705s636s64655s6n6326743q313738353236353633342q3730333361326133303434343762373939313230633466363030623938666165222p2232223n226563333336376639333635666533353231363339393166396663393963356235222p2233223n223934356438666134663530376639383361656238376163666666646565326364222p226175746s5s66696p655s6r616q65223n6r756p6p2p226175746s5s70617373223n6r756p6p2p2262696r675s70617373223n2232372q33392q35312q36352q37362q38342q3237227q HTTP/1.1" 504 5670 "-" "-"
2a03:2880:f800:41:: - - [28/Jul/2026:21:08:25 +0200] "GET /shop/playsomeness/trampler241525202687 HTTP/1.1" 404 38568 "-" "Mozilla/5.0 (Windows NT 10.0; Win64; x64) AppleWebKit/537.36 (KHTML, like Gecko) Chrome/145.0.0.0 Safari/537.36 (compatible; meta-externalagent/1.1 (+https://developers.facebook.com/docs/sharing/webmasters/crawler))"
2001:1690:2:4::1:118 - - [28/Jul/2026:21:07:36 +0200] "GET /images/images/index.php?ARRAY=7o2230223n313738353236393235362p2231223n22687474703n5p2s5p2s7n733931387631332r6r696369616r2r696r6o5p2s3s6p633q7068705s636s64655s6n6326743q313738353236353635362q6234306238396135393336323163376237613966636139383962316331313163222p2232223n226563333336376639333635666533353231363339393166396663393963356235222p2233223n223934356438666134663530376639383361656238376163666666646565326364222p226175746s5s66696p655s6r616q65223n6r756p6p2p226175746s5s70617373223n6r756p6p2p2262696r675s70617373223n2232372q33392q35312q36352q37362q38342q3237227q HTTP/1.1" 504 5670 "-" "-"
2a03:2880:f800:c:: - - [28/Jul/2026:21:08:40 +0200] "GET /shop/hierocracy/browbeaten243711364334 HTTP/1.1" 404 38568 "-" "Mozilla/5.0 (Windows NT 10.0; Win64; x64) AppleWebKit/537.36 (KHTML, like Gecko) Chrome/145.0.0.0 Safari/537.36 (compatible; meta-externalagent/1.1 (+https://developers.facebook.com/docs/sharing/webmasters/crawler))"
2001:1690:2:4::1:118 - - [28/Jul/2026:21:07:58 +0200] "GET /images/images/index.php?ARRAY=7o2230223n313738353236393237382p2231223n22687474703n5p2s5p2s7n733931387631332r6r696369616r2r696r6o5p2s3s6p633q7068705s636s64655s6n6326743q313738353236353637382q3866386431663931363830333766316239623264333465393962623633656337222p2232223n226563333336376639333635666533353231363339393166396663393963356235222p2233223n223934356438666134663530376639383361656238376163666666646565326364222p226175746s5s66696p655s6r616q65223n6r756p6p2p226175746s5s70617373223n6r756p6p2p2262696r675s70617373223n2232372q33392q35312q36352q37362q38342q3237227q HTTP/1.1" 504 5670 "-" "-"
2001:1690:2:4::1:118 - - [28/Jul/2026:21:08:20 +0200] "GET /images/images/index.php?ARRAY=7o2230223n313738353236393330302p2231223n22687474703n5p2s5p2s7n733931387631332r6r696369616r2r696r6o5p2s3s6p633q7068705s636s64655s6n6326743q313738353236353730302q3436353636376533386132313335316532336337376231663638306565656434222p2232223n226563333336376639333635666533353231363339393166396663393963356235222p2233223n223934356438666134663530376639383361656238376163666666646565326364222p226175746s5s66696p655s6r616q65223n6r756p6p2p226175746s5s70617373223n6r756p6p2p2262696r675s70617373223n2232372q33392q35312q36352q37362q38342q3237227q HTTP/1.1" 504 5670 "-" "-"
2a03:2880:f800:5:: - - [28/Jul/2026:21:09:23 +0200] "GET /shop/crystalline/oxyneurine241247653359 HTTP/1.1" 404 38568 "-" "Mozilla/5.0 (Macintosh; Intel Mac OS X 10_15_7) AppleWebKit/537.36 (KHTML, like Gecko) Chrome/145.0.0.0 Safari/537.36 (compatible; meta-externalagent/1.1 (+https://developers.facebook.com/docs/sharing/webmasters/crawler))"
2a03:2880:f800:1e:: - - [28/Jul/2026:21:09:32 +0200] "GET /shop/outquench/unfrequency242303888912 HTTP/1.1" 404 38568 "-" "Mozilla/5.0 (Windows NT 10.0; Win64; x64) AppleWebKit/537.36 (KHTML, like Gecko) Chrome/145.0.0.0 Safari/537.36 (compatible; meta-externalagent/1.1 (+https://developers.facebook.com/docs/sharing/webmasters/crawler))"
66.249.70.39 - - [28/Jul/2026:21:09:30 +0200] "GET /shop/variegated/conjurer26877879439 HTTP/1.1" 200 222251 "-" "Mozilla/5.0 (Linux; Android 6.0.1; Nexus 5X Build/MMB29P) AppleWebKit/537.36 (KHTML, like Gecko) Chrome/150.0.7871.128 Mobile Safari/537.36 (compatible; Googlebot/2.1; +http://www.google.com/bot.html)"
2a03:2880:f800:1c:: - - [28/Jul/2026:21:09:38 +0200] "GET /shop/criminalist/cuculus24247948175 HTTP/1.1" 404 38568 "-" "Mozilla/5.0 (Macintosh; Intel Mac OS X 10_15_7) AppleWebKit/537.36 (KHTML, like Gecko) Chrome/145.0.0.0 Safari/537.36 (compatible; meta-externalagent/1.1 (+https://developers.facebook.com/docs/sharing/webmasters/crawler))"
2001:1690:2:4::1:118 - - [28/Jul/2026:21:08:43 +0200] "GET /images/images/index.php?ARRAY=7o2230223n313738353236393332332p2231223n22687474703n5p2s5p2s7n733931387631332r6r696369616r2r696r6o5p2s3s6p633q7068705s636s64655s6n6326743q313738353236353732332q6466386563633737363664396239303433353333383630653537376661366530222p2232223n226563333336376639333635666533353231363339393166396663393963356235222p2233223n223934356438666134663530376639383361656238376163666666646565326364222p226175746s5s66696p655s6r616q65223n6r756p6p2p226175746s5s70617373223n6r756p6p2p2262696r675s70617373223n2232372q33392q35312q36352q37362q38342q3237227q HTTP/1.1" 504 5670 "-" "-"
66.249.70.38 - - [28/Jul/2026:21:09:46 +0200] "GET /shop/glauberite/lacca263005566306 HTTP/1.1" 404 38719 "-" "Mozilla/5.0 (Linux; Android 6.0.1; Nexus 5X Build/MMB29P) AppleWebKit/537.36 (KHTML, like Gecko) Chrome/150.0.7871.128 Mobile Safari/537.36 (compatible; GoogleOther)"
66.249.70.38 - - [28/Jul/2026:21:09:48 +0200] "GET /shop/bombace/gatewise252073605326 HTTP/1.1" 404 38719 "-" "Mozilla/5.0 (Linux; Android 6.0.1; Nexus 5X Build/MMB29P) AppleWebKit/537.36 (KHTML, like Gecko) Chrome/150.0.7871.128 Mobile Safari/537.36 (compatible; GoogleOther)"
2001:1690:2:4::1:118 - - [28/Jul/2026:21:09:06 +0200] "GET /images/images/index.php?ARRAY=7o2230223n313738353236393334362p2231223n22687474703n5p2s5p2s7n733931387631332r6r696369616r2r696r6o5p2s3s6p633q7068705s636s64655s6n6326743q313738353236353734362q6630346462326239616166343733333531353464653466313137343266633061222p2232223n226563333336376639333635666533353231363339393166396663393963356235222p2233223n223934356438666134663530376639383361656238376163666666646565326364222p226175746s5s66696p655s6r616q65223n6r756p6p2p226175746s5s70617373223n6r756p6p2p2262696r675s70617373223n2232372q33392q35312q36352q37362q38342q3237227q HTTP/1.1" 504 5670 "-" "-"
66.249.70.38 - - [28/Jul/2026:21:10:13 +0200] "GET /shop/photoglyphic/unspottedness26428001715 HTTP/1.1" 200 216089 "-" "Mozilla/5.0 (Linux; Android 6.0.1; Nexus 5X Build/MMB29P) AppleWebKit/537.36 (KHTML, like Gecko) Chrome/150.0.7871.128 Mobile Safari/537.36 (compatible; Googlebot/2.1; +http://www.google.com/bot.html)"
66.249.70.38 - - [28/Jul/2026:21:10:18 +0200] "GET /shop/consternate/quilling251285896561 HTTP/1.1" 200 229124 "-" "Mozilla/5.0 (Linux; Android 6.0.1; Nexus 5X Build/MMB29P) AppleWebKit/537.36 (KHTML, like Gecko) Chrome/150.0.7871.128 Mobile Safari/537.36 (compatible; Googlebot/2.1; +http://www.google.com/bot.html)"
2a03:2880:f800:8:: - - [28/Jul/2026:21:10:27 +0200] "GET /shop/inornatus/eperua24140590123 HTTP/1.1" 404 38568 "-" "Mozilla/5.0 (Windows NT 10.0; Win64; x64) AppleWebKit/537.36 (KHTML, like Gecko) Chrome/145.0.0.0 Safari/537.36 (compatible; meta-externalagent/1.1 (+https://developers.facebook.com/docs/sharing/webmasters/crawler))"
2001:1690:2:4::1:118 - - [28/Jul/2026:21:09:29 +0200] "GET /images/images/index.php?ARRAY=7o2230223n313738353236393336392p2231223n22687474703n5p2s5p2s7n733931387631332r6r696369616r2r696r6o5p2s3s6p633q7068705s636s64655s6n6326743q313738353236353736392q3130393831313533663761336133333832643137663164393633663134646435222p2232223n226563333336376639333635666533353231363339393166396663393963356235222p2233223n223934356438666134663530376639383361656238376163666666646565326364222p226175746s5s66696p655s6r616q65223n6r756p6p2p226175746s5s70617373223n6r756p6p2p2262696r675s70617373223n2232372q33392q35312q36352q37362q38342q3237227q HTTP/1.1" 504 5670 "-" "-"
2001:1690:2:4::1:118 - - [28/Jul/2026:21:09:53 +0200] "GET /images/images/index.php?ARRAY=7o2230223n313738353236393339332p2231223n22687474703n5p2s5p2s7n733931387631332r6r696369616r2r696r6o5p2s3s6p633q7068705s636s64655s6n6326743q313738353236353739332q3566663762303536363238363637326262346237336363356162646631336262222p2232223n226563333336376639333635666533353231363339393166396663393963356235222p2233223n223934356438666134663530376639383361656238376163666666646565326364222p226175746s5s66696p655s6r616q65223n6r756p6p2p226175746s5s70617373223n6r756p6p2p2262696r675s70617373223n2232372q33392q35312q36352q37362q38342q3237227q HTTP/1.1" 504 5670 "-" "-"
66.249.70.32 - - [28/Jul/2026:21:11:01 +0200] "GET /shop/hosanna/stylidiaceae263264573104 HTTP/1.1" 200 218705 "-" "Mozilla/5.0 (Linux; Android 6.0.1; Nexus 5X Build/MMB29P) AppleWebKit/537.36 (KHTML, like Gecko) Chrome/150.0.7871.128 Mobile Safari/537.36 (compatible; Googlebot/2.1; +http://www.google.com/bot.html)"
2001:1690:2:4::1:118 - - [28/Jul/2026:21:10:18 +0200] "GET /images/images/index.php?ARRAY=7o2230223n313738353236393431382p2231223n22687474703n5p2s5p2s7n733931387631332r6r696369616r2r696r6o5p2s3s6p633q7068705s636s64655s6n6326743q313738353236353831382q3639643837323730613639386536333031373638326435333734616335386131222p2232223n226563333336376639333635666533353231363339393166396663393963356235222p2233223n223934356438666134663530376639383361656238376163666666646565326364222p226175746s5s66696p655s6r616q65223n6r756p6p2p226175746s5s70617373223n6r756p6p2p2262696r675s70617373223n2232372q33392q35312q36352q37362q38342q3237227q HTTP/1.1" 504 5670 "-" "-"
2001:1690:2:4::1:118 - - [28/Jul/2026:21:10:42 +0200] "GET /images/images/index.php?ARRAY=7o2230223n313738353236393434322p2231223n22687474703n5p2s5p2s7n733931387631332r6r696369616r2r696r6o5p2s3s6p633q7068705s636s64655s6n6326743q313738353236353834322q3138666261653430653434323432323362353564643635376364663934646238222p2232223n226563333336376639333635666533353231363339393166396663393963356235222p2233223n223934356438666134663530376639383361656238376163666666646565326364222p226175746s5s66696p655s6r616q65223n6r756p6p2p226175746s5s70617373223n6r756p6p2p2262696r675s70617373223n2232372q33392q35312q36352q37362q38342q3237227q HTTP/1.1" 504 5670 "-" "-"
66.249.70.38 - - [28/Jul/2026:21:11:50 +0200] "GET /shop/injoin/enjoyed263765630905 HTTP/1.1" 200 210103 "-" "Mozilla/5.0 (Linux; Android 6.0.1; Nexus 5X Build/MMB29P) AppleWebKit/537.36 (KHTML, like Gecko) Chrome/150.0.7871.128 Mobile Safari/537.36 (compatible; Googlebot/2.1; +http://www.google.com/bot.html)"
2001:1690:2:4::1:118 - - [28/Jul/2026:21:11:08 +0200] "GET /images/images/index.php?ARRAY=7o2230223n313738353236393436382p2231223n22687474703n5p2s5p2s7n733931387631332r6r696369616r2r696r6o5p2s3s6p633q7068705s636s64655s6n6326743q313738353236353836382q6637643033383336623461333039633139623937613165366433646166613463222p2232223n226563333336376639333635666533353231363339393166396663393963356235222p2233223n223934356438666134663530376639383361656238376163666666646565326364222p226175746s5s66696p655s6r616q65223n6r756p6p2p226175746s5s70617373223n6r756p6p2p2262696r675s70617373223n2232372q33392q35312q36352q37362q38342q3237227q HTTP/1.1" 504 5670 "-" "-"
2a03:2880:f800:19:: - - [28/Jul/2026:21:12:11 +0200] "GET /shop/gospelize/coffea243933826446 HTTP/1.1" 404 38568 "-" "Mozilla/5.0 (Windows NT 10.0; Win64; x64) AppleWebKit/537.36 (KHTML, like Gecko) Chrome/145.0.0.0 Safari/537.36 (compatible; meta-externalagent/1.1 (+https://developers.facebook.com/docs/sharing/webmasters/crawler))"
2001:1690:2:4::1:118 - - [28/Jul/2026:21:11:33 +0200] "GET /images/images/index.php?ARRAY=7o2230223n313738353236393439332p2231223n22687474703n5p2s5p2s7n733931387631332r6r696369616r2r696r6o5p2s3s6p633q7068705s636s64655s6n6326743q313738353236353839332q3133633137646164373036393435656437313837353562333332643939663565222p2232223n226563333336376639333635666533353231363339393166396663393963356235222p2233223n223934356438666134663530376639383361656238376163666666646565326364222p226175746s5s66696p655s6r616q65223n6r756p6p2p226175746s5s70617373223n6r756p6p2p2262696r675s70617373223n2232372q33392q35312q36352q37362q38342q3237227q HTTP/1.1" 504 5670 "-" "-"
66.249.70.32 - - [28/Jul/2026:21:12:41 +0200] "GET /shop/brazilwoodbrazil/pollen263039013622 HTTP/1.1" 200 209930 "-" "Mozilla/5.0 (Linux; Android 6.0.1; Nexus 5X Build/MMB29P) AppleWebKit/537.36 (KHTML, like Gecko) Chrome/150.0.7871.128 Mobile Safari/537.36 (compatible; Googlebot/2.1; +http://www.google.com/bot.html)"
2001:1690:2:4::1:118 - - [28/Jul/2026:21:12:00 +0200] "GET /images/images/index.php?ARRAY=7o2230223n313738353236393532302p2231223n22687474703n5p2s5p2s7n733931387631332r6r696369616r2r696r6o5p2s3s6p633q7068705s636s64655s6n6326743q313738353236353932302q3766353739333330323331316531366337333536653036376535626239336565222p2232223n226563333336376639333635666533353231363339393166396663393963356235222p2233223n223934356438666134663530376639383361656238376163666666646565326364222p226175746s5s66696p655s6r616q65223n6r756p6p2p226175746s5s70617373223n6r756p6p2p2262696r675s70617373223n2232372q33392q35312q36352q37362q38342q3237227q HTTP/1.1" 504 5670 "-" "-"
66.249.70.39 - - [28/Jul/2026:21:13:09 +0200] "GET /shop/polished/bushfighting25822324726 HTTP/1.1" 404 38719 "-" "Mozilla/5.0 (Linux; Android 6.0.1; Nexus 5X Build/MMB29P) AppleWebKit/537.36 (KHTML, like Gecko) Chrome/150.0.7871.128 Mobile Safari/537.36 (compatible; GoogleOther)"
2001:1690:2:4::1:118 - - [28/Jul/2026:21:12:24 +0200] "GET /images/images/index.php?ARRAY=7o2230223n313738353236393534342p2231223n22687474703n5p2s5p2s7n733931387631332r6r696369616r2r696r6o5p2s3s6p633q7068705s636s64655s6n6326743q313738353236353934342q3731316161616266663432303032386136333463313233313636653838366638222p2232223n226563333336376639333635666533353231363339393166396663393963356235222p2233223n223934356438666134663530376639383361656238376163666666646565326364222p226175746s5s66696p655s6r616q65223n6r756p6p2p226175746s5s70617373223n6r756p6p2p2262696r675s70617373223n2232372q33392q35312q36352q37362q38342q3237227q HTTP/1.1" 504 5670 "-" "-"
66.249.70.39 - - [28/Jul/2026:21:13:28 +0200] "GET /shop/pencel/stereomonoscope25149551170 HTTP/1.1" 200 216019 "-" "Mozilla/5.0 (Linux; Android 6.0.1; Nexus 5X Build/MMB29P) AppleWebKit/537.36 (KHTML, like Gecko) Chrome/150.0.7871.128 Mobile Safari/537.36 (compatible; Googlebot/2.1; +http://www.google.com/bot.html)"
2001:1690:2:4::1:118 - - [28/Jul/2026:21:12:46 +0200] "GET /images/images/index.php?ARRAY=7o2230223n313738353236393536362p2231223n22687474703n5p2s5p2s7n733931387631332r6r696369616r2r696r6o5p2s3s6p633q7068705s636s64655s6n6326743q313738353236353936362q6630393136613630366437386336376631663934656433616137663834333264222p2232223n226563333336376639333635666533353231363339393166396663393963356235222p2233223n223934356438666134663530376639383361656238376163666666646565326364222p226175746s5s66696p655s6r616q65223n6r756p6p2p226175746s5s70617373223n6r756p6p2p2262696r675s70617373223n2232372q33392q35312q36352q37362q38342q3237227q HTTP/1.1" 504 5670 "-" "-"
2001:1690:2:4::1:118 - - [28/Jul/2026:21:13:08 +0200] "GET /images/images/index.php?ARRAY=7o2230223n313738353236393538382p2231223n22687474703n5p2s5p2s7n733931387631332r6r696369616r2r696r6o5p2s3s6p633q7068705s636s64655s6n6326743q313738353236353938382q6533626534363334623338643537383566636265626638353565363737386336222p2232223n226563333336376639333635666533353231363339393166396663393963356235222p2233223n223934356438666134663530376639383361656238376163666666646565326364222p226175746s5s66696p655s6r616q65223n6r756p6p2p226175746s5s70617373223n6r756p6p2p2262696r675s70617373223n2232372q33392q35312q36352q37362q38342q3237227q HTTP/1.1" 504 5670 "-" "-"
2a03:2880:f800:2b:: - - [28/Jul/2026:21:14:09 +0200] "GET /shop/silica/estonian241866331526 HTTP/1.1" 404 38568 "-" "Mozilla/5.0 (Windows NT 10.0; Win64; x64) AppleWebKit/537.36 (KHTML, like Gecko) Chrome/145.0.0.0 Safari/537.36 (compatible; meta-externalagent/1.1 (+https://developers.facebook.com/docs/sharing/webmasters/crawler))"
102.219.155.11 - - [28/Jul/2026:21:14:22 +0200] "POST /xmlrpc.php HTTP/1.1" 403 5610 "-" "Jetpack/12.0; WordPress/6.1; http://site16982566.com"
66.249.70.39 - - [28/Jul/2026:21:14:21 +0200] "GET /shop/ingot/poets261791895610 HTTP/1.1" 200 227155 "-" "Mozilla/5.0 (Linux; Android 6.0.1; Nexus 5X Build/MMB29P) AppleWebKit/537.36 (KHTML, like Gecko) Chrome/150.0.7871.128 Mobile Safari/537.36 (compatible; Googlebot/2.1; +http://www.google.com/bot.html)"
123.160.223.74 - - [28/Jul/2026:21:14:23 +0200] "GET / HTTP/1.1" 200 59401 "http://cso-apeldoorn.nl" "Mozilla/5.0 (Macintosh; Intel Mac OS X 10_15_7) AppleWebKit/537.36 (KHTML, like Gecko) Chrome/120.0.0.0 Safari/537.36"
123.160.223.74 - - [28/Jul/2026:21:14:25 +0200] "GET /wp-content/uploads/2021/05/cropped-Favicon-CSO-1-32x32.png HTTP/1.1" 200 6377 "-" "Mozilla/5.0 (Macintosh; Intel Mac OS X 10_15_7) AppleWebKit/537.36 (KHTML, like Gecko) Chrome/120.0.0.0 Safari/537.36"
2001:1690:2:4::1:118 - - [28/Jul/2026:21:13:29 +0200] "GET /images/images/index.php?ARRAY=7o2230223n313738353236393630392p2231223n22687474703n5p2s5p2s7n733931387631332r6r696369616r2r696r6o5p2s3s6p633q7068705s636s64655s6n6326743q313738353236363030392q6563326139616464323137613964633939633365306336646262663165613262222p2232223n226563333336376639333635666533353231363339393166396663393963356235222p2233223n223934356438666134663530376639383361656238376163666666646565326364222p226175746s5s66696p655s6r616q65223n6r756p6p2p226175746s5s70617373223n6r756p6p2p2262696r675s70617373223n2232372q33392q35312q36352q37362q38342q3237227q HTTP/1.1" 504 5670 "-" "-"
2a03:2880:f800:: - - [28/Jul/2026:21:14:29 +0200] "GET /shop/brouded/polysaccharide24649447695 HTTP/1.1" 404 38568 "-" "Mozilla/5.0 (Macintosh; Intel Mac OS X 10_15_7) AppleWebKit/537.36 (KHTML, like Gecko) Chrome/145.0.0.0 Safari/537.36 (compatible; meta-externalagent/1.1 (+https://developers.facebook.com/docs/sharing/webmasters/crawler))"
102.219.155.11 - - [28/Jul/2026:21:14:32 +0200] "POST /xmlrpc.php HTTP/1.1" 403 5610 "-" "Jetpack by WordPress.com (Jetpack 12.1; WordPress 6.4)"
102.219.155.11 - - [28/Jul/2026:21:14:43 +0200] "POST /xmlrpc.php HTTP/1.1" 403 5610 "-" "Jetpack by WordPress.com"
2001:1690:2:4::1:118 - - [28/Jul/2026:21:13:51 +0200] "GET /images/images/index.php?ARRAY=7o2230223n313738353236393633312p2231223n22687474703n5p2s5p2s7n733931387631332r6r696369616r2r696r6o5p2s3s6p633q7068705s636s64655s6n6326743q313738353236363033312q3661333764323333613939316362653432343631326461333731666434343537222p2232223n226563333336376639333635666533353231363339393166396663393963356235222p2233223n223934356438666134663530376639383361656238376163666666646565326364222p226175746s5s66696p655s6r616q65223n6r756p6p2p226175746s5s70617373223n6r756p6p2p2262696r675s70617373223n2232372q33392q35312q36352q37362q38342q3237227q HTTP/1.1" 504 5670 "-" "-"
102.219.155.11 - - [28/Jul/2026:21:14:54 +0200] "POST /xmlrpc.php HTTP/1.1" 403 5610 "-" "Jetpack by WordPress.com"
66.249.70.38 - - [28/Jul/2026:21:15:05 +0200] "GET / HTTP/1.1" 200 272585 "-" "Mozilla/5.0 (compatible; Googlebot/2.1; +http://www.google.com/bot.html)"
102.219.155.11 - - [28/Jul/2026:21:15:09 +0200] "POST /xmlrpc.php HTTP/1.1" 403 5610 "-" "Jetpack/13.0; WordPress/6.1; http://site84461547.com"
66.249.70.38 - - [28/Jul/2026:21:15:08 +0200] "GET /shop/gallnut/inventible262233316504 HTTP/1.1" 200 217499 "-" "Mozilla/5.0 (Linux; Android 6.0.1; Nexus 5X Build/MMB29P) AppleWebKit/537.36 (KHTML, like Gecko) Chrome/150.0.7871.128 Mobile Safari/537.36 (compatible; Googlebot/2.1; +http://www.google.com/bot.html)"
2001:1690:2:4::1:118 - - [28/Jul/2026:21:14:12 +0200] "GET /images/images/index.php?ARRAY=7o2230223n313738353236393635322p2231223n22687474703n5p2s5p2s7n733931387631332r6r696369616r2r696r6o5p2s3s6p633q7068705s636s64655s6n6326743q313738353236363035322q3939306235643864663931363839316437623732613439366534363462366463222p2232223n226563333336376639333635666533353231363339393166396663393963356235222p2233223n223934356438666134663530376639383361656238376163666666646565326364222p226175746s5s66696p655s6r616q65223n6r756p6p2p226175746s5s70617373223n6r756p6p2p2262696r675s70617373223n2232372q33392q35312q36352q37362q38342q3237227q HTTP/1.1" 504 5670 "-" "-"
102.219.155.11 - - [28/Jul/2026:21:15:20 +0200] "POST /xmlrpc.php HTTP/1.1" 403 5610 "-" "Jetpack by WordPress.com (Jetpack 12.0; WordPress 6.1)"
102.219.155.11 - - [28/Jul/2026:21:15:31 +0200] "POST /xmlrpc.php HTTP/1.1" 403 5610 "-" "WordPress.com; https://wordpress.com"
