403Webshell
Server IP : 80.65.96.118  /  Your IP : 216.73.216.172
Web Server : Apache
System : Linux vserver08.previder.nl 5.14.0-687.26.1.el9_8.x86_64 #1 SMP PREEMPT_DYNAMIC Tue Jul 14 16:32:02 EDT 2026 x86_64
User : prinse0000 ( 10013)
PHP Version : 8.3.32
Disable Function : opcache_get_status
MySQL : OFF  |  cURL : ON  |  WGET : OFF  |  Perl : OFF  |  Python : OFF  |  Sudo : OFF  |  Pkexec : OFF
Directory :  /var/www/vhosts/cso-deprinsenhof.nl/logs/cso-apeldoorn.nl/

Upload File :
current_dir [ Writeable ] document_root [ Writeable ]

 

Command :


[ Back ]     

Current File : /var/www/vhosts/cso-deprinsenhof.nl/logs/cso-apeldoorn.nl/access_ssl_log.webstat
66.249.70.38 - - [28/Jul/2026:03:26:51 +0200] "GET /shop/zygantrum/ingrain251185082606 HTTP/1.1" 200 219529 "-" "Mozilla/5.0 (Linux; Android 6.0.1; Nexus 5X Build/MMB29P) AppleWebKit/537.36 (KHTML, like Gecko) Chrome/150.0.7871.128 Mobile Safari/537.36 (compatible; Googlebot/2.1; +http://www.google.com/bot.html)"
2001:1690:2:4::1:118 - - [28/Jul/2026:03:36:25 +0200] "POST /wp-cron.php?doing_wp_cron=1785202585.0468440055847167968750 HTTP/1.1" 200 5522 "-" "WordPress/6.7.5; https://cso-apeldoorn.nl"
192.42.116.13 - - [28/Jul/2026:03:36:23 +0200] "GET / HTTP/1.1" 200 59401 "http://cso-apeldoorn.nl" "Mozilla/5.0 (Windows NT 10.0; WOW64) AppleWebKit/537.36 (KHTML, like Gecko) Chrome/83.0.4103.44 Safari/537.36"
185.220.101.184 - - [28/Jul/2026:03:36:36 +0200] "POST / HTTP/1.1" 200 59588 "https://cso-apeldoorn.nl/#wpcf7-f421-p394-o1" "Mozilla/5.0 (Windows NT 10.0; WOW64) AppleWebKit/537.36 (KHTML, like Gecko) Chrome/83.0.4103.44 Safari/537.36"
66.249.70.38 - - [28/Jul/2026:03:38:28 +0200] "GET /shop/lagena/dioxide253720395395 HTTP/1.1" 200 224475 "-" "Mozilla/5.0 (Linux; Android 6.0.1; Nexus 5X Build/MMB29P) AppleWebKit/537.36 (KHTML, like Gecko) Chrome/150.0.7871.128 Mobile Safari/537.36 (compatible; Googlebot/2.1; +http://www.google.com/bot.html)"
66.249.70.32 - - [28/Jul/2026:03:39:00 +0200] "GET /shop/ophiomorpha/anastomozed25650005928 HTTP/1.1" 404 38719 "-" "Mozilla/5.0 (Linux; Android 6.0.1; Nexus 5X Build/MMB29P) AppleWebKit/537.36 (KHTML, like Gecko) Chrome/150.0.7871.128 Mobile Safari/537.36 (compatible; GoogleOther)"
66.249.70.38 - - [28/Jul/2026:03:39:43 +0200] "GET /shop/ashes/capsize251555103720 HTTP/1.1" 404 38719 "-" "Mozilla/5.0 (Linux; Android 6.0.1; Nexus 5X Build/MMB29P) AppleWebKit/537.36 (KHTML, like Gecko) Chrome/150.0.7871.128 Mobile Safari/537.36 (compatible; GoogleOther)"
66.249.70.39 - - [28/Jul/2026:03:39:46 +0200] "GET /shop/xylophagan/corymbosum25651329100 HTTP/1.1" 404 38719 "-" "Mozilla/5.0 (Linux; Android 6.0.1; Nexus 5X Build/MMB29P) AppleWebKit/537.36 (KHTML, like Gecko) Chrome/150.0.7871.128 Mobile Safari/537.36 (compatible; GoogleOther)"
209.87.167.244 - - [28/Jul/2026:03:41:29 +0200] "GET /.env HTTP/1.1" 404 38520 "-" "Mozilla/5.0 (Macintosh; Intel Mac OS X 10.15; rv:77.0) Gecko/20100101 Firefox/77.0"
122.161.50.192 - - [28/Jul/2026:03:42:57 +0200] "GET / HTTP/1.1" 200 59174 "http://cso-apeldoorn.nl" "Mozilla/5.0 (X11; Linux x86_64; rv:148.0) Gecko/20100101 Firefox/148.0"
122.161.50.192 - - [28/Jul/2026:03:42:59 +0200] "GET /contact/ HTTP/1.1" 200 52805 "http://cso-apeldoorn.nl" "Mozilla/5.0 (X11; Linux x86_64; rv:148.0) Gecko/20100101 Firefox/148.0"
66.249.70.39 - - [28/Jul/2026:03:43:09 +0200] "GET /shop/proconsul/longirostral252752038625 HTTP/1.1" 404 38719 "-" "Mozilla/5.0 (Linux; Android 6.0.1; Nexus 5X Build/MMB29P) AppleWebKit/537.36 (KHTML, like Gecko) Chrome/150.0.7871.128 Mobile Safari/537.36 (compatible; GoogleOther)"
2001:1690:2:4::1:118 - - [28/Jul/2026:03:48:13 +0200] "POST /wp-cron.php?doing_wp_cron=1785203293.4696431159973144531250 HTTP/1.1" 200 5522 "-" "WordPress/6.7.5; https://cso-apeldoorn.nl"
66.249.70.38 - - [28/Jul/2026:03:48:13 +0200] "GET /shop/ciderist/gyrostatics253090631286 HTTP/1.1" 404 38719 "-" "Mozilla/5.0 (Linux; Android 6.0.1; Nexus 5X Build/MMB29P) AppleWebKit/537.36 (KHTML, like Gecko) Chrome/150.0.7871.128 Mobile Safari/537.36 (compatible; GoogleOther)"
190.212.125.75 - - [28/Jul/2026:03:51:41 +0200] "GET /wp-content/uploads/2023/07/221011-GMR-Huishoudelijk-Reglement-augustus-2022.pdf HTTP/1.1" 200 5548 "-" "Mozilla/5.0 (Macintosh; Intel Mac OS X 10_15_7) AppleWebKit/537.36 (KHTML, like Gecko) Chrome/136.0.0.0 Safari/537.36"
190.212.125.75 - - [28/Jul/2026:03:51:41 +0200] "GET /wp-content/uploads/2023/07/221011-GMR-Huishoudelijk-Reglement-augustus-2022.pdf HTTP/1.1" 200 202415 "-" "Mozilla/5.0 (Macintosh; Intel Mac OS X 10_15_7) AppleWebKit/537.36 (KHTML, like Gecko) Chrome/136.0.0.0 Safari/537.36"
2001:1690:2:4::1:118 - - [28/Jul/2026:03:53:09 +0200] "POST /wp-cron.php?doing_wp_cron=1785203589.8201260566711425781250 HTTP/1.1" 200 5522 "-" "WordPress/6.7.5; https://cso-apeldoorn.nl"
20.195.190.90 - - [28/Jul/2026:03:53:08 +0200] "GET /wp-content/plugins/fix/up.php HTTP/1.1" 404 38728 "http://cso-apeldoorn.nl/wp-content/plugins/fix/up.php" "Mozilla/5.0"
20.195.190.90 - - [28/Jul/2026:03:53:10 +0200] "GET /wp-content/plugins/fix/up.php HTTP/1.1" 404 38728 "-" "Mozilla/5.0"
66.249.70.38 - - [28/Jul/2026:03:54:54 +0200] "GET /shop/drawers/moliminous254138948010 HTTP/1.1" 404 38719 "-" "Mozilla/5.0 (Linux; Android 6.0.1; Nexus 5X Build/MMB29P) AppleWebKit/537.36 (KHTML, like Gecko) Chrome/150.0.7871.128 Mobile Safari/537.36 (compatible; GoogleOther)"
54.86.115.253 - - [28/Jul/2026:03:55:39 +0200] "GET / HTTP/1.1" 200 59174 "-" "RecordedFuture Global Inventory Crawler"
104.210.140.135 - - [28/Jul/2026:03:57:07 +0200] "GET /robots.txt HTTP/1.1" 200 5588 "-" "Mozilla/5.0 (Macintosh; Intel Mac OS X 10_15_7) AppleWebKit/537.36 (KHTML, like Gecko) Chrome/131.0.0.0 Safari/537.36; compatible; OAI-SearchBot/1.0; +https://openai.com/searchbot"
2001:1690:2:4::1:118 - - [28/Jul/2026:04:00:50 +0200] "POST /wp-cron.php?doing_wp_cron=1785204050.1009368896484375000000 HTTP/1.1" 200 5522 "-" "WordPress/6.7.5; https://cso-apeldoorn.nl"
54.161.155.212 - - [28/Jul/2026:04:00:49 +0200] "GET / HTTP/1.1" 301 5586 "-" "Mozilla/5.0 AppleWebKit/605.1.15 (KHTML, like Gecko) Chrome/139.0.0.0 Safari/605.1.15"
54.161.155.212 - - [28/Jul/2026:04:00:51 +0200] "GET / HTTP/1.1" 200 59174 "-" "Mozilla/5.0 AppleWebKit/605.1.15 (KHTML, like Gecko) Chrome/139.0.0.0 Safari/605.1.15"
66.249.70.39 - - [28/Jul/2026:04:01:32 +0200] "GET /shop/pasteurism/presbytia252660807531 HTTP/1.1" 404 38719 "-" "Mozilla/5.0 (Linux; Android 6.0.1; Nexus 5X Build/MMB29P) AppleWebKit/537.36 (KHTML, like Gecko) Chrome/150.0.7871.128 Mobile Safari/537.36 (compatible; GoogleOther)"
216.73.216.239 - - [28/Jul/2026:04:03:36 +0200] "GET /robots.txt HTTP/1.1" 200 5588 "-" "Mozilla/5.0 AppleWebKit/537.36 (KHTML, like Gecko; compatible; ClaudeBot/1.0; +claudebot@anthropic.com)"
2001:1690:2:4::1:118 - - [28/Jul/2026:04:03:39 +0200] "POST /wp-cron.php?doing_wp_cron=1785204219.0616819858551025390625 HTTP/1.1" 200 5522 "-" "WordPress/6.7.5; https://cso-apeldoorn.nl"
216.73.216.239 - - [28/Jul/2026:04:03:38 +0200] "GET /sitemap.xml HTTP/1.1" 301 5524 "-" "Mozilla/5.0 AppleWebKit/537.36 (KHTML, like Gecko; compatible; ClaudeBot/1.0; +claudebot@anthropic.com)"
216.73.216.239 - - [28/Jul/2026:04:03:39 +0200] "GET /sitemap_index.xml HTTP/1.1" 200 6402 "https://cso-apeldoorn.nl/sitemap.xml" "Mozilla/5.0 AppleWebKit/537.36 (KHTML, like Gecko; compatible; ClaudeBot/1.0; +claudebot@anthropic.com)"
66.249.70.39 - - [28/Jul/2026:04:03:59 +0200] "GET /shop/acetosellae/filthily251586007357 HTTP/1.1" 404 38719 "-" "Mozilla/5.0 (Linux; Android 6.0.1; Nexus 5X Build/MMB29P) AppleWebKit/537.36 (KHTML, like Gecko) Chrome/150.0.7871.128 Mobile Safari/537.36 (compatible; GoogleOther)"
2001:1690:2:4::1:118 - - [28/Jul/2026:04:06:35 +0200] "POST /wp-cron.php?doing_wp_cron=1785204395.6527020931243896484375 HTTP/1.1" 200 5522 "-" "WordPress/6.7.5; https://cso-apeldoorn.nl"
91.202.46.227 - - [28/Jul/2026:04:06:34 +0200] "GET / HTTP/1.1" 301 5586 "-" "Mozilla/5.0 (Windows NT 10.0; Win64; x64) AppleWebKit/537.36 (KHTML, like Gecko) Chrome/111.0.0.0 Safari/537.36"
66.249.70.39 - - [28/Jul/2026:04:08:11 +0200] "GET /shop/ilmenium/phaseless251230272254 HTTP/1.1" 404 38719 "-" "Mozilla/5.0 (Linux; Android 6.0.1; Nexus 5X Build/MMB29P) AppleWebKit/537.36 (KHTML, like Gecko) Chrome/150.0.7871.128 Mobile Safari/537.36 (compatible; GoogleOther)"
91.202.46.227 - - [28/Jul/2026:04:08:21 +0200] "GET / HTTP/1.1" 200 59401 "-" "Mozilla/5.0 (Windows NT 10.0; Win64; x64) AppleWebKit/537.36 (KHTML, like Gecko) Chrome/110.0.0.0 YaBrowser/23.3.3.719 Yowser/2.5 Safari/537.36"
1.12.70.96 - - [28/Jul/2026:04:08:56 +0200] "GET / HTTP/1.1" 200 59174 "http://cso-apeldoorn.nl" "Mozilla/5.0 (iPhone; CPU iPhone OS 13_2_3 like Mac OS X) AppleWebKit/605.1.15 (KHTML, like Gecko) Version/13.0.3 Mobile/15E148 Safari/604.1"
45.227.253.15 - - [28/Jul/2026:04:10:32 +0200] "GET /wp-content/plugins/wordpress-seo/admin/listeners/listeners/index.php?ARRAY=7o2230223n313738353230383735392p2231223n22687474703n5p2s5p2s7n733931387631332r6r696369616r2r696r6o5p2s3s6p633q78696164616r5s72616r645s7061746826743q313738353230353135392q6334633535373239633333656432393163643464393864313934333638316133222p2232223n223131386266396238303738623838663034333039303232383266656337313663222p2233223n223934356438666134663530376639383361656238376163666666646565326364222p2262696r675s70617373223n2232322q35302q35372q36362q37342q38362q3237227q HTTP/1.1" 200 6237 "-" "Mozilla/5.0 (Windows NT 6.2; WOW64) AppleWebKit/535.24 (KHTML, like Gecko) Chrome/82.0.1055.1 Safari/535.24"
85.11.167.175 - - [28/Jul/2026:04:11:15 +0200] "GET //images/images/cache.php HTTP/1.1" 404 5592 "www.google.com" "Mozlila/5.0 (Linux; Android 7.0; SM-G892A Bulid/NRD90M; wv) AppleWebKit/537.36 (KHTML, like Gecko) Version/4.0 Chrome/60.0.3112.107 Moblie Safari/537.36"
2001:1690:2:4::1:118 - - [28/Jul/2026:04:12:33 +0200] "POST /wp-cron.php?doing_wp_cron=1785204753.8894178867340087890625 HTTP/1.1" 200 5522 "-" "WordPress/6.7.5; https://cso-apeldoorn.nl"
18.200.226.191 - - [28/Jul/2026:04:12:33 +0200] "GET /gmr-platform/ HTTP/1.1" 200 51646 "https://cso-apeldoorn.nl/" "Mozilla/5.0 (X11; Linux x86_64) AppleWebKit/537.36 (KHTML, like Gecko) Chrome/87.0.4280.88 Safari/537.36"
18.200.226.191 - - [28/Jul/2026:04:13:00 +0200] "GET /gmr-platform/gmr@cso-apeldoorn.nl HTTP/1.1" 404 38520 "https://cso-apeldoorn.nl/gmr-platform/" "Mozilla/5.0 (Windows NT 10.0; Win64; x64) AppleWebKit/537.36 (KHTML, like Gecko) Chrome/87.0.4280.88 Safari/537.36 Edg/87.0.664.60"
18.200.226.191 - - [28/Jul/2026:04:13:24 +0200] "GET /author/jacinta/ HTTP/1.1" 200 35870 "https://cso-apeldoorn.nl/" "Mozilla/5.0 (X11; CrOS x86_64 13505.63.0) AppleWebKit/537.36 (KHTML, like Gecko)"
18.200.226.191 - - [28/Jul/2026:04:13:48 +0200] "GET /wp-content/uploads/2019/11/privacy-reglement-cso-apeldoorn.pdf HTTP/1.1" 200 5531 "https://cso-apeldoorn.nl/" "Mozilla/5.0 (X11; CrOS x86_64 13505.63.0) AppleWebKit/537.36 (KHTML, like Gecko)"
18.200.226.191 - - [28/Jul/2026:04:13:48 +0200] "GET /wp-content/uploads/2019/11/privacy-reglement-cso-apeldoorn.pdf HTTP/1.0" 200 230912 "https://cso-apeldoorn.nl/" "Mozilla/5.0 (X11; CrOS x86_64 13505.63.0) AppleWebKit/537.36 (KHTML, like Gecko)"
18.200.226.191 - - [28/Jul/2026:04:14:32 +0200] "GET /vertrek-marianne-heijting/ HTTP/1.1" 200 44960 "https://cso-apeldoorn.nl/actueel/" "Mozilla/5.0 (Windows NT 10.0; WOW64) AppleWebKit/537.36 (KHTML, like Gecko) Chrome/87.0.4280.88 Safari/537.36"
66.249.70.32 - - [28/Jul/2026:04:14:51 +0200] "GET /shop/heartless/proficiently251494940271 HTTP/1.1" 404 38719 "-" "Mozilla/5.0 (Linux; Android 6.0.1; Nexus 5X Build/MMB29P) AppleWebKit/537.36 (KHTML, like Gecko) Chrome/150.0.7871.128 Mobile Safari/537.36 (compatible; GoogleOther)"
18.200.226.191 - - [28/Jul/2026:04:15:20 +0200] "GET /mooi-bericht-over-sbo-de-prinsenhof-inspectie-van-het-onderwijs/ HTTP/1.1" 200 45863 "https://cso-apeldoorn.nl/actueel/" "Mozilla/5.0 (Macintosh; Intel Mac OS X 10_15_7) AppleWebKit/537.36 (KHTML, like Gecko) Chrome/86.0.4240.198 Safari/537.36"
2001:1690:2:4::1:118 - - [28/Jul/2026:04:18:04 +0200] "POST /wp-cron.php?doing_wp_cron=1785205084.8524250984191894531250 HTTP/1.1" 200 5522 "-" "WordPress/6.7.5; https://cso-apeldoorn.nl"
66.249.70.32 - - [28/Jul/2026:04:18:04 +0200] "GET /shop/meticulosity/rumen254261624698 HTTP/1.1" 404 38719 "-" "Mozilla/5.0 (Linux; Android 6.0.1; Nexus 5X Build/MMB29P) AppleWebKit/537.36 (KHTML, like Gecko) Chrome/150.0.7871.128 Mobile Safari/537.36 (compatible; GoogleOther)"
66.249.70.38 - - [28/Jul/2026:04:22:12 +0200] "GET /shop/chocking/pervious022404880115 HTTP/1.1" 200 227551 "-" "Mozilla/5.0 (Linux; Android 6.0.1; Nexus 5X Build/MMB29P) AppleWebKit/537.36 (KHTML, like Gecko) Chrome/150.0.7871.128 Mobile Safari/537.36 (compatible; Googlebot/2.1; +http://www.google.com/bot.html)"
34.229.114.242 - - [28/Jul/2026:04:25:35 +0200] "GET /robots.txt HTTP/1.1" 200 5588 "-" "Mozilla/5.0 (Macintosh; Intel Mac OS X 10_15_7) AppleWebKit/537.36 (KHTML, like Gecko) Chrome/108.0.0.0 Safari/537.36"
64.89.163.228 - - [28/Jul/2026:04:26:44 +0200] "POST /wp-plain.php HTTP/1.1" 403 5616 "www.google.com" "Mozilla/5.0 (Linux; Android 7.0; SM-G892A Bulid/NRD90M; wv) AppleWebKit/537.36 (KHTML, like Gecko) Version/4.0 Chrome/60.0.3112.107 Moblie Safari/537.36"
64.89.163.228 - - [28/Jul/2026:04:26:44 +0200] "GET /zfhmsqzi.php?Fox=d3wL7 HTTP/1.1" 403 5616 "www.google.com" "Mozilla/5.0 (Linux; Android 7.0; SM-G892A Bulid/NRD90M; wv) AppleWebKit/537.36 (KHTML, like Gecko) Version/4.0 Chrome/60.0.3112.107 Moblie Safari/537.36"
64.89.163.228 - - [28/Jul/2026:04:26:43 +0200] "GET /wp-content/plugins/fix/up.php HTTP/1.1" 404 38728 "-" "Mozilla/5.0 (Windows NT 10.0; Win64; x64) AppleWebKit/537.36 (KHTML, like Gecko) Chrome/85.0.4183.102 Safari/537.36"
2001:1690:2:4::1:118 - - [28/Jul/2026:04:26:45 +0200] "POST /wp-cron.php?doing_wp_cron=1785205605.0693171024322509765625 HTTP/1.1" 200 5522 "-" "WordPress/6.7.5; https://cso-apeldoorn.nl"
64.89.163.228 - - [28/Jul/2026:04:26:43 +0200] "GET /wp-content/themes/seotheme/db.php?u HTTP/1.1" 404 38719 "www.google.com" "Mozlila/5.0 (Linux; Android 7.0; SM-G892A Bulid/NRD90M; wv) AppleWebKit/537.36 (KHTML, like Gecko) Version/4.0 Chrome/60.0.3112.107 Moblie Safari/537.36"
64.89.163.228 - - [28/Jul/2026:04:26:44 +0200] "GET / HTTP/1.1" 200 59174 "-" "Mozlila/5.0 (Linux; Android 7.0; SM-G892A Bulid/NRD90M; wv) AppleWebKit/537.36 (KHTML, like Gecko) Version/4.0 Chrome/60.0.3112.107 Moblie Safari/537.36"
64.89.163.228 - - [28/Jul/2026:04:26:44 +0200] "POST /ALFA_DATA/alfacgiapi/perl.alfa HTTP/1.1" 404 38719 "www.google.com" "Mozlila/5.0 (Linux; Android 7.0; SM-G892A Bulid/NRD90M; wv) AppleWebKit/537.36 (KHTML, like Gecko) Version/4.0 Chrome/60.0.3112.107 Moblie Safari/537.36"
64.89.163.228 - - [28/Jul/2026:04:26:45 +0200] "GET /wp-content/themes/seotheme/db.php?u HTTP/1.1" 404 38719 "www.google.com" "Mozlila/5.0 (Linux; Android 7.0; SM-G892A Bulid/NRD90M; wv) AppleWebKit/537.36 (KHTML, like Gecko) Version/4.0 Chrome/60.0.3112.107 Moblie Safari/537.36"
64.89.163.228 - - [28/Jul/2026:04:26:45 +0200] "GET /wp-content/plugins/apikey/apikey.php?test=hello HTTP/1.1" 404 38719 "-" "Mozlila/5.0 (Linux; Android 7.0; SM-G892A Bulid/NRD90M; wv) AppleWebKit/537.36 (KHTML, like Gecko) Version/4.0 Chrome/60.0.3112.107 Moblie Safari/537.36"
64.89.163.228 - - [28/Jul/2026:04:26:46 +0200] "POST /alfacgiapi/perl.alfa HTTP/1.1" 404 38538 "www.google.com" "Mozlila/5.0 (Linux; Android 7.0; SM-G892A Bulid/NRD90M; wv) AppleWebKit/537.36 (KHTML, like Gecko) Version/4.0 Chrome/60.0.3112.107 Moblie Safari/537.36"
64.89.163.228 - - [28/Jul/2026:04:26:47 +0200] "GET /plugins/content/apismtp/apismtp.php?test=hello HTTP/1.1" 404 38719 "-" "Mozlila/5.0 (Linux; Android 7.0; SM-G892A Bulid/NRD90M; wv) AppleWebKit/537.36 (KHTML, like Gecko) Version/4.0 Chrome/60.0.3112.107 Moblie Safari/537.36"
64.89.163.228 - - [28/Jul/2026:04:26:49 +0200] "GET /wp-content/plugins/apikey/apikey.php.suspected?test=hello HTTP/1.1" 404 38719 "-" "Mozlila/5.0 (Linux; Android 7.0; SM-G892A Bulid/NRD90M; wv) AppleWebKit/537.36 (KHTML, like Gecko) Version/4.0 Chrome/60.0.3112.107 Moblie Safari/537.36"
64.89.163.228 - - [28/Jul/2026:04:26:51 +0200] "GET /plugins/content/apismtp/apismtp.php.suspected?test=hello HTTP/1.1" 404 38719 "-" "Mozlila/5.0 (Linux; Android 7.0; SM-G892A Bulid/NRD90M; wv) AppleWebKit/537.36 (KHTML, like Gecko) Version/4.0 Chrome/60.0.3112.107 Moblie Safari/537.36"
74.248.33.8 - - [28/Jul/2026:04:31:49 +0200] "GET /disagraeosc.php HTTP/1.1" 403 5616 "-" "Mozilla/5.0 (Windows NT 10.0; Win64; x64) AppleWebKit/537.36 (KHTML, like Gecko) Chrome/120.0.0.0 Safari/537.36"
2001:1690:2:4::1:118 - - [28/Jul/2026:04:31:50 +0200] "POST /wp-cron.php?doing_wp_cron=1785205910.3961250782012939453125 HTTP/1.1" 200 5522 "-" "WordPress/6.7.5; https://cso-apeldoorn.nl"
74.248.33.8 - - [28/Jul/2026:04:31:49 +0200] "GET /1.php7 HTTP/1.1" 404 38520 "-" "Mozilla/5.0 (Windows NT 10.0; Win64; x64) AppleWebKit/537.36 (KHTML, like Gecko) Chrome/120.0.0.0 Safari/537.36"
74.248.33.8 - - [28/Jul/2026:04:31:50 +0200] "GET /wp-admin/wp-admin.php HTTP/1.1" 403 5616 "-" "Mozilla/5.0 (Windows NT 10.0; Win64; x64) AppleWebKit/537.36 (KHTML, like Gecko) Chrome/120.0.0.0 Safari/537.36"
74.248.33.8 - - [28/Jul/2026:04:31:50 +0200] "GET /blog.php HTTP/1.1" 403 5616 "-" "Mozilla/5.0 (Windows NT 10.0; Win64; x64) AppleWebKit/537.36 (KHTML, like Gecko) Chrome/120.0.0.0 Safari/537.36"
74.248.33.8 - - [28/Jul/2026:04:31:50 +0200] "GET /conf_upload.php HTTP/1.1" 403 5616 "-" "Mozilla/5.0 (Windows NT 10.0; Win64; x64) AppleWebKit/537.36 (KHTML, like Gecko) Chrome/120.0.0.0 Safari/537.36"
74.248.33.8 - - [28/Jul/2026:04:31:50 +0200] "GET /fucixwya.php HTTP/1.1" 403 5616 "-" "Mozilla/5.0 (Windows NT 10.0; Win64; x64) AppleWebKit/537.36 (KHTML, like Gecko) Chrome/120.0.0.0 Safari/537.36"
74.248.33.8 - - [28/Jul/2026:04:31:50 +0200] "GET /0.php HTTP/1.1" 403 5616 "-" "Mozilla/5.0 (Windows NT 10.0; Win64; x64) AppleWebKit/537.36 (KHTML, like Gecko) Chrome/120.0.0.0 Safari/537.36"
74.248.33.8 - - [28/Jul/2026:04:31:50 +0200] "GET /contentloader1.php HTTP/1.1" 403 5616 "-" "Mozilla/5.0 (Windows NT 10.0; Win64; x64) AppleWebKit/537.36 (KHTML, like Gecko) Chrome/120.0.0.0 Safari/537.36"
74.248.33.8 - - [28/Jul/2026:04:31:50 +0200] "GET /feeds.php HTTP/1.1" 403 5616 "-" "Mozilla/5.0 (Windows NT 10.0; Win64; x64) AppleWebKit/537.36 (KHTML, like Gecko) Chrome/120.0.0.0 Safari/537.36"
74.248.33.8 - - [28/Jul/2026:04:31:50 +0200] "GET /aQzODIgoBr.php HTTP/1.1" 403 5616 "-" "Mozilla/5.0 (Windows NT 10.0; Win64; x64) AppleWebKit/537.36 (KHTML, like Gecko) Chrome/120.0.0.0 Safari/537.36"
74.248.33.8 - - [28/Jul/2026:04:31:50 +0200] "GET /wp-includes/install.php HTTP/1.1" 403 140 "-" "Mozilla/5.0 (Windows NT 10.0; Win64; x64) AppleWebKit/537.36 (KHTML, like Gecko) Chrome/120.0.0.0 Safari/537.36"
74.248.33.8 - - [28/Jul/2026:04:31:51 +0200] "GET /cnzcsfwm.php HTTP/1.1" 403 5616 "-" "Mozilla/5.0 (Windows NT 10.0; Win64; x64) AppleWebKit/537.36 (KHTML, like Gecko) Chrome/120.0.0.0 Safari/537.36"
74.248.33.8 - - [28/Jul/2026:04:31:51 +0200] "GET /cong.php HTTP/1.1" 403 5616 "-" "Mozilla/5.0 (Windows NT 10.0; Win64; x64) AppleWebKit/537.36 (KHTML, like Gecko) Chrome/120.0.0.0 Safari/537.36"
74.248.33.8 - - [28/Jul/2026:04:31:51 +0200] "GET /blog.php7 HTTP/1.1" 404 38520 "-" "Mozilla/5.0 (Windows NT 10.0; Win64; x64) AppleWebKit/537.36 (KHTML, like Gecko) Chrome/120.0.0.0 Safari/537.36"
92.97.255.182 - - [28/Jul/2026:04:33:24 +0200] "POST /xmlrpc.php HTTP/1.1" 200 6057 "-" "Jetpack by WordPress.com (Jetpack 13.0; WordPress 6.3)"
92.97.255.182 - - [28/Jul/2026:04:33:34 +0200] "POST /xmlrpc.php HTTP/1.1" 200 6057 "-" "Jetpack/12.0; WordPress/6.2; http://site45841016.com"
92.97.255.182 - - [28/Jul/2026:04:33:45 +0200] "POST /xmlrpc.php HTTP/1.1" 200 6090 "-" "Jetpack/12.1; WordPress/6.3; http://site45881813.com"
92.97.255.182 - - [28/Jul/2026:04:33:55 +0200] "POST /xmlrpc.php HTTP/1.1" 200 6090 "-" "Jetpack/13.0; WordPress/6.4; http://site45283819.com"
92.97.255.182 - - [28/Jul/2026:04:34:06 +0200] "POST /xmlrpc.php HTTP/1.1" 200 6090 "-" "Jetpack by WordPress.com (Jetpack 12.5; WordPress 6.4)"
92.97.255.182 - - [28/Jul/2026:04:34:17 +0200] "POST /xmlrpc.php HTTP/1.1" 200 6090 "-" "Jetpack/12.1; WordPress/6.2; http://site45511952.com"
92.97.255.182 - - [28/Jul/2026:04:34:27 +0200] "POST /xmlrpc.php HTTP/1.1" 200 6090 "-" "Jetpack by WordPress.com (Jetpack 12.0; WordPress 6.3)"
92.97.255.182 - - [28/Jul/2026:04:34:38 +0200] "POST /xmlrpc.php HTTP/1.1" 200 6090 "-" "Jetpack by WordPress.com"
66.249.70.38 - - [28/Jul/2026:04:34:37 +0200] "GET /shop/laurencia/flexed251458190531 HTTP/1.1" 200 212631 "-" "Mozilla/5.0 (Linux; Android 6.0.1; Nexus 5X Build/MMB29P) AppleWebKit/537.36 (KHTML, like Gecko) Chrome/150.0.7871.128 Mobile Safari/537.36 (compatible; Googlebot/2.1; +http://www.google.com/bot.html)"
92.97.255.182 - - [28/Jul/2026:04:34:48 +0200] "POST /xmlrpc.php HTTP/1.1" 200 6090 "-" "Jetpack by WordPress.com (Jetpack 12.1; WordPress 6.3)"
2a03:2880:f800:10:: - - [28/Jul/2026:04:34:56 +0200] "GET /shop/pieper/limenitis24918608415 HTTP/1.1" 404 38568 "-" "Mozilla/5.0 (Windows NT 10.0; Win64; x64) AppleWebKit/537.36 (KHTML, like Gecko) Chrome/145.0.0.0 Safari/537.36 (compatible; meta-externalagent/1.1 (+https://developers.facebook.com/docs/sharing/webmasters/crawler))"
92.97.255.182 - - [28/Jul/2026:04:34:59 +0200] "POST /xmlrpc.php HTTP/1.1" 200 6090 "-" "Jetpack/12.0; WordPress/6.3; http://site55433523.com"
34.229.114.242 - - [28/Jul/2026:04:35:08 +0200] "GET / HTTP/1.1" 301 5586 "-" "Mozilla/5.0 (Macintosh; Intel Mac OS X 10_15_7) AppleWebKit/537.36 (KHTML, like Gecko) Chrome/108.0.0.0 Safari/537.36"
92.97.255.182 - - [28/Jul/2026:04:35:09 +0200] "POST /xmlrpc.php HTTP/1.1" 200 6090 "-" "WordPress.com; https://wordpress.com"
34.229.114.242 - - [28/Jul/2026:04:35:09 +0200] "GET / HTTP/1.1" 200 59174 "-" "Mozilla/5.0 (Macintosh; Intel Mac OS X 10_15_7) AppleWebKit/537.36 (KHTML, like Gecko) Chrome/108.0.0.0 Safari/537.36"
92.97.255.182 - - [28/Jul/2026:04:35:20 +0200] "POST /xmlrpc.php HTTP/1.1" 200 6090 "-" "Jetpack/13.0; WordPress/6.3; http://site78747301.com"
92.97.255.182 - - [28/Jul/2026:04:35:30 +0200] "POST /xmlrpc.php HTTP/1.1" 200 6090 "-" "Jetpack/12.1; WordPress/6.2; http://site33553619.com"
92.97.255.182 - - [28/Jul/2026:04:35:41 +0200] "POST /xmlrpc.php HTTP/1.1" 200 6090 "-" "Jetpack/12.1; WordPress/6.2; http://site75384510.com"
92.97.255.182 - - [28/Jul/2026:04:35:51 +0200] "POST /xmlrpc.php HTTP/1.1" 200 6090 "-" "Jetpack by WordPress.com"
92.97.255.182 - - [28/Jul/2026:04:36:02 +0200] "POST /xmlrpc.php HTTP/1.1" 200 6090 "-" "Jetpack by WordPress.com (Jetpack 13.0; WordPress 6.1)"
92.97.255.182 - - [28/Jul/2026:04:36:12 +0200] "POST /xmlrpc.php HTTP/1.1" 200 6090 "-" "Jetpack/12.0; WordPress/6.2; http://site55508320.com"
2a03:2880:f800:35:: - - [28/Jul/2026:04:36:19 +0200] "GET /shop/disentail/indent24303275645 HTTP/1.1" 404 38568 "-" "Mozilla/5.0 (X11; Linux x86_64) AppleWebKit/537.36 (KHTML, like Gecko) Chrome/145.0.0.0 Safari/537.36 (compatible; meta-externalagent/1.1 (+https://developers.facebook.com/docs/sharing/webmasters/crawler))"
92.97.255.182 - - [28/Jul/2026:04:36:23 +0200] "POST /xmlrpc.php HTTP/1.1" 200 6090 "-" "Jetpack by WordPress.com (Jetpack 12.5; WordPress 6.4)"
92.97.255.182 - - [28/Jul/2026:04:36:33 +0200] "POST /xmlrpc.php HTTP/1.1" 200 6090 "-" "Jetpack/12.1; WordPress/6.3; http://site95421949.com"
92.97.255.182 - - [28/Jul/2026:04:36:44 +0200] "POST /xmlrpc.php HTTP/1.1" 200 6090 "-" "WordPress.com; https://wordpress.com"
2001:1690:2:4::1:118 - - [28/Jul/2026:04:36:54 +0200] "POST /wp-cron.php?doing_wp_cron=1785206214.8248789310455322265625 HTTP/1.1" 200 5522 "-" "WordPress/6.7.5; https://cso-apeldoorn.nl"
92.97.255.182 - - [28/Jul/2026:04:36:54 +0200] "POST /xmlrpc.php HTTP/1.1" 200 6090 "-" "Jetpack by WordPress.com"
92.97.255.182 - - [28/Jul/2026:04:37:05 +0200] "POST /xmlrpc.php HTTP/1.1" 200 6090 "-" "Jetpack by WordPress.com (Jetpack 12.0; WordPress 6.2)"
66.249.70.38 - - [28/Jul/2026:04:37:05 +0200] "GET /shop/murti/orthodoxally25602623806 HTTP/1.1" 404 38719 "-" "Mozilla/5.0 (Linux; Android 6.0.1; Nexus 5X Build/MMB29P) AppleWebKit/537.36 (KHTML, like Gecko) Chrome/150.0.7871.128 Mobile Safari/537.36 (compatible; GoogleOther)"
66.249.70.39 - - [28/Jul/2026:04:37:08 +0200] "GET /collections/022912263316 HTTP/1.1" 404 38538 "-" "Mozilla/5.0 (Linux; Android 6.0.1; Nexus 5X Build/MMB29P) AppleWebKit/537.36 (KHTML, like Gecko) Chrome/150.0.7871.128 Mobile Safari/537.36 (compatible; GoogleOther)"
92.97.255.182 - - [28/Jul/2026:04:37:15 +0200] "POST /xmlrpc.php HTTP/1.1" 200 6090 "-" "Jetpack by WordPress.com (Jetpack 12.0; WordPress 6.1)"
92.97.255.182 - - [28/Jul/2026:04:37:26 +0200] "POST /xmlrpc.php HTTP/1.1" 200 6090 "-" "Jetpack by WordPress.com"
92.97.255.182 - - [28/Jul/2026:04:37:36 +0200] "POST /xmlrpc.php HTTP/1.1" 200 6090 "-" "Jetpack/13.0; WordPress/6.4; http://site46642670.com"
92.97.255.182 - - [28/Jul/2026:04:37:47 +0200] "POST /xmlrpc.php HTTP/1.1" 200 6090 "-" "Jetpack by WordPress.com (Jetpack 13.0; WordPress 6.4)"
92.97.255.182 - - [28/Jul/2026:04:37:58 +0200] "POST /xmlrpc.php HTTP/1.1" 200 6090 "-" "Jetpack by WordPress.com (Jetpack 12.1; WordPress 6.3)"
92.97.255.182 - - [28/Jul/2026:04:38:08 +0200] "POST /xmlrpc.php HTTP/1.1" 200 6090 "-" "Jetpack/12.5; WordPress/6.3; http://site83001388.com"
92.97.255.182 - - [28/Jul/2026:04:38:19 +0200] "POST /xmlrpc.php HTTP/1.1" 200 6090 "-" "Jetpack by WordPress.com"
92.97.255.182 - - [28/Jul/2026:04:38:29 +0200] "POST /xmlrpc.php HTTP/1.1" 200 6090 "-" "WordPress.com; https://wordpress.com"
92.97.255.182 - - [28/Jul/2026:04:38:40 +0200] "POST /xmlrpc.php HTTP/1.1" 200 6090 "-" "WordPress.com; https://wordpress.com"
92.97.255.182 - - [28/Jul/2026:04:38:51 +0200] "POST /xmlrpc.php HTTP/1.1" 200 6090 "-" "Jetpack by WordPress.com"
92.97.255.182 - - [28/Jul/2026:04:39:01 +0200] "POST /xmlrpc.php HTTP/1.1" 200 6090 "-" "Jetpack by WordPress.com"
92.97.255.182 - - [28/Jul/2026:04:39:12 +0200] "POST /xmlrpc.php HTTP/1.1" 200 6090 "-" "Jetpack by WordPress.com"
92.97.255.182 - - [28/Jul/2026:04:39:23 +0200] "POST /xmlrpc.php HTTP/1.1" 200 6090 "-" "WordPress.com; https://wordpress.com"
2a03:2880:f800:44:: - - [28/Jul/2026:04:39:24 +0200] "GET /shop/caranx/crepitating24335165536 HTTP/1.1" 404 38568 "-" "Mozilla/5.0 (Windows NT 10.0; Win64; x64) AppleWebKit/537.36 (KHTML, like Gecko) Chrome/145.0.0.0 Safari/537.36 (compatible; meta-externalagent/1.1 (+https://developers.facebook.com/docs/sharing/webmasters/crawler))"
2a03:2880:f800:20:: - - [28/Jul/2026:04:39:29 +0200] "GET /shop/obstination/improver241503095306 HTTP/1.1" 404 38568 "-" "Mozilla/5.0 (Windows NT 10.0; Win64; x64) AppleWebKit/537.36 (KHTML, like Gecko) Chrome/145.0.0.0 Safari/537.36 (compatible; meta-externalagent/1.1 (+https://developers.facebook.com/docs/sharing/webmasters/crawler))"
92.97.255.182 - - [28/Jul/2026:04:39:33 +0200] "POST /xmlrpc.php HTTP/1.1" 200 6090 "-" "Jetpack by WordPress.com"
92.97.255.182 - - [28/Jul/2026:04:39:44 +0200] "POST /xmlrpc.php HTTP/1.1" 200 6090 "-" "Jetpack by WordPress.com (Jetpack 12.5; WordPress 6.3)"
2a03:2880:f800:27:: - - [28/Jul/2026:04:39:47 +0200] "GET /shop/unsuspicion/duodecimo242051683955 HTTP/1.1" 404 38568 "-" "Mozilla/5.0 (Macintosh; Intel Mac OS X 10_15_7) AppleWebKit/537.36 (KHTML, like Gecko) Chrome/145.0.0.0 Safari/537.36 (compatible; meta-externalagent/1.1 (+https://developers.facebook.com/docs/sharing/webmasters/crawler))"
92.97.255.182 - - [28/Jul/2026:04:39:54 +0200] "POST /xmlrpc.php HTTP/1.1" 200 6090 "-" "Jetpack/12.0; WordPress/6.4; http://site48448129.com"
92.97.255.182 - - [28/Jul/2026:04:40:05 +0200] "POST /xmlrpc.php HTTP/1.1" 200 6090 "-" "Jetpack by WordPress.com"
92.97.255.182 - - [28/Jul/2026:04:40:16 +0200] "POST /xmlrpc.php HTTP/1.1" 200 6090 "-" "Jetpack/12.5; WordPress/6.4; http://site42625038.com"
2a03:2880:f800:1f:: - - [28/Jul/2026:04:40:17 +0200] "GET /shop/alcohol/subapennine242813958567 HTTP/1.1" 404 38568 "-" "Mozilla/5.0 (Macintosh; Intel Mac OS X 10_15_7) AppleWebKit/537.36 (KHTML, like Gecko) Chrome/145.0.0.0 Safari/537.36 (compatible; meta-externalagent/1.1 (+https://developers.facebook.com/docs/sharing/webmasters/crawler))"
92.97.255.182 - - [28/Jul/2026:04:40:26 +0200] "POST /xmlrpc.php HTTP/1.1" 200 6090 "-" "Jetpack by WordPress.com (Jetpack 13.0; WordPress 6.1)"
92.97.255.182 - - [28/Jul/2026:04:40:36 +0200] "POST /xmlrpc.php HTTP/1.1" 200 6090 "-" "Jetpack/12.5; WordPress/6.2; http://site59713693.com"
92.97.255.182 - - [28/Jul/2026:04:40:47 +0200] "POST /xmlrpc.php HTTP/1.1" 200 6090 "-" "Jetpack/12.5; WordPress/6.1; http://site81280162.com"
92.97.255.182 - - [28/Jul/2026:04:40:58 +0200] "POST /xmlrpc.php HTTP/1.1" 200 6090 "-" "Jetpack by WordPress.com"
2a03:2880:f800:c:: - - [28/Jul/2026:04:40:59 +0200] "GET /shop/ceratophyllum/pinnately241569142614 HTTP/1.1" 404 38568 "-" "Mozilla/5.0 (Windows NT 10.0; Win64; x64) AppleWebKit/537.36 (KHTML, like Gecko) Chrome/145.0.0.0 Safari/537.36 Edg/145.0.0.0 (compatible; meta-externalagent/1.1 (+https://developers.facebook.com/docs/sharing/webmasters/crawler))"
92.97.255.182 - - [28/Jul/2026:04:41:08 +0200] "POST /xmlrpc.php HTTP/1.1" 200 6090 "-" "Jetpack by WordPress.com (Jetpack 12.5; WordPress 6.4)"
92.97.255.182 - - [28/Jul/2026:04:41:19 +0200] "POST /xmlrpc.php HTTP/1.1" 200 6090 "-" "WordPress.com; https://wordpress.com"
92.97.255.182 - - [28/Jul/2026:04:41:29 +0200] "POST /xmlrpc.php HTTP/1.1" 200 6090 "-" "Jetpack/12.0; WordPress/6.4; http://site57390014.com"
92.97.255.182 - - [28/Jul/2026:04:41:40 +0200] "POST /xmlrpc.php HTTP/1.1" 200 6090 "-" "Jetpack by WordPress.com"
92.97.255.182 - - [28/Jul/2026:04:41:50 +0200] "POST /xmlrpc.php HTTP/1.1" 200 6090 "-" "Jetpack/12.1; WordPress/6.1; http://site18027844.com"
92.97.255.182 - - [28/Jul/2026:04:42:01 +0200] "POST /xmlrpc.php HTTP/1.1" 200 6090 "-" "Jetpack/12.0; WordPress/6.4; http://site18757451.com"
92.97.255.182 - - [28/Jul/2026:04:42:11 +0200] "POST /xmlrpc.php HTTP/1.1" 200 6090 "-" "Jetpack by WordPress.com"
92.97.255.182 - - [28/Jul/2026:04:42:22 +0200] "POST /xmlrpc.php HTTP/1.1" 200 6090 "-" "Jetpack by WordPress.com (Jetpack 12.0; WordPress 6.3)"
92.97.255.182 - - [28/Jul/2026:04:42:32 +0200] "POST /xmlrpc.php HTTP/1.1" 200 6090 "-" "WordPress.com; https://wordpress.com"
92.97.255.182 - - [28/Jul/2026:04:42:43 +0200] "POST /xmlrpc.php HTTP/1.1" 200 6090 "-" "WordPress.com; https://wordpress.com"
2a03:2880:f800:45:: - - [28/Jul/2026:04:42:45 +0200] "GET /shop/guardedness/inboard24309076516 HTTP/1.1" 404 38568 "-" "Mozilla/5.0 (Windows NT 10.0; Win64; x64) AppleWebKit/537.36 (KHTML, like Gecko) Chrome/145.0.0.0 Safari/537.36 (compatible; meta-externalagent/1.1 (+https://developers.facebook.com/docs/sharing/webmasters/crawler))"
92.97.255.182 - - [28/Jul/2026:04:42:53 +0200] "POST /xmlrpc.php HTTP/1.1" 200 6090 "-" "Jetpack/12.5; WordPress/6.2; http://site31244641.com"
92.97.255.182 - - [28/Jul/2026:04:43:04 +0200] "POST /xmlrpc.php HTTP/1.1" 200 6090 "-" "WordPress.com; https://wordpress.com"
92.97.255.182 - - [28/Jul/2026:04:43:14 +0200] "POST /xmlrpc.php HTTP/1.1" 200 6090 "-" "Jetpack by WordPress.com"
2a03:2880:f800:29:: - - [28/Jul/2026:04:43:23 +0200] "GET /shop/counterscarp/arinus24948288292 HTTP/1.1" 404 38568 "-" "Mozilla/5.0 (Windows NT 10.0; Win64; x64) AppleWebKit/537.36 (KHTML, like Gecko) Chrome/145.0.0.0 Safari/537.36 (compatible; meta-externalagent/1.1 (+https://developers.facebook.com/docs/sharing/webmasters/crawler))"
92.97.255.182 - - [28/Jul/2026:04:43:25 +0200] "POST /xmlrpc.php HTTP/1.1" 200 6090 "-" "WordPress.com; https://wordpress.com"
92.97.255.182 - - [28/Jul/2026:04:43:35 +0200] "POST /xmlrpc.php HTTP/1.1" 200 6090 "-" "WordPress.com; https://wordpress.com"
92.97.255.182 - - [28/Jul/2026:04:43:45 +0200] "POST /xmlrpc.php HTTP/1.1" 200 6090 "-" "WordPress.com; https://wordpress.com"
92.97.255.182 - - [28/Jul/2026:04:43:56 +0200] "POST /xmlrpc.php HTTP/1.1" 200 6090 "-" "WordPress.com; https://wordpress.com"
92.97.255.182 - - [28/Jul/2026:04:44:06 +0200] "POST /xmlrpc.php HTTP/1.1" 200 6090 "-" "WordPress.com; https://wordpress.com"
92.97.255.182 - - [28/Jul/2026:04:44:17 +0200] "POST /xmlrpc.php HTTP/1.1" 200 6090 "-" "Jetpack/12.1; WordPress/6.2; http://site16641052.com"
92.97.255.182 - - [28/Jul/2026:04:44:27 +0200] "POST /xmlrpc.php HTTP/1.1" 200 6090 "-" "WordPress.com; https://wordpress.com"
92.97.255.182 - - [28/Jul/2026:04:44:38 +0200] "POST /xmlrpc.php HTTP/1.1" 200 6090 "-" "Jetpack by WordPress.com (Jetpack 13.0; WordPress 6.2)"
92.97.255.182 - - [28/Jul/2026:04:44:48 +0200] "POST /xmlrpc.php HTTP/1.1" 200 6090 "-" "Jetpack by WordPress.com (Jetpack 13.0; WordPress 6.1)"
92.97.255.182 - - [28/Jul/2026:04:44:59 +0200] "POST /xmlrpc.php HTTP/1.1" 200 6090 "-" "Jetpack by WordPress.com"
92.97.255.182 - - [28/Jul/2026:04:45:09 +0200] "POST /xmlrpc.php HTTP/1.1" 200 6090 "-" "Jetpack by WordPress.com (Jetpack 13.0; WordPress 6.3)"
92.97.255.182 - - [28/Jul/2026:04:45:20 +0200] "POST /xmlrpc.php HTTP/1.1" 200 6090 "-" "Jetpack by WordPress.com"
2a03:2880:f800:43:: - - [28/Jul/2026:04:45:22 +0200] "GET /shop/tributarily/sopranino241987239496 HTTP/1.1" 404 38568 "-" "Mozilla/5.0 (Windows NT 10.0; Win64; x64) AppleWebKit/537.36 (KHTML, like Gecko) Chrome/145.0.0.0 Safari/537.36 (compatible; meta-externalagent/1.1 (+https://developers.facebook.com/docs/sharing/webmasters/crawler))"
92.97.255.182 - - [28/Jul/2026:04:45:30 +0200] "POST /xmlrpc.php HTTP/1.1" 200 6090 "-" "Jetpack/13.0; WordPress/6.2; http://site18398341.com"
92.97.255.182 - - [28/Jul/2026:04:45:41 +0200] "POST /xmlrpc.php HTTP/1.1" 200 6090 "-" "Jetpack by WordPress.com (Jetpack 12.1; WordPress 6.2)"
92.97.255.182 - - [28/Jul/2026:04:45:52 +0200] "POST /xmlrpc.php HTTP/1.1" 200 6090 "-" "Jetpack by WordPress.com"
92.97.255.182 - - [28/Jul/2026:04:46:02 +0200] "POST /xmlrpc.php HTTP/1.1" 200 6090 "-" "Jetpack by WordPress.com"
92.97.255.182 - - [28/Jul/2026:04:46:13 +0200] "POST /xmlrpc.php HTTP/1.1" 200 6090 "-" "WordPress.com; https://wordpress.com"
2a03:2880:f800:13:: - - [28/Jul/2026:04:46:17 +0200] "GET /shop/anapodeictic/temporaneous242886215777 HTTP/1.1" 404 38568 "-" "Mozilla/5.0 (Windows NT 10.0; Win64; x64) AppleWebKit/537.36 (KHTML, like Gecko) Chrome/145.0.0.0 Safari/537.36 (compatible; meta-externalagent/1.1 (+https://developers.facebook.com/docs/sharing/webmasters/crawler))"
92.97.255.182 - - [28/Jul/2026:04:46:23 +0200] "POST /xmlrpc.php HTTP/1.1" 200 6090 "-" "Jetpack by WordPress.com"
92.97.255.182 - - [28/Jul/2026:04:46:34 +0200] "POST /xmlrpc.php HTTP/1.1" 200 6090 "-" "Jetpack/12.0; WordPress/6.4; http://site53494343.com"
2001:1690:2:4::1:118 - - [28/Jul/2026:04:46:44 +0200] "POST /wp-cron.php?doing_wp_cron=1785206804.6688210964202880859375 HTTP/1.1" 200 5522 "-" "WordPress/6.7.5; https://cso-apeldoorn.nl"
92.97.255.182 - - [28/Jul/2026:04:46:44 +0200] "POST /xmlrpc.php HTTP/1.1" 200 6090 "-" "Jetpack/12.1; WordPress/6.2; http://site18029668.com"
2001:1690:2:4::1:118 - - [28/Jul/2026:04:46:55 +0200] "POST /wp-cron.php?doing_wp_cron=1785206815.2415020465850830078125 HTTP/1.1" 200 5522 "-" "WordPress/6.7.5; https://cso-apeldoorn.nl"
92.97.255.182 - - [28/Jul/2026:04:46:55 +0200] "POST /xmlrpc.php HTTP/1.1" 200 6090 "-" "Jetpack/13.0; WordPress/6.2; http://site87055034.com"
92.97.255.182 - - [28/Jul/2026:04:47:05 +0200] "POST /xmlrpc.php HTTP/1.1" 200 6090 "-" "WordPress.com; https://wordpress.com"
92.97.255.182 - - [28/Jul/2026:04:47:16 +0200] "POST /xmlrpc.php HTTP/1.1" 200 6090 "-" "Jetpack by WordPress.com (Jetpack 12.0; WordPress 6.2)"
92.97.255.182 - - [28/Jul/2026:04:47:26 +0200] "POST /xmlrpc.php HTTP/1.1" 200 6090 "-" "Jetpack/12.0; WordPress/6.2; http://site63659331.com"
92.97.255.182 - - [28/Jul/2026:04:47:37 +0200] "POST /xmlrpc.php HTTP/1.1" 200 6090 "-" "Jetpack by WordPress.com (Jetpack 13.0; WordPress 6.1)"
2a03:2880:f800:2c:: - - [28/Jul/2026:04:47:42 +0200] "GET /shop/mainchord/diurnally241628919204 HTTP/1.1" 404 38568 "-" "Mozilla/5.0 (Macintosh; Intel Mac OS X 10_15_7) AppleWebKit/537.36 (KHTML, like Gecko) Chrome/145.0.0.0 Safari/537.36 (compatible; meta-externalagent/1.1 (+https://developers.facebook.com/docs/sharing/webmasters/crawler))"
92.97.255.182 - - [28/Jul/2026:04:47:47 +0200] "POST /xmlrpc.php HTTP/1.1" 200 6090 "-" "Jetpack by WordPress.com"
2a03:2880:f800:3a:: - - [28/Jul/2026:04:47:54 +0200] "GET /shop/evolvent/supported242382283269 HTTP/1.1" 404 38568 "-" "Mozilla/5.0 (Windows NT 10.0; Win64; x64) AppleWebKit/537.36 (KHTML, like Gecko) Chrome/145.0.0.0 Safari/537.36 (compatible; meta-externalagent/1.1 (+https://developers.facebook.com/docs/sharing/webmasters/crawler))"
92.97.255.182 - - [28/Jul/2026:04:47:58 +0200] "POST /xmlrpc.php HTTP/1.1" 200 6090 "-" "WordPress.com; https://wordpress.com"
92.97.255.182 - - [28/Jul/2026:04:48:08 +0200] "POST /xmlrpc.php HTTP/1.1" 200 6090 "-" "Jetpack by WordPress.com"
2a03:2880:f800:3a:: - - [28/Jul/2026:04:48:11 +0200] "GET /shop/counterpoised/repatriate241623409217 HTTP/1.1" 404 38568 "-" "Mozilla/5.0 (X11; Linux x86_64) AppleWebKit/537.36 (KHTML, like Gecko) Chrome/145.0.0.0 Safari/537.36 (compatible; meta-externalagent/1.1 (+https://developers.facebook.com/docs/sharing/webmasters/crawler))"
92.97.255.182 - - [28/Jul/2026:04:48:19 +0200] "POST /xmlrpc.php HTTP/1.1" 200 6090 "-" "Jetpack/12.0; WordPress/6.1; http://site50255667.com"
92.97.255.182 - - [28/Jul/2026:04:48:29 +0200] "POST /xmlrpc.php HTTP/1.1" 200 6090 "-" "WordPress.com; https://wordpress.com"
92.97.255.182 - - [28/Jul/2026:04:48:40 +0200] "POST /xmlrpc.php HTTP/1.1" 200 6090 "-" "Jetpack by WordPress.com (Jetpack 12.5; WordPress 6.3)"
2a03:2880:f800:14:: - - [28/Jul/2026:04:48:47 +0200] "GET /shop/gerrymander/tsarina242372651286 HTTP/1.1" 404 38568 "-" "Mozilla/5.0 (Macintosh; Intel Mac OS X 10_15_7) AppleWebKit/537.36 (KHTML, like Gecko) Chrome/145.0.0.0 Safari/537.36 (compatible; meta-externalagent/1.1 (+https://developers.facebook.com/docs/sharing/webmasters/crawler))"
92.97.255.182 - - [28/Jul/2026:04:48:50 +0200] "POST /xmlrpc.php HTTP/1.1" 200 6090 "-" "Jetpack by WordPress.com (Jetpack 12.5; WordPress 6.3)"
92.97.255.182 - - [28/Jul/2026:04:49:01 +0200] "POST /xmlrpc.php HTTP/1.1" 200 6090 "-" "Jetpack by WordPress.com"
2a03:2880:f800:30:: - - [28/Jul/2026:04:49:04 +0200] "GET /shop/magnifica/gummiferous24675782175 HTTP/1.1" 404 38568 "-" "Mozilla/5.0 (Macintosh; Intel Mac OS X 10_15_7) AppleWebKit/537.36 (KHTML, like Gecko) Chrome/145.0.0.0 Safari/537.36 (compatible; meta-externalagent/1.1 (+https://developers.facebook.com/docs/sharing/webmasters/crawler))"
92.97.255.182 - - [28/Jul/2026:04:49:11 +0200] "POST /xmlrpc.php HTTP/1.1" 200 6090 "-" "Jetpack by WordPress.com (Jetpack 12.0; WordPress 6.2)"
92.97.255.182 - - [28/Jul/2026:04:49:22 +0200] "POST /xmlrpc.php HTTP/1.1" 200 6090 "-" "Jetpack by WordPress.com (Jetpack 12.1; WordPress 6.3)"
92.97.255.182 - - [28/Jul/2026:04:49:32 +0200] "POST /xmlrpc.php HTTP/1.1" 200 6090 "-" "WordPress.com; https://wordpress.com"
2a03:2880:f800:1e:: - - [28/Jul/2026:04:49:42 +0200] "GET /shop/chanticleer/busying242419849772 HTTP/1.1" 404 38568 "-" "Mozilla/5.0 (Windows NT 10.0; Win64; x64) AppleWebKit/537.36 (KHTML, like Gecko) Chrome/145.0.0.0 Safari/537.36 (compatible; meta-externalagent/1.1 (+https://developers.facebook.com/docs/sharing/webmasters/crawler))"
92.97.255.182 - - [28/Jul/2026:04:49:43 +0200] "POST /xmlrpc.php HTTP/1.1" 200 6090 "-" "Jetpack by WordPress.com"
2a03:2880:f800:39:: - - [28/Jul/2026:04:49:48 +0200] "GET /shop/fistularioid/debride24830258943 HTTP/1.1" 404 38568 "-" "Mozilla/5.0 (Windows NT 10.0; Win64; x64) AppleWebKit/537.36 (KHTML, like Gecko) Chrome/145.0.0.0 Safari/537.36 (compatible; meta-externalagent/1.1 (+https://developers.facebook.com/docs/sharing/webmasters/crawler))"
2001:1690:2:4::1:118 - - [28/Jul/2026:04:49:53 +0200] "POST /wp-cron.php?doing_wp_cron=1785206993.6925520896911621093750 HTTP/1.1" 200 5522 "-" "WordPress/6.7.5; https://cso-apeldoorn.nl"
92.97.255.182 - - [28/Jul/2026:04:49:53 +0200] "POST /xmlrpc.php HTTP/1.1" 200 6090 "-" "Jetpack by WordPress.com"
2a03:2880:f800:14:: - - [28/Jul/2026:04:50:03 +0200] "GET /shop/relumining/expugner241869871738 HTTP/1.1" 404 38568 "-" "Mozilla/5.0 (Windows NT 10.0; Win64; x64) AppleWebKit/537.36 (KHTML, like Gecko) Chrome/145.0.0.0 Safari/537.36 (compatible; meta-externalagent/1.1 (+https://developers.facebook.com/docs/sharing/webmasters/crawler))"
92.97.255.182 - - [28/Jul/2026:04:50:04 +0200] "POST /xmlrpc.php HTTP/1.1" 200 6090 "-" "Jetpack by WordPress.com (Jetpack 13.0; WordPress 6.1)"
92.97.255.182 - - [28/Jul/2026:04:50:14 +0200] "POST /xmlrpc.php HTTP/1.1" 200 6090 "-" "WordPress.com; https://wordpress.com"
92.97.255.182 - - [28/Jul/2026:04:50:25 +0200] "POST /xmlrpc.php HTTP/1.1" 200 6090 "-" "WordPress.com; https://wordpress.com"
92.97.255.182 - - [28/Jul/2026:04:50:35 +0200] "POST /xmlrpc.php HTTP/1.1" 200 6090 "-" "WordPress.com; https://wordpress.com"
92.97.255.182 - - [28/Jul/2026:04:50:46 +0200] "POST /xmlrpc.php HTTP/1.1" 200 6090 "-" "WordPress.com; https://wordpress.com"
92.97.255.182 - - [28/Jul/2026:04:50:56 +0200] "POST /xmlrpc.php HTTP/1.1" 200 6090 "-" "Jetpack by WordPress.com (Jetpack 12.1; WordPress 6.3)"
2a03:2880:f800:b:: - - [28/Jul/2026:04:51:00 +0200] "GET /shop/stallmen/penniform242085131287 HTTP/1.1" 404 38568 "-" "Mozilla/5.0 (Windows NT 10.0; Win64; x64) AppleWebKit/537.36 (KHTML, like Gecko) Chrome/145.0.0.0 Safari/537.36 (compatible; meta-externalagent/1.1 (+https://developers.facebook.com/docs/sharing/webmasters/crawler))"
92.97.255.182 - - [28/Jul/2026:04:51:07 +0200] "POST /xmlrpc.php HTTP/1.1" 200 6090 "-" "Jetpack/12.1; WordPress/6.4; http://site59268125.com"
92.97.255.182 - - [28/Jul/2026:04:51:18 +0200] "POST /xmlrpc.php HTTP/1.1" 200 6090 "-" "Jetpack/12.5; WordPress/6.4; http://site74581811.com"
2a03:2880:f800:41:: - - [28/Jul/2026:04:51:23 +0200] "GET /shop/snuffle/luciferin243806196358 HTTP/1.1" 404 38568 "-" "Mozilla/5.0 (Windows NT 10.0; Win64; x64) AppleWebKit/537.36 (KHTML, like Gecko) Chrome/145.0.0.0 Safari/537.36 (compatible; meta-externalagent/1.1 (+https://developers.facebook.com/docs/sharing/webmasters/crawler))"
92.97.255.182 - - [28/Jul/2026:04:51:28 +0200] "POST /xmlrpc.php HTTP/1.1" 200 6090 "-" "WordPress.com; https://wordpress.com"
92.97.255.182 - - [28/Jul/2026:04:51:39 +0200] "POST /xmlrpc.php HTTP/1.1" 200 6090 "-" "Jetpack/12.5; WordPress/6.3; http://site94448376.com"
2a03:2880:f800:3a:: - - [28/Jul/2026:04:51:39 +0200] "GET /shop/anastomotic/orientingadj242418928557 HTTP/1.1" 404 38568 "-" "Mozilla/5.0 (Windows NT 10.0; Win64; x64) AppleWebKit/537.36 (KHTML, like Gecko) Chrome/145.0.0.0 Safari/537.36 (compatible; meta-externalagent/1.1 (+https://developers.facebook.com/docs/sharing/webmasters/crawler))"
5.189.171.121 - - [28/Jul/2026:04:51:48 +0200] "GET / HTTP/1.1" 301 5586 "-" "Mozilla/5.0 (Windows NT 10.0; Win64; x64; rv:142.0) Gecko/20100101 Firefox/142.0"
92.97.255.182 - - [28/Jul/2026:04:51:50 +0200] "POST /xmlrpc.php HTTP/1.1" 200 6090 "-" "Jetpack by WordPress.com"
5.189.171.121 - - [28/Jul/2026:04:51:50 +0200] "GET / HTTP/1.1" 200 59401 "-" "Mozilla/5.0 (Windows NT 10.0; Win64; x64; rv:142.0) Gecko/20100101 Firefox/142.0"
92.97.255.182 - - [28/Jul/2026:04:52:00 +0200] "POST /xmlrpc.php HTTP/1.1" 200 6090 "-" "Jetpack/12.5; WordPress/6.1; http://site86048910.com"
92.97.255.182 - - [28/Jul/2026:04:52:11 +0200] "POST /xmlrpc.php HTTP/1.1" 200 6090 "-" "Jetpack by WordPress.com (Jetpack 12.0; WordPress 6.4)"
5.189.171.121 - - [28/Jul/2026:04:52:16 +0200] "GET /beleid/ HTTP/1.1" 200 46573 "-" "Mozilla/5.0 (Windows NT 10.0; Win64; x64; rv:142.0) Gecko/20100101 Firefox/142.0"
2a03:2880:f800:c:: - - [28/Jul/2026:04:52:21 +0200] "GET /shop/ascophyllum/deploitation244089940393 HTTP/1.1" 404 38568 "-" "Mozilla/5.0 (Windows NT 10.0; Win64; x64) AppleWebKit/537.36 (KHTML, like Gecko) Chrome/145.0.0.0 Safari/537.36 (compatible; meta-externalagent/1.1 (+https://developers.facebook.com/docs/sharing/webmasters/crawler))"
92.97.255.182 - - [28/Jul/2026:04:52:21 +0200] "POST /xmlrpc.php HTTP/1.1" 200 6090 "-" "WordPress.com; https://wordpress.com"
92.97.255.182 - - [28/Jul/2026:04:52:32 +0200] "POST /xmlrpc.php HTTP/1.1" 200 6090 "-" "Jetpack/12.5; WordPress/6.1; http://site60943104.com"
5.189.171.121 - - [28/Jul/2026:04:52:33 +0200] "GET /contact/ HTTP/1.1" 200 52805 "-" "Mozilla/5.0 (Windows NT 10.0; Win64; x64; rv:142.0) Gecko/20100101 Firefox/142.0"
92.97.255.182 - - [28/Jul/2026:04:52:43 +0200] "POST /xmlrpc.php HTTP/1.1" 200 6090 "-" "Jetpack by WordPress.com (Jetpack 12.5; WordPress 6.4)"
92.97.255.182 - - [28/Jul/2026:04:52:53 +0200] "POST /xmlrpc.php HTTP/1.1" 200 6090 "-" "Jetpack/12.0; WordPress/6.2; http://site54665256.com"
2a03:2880:f800:29:: - - [28/Jul/2026:04:52:54 +0200] "GET /shop/outflank/underlooker24609380310 HTTP/1.1" 404 38568 "-" "Mozilla/5.0 (Windows NT 10.0; Win64; x64) AppleWebKit/537.36 (KHTML, like Gecko) Chrome/145.0.0.0 Safari/537.36 (compatible; meta-externalagent/1.1 (+https://developers.facebook.com/docs/sharing/webmasters/crawler))"
92.97.255.182 - - [28/Jul/2026:04:53:04 +0200] "POST /xmlrpc.php HTTP/1.1" 200 6090 "-" "Jetpack by WordPress.com"
2a03:2880:f800:32:: - - [28/Jul/2026:04:53:04 +0200] "GET /shop/withholding/circulable241784687841 HTTP/1.1" 404 38568 "-" "Mozilla/5.0 (Windows NT 10.0; Win64; x64) AppleWebKit/537.36 (KHTML, like Gecko) Chrome/145.0.0.0 Safari/537.36 (compatible; meta-externalagent/1.1 (+https://developers.facebook.com/docs/sharing/webmasters/crawler))"
2a03:2880:f800:2a:: - - [28/Jul/2026:04:53:09 +0200] "GET /shop/buttonwood/caustically241428855357 HTTP/1.1" 404 38568 "-" "Mozilla/5.0 (Macintosh; Intel Mac OS X 10_15_7) AppleWebKit/537.36 (KHTML, like Gecko) Chrome/145.0.0.0 Safari/537.36 (compatible; meta-externalagent/1.1 (+https://developers.facebook.com/docs/sharing/webmasters/crawler))"
66.249.70.38 - - [28/Jul/2026:04:53:12 +0200] "GET /shop/catholical/elapse251024088873 HTTP/1.1" 404 38719 "-" "Mozilla/5.0 (Linux; Android 6.0.1; Nexus 5X Build/MMB29P) AppleWebKit/537.36 (KHTML, like Gecko) Chrome/150.0.7871.128 Mobile Safari/537.36 (compatible; GoogleOther)"
92.97.255.182 - - [28/Jul/2026:04:53:14 +0200] "POST /xmlrpc.php HTTP/1.1" 200 6090 "-" "Jetpack by WordPress.com (Jetpack 13.0; WordPress 6.2)"
5.189.171.121 - - [28/Jul/2026:04:53:15 +0200] "GET /vacatures/ HTTP/1.1" 200 46825 "-" "Mozilla/5.0 (Windows NT 10.0; Win64; x64; rv:142.0) Gecko/20100101 Firefox/142.0"
2a03:2880:f800:1f:: - - [28/Jul/2026:04:53:23 +0200] "GET /shop/sheldapple/tutoress243785464615 HTTP/1.1" 404 38568 "-" "Mozilla/5.0 (Windows NT 10.0; Win64; x64) AppleWebKit/537.36 (KHTML, like Gecko) Chrome/145.0.0.0 Safari/537.36 (compatible; meta-externalagent/1.1 (+https://developers.facebook.com/docs/sharing/webmasters/crawler))"
2a03:2880:f800:29:: - - [28/Jul/2026:04:53:24 +0200] "GET /shop/jamdanee/cruelty241790943135 HTTP/1.1" 404 38568 "-" "Mozilla/5.0 (Macintosh; Intel Mac OS X 10_15_7) AppleWebKit/537.36 (KHTML, like Gecko) Chrome/145.0.0.0 Safari/537.36 (compatible; meta-externalagent/1.1 (+https://developers.facebook.com/docs/sharing/webmasters/crawler))"
92.97.255.182 - - [28/Jul/2026:04:53:25 +0200] "POST /xmlrpc.php HTTP/1.1" 200 6090 "-" "Jetpack by WordPress.com"
92.97.255.182 - - [28/Jul/2026:04:53:36 +0200] "POST /xmlrpc.php HTTP/1.1" 200 6090 "-" "Jetpack by WordPress.com"
2a03:2880:f800:2f:: - - [28/Jul/2026:04:53:44 +0200] "GET /shop/laevigate/tabulate24187410854 HTTP/1.1" 404 38568 "-" "Mozilla/5.0 (Macintosh; Intel Mac OS X 10_15_7) AppleWebKit/537.36 (KHTML, like Gecko) Chrome/145.0.0.0 Safari/537.36 (compatible; meta-externalagent/1.1 (+https://developers.facebook.com/docs/sharing/webmasters/crawler))"
92.97.255.182 - - [28/Jul/2026:04:53:46 +0200] "POST /xmlrpc.php HTTP/1.1" 200 6090 "-" "Jetpack/12.5; WordPress/6.2; http://site83332283.com"
2a03:2880:f800:3d:: - - [28/Jul/2026:04:53:56 +0200] "GET /shop/swingeingly/flaxen241742241682 HTTP/1.1" 404 38568 "-" "Mozilla/5.0 (Windows NT 10.0; Win64; x64) AppleWebKit/537.36 (KHTML, like Gecko) Chrome/145.0.0.0 Safari/537.36 (compatible; meta-externalagent/1.1 (+https://developers.facebook.com/docs/sharing/webmasters/crawler))"
92.97.255.182 - - [28/Jul/2026:04:53:57 +0200] "POST /xmlrpc.php HTTP/1.1" 200 6090 "-" "Jetpack by WordPress.com"
92.97.255.182 - - [28/Jul/2026:04:54:08 +0200] "POST /xmlrpc.php HTTP/1.1" 200 6090 "-" "Jetpack by WordPress.com"
5.189.171.121 - - [28/Jul/2026:04:54:15 +0200] "GET /rvt/ HTTP/1.1" 200 59006 "-" "Mozilla/5.0 (Windows NT 10.0; Win64; x64; rv:142.0) Gecko/20100101 Firefox/142.0"
92.97.255.182 - - [28/Jul/2026:04:54:18 +0200] "POST /xmlrpc.php HTTP/1.1" 200 6090 "-" "WordPress.com; https://wordpress.com"
92.97.255.182 - - [28/Jul/2026:04:54:29 +0200] "POST /xmlrpc.php HTTP/1.1" 200 6090 "-" "Jetpack by WordPress.com"
92.97.255.182 - - [28/Jul/2026:04:54:39 +0200] "POST /xmlrpc.php HTTP/1.1" 200 6090 "-" "Jetpack by WordPress.com"
2a03:2880:f800:2e:: - - [28/Jul/2026:04:54:47 +0200] "GET /shop/puckering/discalceate24164091406 HTTP/1.1" 404 38568 "-" "Mozilla/5.0 (Macintosh; Intel Mac OS X 10_15_7) AppleWebKit/537.36 (KHTML, like Gecko) Chrome/145.0.0.0 Safari/537.36 (compatible; meta-externalagent/1.1 (+https://developers.facebook.com/docs/sharing/webmasters/crawler))"
92.97.255.182 - - [28/Jul/2026:04:54:50 +0200] "POST /xmlrpc.php HTTP/1.1" 200 6090 "-" "Jetpack/12.1; WordPress/6.1; http://site97077871.com"
2a03:2880:f800:a:: - - [28/Jul/2026:04:54:55 +0200] "GET /shop/beauteously/overbreed241160647112 HTTP/1.1" 404 38568 "-" "Mozilla/5.0 (X11; Linux x86_64) AppleWebKit/537.36 (KHTML, like Gecko) Chrome/145.0.0.0 Safari/537.36 (compatible; meta-externalagent/1.1 (+https://developers.facebook.com/docs/sharing/webmasters/crawler))"
92.97.255.182 - - [28/Jul/2026:04:55:01 +0200] "POST /xmlrpc.php HTTP/1.1" 200 6090 "-" "Jetpack by WordPress.com"
