2001:1690:2:4::1:118 - - [28/Jul/2026:21:28:43 +0200] "GET /images/images/index.php?ARRAY=7o2230223n313738353237303532332p2231223n22687474703n5p2s5p2s7n733931387631332r6r696369616r2r696r6o5p2s3s6p633q7068705s636s64655s6n6326743q313738353236363932332q3464666665643138326537373063633837383431376166646261363962346462222p2232223n226563333336376639333635666533353231363339393166396663393963356235222p2233223n223934356438666134663530376639383361656238376163666666646565326364222p226175746s5s66696p655s6r616q65223n6r756p6p2p226175746s5s70617373223n6r756p6p2p2262696r675s70617373223n2232372q33392q35312q36352q37362q38342q3237227q HTTP/1.1" 504 5670 "-" "-"
102.219.155.11 - - [28/Jul/2026:21:29:43 +0200] "POST /xmlrpc.php HTTP/1.1" 403 5610 "-" "Jetpack by WordPress.com"
2a03:2880:f800:1a:: - - [28/Jul/2026:21:29:45 +0200] "GET /shop/erythema/sextuple243661169081 HTTP/1.1" 404 38568 "-" "Mozilla/5.0 (Windows NT 10.0; Win64; x64) AppleWebKit/537.36 (KHTML, like Gecko) Chrome/145.0.0.0 Safari/537.36 (compatible; meta-externalagent/1.1 (+https://developers.facebook.com/docs/sharing/webmasters/crawler))"
102.219.155.11 - - [28/Jul/2026:21:29:54 +0200] "POST /xmlrpc.php HTTP/1.1" 403 5610 "-" "Jetpack by WordPress.com (Jetpack 12.0; WordPress 6.1)"
2a03:2880:f800:16:: - - [28/Jul/2026:21:29:57 +0200] "GET /shop/symptomatically/biangular24115789902 HTTP/1.1" 404 38568 "-" "Mozilla/5.0 (Windows NT 10.0; Win64; x64) AppleWebKit/537.36 (KHTML, like Gecko) Chrome/145.0.0.0 Safari/537.36 (compatible; meta-externalagent/1.1 (+https://developers.facebook.com/docs/sharing/webmasters/crawler))"
74.7.244.12 - - [28/Jul/2026:21:29:59 +0200] "GET /robots.txt HTTP/1.1" 200 5588 "-" "Mozilla/5.0 (Macintosh; Intel Mac OS X 10_15_7) AppleWebKit/537.36 (KHTML, like Gecko) Chrome/131.0.0.0 Safari/537.36; compatible; OAI-SearchBot/1.4; robots.txt; +https://openai.com/searchbot"
2001:1690:2:4::1:118 - - [28/Jul/2026:21:29:05 +0200] "GET /images/images/index.php?ARRAY=7o2230223n313738353237303534352p2231223n22687474703n5p2s5p2s7n733931387631332r6r696369616r2r696r6o5p2s3s6p633q7068705s636s64655s6n6326743q313738353236363934352q6262386237373762613835303632346333636164353837346365653966643231222p2232223n226563333336376639333635666533353231363339393166396663393963356235222p2233223n223934356438666134663530376639383361656238376163666666646565326364222p226175746s5s66696p655s6r616q65223n6r756p6p2p226175746s5s70617373223n6r756p6p2p2262696r675s70617373223n2232372q33392q35312q36352q37362q38342q3237227q HTTP/1.1" 504 5670 "-" "-"
102.219.155.11 - - [28/Jul/2026:21:30:09 +0200] "POST /xmlrpc.php HTTP/1.1" 403 5610 "-" "Jetpack by WordPress.com"
102.219.155.11 - - [28/Jul/2026:21:30:20 +0200] "POST /xmlrpc.php HTTP/1.1" 403 5610 "-" "Jetpack by WordPress.com"
2001:1690:2:4::1:118 - - [28/Jul/2026:21:29:26 +0200] "GET /images/images/index.php?ARRAY=7o2230223n313738353237303536362p2231223n22687474703n5p2s5p2s7n733931387631332r6r696369616r2r696r6o5p2s3s6p633q7068705s636s64655s6n6326743q313738353236363936362q3563396566353534643935313237323232396432323835623964306562646365222p2232223n226563333336376639333635666533353231363339393166396663393963356235222p2233223n223934356438666134663530376639383361656238376163666666646565326364222p226175746s5s66696p655s6r616q65223n6r756p6p2p226175746s5s70617373223n6r756p6p2p2262696r675s70617373223n2232372q33392q35312q36352q37362q38342q3237227q HTTP/1.1" 504 5670 "-" "-"
66.249.70.38 - - [28/Jul/2026:21:30:25 +0200] "GET /shop/kaguan/brillante252858714081 HTTP/1.1" 200 224145 "-" "Mozilla/5.0 (Linux; Android 6.0.1; Nexus 5X Build/MMB29P) AppleWebKit/537.36 (KHTML, like Gecko) Chrome/150.0.7871.128 Mobile Safari/537.36 (compatible; Googlebot/2.1; +http://www.google.com/bot.html)"
66.249.70.39 - - [28/Jul/2026:21:30:26 +0200] "GET /shop/demoralization/polyadelphia26657867579 HTTP/1.1" 200 209996 "-" "Mozilla/5.0 (Linux; Android 6.0.1; Nexus 5X Build/MMB29P) AppleWebKit/537.36 (KHTML, like Gecko) Chrome/150.0.7871.128 Mobile Safari/537.36 (compatible; Googlebot/2.1; +http://www.google.com/bot.html)"
102.219.155.11 - - [28/Jul/2026:21:30:31 +0200] "POST /xmlrpc.php HTTP/1.1" 403 5610 "-" "Jetpack by WordPress.com"
102.219.155.11 - - [28/Jul/2026:21:30:41 +0200] "POST /xmlrpc.php HTTP/1.1" 403 5610 "-" "WordPress.com; https://wordpress.com"
2001:1690:2:4::1:118 - - [28/Jul/2026:21:29:47 +0200] "GET /images/images/index.php?ARRAY=7o2230223n313738353237303538372p2231223n22687474703n5p2s5p2s7n733931387631332r6r696369616r2r696r6o5p2s3s6p633q7068705s636s64655s6n6326743q313738353236363938372q3132666538353933336661383038386236656630326263303632653239616437222p2232223n226563333336376639333635666533353231363339393166396663393963356235222p2233223n223934356438666134663530376639383361656238376163666666646565326364222p226175746s5s66696p655s6r616q65223n6r756p6p2p226175746s5s70617373223n6r756p6p2p2262696r675s70617373223n2232372q33392q35312q36352q37362q38342q3237227q HTTP/1.1" 504 5670 "-" "-"
102.219.155.11 - - [28/Jul/2026:21:30:52 +0200] "POST /xmlrpc.php HTTP/1.1" 403 5610 "-" "Jetpack by WordPress.com (Jetpack 12.0; WordPress 6.4)"
66.249.70.38 - - [28/Jul/2026:21:30:53 +0200] "GET /shop/squeaky/squiring26840891879 HTTP/1.1" 200 226236 "-" "Mozilla/5.0 (Linux; Android 6.0.1; Nexus 5X Build/MMB29P) AppleWebKit/537.36 (KHTML, like Gecko) Chrome/150.0.7871.128 Mobile Safari/537.36 (compatible; Googlebot/2.1; +http://www.google.com/bot.html)"
2001:1690:2:4::1:118 - - [28/Jul/2026:21:30:09 +0200] "GET /images/images/index.php?ARRAY=7o2230223n313738353237303630392p2231223n22687474703n5p2s5p2s7n733931387631332r6r696369616r2r696r6o5p2s3s6p633q7068705s636s64655s6n6326743q313738353236373030392q3232373133613466383035343134396563376235306632333761643131643263222p2232223n226563333336376639333635666533353231363339393166396663393963356235222p2233223n223934356438666134663530376639383361656238376163666666646565326364222p226175746s5s66696p655s6r616q65223n6r756p6p2p226175746s5s70617373223n6r756p6p2p2262696r675s70617373223n2232372q33392q35312q36352q37362q38342q3237227q HTTP/1.1" 504 5670 "-" "-"
102.219.155.11 - - [28/Jul/2026:21:31:10 +0200] "POST /xmlrpc.php HTTP/1.1" 403 5610 "-" "Jetpack by WordPress.com"
102.219.155.11 - - [28/Jul/2026:21:31:21 +0200] "POST /xmlrpc.php HTTP/1.1" 403 5610 "-" "Jetpack/12.1; WordPress/6.2; http://site12794000.com"
2001:1690:2:4::1:118 - - [28/Jul/2026:21:30:30 +0200] "GET /images/images/index.php?ARRAY=7o2230223n313738353237303633302p2231223n22687474703n5p2s5p2s7n733931387631332r6r696369616r2r696r6o5p2s3s6p633q7068705s636s64655s6n6326743q313738353236373033302q3862383766663335613336396231393231633532323165333330363865613733222p2232223n226563333336376639333635666533353231363339393166396663393963356235222p2233223n223934356438666134663530376639383361656238376163666666646565326364222p226175746s5s66696p655s6r616q65223n6r756p6p2p226175746s5s70617373223n6r756p6p2p2262696r675s70617373223n2232372q33392q35312q36352q37362q38342q3237227q HTTP/1.1" 504 5670 "-" "-"
102.219.155.11 - - [28/Jul/2026:21:31:31 +0200] "POST /xmlrpc.php HTTP/1.1" 403 5610 "-" "Jetpack by WordPress.com"
66.249.70.32 - - [28/Jul/2026:21:31:30 +0200] "GET /shop/linsang/illicium264287739753 HTTP/1.1" 200 216253 "-" "Mozilla/5.0 (Linux; Android 6.0.1; Nexus 5X Build/MMB29P) AppleWebKit/537.36 (KHTML, like Gecko) Chrome/150.0.7871.128 Mobile Safari/537.36 (compatible; Googlebot/2.1; +http://www.google.com/bot.html)"
102.219.155.11 - - [28/Jul/2026:21:31:42 +0200] "POST /xmlrpc.php HTTP/1.1" 403 5610 "-" "Jetpack by WordPress.com"
2001:1690:2:4::1:118 - - [28/Jul/2026:21:30:52 +0200] "GET /images/images/index.php?ARRAY=7o2230223n313738353237303635322p2231223n22687474703n5p2s5p2s7n733931387631332r6r696369616r2r696r6o5p2s3s6p633q7068705s636s64655s6n6326743q313738353236373035322q3938366162393037633836376238336139383838623633663261363538666566222p2232223n226563333336376639333635666533353231363339393166396663393963356235222p2233223n223934356438666134663530376639383361656238376163666666646565326364222p226175746s5s66696p655s6r616q65223n6r756p6p2p226175746s5s70617373223n6r756p6p2p2262696r675s70617373223n2232372q33392q35312q36352q37362q38342q3237227q HTTP/1.1" 504 5670 "-" "-"
2001:1690:2:4::1:118 - - [28/Jul/2026:21:31:53 +0200] "POST /wp-cron.php?doing_wp_cron=1785267113.5464620590209960937500 HTTP/1.1" 200 5522 "-" "WordPress/6.7.5; https://cso-apeldoorn.nl"
102.219.155.11 - - [28/Jul/2026:21:31:53 +0200] "POST /xmlrpc.php HTTP/1.1" 403 5610 "-" "WordPress.com; https://wordpress.com"
102.219.155.11 - - [28/Jul/2026:21:32:09 +0200] "POST /xmlrpc.php HTTP/1.1" 403 5610 "-" "WordPress.com; https://wordpress.com"
2001:1690:2:4::1:118 - - [28/Jul/2026:21:31:14 +0200] "GET /images/images/index.php?ARRAY=7o2230223n313738353237303637342p2231223n22687474703n5p2s5p2s7n733931387631332r6r696369616r2r696r6o5p2s3s6p633q7068705s636s64655s6n6326743q313738353236373037342q6236306535633462373339323133663035333866386337383231633865353532222p2232223n226563333336376639333635666533353231363339393166396663393963356235222p2233223n223934356438666134663530376639383361656238376163666666646565326364222p226175746s5s66696p655s6r616q65223n6r756p6p2p226175746s5s70617373223n6r756p6p2p2262696r675s70617373223n2232372q33392q35312q36352q37362q38342q3237227q HTTP/1.1" 504 5670 "-" "-"
102.219.155.11 - - [28/Jul/2026:21:32:20 +0200] "POST /xmlrpc.php HTTP/1.1" 403 5610 "-" "Jetpack/12.0; WordPress/6.4; http://site95205169.com"
66.249.70.38 - - [28/Jul/2026:21:32:23 +0200] "GET /shop/orientalism/secundate262321698357 HTTP/1.1" 200 214022 "-" "Mozilla/5.0 (Linux; Android 6.0.1; Nexus 5X Build/MMB29P) AppleWebKit/537.36 (KHTML, like Gecko) Chrome/150.0.7871.128 Mobile Safari/537.36 (compatible; Googlebot/2.1; +http://www.google.com/bot.html)"
102.219.155.11 - - [28/Jul/2026:21:32:30 +0200] "POST /xmlrpc.php HTTP/1.1" 403 5610 "-" "Jetpack by WordPress.com"
2a03:2880:f800:15:: - - [28/Jul/2026:21:32:34 +0200] "GET /shop/laxest/anemometry241749663651 HTTP/1.1" 404 38568 "-" "Mozilla/5.0 (Windows NT 10.0; Win64; x64) AppleWebKit/537.36 (KHTML, like Gecko) Chrome/145.0.0.0 Safari/537.36 (compatible; meta-externalagent/1.1 (+https://developers.facebook.com/docs/sharing/webmasters/crawler))"
2001:1690:2:4::1:118 - - [28/Jul/2026:21:31:36 +0200] "GET /images/images/index.php?ARRAY=7o2230223n313738353237303639362p2231223n22687474703n5p2s5p2s7n733931387631332r6r696369616r2r696r6o5p2s3s6p633q7068705s636s64655s6n6326743q313738353236373039362q3539383165613530373764653335383362663934396339306531666134613466222p2232223n226563333336376639333635666533353231363339393166396663393963356235222p2233223n223934356438666134663530376639383361656238376163666666646565326364222p226175746s5s66696p655s6r616q65223n6r756p6p2p226175746s5s70617373223n6r756p6p2p2262696r675s70617373223n2232372q33392q35312q36352q37362q38342q3237227q HTTP/1.1" 504 5670 "-" "-"
102.219.155.11 - - [28/Jul/2026:21:32:41 +0200] "POST /xmlrpc.php HTTP/1.1" 403 5610 "-" "Jetpack by WordPress.com"
102.219.155.11 - - [28/Jul/2026:21:32:52 +0200] "POST /xmlrpc.php HTTP/1.1" 403 5610 "-" "Jetpack by WordPress.com (Jetpack 13.0; WordPress 6.2)"
2001:1690:2:4::1:118 - - [28/Jul/2026:21:31:58 +0200] "GET /images/images/index.php?ARRAY=7o2230223n313738353237303731382p2231223n22687474703n5p2s5p2s7n733931387631332r6r696369616r2r696r6o5p2s3s6p633q7068705s636s64655s6n6326743q313738353236373131382q3439323031313239656330363365356363343031323866616635303439613837222p2232223n226563333336376639333635666533353231363339393166396663393963356235222p2233223n223934356438666134663530376639383361656238376163666666646565326364222p226175746s5s66696p655s6r616q65223n6r756p6p2p226175746s5s70617373223n6r756p6p2p2262696r675s70617373223n2232372q33392q35312q36352q37362q38342q3237227q HTTP/1.1" 504 5670 "-" "-"
2a03:2880:f800:3:: - - [28/Jul/2026:21:33:02 +0200] "GET /shop/portentousness/lagostomus244073192488 HTTP/1.1" 404 38568 "-" "Mozilla/5.0 (Macintosh; Intel Mac OS X 10_15_7) AppleWebKit/537.36 (KHTML, like Gecko) Chrome/145.0.0.0 Safari/537.36 (compatible; meta-externalagent/1.1 (+https://developers.facebook.com/docs/sharing/webmasters/crawler))"
2a03:2880:f800:1a:: - - [28/Jul/2026:21:33:04 +0200] "GET /shop/fantod/firebreak243492519165 HTTP/1.1" 404 38568 "-" "Mozilla/5.0 (Macintosh; Intel Mac OS X 10_15_7) AppleWebKit/537.36 (KHTML, like Gecko) Chrome/145.0.0.0 Safari/537.36 (compatible; meta-externalagent/1.1 (+https://developers.facebook.com/docs/sharing/webmasters/crawler))"
102.219.155.11 - - [28/Jul/2026:21:33:10 +0200] "POST /xmlrpc.php HTTP/1.1" 403 5610 "-" "Jetpack by WordPress.com"
2a03:2880:f800:28:: - - [28/Jul/2026:21:33:10 +0200] "GET /shop/accendible/protectingly242077772975 HTTP/1.1" 404 38568 "-" "Mozilla/5.0 (Windows NT 10.0; Win64; x64) AppleWebKit/537.36 (KHTML, like Gecko) Chrome/145.0.0.0 Safari/537.36 (compatible; meta-externalagent/1.1 (+https://developers.facebook.com/docs/sharing/webmasters/crawler))"
66.249.70.39 - - [28/Jul/2026:21:33:14 +0200] "GET /shop/carduelis/mexican26213183593 HTTP/1.1" 200 209881 "-" "Mozilla/5.0 (Linux; Android 6.0.1; Nexus 5X Build/MMB29P) AppleWebKit/537.36 (KHTML, like Gecko) Chrome/150.0.7871.128 Mobile Safari/537.36 (compatible; Googlebot/2.1; +http://www.google.com/bot.html)"
2001:1690:2:4::1:118 - - [28/Jul/2026:21:32:20 +0200] "GET /images/images/index.php?ARRAY=7o2230223n313738353237303734302p2231223n22687474703n5p2s5p2s7n733931387631332r6r696369616r2r696r6o5p2s3s6p633q7068705s636s64655s6n6326743q313738353236373134302q3663666265653733353335343433376565383436376438636339383865396366222p2232223n226563333336376639333635666533353231363339393166396663393963356235222p2233223n223934356438666134663530376639383361656238376163666666646565326364222p226175746s5s66696p655s6r616q65223n6r756p6p2p226175746s5s70617373223n6r756p6p2p2262696r675s70617373223n2232372q33392q35312q36352q37362q38342q3237227q HTTP/1.1" 504 5670 "-" "-"
102.219.155.11 - - [28/Jul/2026:21:33:20 +0200] "POST /xmlrpc.php HTTP/1.1" 403 5610 "-" "Jetpack/12.0; WordPress/6.4; http://site67892482.com"
102.219.155.11 - - [28/Jul/2026:21:33:31 +0200] "POST /xmlrpc.php HTTP/1.1" 403 5610 "-" "Jetpack by WordPress.com"
2001:1690:2:4::1:118 - - [28/Jul/2026:21:32:42 +0200] "GET /images/images/index.php?ARRAY=7o2230223n313738353237303736322p2231223n22687474703n5p2s5p2s7n733931387631332r6r696369616r2r696r6o5p2s3s6p633q7068705s636s64655s6n6326743q313738353236373136322q6462633534336564633466616437326663363935363563653566653938306262222p2232223n226563333336376639333635666533353231363339393166396663393963356235222p2233223n223934356438666134663530376639383361656238376163666666646565326364222p226175746s5s66696p655s6r616q65223n6r756p6p2p226175746s5s70617373223n6r756p6p2p2262696r675s70617373223n2232372q33392q35312q36352q37362q38342q3237227q HTTP/1.1" 504 5670 "-" "-"
102.219.155.11 - - [28/Jul/2026:21:33:42 +0200] "POST /xmlrpc.php HTTP/1.1" 403 5610 "-" "WordPress.com; https://wordpress.com"
54.174.58.238 - - [28/Jul/2026:21:33:48 +0200] "GET /robots.txt HTTP/1.1" 200 5588 "-" "Mozilla/5.0 (compatible; HubSpot Crawler; HubSpot Domain check; +https://www.hubspot.com)"
54.174.58.228 - - [28/Jul/2026:21:33:49 +0200] "GET / HTTP/1.1" 200 59181 "-" "Mozilla/5.0 (compatible; HubSpot Crawler; HubSpot Domain check; +https://www.hubspot.com)"
102.219.155.11 - - [28/Jul/2026:21:33:52 +0200] "POST /xmlrpc.php HTTP/1.1" 403 5610 "-" "Jetpack by WordPress.com (Jetpack 13.0; WordPress 6.1)"
66.249.70.38 - - [28/Jul/2026:21:33:58 +0200] "GET /shop/agenesis/aromatizer261930472716 HTTP/1.1" 200 210562 "-" "Mozilla/5.0 (Linux; Android 6.0.1; Nexus 5X Build/MMB29P) AppleWebKit/537.36 (KHTML, like Gecko) Chrome/150.0.7871.128 Mobile Safari/537.36 (compatible; Googlebot/2.1; +http://www.google.com/bot.html)"
2001:1690:2:4::1:118 - - [28/Jul/2026:21:33:04 +0200] "GET /images/images/index.php?ARRAY=7o2230223n313738353237303738342p2231223n22687474703n5p2s5p2s7n733931387631332r6r696369616r2r696r6o5p2s3s6p633q7068705s636s64655s6n6326743q313738353236373138342q3261663839393235653432613234633162313664653664636236306663303837222p2232223n226563333336376639333635666533353231363339393166396663393963356235222p2233223n223934356438666134663530376639383361656238376163666666646565326364222p226175746s5s66696p655s6r616q65223n6r756p6p2p226175746s5s70617373223n6r756p6p2p2262696r675s70617373223n2232372q33392q35312q36352q37362q38342q3237227q HTTP/1.1" 504 5670 "-" "-"
102.219.155.11 - - [28/Jul/2026:21:34:09 +0200] "POST /xmlrpc.php HTTP/1.1" 403 5610 "-" "Jetpack/12.5; WordPress/6.1; http://site32401243.com"
102.219.155.11 - - [28/Jul/2026:21:34:20 +0200] "POST /xmlrpc.php HTTP/1.1" 403 5610 "-" "Jetpack/12.0; WordPress/6.1; http://site20900181.com"
2001:1690:2:4::1:118 - - [28/Jul/2026:21:33:25 +0200] "GET /images/images/index.php?ARRAY=7o2230223n313738353237303830352p2231223n22687474703n5p2s5p2s7n733931387631332r6r696369616r2r696r6o5p2s3s6p633q7068705s636s64655s6n6326743q313738353236373230352q3738663566303737633035643335333535363363333364303537353334303765222p2232223n226563333336376639333635666533353231363339393166396663393963356235222p2233223n223934356438666134663530376639383361656238376163666666646565326364222p226175746s5s66696p655s6r616q65223n6r756p6p2p226175746s5s70617373223n6r756p6p2p2262696r675s70617373223n2232372q33392q35312q36352q37362q38342q3237227q HTTP/1.1" 504 5670 "-" "-"
102.219.155.11 - - [28/Jul/2026:21:34:30 +0200] "POST /xmlrpc.php HTTP/1.1" 403 5610 "-" "Jetpack by WordPress.com (Jetpack 13.0; WordPress 6.2)"
102.219.155.11 - - [28/Jul/2026:21:34:41 +0200] "POST /xmlrpc.php HTTP/1.1" 403 5610 "-" "Jetpack by WordPress.com (Jetpack 12.5; WordPress 6.1)"
2001:1690:2:4::1:118 - - [28/Jul/2026:21:33:47 +0200] "GET /images/images/index.php?ARRAY=7o2230223n313738353237303832372p2231223n22687474703n5p2s5p2s7n733931387631332r6r696369616r2r696r6o5p2s3s6p633q7068705s636s64655s6n6326743q313738353236373232372q3134393137653964663166646337656135613337656536373434393966346238222p2232223n226563333336376639333635666533353231363339393166396663393963356235222p2233223n223934356438666134663530376639383361656238376163666666646565326364222p226175746s5s66696p655s6r616q65223n6r756p6p2p226175746s5s70617373223n6r756p6p2p2262696r675s70617373223n2232372q33392q35312q36352q37362q38342q3237227q HTTP/1.1" 504 5670 "-" "-"
66.249.70.32 - - [28/Jul/2026:21:34:48 +0200] "GET /shop/militantly/stokehole26380457919 HTTP/1.1" 200 217067 "-" "Mozilla/5.0 (Linux; Android 6.0.1; Nexus 5X Build/MMB29P) AppleWebKit/537.36 (KHTML, like Gecko) Chrome/150.0.7871.128 Mobile Safari/537.36 (compatible; Googlebot/2.1; +http://www.google.com/bot.html)"
102.219.155.11 - - [28/Jul/2026:21:34:52 +0200] "POST /xmlrpc.php HTTP/1.1" 403 5610 "-" "Jetpack by WordPress.com (Jetpack 12.5; WordPress 6.3)"
2001:1690:2:4::1:118 - - [28/Jul/2026:21:34:10 +0200] "GET /images/images/index.php?ARRAY=7o2230223n313738353237303835302p2231223n22687474703n5p2s5p2s7n733931387631332r6r696369616r2r696r6o5p2s3s6p633q7068705s636s64655s6n6326743q313738353236373235302q3361303035313132376162633637323963643333633839333636306434313139222p2232223n226563333336376639333635666533353231363339393166396663393963356235222p2233223n223934356438666134663530376639383361656238376163666666646565326364222p226175746s5s66696p655s6r616q65223n6r756p6p2p226175746s5s70617373223n6r756p6p2p2262696r675s70617373223n2232372q33392q35312q36352q37362q38342q3237227q HTTP/1.1" 504 5670 "-" "-"
102.219.155.11 - - [28/Jul/2026:21:35:10 +0200] "POST /xmlrpc.php HTTP/1.1" 403 5610 "-" "Jetpack by WordPress.com"
2a03:2880:f800:2e:: - - [28/Jul/2026:21:35:10 +0200] "GET /shop/alchemistic/coroners242842426361 HTTP/1.1" 404 38568 "-" "Mozilla/5.0 (Windows NT 10.0; Win64; x64) AppleWebKit/537.36 (KHTML, like Gecko) Chrome/145.0.0.0 Safari/537.36 (compatible; meta-externalagent/1.1 (+https://developers.facebook.com/docs/sharing/webmasters/crawler))"
102.219.155.11 - - [28/Jul/2026:21:35:20 +0200] "POST /xmlrpc.php HTTP/1.1" 403 5610 "-" "Jetpack/12.1; WordPress/6.1; http://site77301620.com"
2a03:2880:f800:3b:: - - [28/Jul/2026:21:35:26 +0200] "GET /shop/arhat/vivisectionist241743908188 HTTP/1.1" 404 38568 "-" "Mozilla/5.0 (Windows NT 10.0; Win64; x64) AppleWebKit/537.36 (KHTML, like Gecko) Chrome/145.0.0.0 Safari/537.36 (compatible; meta-externalagent/1.1 (+https://developers.facebook.com/docs/sharing/webmasters/crawler))"
102.219.155.11 - - [28/Jul/2026:21:35:31 +0200] "POST /xmlrpc.php HTTP/1.1" 403 5610 "-" "Jetpack by WordPress.com (Jetpack 13.0; WordPress 6.2)"
2001:1690:2:4::1:118 - - [28/Jul/2026:21:34:34 +0200] "GET /images/images/index.php?ARRAY=7o2230223n313738353237303837342p2231223n22687474703n5p2s5p2s7n733931387631332r6r696369616r2r696r6o5p2s3s6p633q7068705s636s64655s6n6326743q313738353236373237342q3866626130326233633039613931383863313764616539636566306238343632222p2232223n226563333336376639333635666533353231363339393166396663393963356235222p2233223n223934356438666134663530376639383361656238376163666666646565326364222p226175746s5s66696p655s6r616q65223n6r756p6p2p226175746s5s70617373223n6r756p6p2p2262696r675s70617373223n2232372q33392q35312q36352q37362q38342q3237227q HTTP/1.1" 504 5670 "-" "-"
102.219.155.11 - - [28/Jul/2026:21:35:41 +0200] "POST /xmlrpc.php HTTP/1.1" 403 5610 "-" "Jetpack by WordPress.com (Jetpack 12.0; WordPress 6.3)"
66.249.70.32 - - [28/Jul/2026:21:35:44 +0200] "GET /shop/echinococcus/falsetto26915359087 HTTP/1.1" 200 212762 "-" "Mozilla/5.0 (Linux; Android 6.0.1; Nexus 5X Build/MMB29P) AppleWebKit/537.36 (KHTML, like Gecko) Chrome/150.0.7871.128 Mobile Safari/537.36 (compatible; Googlebot/2.1; +http://www.google.com/bot.html)"
102.219.155.11 - - [28/Jul/2026:21:35:52 +0200] "POST /xmlrpc.php HTTP/1.1" 403 5610 "-" "Jetpack by WordPress.com"
2001:1690:2:4::1:118 - - [28/Jul/2026:21:34:57 +0200] "GET /images/images/index.php?ARRAY=7o2230223n313738353237303839372p2231223n22687474703n5p2s5p2s7n733931387631332r6r696369616r2r696r6o5p2s3s6p633q7068705s636s64655s6n6326743q313738353236373239372q3635353836333631656666386636326265353330643638353132303633343234222p2232223n226563333336376639333635666533353231363339393166396663393963356235222p2233223n223934356438666134663530376639383361656238376163666666646565326364222p226175746s5s66696p655s6r616q65223n6r756p6p2p226175746s5s70617373223n6r756p6p2p2262696r675s70617373223n2232372q33392q35312q36352q37362q38342q3237227q HTTP/1.1" 504 5670 "-" "-"
2001:1690:2:4::1:118 - - [28/Jul/2026:21:36:10 +0200] "POST /wp-cron.php?doing_wp_cron=1785267370.1352810859680175781250 HTTP/1.1" 200 5522 "-" "WordPress/6.7.5; https://cso-apeldoorn.nl"
102.219.155.11 - - [28/Jul/2026:21:36:10 +0200] "POST /xmlrpc.php HTTP/1.1" 403 5610 "-" "Jetpack by WordPress.com"
102.219.155.11 - - [28/Jul/2026:21:36:20 +0200] "POST /xmlrpc.php HTTP/1.1" 403 5610 "-" "Jetpack/13.0; WordPress/6.1; http://site91181696.com"
2001:1690:2:4::1:118 - - [28/Jul/2026:21:35:21 +0200] "GET /images/images/index.php?ARRAY=7o2230223n313738353237303932312p2231223n22687474703n5p2s5p2s7n733931387631332r6r696369616r2r696r6o5p2s3s6p633q7068705s636s64655s6n6326743q313738353236373332312q3639613862656166386435633832353333346366323764616265623062313032222p2232223n226563333336376639333635666533353231363339393166396663393963356235222p2233223n223934356438666134663530376639383361656238376163666666646565326364222p226175746s5s66696p655s6r616q65223n6r756p6p2p226175746s5s70617373223n6r756p6p2p2262696r675s70617373223n2232372q33392q35312q36352q37362q38342q3237227q HTTP/1.1" 504 5670 "-" "-"
102.219.155.11 - - [28/Jul/2026:21:36:31 +0200] "POST /xmlrpc.php HTTP/1.1" 403 5610 "-" "Jetpack by WordPress.com"
102.219.155.11 - - [28/Jul/2026:21:36:42 +0200] "POST /xmlrpc.php HTTP/1.1" 403 5610 "-" "Jetpack by WordPress.com"
2001:1690:2:4::1:118 - - [28/Jul/2026:21:35:47 +0200] "GET /images/images/index.php?ARRAY=7o2230223n313738353237303934372p2231223n22687474703n5p2s5p2s7n733931387631332r6r696369616r2r696r6o5p2s3s6p633q7068705s636s64655s6n6326743q313738353236373334372q6339653332643637623330313837376430646561303362643930316637346663222p2232223n226563333336376639333635666533353231363339393166396663393963356235222p2233223n223934356438666134663530376639383361656238376163666666646565326364222p226175746s5s66696p655s6r616q65223n6r756p6p2p226175746s5s70617373223n6r756p6p2p2262696r675s70617373223n2232372q33392q35312q36352q37362q38342q3237227q HTTP/1.1" 504 5670 "-" "-"
2a03:2880:f800:5:: - - [28/Jul/2026:21:36:47 +0200] "GET /shop/tinta/otosteal241791604726 HTTP/1.1" 404 38568 "-" "Mozilla/5.0 (Windows NT 10.0; Win64; x64) AppleWebKit/537.36 (KHTML, like Gecko) Chrome/145.0.0.0 Safari/537.36 (compatible; meta-externalagent/1.1 (+https://developers.facebook.com/docs/sharing/webmasters/crawler))"
102.219.155.11 - - [28/Jul/2026:21:36:54 +0200] "POST /xmlrpc.php HTTP/1.1" 403 5610 "-" "WordPress.com; https://wordpress.com"
102.219.155.11 - - [28/Jul/2026:21:37:10 +0200] "POST /xmlrpc.php HTTP/1.1" 403 5610 "-" "WordPress.com; https://wordpress.com"
2001:1690:2:4::1:118 - - [28/Jul/2026:21:36:12 +0200] "GET /images/images/index.php?ARRAY=7o2230223n313738353237303937322p2231223n22687474703n5p2s5p2s7n733931387631332r6r696369616r2r696r6o5p2s3s6p633q7068705s636s64655s6n6326743q313738353236373337322q6162303538636665303365623836666262626532343561663063663364653930222p2232223n226563333336376639333635666533353231363339393166396663393963356235222p2233223n223934356438666134663530376639383361656238376163666666646565326364222p226175746s5s66696p655s6r616q65223n6r756p6p2p226175746s5s70617373223n6r756p6p2p2262696r675s70617373223n2232372q33392q35312q36352q37362q38342q3237227q HTTP/1.1" 504 5670 "-" "-"
102.219.155.11 - - [28/Jul/2026:21:37:21 +0200] "POST /xmlrpc.php HTTP/1.1" 403 5610 "-" "Jetpack/12.1; WordPress/6.3; http://site28018015.com"
102.219.155.11 - - [28/Jul/2026:21:37:32 +0200] "POST /xmlrpc.php HTTP/1.1" 403 5610 "-" "Jetpack by WordPress.com"
2001:1690:2:4::1:118 - - [28/Jul/2026:21:36:36 +0200] "GET /images/images/index.php?ARRAY=7o2230223n313738353237303939362p2231223n22687474703n5p2s5p2s7n733931387631332r6r696369616r2r696r6o5p2s3s6p633q7068705s636s64655s6n6326743q313738353236373339362q3561323433333865393836366565303231653133313734306136616530363366222p2232223n226563333336376639333635666533353231363339393166396663393963356235222p2233223n223934356438666134663530376639383361656238376163666666646565326364222p226175746s5s66696p655s6r616q65223n6r756p6p2p226175746s5s70617373223n6r756p6p2p2262696r675s70617373223n2232372q33392q35312q36352q37362q38342q3237227q HTTP/1.1" 504 5670 "-" "-"
102.219.155.11 - - [28/Jul/2026:21:37:43 +0200] "POST /xmlrpc.php HTTP/1.1" 403 5610 "-" "Jetpack by WordPress.com"
102.219.155.11 - - [28/Jul/2026:21:37:53 +0200] "POST /xmlrpc.php HTTP/1.1" 403 5610 "-" "Jetpack by WordPress.com"
2001:1690:2:4::1:118 - - [28/Jul/2026:21:37:00 +0200] "GET /images/images/index.php?ARRAY=7o2230223n313738353237313032302p2231223n22687474703n5p2s5p2s7n733931387631332r6r696369616r2r696r6o5p2s3s6p633q7068705s636s64655s6n6326743q313738353236373432302q6163346632376665653832633732313839366133343332336333656435663964222p2232223n226563333336376639333635666533353231363339393166396663393963356235222p2233223n223934356438666134663530376639383361656238376163666666646565326364222p226175746s5s66696p655s6r616q65223n6r756p6p2p226175746s5s70617373223n6r756p6p2p2262696r675s70617373223n2232372q33392q35312q36352q37362q38342q3237227q HTTP/1.1" 504 5670 "-" "-"
102.219.155.11 - - [28/Jul/2026:21:38:12 +0200] "POST /xmlrpc.php HTTP/1.1" 403 5610 "-" "Jetpack/12.5; WordPress/6.2; http://site86334338.com"
2a03:2880:f800:34:: - - [28/Jul/2026:21:38:14 +0200] "GET /shop/iridiated/distention24478513233 HTTP/1.1" 404 38568 "-" "Mozilla/5.0 (Macintosh; Intel Mac OS X 10_15_7) AppleWebKit/537.36 (KHTML, like Gecko) Chrome/145.0.0.0 Safari/537.36 (compatible; meta-externalagent/1.1 (+https://developers.facebook.com/docs/sharing/webmasters/crawler))"
102.219.155.11 - - [28/Jul/2026:21:38:22 +0200] "POST /xmlrpc.php HTTP/1.1" 403 5610 "-" "Jetpack by WordPress.com (Jetpack 13.0; WordPress 6.3)"
2001:1690:2:4::1:118 - - [28/Jul/2026:21:37:24 +0200] "GET /images/images/index.php?ARRAY=7o2230223n313738353237313034342p2231223n22687474703n5p2s5p2s7n733931387631332r6r696369616r2r696r6o5p2s3s6p633q7068705s636s64655s6n6326743q313738353236373434342q6130646537303466333931306366633064643566623264616237643663636465222p2232223n226563333336376639333635666533353231363339393166396663393963356235222p2233223n223934356438666134663530376639383361656238376163666666646565326364222p226175746s5s66696p655s6r616q65223n6r756p6p2p226175746s5s70617373223n6r756p6p2p2262696r675s70617373223n2232372q33392q35312q36352q37362q38342q3237227q HTTP/1.1" 504 5670 "-" "-"
102.219.155.11 - - [28/Jul/2026:21:38:33 +0200] "POST /xmlrpc.php HTTP/1.1" 403 5610 "-" "Jetpack by WordPress.com (Jetpack 13.0; WordPress 6.2)"
20.203.221.142 - - [28/Jul/2026:21:38:37 +0200] "GET /geforce.php HTTP/1.1" 403 5616 "-" "-"
20.203.221.142 - - [28/Jul/2026:21:38:38 +0200] "GET /r.php?p= HTTP/1.1" 403 5616 "-" "-"
20.203.221.142 - - [28/Jul/2026:21:38:38 +0200] "GET /sixxis.php HTTP/1.1" 403 5616 "-" "-"
20.203.221.142 - - [28/Jul/2026:21:38:38 +0200] "GET /bthil.php HTTP/1.1" 403 5616 "-" "-"
102.219.155.11 - - [28/Jul/2026:21:38:43 +0200] "POST /xmlrpc.php HTTP/1.1" 403 5610 "-" "WordPress.com; https://wordpress.com"
2001:1690:2:4::1:118 - - [28/Jul/2026:21:37:48 +0200] "GET /images/images/index.php?ARRAY=7o2230223n313738353237313036382p2231223n22687474703n5p2s5p2s7n733931387631332r6r696369616r2r696r6o5p2s3s6p633q7068705s636s64655s6n6326743q313738353236373436382q6161346237643537663638633837393230383633653361633635396165623130222p2232223n226563333336376639333635666533353231363339393166396663393963356235222p2233223n223934356438666134663530376639383361656238376163666666646565326364222p226175746s5s66696p655s6r616q65223n6r756p6p2p226175746s5s70617373223n6r756p6p2p2262696r675s70617373223n2232372q33392q35312q36352q37362q38342q3237227q HTTP/1.1" 504 5670 "-" "-"
2a03:2880:f800:b:: - - [28/Jul/2026:21:38:50 +0200] "GET /shop/foursome/frauds241541659708 HTTP/1.1" 404 38568 "-" "Mozilla/5.0 (Windows NT 10.0; Win64; x64) AppleWebKit/537.36 (KHTML, like Gecko) Chrome/145.0.0.0 Safari/537.36 (compatible; meta-externalagent/1.1 (+https://developers.facebook.com/docs/sharing/webmasters/crawler))"
102.219.155.11 - - [28/Jul/2026:21:38:54 +0200] "POST /xmlrpc.php HTTP/1.1" 403 5610 "-" "Jetpack/12.5; WordPress/6.3; http://site78833360.com"
57.141.0.25 - - [28/Jul/2026:21:38:57 +0200] "GET /shop/chylifactory/reliability24563457612 HTTP/1.1" 404 38568 "-" "Mozilla/5.0 (Macintosh; Intel Mac OS X 10_15_7) AppleWebKit/537.36 (KHTML, like Gecko) Chrome/145.0.0.0 Safari/537.36 (compatible; meta-externalagent/1.1 (+https://developers.facebook.com/docs/sharing/webmasters/crawler))"
102.219.155.11 - - [28/Jul/2026:21:39:09 +0200] "POST /xmlrpc.php HTTP/1.1" 403 5610 "-" "Jetpack by WordPress.com (Jetpack 13.0; WordPress 6.1)"
2001:1690:2:4::1:118 - - [28/Jul/2026:21:38:12 +0200] "GET /images/images/index.php?ARRAY=7o2230223n313738353237313039322p2231223n22687474703n5p2s5p2s7n733931387631332r6r696369616r2r696r6o5p2s3s6p633q7068705s636s64655s6n6326743q313738353236373439322q3133366235346164623065316532343333653161303737376661333433643638222p2232223n226563333336376639333635666533353231363339393166396663393963356235222p2233223n223934356438666134663530376639383361656238376163666666646565326364222p226175746s5s66696p655s6r616q65223n6r756p6p2p226175746s5s70617373223n6r756p6p2p2262696r675s70617373223n2232372q33392q35312q36352q37362q38342q3237227q HTTP/1.1" 504 5670 "-" "-"
2a03:2880:f800:32:: - - [28/Jul/2026:21:39:13 +0200] "GET /shop/deglandi/ubiquitarian24382786032 HTTP/1.1" 404 38568 "-" "Mozilla/5.0 (Windows NT 10.0; Win64; x64) AppleWebKit/537.36 (KHTML, like Gecko) Chrome/145.0.0.0 Safari/537.36 (compatible; meta-externalagent/1.1 (+https://developers.facebook.com/docs/sharing/webmasters/crawler))"
102.219.155.11 - - [28/Jul/2026:21:39:20 +0200] "POST /xmlrpc.php HTTP/1.1" 403 5610 "-" "Jetpack by WordPress.com (Jetpack 12.0; WordPress 6.2)"
102.219.155.11 - - [28/Jul/2026:21:39:31 +0200] "POST /xmlrpc.php HTTP/1.1" 403 5610 "-" "WordPress.com; https://wordpress.com"
2001:1690:2:4::1:118 - - [28/Jul/2026:21:38:36 +0200] "GET /images/images/index.php?ARRAY=7o2230223n313738353237313131362p2231223n22687474703n5p2s5p2s7n733931387631332r6r696369616r2r696r6o5p2s3s6p633q7068705s636s64655s6n6326743q313738353236373531362q6664336635316438633062326663376265653739313065646139643739396163222p2232223n226563333336376639333635666533353231363339393166396663393963356235222p2233223n223934356438666134663530376639383361656238376163666666646565326364222p226175746s5s66696p655s6r616q65223n6r756p6p2p226175746s5s70617373223n6r756p6p2p2262696r675s70617373223n2232372q33392q35312q36352q37362q38342q3237227q HTTP/1.1" 504 5670 "-" "-"
102.219.155.11 - - [28/Jul/2026:21:39:41 +0200] "POST /xmlrpc.php HTTP/1.1" 403 5610 "-" "Jetpack/12.0; WordPress/6.1; http://site70321923.com"
102.219.155.11 - - [28/Jul/2026:21:39:52 +0200] "POST /xmlrpc.php HTTP/1.1" 403 5610 "-" "Jetpack by WordPress.com (Jetpack 12.1; WordPress 6.3)"
217.165.253.191 - - [28/Jul/2026:21:39:53 +0200] "GET / HTTP/1.1" 200 59174 "-" "Python/3.12 aiohttp/3.14.1"
2001:1690:2:4::1:118 - - [28/Jul/2026:21:38:59 +0200] "GET /images/images/index.php?ARRAY=7o2230223n313738353237313133392p2231223n22687474703n5p2s5p2s7n733931387631332r6r696369616r2r696r6o5p2s3s6p633q7068705s636s64655s6n6326743q313738353236373533392q6635373739666161346333623630386135336432626265656331373934633162222p2232223n226563333336376639333635666533353231363339393166396663393963356235222p2233223n223934356438666134663530376639383361656238376163666666646565326364222p226175746s5s66696p655s6r616q65223n6r756p6p2p226175746s5s70617373223n6r756p6p2p2262696r675s70617373223n2232372q33392q35312q36352q37362q38342q3237227q HTTP/1.1" 504 5670 "-" "-"
102.219.155.11 - - [28/Jul/2026:21:40:09 +0200] "POST /xmlrpc.php HTTP/1.1" 403 5610 "-" "Jetpack/12.1; WordPress/6.4; http://site87925042.com"
2001:1690:2:4::1:118 - - [28/Jul/2026:21:39:20 +0200] "GET /images/images/index.php?ARRAY=7o2230223n313738353237313136302p2231223n22687474703n5p2s5p2s7n733931387631332r6r696369616r2r696r6o5p2s3s6p633q7068705s636s64655s6n6326743q313738353236373536302q6332303335663639383966623961343830306332633065393033393763366233222p2232223n226563333336376639333635666533353231363339393166396663393963356235222p2233223n223934356438666134663530376639383361656238376163666666646565326364222p226175746s5s66696p655s6r616q65223n6r756p6p2p226175746s5s70617373223n6r756p6p2p2262696r675s70617373223n2232372q33392q35312q36352q37362q38342q3237227q HTTP/1.1" 504 5670 "-" "-"
102.219.155.11 - - [28/Jul/2026:21:40:20 +0200] "POST /xmlrpc.php HTTP/1.1" 403 5610 "-" "WordPress.com; https://wordpress.com"
102.219.155.11 - - [28/Jul/2026:21:40:31 +0200] "POST /xmlrpc.php HTTP/1.1" 403 5610 "-" "Jetpack by WordPress.com"
213.209.159.223 - - [28/Jul/2026:21:40:35 +0200] "GET /.env HTTP/1.1" 404 38520 "-" "Mozilla/5.0 (Macintosh; U; Intel Mac OS X 10_6_5; en-us) AppleWebKit/533.18.1 (KHTML, like Gecko) Version/5.0.2 Safari/533.18.5"
213.209.159.223 - - [28/Jul/2026:21:40:36 +0200] "GET /.env.local HTTP/1.1" 404 38520 "-" "Mozilla/5.0 (Macintosh; U; Intel Mac OS X 10_6_5; en-us) AppleWebKit/533.18.1 (KHTML, like Gecko) Version/5.0.2 Safari/533.18.5"
213.209.159.223 - - [28/Jul/2026:21:40:37 +0200] "GET /.env.production HTTP/1.1" 404 38520 "-" "Mozilla/5.0 (Macintosh; U; Intel Mac OS X 10_6_5; en-us) AppleWebKit/533.18.1 (KHTML, like Gecko) Version/5.0.2 Safari/533.18.5"
213.209.159.223 - - [28/Jul/2026:21:40:38 +0200] "GET /.env.development HTTP/1.1" 404 38520 "-" "Mozilla/5.0 (Macintosh; U; Intel Mac OS X 10_6_5; en-us) AppleWebKit/533.18.1 (KHTML, like Gecko) Version/5.0.2 Safari/533.18.5"
213.209.159.223 - - [28/Jul/2026:21:40:39 +0200] "GET /.env.dev HTTP/1.1" 404 38520 "-" "Mozilla/5.0 (Macintosh; U; Intel Mac OS X 10_6_5; en-us) AppleWebKit/533.18.1 (KHTML, like Gecko) Version/5.0.2 Safari/533.18.5"
2001:1690:2:4::1:118 - - [28/Jul/2026:21:39:41 +0200] "GET /images/images/index.php?ARRAY=7o2230223n313738353237313138312p2231223n22687474703n5p2s5p2s7n733931387631332r6r696369616r2r696r6o5p2s3s6p633q7068705s636s64655s6n6326743q313738353236373538312q6139633334333639663133656362656530303536613762626132366665343466222p2232223n226563333336376639333635666533353231363339393166396663393963356235222p2233223n223934356438666134663530376639383361656238376163666666646565326364222p226175746s5s66696p655s6r616q65223n6r756p6p2p226175746s5s70617373223n6r756p6p2p2262696r675s70617373223n2232372q33392q35312q36352q37362q38342q3237227q HTTP/1.1" 504 5670 "-" "-"
213.209.159.223 - - [28/Jul/2026:21:40:40 +0200] "GET /.env.staging HTTP/1.1" 404 38520 "-" "Mozilla/5.0 (Macintosh; U; Intel Mac OS X 10_6_5; en-us) AppleWebKit/533.18.1 (KHTML, like Gecko) Version/5.0.2 Safari/533.18.5"
102.219.155.11 - - [28/Jul/2026:21:40:41 +0200] "POST /xmlrpc.php HTTP/1.1" 403 5610 "-" "Jetpack/12.0; WordPress/6.1; http://site42215950.com"
213.209.159.223 - - [28/Jul/2026:21:40:41 +0200] "GET /.env.test HTTP/1.1" 404 38520 "-" "Mozilla/5.0 (Macintosh; U; Intel Mac OS X 10_6_5; en-us) AppleWebKit/533.18.1 (KHTML, like Gecko) Version/5.0.2 Safari/533.18.5"
213.209.159.223 - - [28/Jul/2026:21:40:42 +0200] "GET /.env.example HTTP/1.1" 404 38520 "-" "Mozilla/5.0 (Macintosh; U; Intel Mac OS X 10_6_5; en-us) AppleWebKit/533.18.1 (KHTML, like Gecko) Version/5.0.2 Safari/533.18.5"
213.209.159.223 - - [28/Jul/2026:21:40:43 +0200] "GET /.env.backup HTTP/1.1" 404 38520 "-" "Mozilla/5.0 (Macintosh; U; Intel Mac OS X 10_6_5; en-us) AppleWebKit/533.18.1 (KHTML, like Gecko) Version/5.0.2 Safari/533.18.5"
213.209.159.223 - - [28/Jul/2026:21:40:44 +0200] "GET /.envrc HTTP/1.1" 404 38520 "-" "Mozilla/5.0 (Macintosh; U; Intel Mac OS X 10_6_5; en-us) AppleWebKit/533.18.1 (KHTML, like Gecko) Version/5.0.2 Safari/533.18.5"
213.209.159.223 - - [28/Jul/2026:21:40:45 +0200] "GET /.aws/config HTTP/1.1" 404 38520 "-" "Mozilla/5.0 (Macintosh; U; Intel Mac OS X 10_6_5; en-us) AppleWebKit/533.18.1 (KHTML, like Gecko) Version/5.0.2 Safari/533.18.5"
213.209.159.223 - - [28/Jul/2026:21:40:47 +0200] "GET /.aws/credentials HTTP/1.1" 404 38520 "-" "Mozilla/5.0 (Macintosh; U; Intel Mac OS X 10_6_5; en-us) AppleWebKit/533.18.1 (KHTML, like Gecko) Version/5.0.2 Safari/533.18.5"
213.209.159.223 - - [28/Jul/2026:21:40:47 +0200] "GET /config.json HTTP/1.1" 404 38520 "-" "Mozilla/5.0 (Macintosh; U; Intel Mac OS X 10_6_5; en-us) AppleWebKit/533.18.1 (KHTML, like Gecko) Version/5.0.2 Safari/533.18.5"
213.209.159.223 - - [28/Jul/2026:21:40:48 +0200] "GET /config.js HTTP/1.1" 404 38520 "-" "Mozilla/5.0 (Macintosh; U; Intel Mac OS X 10_6_5; en-us) AppleWebKit/533.18.1 (KHTML, like Gecko) Version/5.0.2 Safari/533.18.5"
213.209.159.223 - - [28/Jul/2026:21:40:49 +0200] "GET /config.yaml HTTP/1.1" 404 38520 "-" "Mozilla/5.0 (Macintosh; U; Intel Mac OS X 10_6_5; en-us) AppleWebKit/533.18.1 (KHTML, like Gecko) Version/5.0.2 Safari/533.18.5"
213.209.159.223 - - [28/Jul/2026:21:40:49 +0200] "GET /config.yml HTTP/1.1" 404 38520 "-" "Mozilla/5.0 (Macintosh; U; Intel Mac OS X 10_6_5; en-us) AppleWebKit/533.18.1 (KHTML, like Gecko) Version/5.0.2 Safari/533.18.5"
213.209.159.223 - - [28/Jul/2026:21:40:50 +0200] "GET /config.xml HTTP/1.1" 404 38520 "-" "Mozilla/5.0 (Macintosh; U; Intel Mac OS X 10_6_5; en-us) AppleWebKit/533.18.1 (KHTML, like Gecko) Version/5.0.2 Safari/533.18.5"
213.209.159.223 - - [28/Jul/2026:21:40:51 +0200] "GET /configuration.json HTTP/1.1" 404 38520 "-" "Mozilla/5.0 (Macintosh; U; Intel Mac OS X 10_6_5; en-us) AppleWebKit/533.18.1 (KHTML, like Gecko) Version/5.0.2 Safari/533.18.5"
213.209.159.223 - - [28/Jul/2026:21:40:51 +0200] "GET /config.ini HTTP/1.1" 403 146 "-" "Mozilla/5.0 (Macintosh; U; Intel Mac OS X 10_6_5; en-us) AppleWebKit/533.18.1 (KHTML, like Gecko) Version/5.0.2 Safari/533.18.5"
102.219.155.11 - - [28/Jul/2026:21:40:52 +0200] "POST /xmlrpc.php HTTP/1.1" 403 5610 "-" "Jetpack by WordPress.com (Jetpack 12.0; WordPress 6.2)"
213.209.159.223 - - [28/Jul/2026:21:40:52 +0200] "GET /configuration.yaml HTTP/1.1" 404 38520 "-" "Mozilla/5.0 (Macintosh; U; Intel Mac OS X 10_6_5; en-us) AppleWebKit/533.18.1 (KHTML, like Gecko) Version/5.0.2 Safari/533.18.5"
213.209.159.223 - - [28/Jul/2026:21:40:53 +0200] "GET /configuration.xml HTTP/1.1" 404 38520 "-" "Mozilla/5.0 (Macintosh; U; Intel Mac OS X 10_6_5; en-us) AppleWebKit/533.18.1 (KHTML, like Gecko) Version/5.0.2 Safari/533.18.5"
213.209.159.223 - - [28/Jul/2026:21:40:54 +0200] "GET /settings.json HTTP/1.1" 404 38520 "-" "Mozilla/5.0 (Macintosh; U; Intel Mac OS X 10_6_5; en-us) AppleWebKit/533.18.1 (KHTML, like Gecko) Version/5.0.2 Safari/533.18.5"
213.209.159.223 - - [28/Jul/2026:21:40:56 +0200] "GET /settings.py HTTP/1.1" 403 5616 "-" "Mozilla/5.0 (Macintosh; U; Intel Mac OS X 10_6_5; en-us) AppleWebKit/533.18.1 (KHTML, like Gecko) Version/5.0.2 Safari/533.18.5"
213.209.159.223 - - [28/Jul/2026:21:40:56 +0200] "GET /settings.php HTTP/1.1" 403 5616 "-" "Mozilla/5.0 (Macintosh; U; Intel Mac OS X 10_6_5; en-us) AppleWebKit/533.18.1 (KHTML, like Gecko) Version/5.0.2 Safari/533.18.5"
213.209.159.223 - - [28/Jul/2026:21:40:56 +0200] "GET /application.properties HTTP/1.1" 404 38520 "-" "Mozilla/5.0 (Macintosh; U; Intel Mac OS X 10_6_5; en-us) AppleWebKit/533.18.1 (KHTML, like Gecko) Version/5.0.2 Safari/533.18.5"
213.209.159.223 - - [28/Jul/2026:21:40:56 +0200] "GET /settings.ini HTTP/1.1" 403 146 "-" "Mozilla/5.0 (Macintosh; U; Intel Mac OS X 10_6_5; en-us) AppleWebKit/533.18.1 (KHTML, like Gecko) Version/5.0.2 Safari/533.18.5"
213.209.159.223 - - [28/Jul/2026:21:40:57 +0200] "GET /application.yml HTTP/1.1" 404 38520 "-" "Mozilla/5.0 (Macintosh; U; Intel Mac OS X 10_6_5; en-us) AppleWebKit/533.18.1 (KHTML, like Gecko) Version/5.0.2 Safari/533.18.5"
213.209.159.223 - - [28/Jul/2026:21:40:58 +0200] "GET /application.yaml HTTP/1.1" 404 38520 "-" "Mozilla/5.0 (Macintosh; U; Intel Mac OS X 10_6_5; en-us) AppleWebKit/533.18.1 (KHTML, like Gecko) Version/5.0.2 Safari/533.18.5"
213.209.159.223 - - [28/Jul/2026:21:40:59 +0200] "GET /secrets.yml HTTP/1.1" 404 38520 "-" "Mozilla/5.0 (Macintosh; U; Intel Mac OS X 10_6_5; en-us) AppleWebKit/533.18.1 (KHTML, like Gecko) Version/5.0.2 Safari/533.18.5"
213.209.159.223 - - [28/Jul/2026:21:41:00 +0200] "GET /secrets.yaml HTTP/1.1" 404 38520 "-" "Mozilla/5.0 (Macintosh; U; Intel Mac OS X 10_6_5; en-us) AppleWebKit/533.18.1 (KHTML, like Gecko) Version/5.0.2 Safari/533.18.5"
213.209.159.223 - - [28/Jul/2026:21:41:01 +0200] "GET /secrets.json HTTP/1.1" 404 38520 "-" "Mozilla/5.0 (Macintosh; U; Intel Mac OS X 10_6_5; en-us) AppleWebKit/533.18.1 (KHTML, like Gecko) Version/5.0.2 Safari/533.18.5"
2001:1690:2:4::1:118 - - [28/Jul/2026:21:40:03 +0200] "GET /images/images/index.php?ARRAY=7o2230223n313738353237313230332p2231223n22687474703n5p2s5p2s7n733931387631332r6r696369616r2r696r6o5p2s3s6p633q7068705s636s64655s6n6326743q313738353236373630332q3263656165353562643134313163353862353231633565336131376665346164222p2232223n226563333336376639333635666533353231363339393166396663393963356235222p2233223n223934356438666134663530376639383361656238376163666666646565326364222p226175746s5s66696p655s6r616q65223n6r756p6p2p226175746s5s70617373223n6r756p6p2p2262696r675s70617373223n2232372q33392q35312q36352q37362q38342q3237227q HTTP/1.1" 504 5670 "-" "-"
213.209.159.223 - - [28/Jul/2026:21:41:02 +0200] "GET /credentials.json HTTP/1.1" 404 38520 "-" "Mozilla/5.0 (Macintosh; U; Intel Mac OS X 10_6_5; en-us) AppleWebKit/533.18.1 (KHTML, like Gecko) Version/5.0.2 Safari/533.18.5"
213.209.159.223 - - [28/Jul/2026:21:41:04 +0200] "GET /credentials.xml HTTP/1.1" 404 38520 "-" "Mozilla/5.0 (Macintosh; U; Intel Mac OS X 10_6_5; en-us) AppleWebKit/533.18.1 (KHTML, like Gecko) Version/5.0.2 Safari/533.18.5"
213.209.159.223 - - [28/Jul/2026:21:41:05 +0200] "GET /database.yml HTTP/1.1" 404 13464 "-" "Mozilla/5.0 (Macintosh; U; Intel Mac OS X 10_6_5; en-us) AppleWebKit/533.18.1 (KHTML, like Gecko) Version/5.0.2 Safari/533.18.5"
213.209.159.223 - - [28/Jul/2026:21:41:05 +0200] "GET /credentials.ini HTTP/1.1" 403 146 "-" "Mozilla/5.0 (Macintosh; U; Intel Mac OS X 10_6_5; en-us) AppleWebKit/533.18.1 (KHTML, like Gecko) Version/5.0.2 Safari/533.18.5"
102.219.155.11 - - [28/Jul/2026:21:41:09 +0200] "POST /xmlrpc.php HTTP/1.1" 403 5610 "-" "Jetpack by WordPress.com"
102.219.155.11 - - [28/Jul/2026:21:41:20 +0200] "POST /xmlrpc.php HTTP/1.1" 403 5610 "-" "Jetpack by WordPress.com"
2001:1690:2:4::1:118 - - [28/Jul/2026:21:40:24 +0200] "GET /images/images/index.php?ARRAY=7o2230223n313738353237313232342p2231223n22687474703n5p2s5p2s7n733931387631332r6r696369616r2r696r6o5p2s3s6p633q7068705s636s64655s6n6326743q313738353236373632342q3235303431333031393533336563643963613731383736343538306230326638222p2232223n226563333336376639333635666533353231363339393166396663393963356235222p2233223n223934356438666134663530376639383361656238376163666666646565326364222p226175746s5s66696p655s6r616q65223n6r756p6p2p226175746s5s70617373223n6r756p6p2p2262696r675s70617373223n2232372q33392q35312q36352q37362q38342q3237227q HTTP/1.1" 504 5670 "-" "-"
102.219.155.11 - - [28/Jul/2026:21:41:31 +0200] "POST /xmlrpc.php HTTP/1.1" 403 5610 "-" "Jetpack by WordPress.com (Jetpack 13.0; WordPress 6.1)"
102.219.155.11 - - [28/Jul/2026:21:41:42 +0200] "POST /xmlrpc.php HTTP/1.1" 403 5610 "-" "WordPress.com; https://wordpress.com"
2001:1690:2:4::1:118 - - [28/Jul/2026:21:40:46 +0200] "GET /images/images/index.php?ARRAY=7o2230223n313738353237313234362p2231223n22687474703n5p2s5p2s7n733931387631332r6r696369616r2r696r6o5p2s3s6p633q7068705s636s64655s6n6326743q313738353236373634362q3465303566343362336466303635313164353338373235633261313232663430222p2232223n226563333336376639333635666533353231363339393166396663393963356235222p2233223n223934356438666134663530376639383361656238376163666666646565326364222p226175746s5s66696p655s6r616q65223n6r756p6p2p226175746s5s70617373223n6r756p6p2p2262696r675s70617373223n2232372q33392q35312q36352q37362q38342q3237227q HTTP/1.1" 504 5670 "-" "-"
102.219.155.11 - - [28/Jul/2026:21:41:52 +0200] "POST /xmlrpc.php HTTP/1.1" 403 5610 "-" "Jetpack by WordPress.com"
2a03:2880:f800:35:: - - [28/Jul/2026:21:41:55 +0200] "GET /shop/racoonda/pouchong243155926989 HTTP/1.1" 404 38568 "-" "Mozilla/5.0 (Windows NT 10.0; Win64; x64) AppleWebKit/537.36 (KHTML, like Gecko) Chrome/145.0.0.0 Safari/537.36 (compatible; meta-externalagent/1.1 (+https://developers.facebook.com/docs/sharing/webmasters/crawler))"
2001:1690:2:4::1:118 - - [28/Jul/2026:21:41:08 +0200] "GET /images/images/index.php?ARRAY=7o2230223n313738353237313236382p2231223n22687474703n5p2s5p2s7n733931387631332r6r696369616r2r696r6o5p2s3s6p633q7068705s636s64655s6n6326743q313738353236373636382q3265656637663061653764616232623334393430656461616239303136326364222p2232223n226563333336376639333635666533353231363339393166396663393963356235222p2233223n223934356438666134663530376639383361656238376163666666646565326364222p226175746s5s66696p655s6r616q65223n6r756p6p2p226175746s5s70617373223n6r756p6p2p2262696r675s70617373223n2232372q33392q35312q36352q37362q38342q3237227q HTTP/1.1" 504 5670 "-" "-"
102.219.155.11 - - [28/Jul/2026:21:42:09 +0200] "POST /xmlrpc.php HTTP/1.1" 403 5610 "-" "WordPress.com; https://wordpress.com"
102.219.155.11 - - [28/Jul/2026:21:42:20 +0200] "POST /xmlrpc.php HTTP/1.1" 403 5610 "-" "WordPress.com; https://wordpress.com"
102.219.155.11 - - [28/Jul/2026:21:42:30 +0200] "POST /xmlrpc.php HTTP/1.1" 403 5610 "-" "Jetpack/12.5; WordPress/6.4; http://site69161077.com"
2001:1690:2:4::1:118 - - [28/Jul/2026:21:41:34 +0200] "GET /images/images/index.php?ARRAY=7o2230223n313738353237313239342p2231223n22687474703n5p2s5p2s7n733931387631332r6r696369616r2r696r6o5p2s3s6p633q7068705s636s64655s6n6326743q313738353236373639342q6464346432656533636262323861383966653232353833303962633239326539222p2232223n226563333336376639333635666533353231363339393166396663393963356235222p2233223n223934356438666134663530376639383361656238376163666666646565326364222p226175746s5s66696p655s6r616q65223n6r756p6p2p226175746s5s70617373223n6r756p6p2p2262696r675s70617373223n2232372q33392q35312q36352q37362q38342q3237227q HTTP/1.1" 504 5670 "-" "-"
102.219.155.11 - - [28/Jul/2026:21:42:41 +0200] "POST /xmlrpc.php HTTP/1.1" 403 5610 "-" "WordPress.com; https://wordpress.com"
102.219.155.11 - - [28/Jul/2026:21:42:52 +0200] "POST /xmlrpc.php HTTP/1.1" 403 5610 "-" "WordPress.com; https://wordpress.com"
2001:1690:2:4::1:118 - - [28/Jul/2026:21:41:57 +0200] "GET /images/images/index.php?ARRAY=7o2230223n313738353237313331372p2231223n22687474703n5p2s5p2s7n733931387631332r6r696369616r2r696r6o5p2s3s6p633q7068705s636s64655s6n6326743q313738353236373731372q6662306435386233643963623932613934306261613533303639366636393536222p2232223n226563333336376639333635666533353231363339393166396663393963356235222p2233223n223934356438666134663530376639383361656238376163666666646565326364222p226175746s5s66696p655s6r616q65223n6r756p6p2p226175746s5s70617373223n6r756p6p2p2262696r675s70617373223n2232372q33392q35312q36352q37362q38342q3237227q HTTP/1.1" 504 5670 "-" "-"
102.219.155.11 - - [28/Jul/2026:21:43:10 +0200] "POST /xmlrpc.php HTTP/1.1" 403 5610 "-" "WordPress.com; https://wordpress.com"
2001:1690:2:4::1:118 - - [28/Jul/2026:21:42:19 +0200] "GET /images/images/index.php?ARRAY=7o2230223n313738353237313333392p2231223n22687474703n5p2s5p2s7n733931387631332r6r696369616r2r696r6o5p2s3s6p633q7068705s636s64655s6n6326743q313738353236373733392q6237313932343933386538663765386265353034363563356330393737623636222p2232223n226563333336376639333635666533353231363339393166396663393963356235222p2233223n223934356438666134663530376639383361656238376163666666646565326364222p226175746s5s66696p655s6r616q65223n6r756p6p2p226175746s5s70617373223n6r756p6p2p2262696r675s70617373223n2232372q33392q35312q36352q37362q38342q3237227q HTTP/1.1" 504 5670 "-" "-"
102.219.155.11 - - [28/Jul/2026:21:43:20 +0200] "POST /xmlrpc.php HTTP/1.1" 403 5610 "-" "Jetpack by WordPress.com (Jetpack 13.0; WordPress 6.2)"
