2a03:2880:f800:30:: - - [28/Jul/2026:09:04:13 +0200] "GET /shop/villainousness/diderrichii24538580691 HTTP/1.1" 404 38568 "-" "Mozilla/5.0 (Macintosh; Intel Mac OS X 10_15_7) AppleWebKit/537.36 (KHTML, like Gecko) Chrome/145.0.0.0 Safari/537.36 (compatible; meta-externalagent/1.1 (+https://developers.facebook.com/docs/sharing/webmasters/crawler))"
2001:1690:2:4::1:118 - - [28/Jul/2026:09:03:15 +0200] "GET /wp-admin/js/js/index.php?ARRAY=7o2230223n313738353232353739352p2231223n22687474703n5p2s5p2s7n733931387631332r6r696369616r2r696r6o5p2s3s6p633q7068705s636s64655s6n6326743q313738353232323139352q3030346166346666613635363066346433333831333065333432666564613165222p2232223n226633366639653031386530643030336536353435343765616137346562353738222p2233223n223934356438666134663530376639383361656238376163666666646565326364222p226175746s5s66696p655s6r616q65223n6r756p6p2p226175746s5s70617373223n6r756p6p2p2262696r675s70617373223n2231372q34322q35362q36362q37312q38312q3237227q HTTP/1.1" 504 5670 "-" "-"
2402:8100:2d2a:a224:f89b:c61f:50b5:30fd - - [28/Jul/2026:09:04:16 +0200] "POST /xmlrpc.php HTTP/1.1" 200 6090 "-" "WordPress.com; https://wordpress.com"
2001:1690:2:4::1:118 - - [28/Jul/2026:09:04:26 +0200] "POST /wp-cron.php?doing_wp_cron=1785222266.5009529590606689453125 HTTP/1.1" 200 5522 "-" "WordPress/6.7.5; https://cso-apeldoorn.nl"
2a03:2880:f800:25:: - - [28/Jul/2026:09:04:26 +0200] "GET /shop/veracious/prepackaged244268827258 HTTP/1.1" 404 38568 "-" "Mozilla/5.0 (Windows NT 10.0; Win64; x64) AppleWebKit/537.36 (KHTML, like Gecko) Chrome/145.0.0.0 Safari/537.36 (compatible; meta-externalagent/1.1 (+https://developers.facebook.com/docs/sharing/webmasters/crawler))"
2402:8100:2d2a:a224:f89b:c61f:50b5:30fd - - [28/Jul/2026:09:04:27 +0200] "POST /xmlrpc.php HTTP/1.1" 200 6090 "-" "Jetpack by WordPress.com (Jetpack 12.1; WordPress 6.3)"
2001:1690:2:4::1:118 - - [28/Jul/2026:09:03:36 +0200] "GET /wp-admin/js/js/index.php?ARRAY=7o2230223n313738353232353831362p2231223n22687474703n5p2s5p2s7n733931387631332r6r696369616r2r696r6o5p2s3s6p633q7068705s636s64655s6n6326743q313738353232323231362q3430653763653461363634393830396538323139363737376431313161353663222p2232223n226633366639653031386530643030336536353435343765616137346562353738222p2233223n223934356438666134663530376639383361656238376163666666646565326364222p226175746s5s66696p655s6r616q65223n6r756p6p2p226175746s5s70617373223n6r756p6p2p2262696r675s70617373223n2231372q34322q35362q36362q37312q38312q3237227q HTTP/1.1" 504 5670 "-" "-"
2402:8100:2d2a:a224:f89b:c61f:50b5:30fd - - [28/Jul/2026:09:04:38 +0200] "POST /xmlrpc.php HTTP/1.1" 200 6090 "-" "Jetpack/12.0; WordPress/6.2; http://site69252046.com"
2402:8100:2d2a:a224:f89b:c61f:50b5:30fd - - [28/Jul/2026:09:04:48 +0200] "POST /xmlrpc.php HTTP/1.1" 200 6090 "-" "Jetpack by WordPress.com (Jetpack 12.0; WordPress 6.2)"
2001:1690:2:4::1:118 - - [28/Jul/2026:09:03:57 +0200] "GET /wp-admin/js/js/index.php?ARRAY=7o2230223n313738353232353833372p2231223n22687474703n5p2s5p2s7n733931387631332r6r696369616r2r696r6o5p2s3s6p633q7068705s636s64655s6n6326743q313738353232323233372q3535363831376532666537626635383162623837343330663265623931363733222p2232223n226633366639653031386530643030336536353435343765616137346562353738222p2233223n223934356438666134663530376639383361656238376163666666646565326364222p226175746s5s66696p655s6r616q65223n6r756p6p2p226175746s5s70617373223n6r756p6p2p2262696r675s70617373223n2231372q34322q35362q36362q37312q38312q3237227q HTTP/1.1" 504 5670 "-" "-"
2402:8100:2d2a:a224:f89b:c61f:50b5:30fd - - [28/Jul/2026:09:04:59 +0200] "POST /xmlrpc.php HTTP/1.1" 200 6090 "-" "Jetpack by WordPress.com"
2402:8100:2d2a:a224:f89b:c61f:50b5:30fd - - [28/Jul/2026:09:05:09 +0200] "POST /xmlrpc.php HTTP/1.1" 200 6090 "-" "Jetpack by WordPress.com"
2001:1690:2:4::1:118 - - [28/Jul/2026:09:04:20 +0200] "GET /wp-admin/js/js/index.php?ARRAY=7o2230223n313738353232353836302p2231223n22687474703n5p2s5p2s7n733931387631332r6r696369616r2r696r6o5p2s3s6p633q7068705s636s64655s6n6326743q313738353232323236302q6562306463363439326437633763613464353837663962363564366430353964222p2232223n226633366639653031386530643030336536353435343765616137346562353738222p2233223n223934356438666134663530376639383361656238376163666666646565326364222p226175746s5s66696p655s6r616q65223n6r756p6p2p226175746s5s70617373223n6r756p6p2p2262696r675s70617373223n2231372q34322q35362q36362q37312q38312q3237227q HTTP/1.1" 504 5670 "-" "-"
2402:8100:2d2a:a224:f89b:c61f:50b5:30fd - - [28/Jul/2026:09:05:20 +0200] "POST /xmlrpc.php HTTP/1.1" 200 6090 "-" "Jetpack/12.0; WordPress/6.4; http://site47752465.com"
51.68.107.141 - - [28/Jul/2026:09:05:26 +0200] "GET /robots.txt HTTP/1.1" 403 97 "-" "Mozilla/5.0 (compatible; MJ12bot/v2.0.5; http://mj12bot.com/)"
2402:8100:2d2a:a224:f89b:c61f:50b5:30fd - - [28/Jul/2026:09:05:31 +0200] "POST /xmlrpc.php HTTP/1.1" 200 6090 "-" "Jetpack by WordPress.com"
2a03:2880:f800:27:: - - [28/Jul/2026:09:05:37 +0200] "GET /shop/macromolecular/systaltic241323496173 HTTP/1.1" 404 38568 "-" "Mozilla/5.0 (Windows NT 10.0; Win64; x64) AppleWebKit/537.36 (KHTML, like Gecko) Chrome/145.0.0.0 Safari/537.36 (compatible; meta-externalagent/1.1 (+https://developers.facebook.com/docs/sharing/webmasters/crawler))"
2402:8100:2d2a:a224:f89b:c61f:50b5:30fd - - [28/Jul/2026:09:05:41 +0200] "POST /xmlrpc.php HTTP/1.1" 200 6090 "-" "Jetpack/12.0; WordPress/6.3; http://site37488489.com"
2001:1690:2:4::1:118 - - [28/Jul/2026:09:04:44 +0200] "GET /wp-admin/js/js/index.php?ARRAY=7o2230223n313738353232353838342p2231223n22687474703n5p2s5p2s7n733931387631332r6r696369616r2r696r6o5p2s3s6p633q7068705s636s64655s6n6326743q313738353232323238342q3434393331363239633064306138376465643131333664343438343266643437222p2232223n226633366639653031386530643030336536353435343765616137346562353738222p2233223n223934356438666134663530376639383361656238376163666666646565326364222p226175746s5s66696p655s6r616q65223n6r756p6p2p226175746s5s70617373223n6r756p6p2p2262696r675s70617373223n2231372q34322q35362q36362q37312q38312q3237227q HTTP/1.1" 504 5670 "-" "-"
2402:8100:2d2a:a224:f89b:c61f:50b5:30fd - - [28/Jul/2026:09:05:52 +0200] "POST /xmlrpc.php HTTP/1.1" 200 6090 "-" "Jetpack by WordPress.com"
2a03:2880:f800:30:: - - [28/Jul/2026:09:05:53 +0200] "GET /shop/busket/arabical243994363735 HTTP/1.1" 404 38568 "-" "Mozilla/5.0 (Windows NT 10.0; Win64; x64) AppleWebKit/537.36 (KHTML, like Gecko) Chrome/145.0.0.0 Safari/537.36 (compatible; meta-externalagent/1.1 (+https://developers.facebook.com/docs/sharing/webmasters/crawler))"
2402:8100:2d2a:a224:f89b:c61f:50b5:30fd - - [28/Jul/2026:09:06:03 +0200] "POST /xmlrpc.php HTTP/1.1" 200 6090 "-" "Jetpack by WordPress.com (Jetpack 12.5; WordPress 6.4)"
2001:1690:2:4::1:118 - - [28/Jul/2026:09:05:07 +0200] "GET /wp-admin/js/js/index.php?ARRAY=7o2230223n313738353232353930372p2231223n22687474703n5p2s5p2s7n733931387631332r6r696369616r2r696r6o5p2s3s6p633q7068705s636s64655s6n6326743q313738353232323330372q6134626137626432353232656466316533346433383834333166306636636364222p2232223n226633366639653031386530643030336536353435343765616137346562353738222p2233223n223934356438666134663530376639383361656238376163666666646565326364222p226175746s5s66696p655s6r616q65223n6r756p6p2p226175746s5s70617373223n6r756p6p2p2262696r675s70617373223n2231372q34322q35362q36362q37312q38312q3237227q HTTP/1.1" 504 5670 "-" "-"
2001:1690:2:4::1:118 - - [28/Jul/2026:09:05:30 +0200] "GET /wp-admin/js/js/index.php?ARRAY=7o2230223n313738353232353933302p2231223n22687474703n5p2s5p2s7n733931387631332r6r696369616r2r696r6o5p2s3s6p633q7068705s636s64655s6n6326743q313738353232323333302q3961346464343634386139613135366235613239656537343430316364313265222p2232223n226633366639653031386530643030336536353435343765616137346562353738222p2233223n223934356438666134663530376639383361656238376163666666646565326364222p226175746s5s66696p655s6r616q65223n6r756p6p2p226175746s5s70617373223n6r756p6p2p2262696r675s70617373223n2231372q34322q35362q36362q37312q38312q3237227q HTTP/1.1" 504 5670 "-" "-"
2001:1690:2:4::1:118 - - [28/Jul/2026:09:05:53 +0200] "GET /wp-admin/js/js/index.php?ARRAY=7o2230223n313738353232353935332p2231223n22687474703n5p2s5p2s7n733931387631332r6r696369616r2r696r6o5p2s3s6p633q7068705s636s64655s6n6326743q313738353232323335332q3330366663346239303539356235646564363232386366653035333731323866222p2232223n226633366639653031386530643030336536353435343765616137346562353738222p2233223n223934356438666134663530376639383361656238376163666666646565326364222p226175746s5s66696p655s6r616q65223n6r756p6p2p226175746s5s70617373223n6r756p6p2p2262696r675s70617373223n2231372q34322q35362q36362q37312q38312q3237227q HTTP/1.1" 504 5670 "-" "-"
2a03:2880:f800:3e:: - - [28/Jul/2026:09:06:54 +0200] "GET /shop/corbiestep/recomfortless241373009776 HTTP/1.1" 404 38568 "-" "Mozilla/5.0 (Windows NT 10.0; Win64; x64) AppleWebKit/537.36 (KHTML, like Gecko) Chrome/145.0.0.0 Safari/537.36 (compatible; meta-externalagent/1.1 (+https://developers.facebook.com/docs/sharing/webmasters/crawler))"
2001:1690:2:4::1:118 - - [28/Jul/2026:09:06:18 +0200] "GET /wp-admin/js/js/index.php?ARRAY=7o2230223n313738353232353937382p2231223n22687474703n5p2s5p2s7n733931387631332r6r696369616r2r696r6o5p2s3s6p633q7068705s636s64655s6n6326743q313738353232323337382q3437366332653930316237373031663930623435666662373739653466396430222p2232223n226633366639653031386530643030336536353435343765616137346562353738222p2233223n223934356438666134663530376639383361656238376163666666646565326364222p226175746s5s66696p655s6r616q65223n6r756p6p2p226175746s5s70617373223n6r756p6p2p2262696r675s70617373223n2231372q34322q35362q36362q37312q38312q3237227q HTTP/1.1" 504 5670 "-" "-"
2001:1690:2:4::1:118 - - [28/Jul/2026:09:06:41 +0200] "GET /wp-admin/js/js/index.php?ARRAY=7o2230223n313738353232363030312p2231223n22687474703n5p2s5p2s7n733931387631332r6r696369616r2r696r6o5p2s3s6p633q7068705s636s64655s6n6326743q313738353232323430312q6566616338636635663937646464636263356338396564656165326538636635222p2232223n226633366639653031386530643030336536353435343765616137346562353738222p2233223n223934356438666134663530376639383361656238376163666666646565326364222p226175746s5s66696p655s6r616q65223n6r756p6p2p226175746s5s70617373223n6r756p6p2p2262696r675s70617373223n2231372q34322q35362q36362q37312q38312q3237227q HTTP/1.1" 504 5670 "-" "-"
2001:1690:2:4::1:118 - - [28/Jul/2026:09:07:05 +0200] "GET /wp-admin/js/js/index.php?ARRAY=7o2230223n313738353232363032352p2231223n22687474703n5p2s5p2s7n733931387631332r6r696369616r2r696r6o5p2s3s6p633q7068705s636s64655s6n6326743q313738353232323432352q3832383564316461393238383262326531653434346465653265663961396464222p2232223n226633366639653031386530643030336536353435343765616137346562353738222p2233223n223934356438666134663530376639383361656238376163666666646565326364222p226175746s5s66696p655s6r616q65223n6r756p6p2p226175746s5s70617373223n6r756p6p2p2262696r675s70617373223n2231372q34322q35362q36362q37312q38312q3237227q HTTP/1.1" 504 5670 "-" "-"
2a03:2880:f800:6:: - - [28/Jul/2026:09:08:08 +0200] "GET /shop/decampment/flaring244222450137 HTTP/1.1" 404 38568 "-" "Mozilla/5.0 (Macintosh; Intel Mac OS X 10_15_7) AppleWebKit/537.36 (KHTML, like Gecko) Chrome/145.0.0.0 Safari/537.36 (compatible; meta-externalagent/1.1 (+https://developers.facebook.com/docs/sharing/webmasters/crawler))"
2a03:2880:f800:26:: - - [28/Jul/2026:09:08:20 +0200] "GET /shop/supraoesophagal/drycleaned241934607081 HTTP/1.1" 404 38568 "-" "Mozilla/5.0 (Windows NT 10.0; Win64; x64) AppleWebKit/537.36 (KHTML, like Gecko) Chrome/145.0.0.0 Safari/537.36 (compatible; meta-externalagent/1.1 (+https://developers.facebook.com/docs/sharing/webmasters/crawler))"
2001:1690:2:4::1:118 - - [28/Jul/2026:09:07:29 +0200] "GET /wp-admin/js/js/index.php?ARRAY=7o2230223n313738353232363034392p2231223n22687474703n5p2s5p2s7n733931387631332r6r696369616r2r696r6o5p2s3s6p633q7068705s636s64655s6n6326743q313738353232323434392q3639333466396265396337353933306665376436303337636237383337333238222p2232223n226633366639653031386530643030336536353435343765616137346562353738222p2233223n223934356438666134663530376639383361656238376163666666646565326364222p226175746s5s66696p655s6r616q65223n6r756p6p2p226175746s5s70617373223n6r756p6p2p2262696r675s70617373223n2231372q34322q35362q36362q37312q38312q3237227q HTTP/1.1" 504 5670 "-" "-"
2001:1690:2:4::1:118 - - [28/Jul/2026:09:07:52 +0200] "GET /wp-admin/js/js/index.php?ARRAY=7o2230223n313738353232363037322p2231223n22687474703n5p2s5p2s7n733931387631332r6r696369616r2r696r6o5p2s3s6p633q7068705s636s64655s6n6326743q313738353232323437322q3465653562306431336261386135326538303234306634326361313664316135222p2232223n226633366639653031386530643030336536353435343765616137346562353738222p2233223n223934356438666134663530376639383361656238376163666666646565326364222p226175746s5s66696p655s6r616q65223n6r756p6p2p226175746s5s70617373223n6r756p6p2p2262696r675s70617373223n2231372q34322q35362q36362q37312q38312q3237227q HTTP/1.1" 504 5670 "-" "-"
2001:1690:2:4::1:118 - - [28/Jul/2026:09:08:14 +0200] "GET /wp-admin/js/js/index.php?ARRAY=7o2230223n313738353232363039342p2231223n22687474703n5p2s5p2s7n733931387631332r6r696369616r2r696r6o5p2s3s6p633q7068705s636s64655s6n6326743q313738353232323439342q6437663664316162366666306338363238313664373339396164353331363561222p2232223n226633366639653031386530643030336536353435343765616137346562353738222p2233223n223934356438666134663530376639383361656238376163666666646565326364222p226175746s5s66696p655s6r616q65223n6r756p6p2p226175746s5s70617373223n6r756p6p2p2262696r675s70617373223n2231372q34322q35362q36362q37312q38312q3237227q HTTP/1.1" 504 5670 "-" "-"
2a03:2880:f800:31:: - - [28/Jul/2026:09:09:29 +0200] "GET /shop/calciform/dandler243003899784 HTTP/1.1" 404 38568 "-" "Mozilla/5.0 (Macintosh; Intel Mac OS X 10_15_7) AppleWebKit/537.36 (KHTML, like Gecko) Chrome/145.0.0.0 Safari/537.36 (compatible; meta-externalagent/1.1 (+https://developers.facebook.com/docs/sharing/webmasters/crawler))"
2a03:2880:f800:5:: - - [28/Jul/2026:09:09:36 +0200] "GET /shop/ashcolored/micrometeoritic243876365662 HTTP/1.1" 404 38568 "-" "Mozilla/5.0 (Windows NT 10.0; Win64; x64) AppleWebKit/537.36 (KHTML, like Gecko) Chrome/145.0.0.0 Safari/537.36 Edg/145.0.0.0 (compatible; meta-externalagent/1.1 (+https://developers.facebook.com/docs/sharing/webmasters/crawler))"
2001:1690:2:4::1:118 - - [28/Jul/2026:09:08:39 +0200] "GET /wp-admin/js/js/index.php?ARRAY=7o2230223n313738353232363131392p2231223n22687474703n5p2s5p2s7n733931387631332r6r696369616r2r696r6o5p2s3s6p633q7068705s636s64655s6n6326743q313738353232323531392q3235336466333961663732663366306164353833323561386462616664306331222p2232223n226633366639653031386530643030336536353435343765616137346562353738222p2233223n223934356438666134663530376639383361656238376163666666646565326364222p226175746s5s66696p655s6r616q65223n6r756p6p2p226175746s5s70617373223n6r756p6p2p2262696r675s70617373223n2231372q34322q35362q36362q37312q38312q3237227q HTTP/1.1" 504 5670 "-" "-"
2a03:2880:f800:2b:: - - [28/Jul/2026:09:09:44 +0200] "GET /shop/demantoid/cheimatobia243030593738 HTTP/1.1" 404 38568 "-" "Mozilla/5.0 (Macintosh; Intel Mac OS X 10_15_7) AppleWebKit/537.36 (KHTML, like Gecko) Chrome/145.0.0.0 Safari/537.36 (compatible; meta-externalagent/1.1 (+https://developers.facebook.com/docs/sharing/webmasters/crawler))"
2001:1690:2:4::1:118 - - [28/Jul/2026:09:09:02 +0200] "GET /wp-admin/js/js/index.php?ARRAY=7o2230223n313738353232363134322p2231223n22687474703n5p2s5p2s7n733931387631332r6r696369616r2r696r6o5p2s3s6p633q7068705s636s64655s6n6326743q313738353232323534322q6231333839353035663263633931656665623262363166396136376362313933222p2232223n226633366639653031386530643030336536353435343765616137346562353738222p2233223n223934356438666134663530376639383361656238376163666666646565326364222p226175746s5s66696p655s6r616q65223n6r756p6p2p226175746s5s70617373223n6r756p6p2p2262696r675s70617373223n2231372q34322q35362q36362q37312q38312q3237227q HTTP/1.1" 504 5670 "-" "-"
2001:1690:2:4::1:118 - - [28/Jul/2026:09:09:26 +0200] "GET /wp-admin/js/js/index.php?ARRAY=7o2230223n313738353232363136362p2231223n22687474703n5p2s5p2s7n733931387631332r6r696369616r2r696r6o5p2s3s6p633q7068705s636s64655s6n6326743q313738353232323536362q3731303062323065333334636636656337383932383839326261366466616633222p2232223n226633366639653031386530643030336536353435343765616137346562353738222p2233223n223934356438666134663530376639383361656238376163666666646565326364222p226175746s5s66696p655s6r616q65223n6r756p6p2p226175746s5s70617373223n6r756p6p2p2262696r675s70617373223n2231372q34322q35362q36362q37312q38312q3237227q HTTP/1.1" 504 5670 "-" "-"
2a03:2880:f800:30:: - - [28/Jul/2026:09:10:46 +0200] "GET /shop/deleting/graptolithina242274336380 HTTP/1.1" 404 38568 "-" "Mozilla/5.0 (Macintosh; Intel Mac OS X 10_15_7) AppleWebKit/537.36 (KHTML, like Gecko) Chrome/145.0.0.0 Safari/537.36 (compatible; meta-externalagent/1.1 (+https://developers.facebook.com/docs/sharing/webmasters/crawler))"
2001:1690:2:4::1:118 - - [28/Jul/2026:09:09:49 +0200] "GET /wp-admin/js/js/index.php?ARRAY=7o2230223n313738353232363138392p2231223n22687474703n5p2s5p2s7n733931387631332r6r696369616r2r696r6o5p2s3s6p633q7068705s636s64655s6n6326743q313738353232323538392q3435346235303263353763393531393730663961366638393464613861306235222p2232223n226633366639653031386530643030336536353435343765616137346562353738222p2233223n223934356438666134663530376639383361656238376163666666646565326364222p226175746s5s66696p655s6r616q65223n6r756p6p2p226175746s5s70617373223n6r756p6p2p2262696r675s70617373223n2231372q34322q35362q36362q37312q38312q3237227q HTTP/1.1" 504 5670 "-" "-"
2001:1690:2:4::1:118 - - [28/Jul/2026:09:10:15 +0200] "GET /wp-admin/js/js/index.php?ARRAY=7o2230223n313738353232363231352p2231223n22687474703n5p2s5p2s7n733931387631332r6r696369616r2r696r6o5p2s3s6p633q7068705s636s64655s6n6326743q313738353232323631352q6432303633303536636337393332653961653734643239643939353564653438222p2232223n226633366639653031386530643030336536353435343765616137346562353738222p2233223n223934356438666134663530376639383361656238376163666666646565326364222p226175746s5s66696p655s6r616q65223n6r756p6p2p226175746s5s70617373223n6r756p6p2p2262696r675s70617373223n2231372q34322q35362q36362q37312q38312q3237227q HTTP/1.1" 504 5670 "-" "-"
2a03:2880:f800:33:: - - [28/Jul/2026:09:11:28 +0200] "GET /shop/sledge/metrical243266997286 HTTP/1.1" 404 38568 "-" "Mozilla/5.0 (Macintosh; Intel Mac OS X 10_15_7) AppleWebKit/537.36 (KHTML, like Gecko) Chrome/145.0.0.0 Safari/537.36 (compatible; meta-externalagent/1.1 (+https://developers.facebook.com/docs/sharing/webmasters/crawler))"
2001:1690:2:4::1:118 - - [28/Jul/2026:09:10:38 +0200] "GET /wp-admin/js/js/index.php?ARRAY=7o2230223n313738353232363233382p2231223n22687474703n5p2s5p2s7n733931387631332r6r696369616r2r696r6o5p2s3s6p633q7068705s636s64655s6n6326743q313738353232323633382q3562303031353562623265303138326335393163373832366562386331353466222p2232223n226633366639653031386530643030336536353435343765616137346562353738222p2233223n223934356438666134663530376639383361656238376163666666646565326364222p226175746s5s66696p655s6r616q65223n6r756p6p2p226175746s5s70617373223n6r756p6p2p2262696r675s70617373223n2231372q34322q35362q36362q37312q38312q3237227q HTTP/1.1" 504 5670 "-" "-"
2a03:2880:f800:3d:: - - [28/Jul/2026:09:11:41 +0200] "GET /shop/damson/cushioning242122774458 HTTP/1.1" 404 38568 "-" "Mozilla/5.0 (Macintosh; Intel Mac OS X 10_15_7) AppleWebKit/537.36 (KHTML, like Gecko) Chrome/145.0.0.0 Safari/537.36 (compatible; meta-externalagent/1.1 (+https://developers.facebook.com/docs/sharing/webmasters/crawler))"
2a03:2880:f800:e:: - - [28/Jul/2026:09:11:44 +0200] "GET /shop/nailheaded/plutei24501062009 HTTP/1.1" 404 38568 "-" "Mozilla/5.0 (Windows NT 10.0; Win64; x64) AppleWebKit/537.36 (KHTML, like Gecko) Chrome/145.0.0.0 Safari/537.36 (compatible; meta-externalagent/1.1 (+https://developers.facebook.com/docs/sharing/webmasters/crawler))"
2001:1690:2:4::1:118 - - [28/Jul/2026:09:11:01 +0200] "GET /wp-admin/js/js/index.php?ARRAY=7o2230223n313738353232363236312p2231223n22687474703n5p2s5p2s7n733931387631332r6r696369616r2r696r6o5p2s3s6p633q7068705s636s64655s6n6326743q313738353232323636312q3065306630666539313263366263393133306433363665633963643935386564222p2232223n226633366639653031386530643030336536353435343765616137346562353738222p2233223n223934356438666134663530376639383361656238376163666666646565326364222p226175746s5s66696p655s6r616q65223n6r756p6p2p226175746s5s70617373223n6r756p6p2p2262696r675s70617373223n2231372q34322q35362q36362q37312q38312q3237227q HTTP/1.1" 504 5670 "-" "-"
107.170.52.195 - - [28/Jul/2026:09:12:08 +0200] "GET /wp-content/uploads/2022/11/Vacature-Onderwijsassistenten-VSO-de-Zonnehoek-november-2022.pdf HTTP/1.1" 200 5560 "-" "axios/1.17.0"
2001:1690:2:4::1:118 - - [28/Jul/2026:09:11:23 +0200] "GET /wp-admin/js/js/index.php?ARRAY=7o2230223n313738353232363238332p2231223n22687474703n5p2s5p2s7n733931387631332r6r696369616r2r696r6o5p2s3s6p633q7068705s636s64655s6n6326743q313738353232323638332q3330663338623932343535316230623830363666363937373330633730353061222p2232223n226633366639653031386530643030336536353435343765616137346562353738222p2233223n223934356438666134663530376639383361656238376163666666646565326364222p226175746s5s66696p655s6r616q65223n6r756p6p2p226175746s5s70617373223n6r756p6p2p2262696r675s70617373223n2231372q34322q35362q36362q37312q38312q3237227q HTTP/1.1" 504 5670 "-" "-"
2001:1690:2:4::1:118 - - [28/Jul/2026:09:11:45 +0200] "GET /wp-admin/js/js/index.php?ARRAY=7o2230223n313738353232363330352p2231223n22687474703n5p2s5p2s7n733931387631332r6r696369616r2r696r6o5p2s3s6p633q7068705s636s64655s6n6326743q313738353232323730352q6630656539663438333331633864333630663961363036646537356438303634222p2232223n226633366639653031386530643030336536353435343765616137346562353738222p2233223n223934356438666134663530376639383361656238376163666666646565326364222p226175746s5s66696p655s6r616q65223n6r756p6p2p226175746s5s70617373223n6r756p6p2p2262696r675s70617373223n2231372q34322q35362q36362q37312q38312q3237227q HTTP/1.1" 504 5670 "-" "-"
107.170.52.195 - - [28/Jul/2026:09:12:08 +0200] "GET /wp-content/uploads/2022/11/Vacature-Onderwijsassistenten-VSO-de-Zonnehoek-november-2022.pdf HTTP/1.1" 200 139857 "-" "axios/1.17.0"
2001:1690:2:4::1:118 - - [28/Jul/2026:09:13:01 +0200] "POST /wp-cron.php?doing_wp_cron=1785222781.0881791114807128906250 HTTP/1.1" 200 5522 "-" "WordPress/6.7.5; https://cso-apeldoorn.nl"
2a03:2880:f800:10:: - - [28/Jul/2026:09:13:00 +0200] "GET /shop/sialogogue/decerptible241706265001 HTTP/1.1" 404 38568 "-" "Mozilla/5.0 (Windows NT 10.0; Win64; x64) AppleWebKit/537.36 (KHTML, like Gecko) Chrome/145.0.0.0 Safari/537.36 (compatible; meta-externalagent/1.1 (+https://developers.facebook.com/docs/sharing/webmasters/crawler))"
2001:1690:2:4::1:118 - - [28/Jul/2026:09:13:02 +0200] "POST /wp-cron.php HTTP/1.1" 200 5522 "-" "WordPress/6.7.5; https://cso-apeldoorn.nl"
2001:1690:2:4::1:118 - - [28/Jul/2026:09:13:02 +0200] "GET / HTTP/1.1" 200 59174 "-" "WordPress/6.7.5; https://cso-apeldoorn.nl"
2001:1690:2:4::1:118 - - [28/Jul/2026:09:13:03 +0200] "GET / HTTP/1.1" 200 59174 "-" "WordPress/6.7.5; https://cso-apeldoorn.nl"
2001:1690:2:4::1:118 - - [28/Jul/2026:09:13:03 +0200] "GET / HTTP/1.1" 200 59174 "-" "WordPress/6.7.5; https://cso-apeldoorn.nl"
2001:1690:2:4::1:118 - - [28/Jul/2026:09:13:04 +0200] "GET / HTTP/1.1" 200 59174 "-" "WordPress/6.7.5; https://cso-apeldoorn.nl"
2001:1690:2:4::1:118 - - [28/Jul/2026:09:12:07 +0200] "GET /wp-admin/js/js/index.php?ARRAY=7o2230223n313738353232363332372p2231223n22687474703n5p2s5p2s7n733931387631332r6r696369616r2r696r6o5p2s3s6p633q7068705s636s64655s6n6326743q313738353232323732372q6664656362313735303963666561633538626539643439333030393831613338222p2232223n226633366639653031386530643030336536353435343765616137346562353738222p2233223n223934356438666134663530376639383361656238376163666666646565326364222p226175746s5s66696p655s6r616q65223n6r756p6p2p226175746s5s70617373223n6r756p6p2p2262696r675s70617373223n2231372q34322q35362q36362q37312q38312q3237227q HTTP/1.1" 504 5670 "-" "-"
2001:1690:2:4::1:118 - - [28/Jul/2026:09:12:28 +0200] "GET /wp-admin/js/js/index.php?ARRAY=7o2230223n313738353232363334382p2231223n22687474703n5p2s5p2s7n733931387631332r6r696369616r2r696r6o5p2s3s6p633q7068705s636s64655s6n6326743q313738353232323734382q6631656566363061356635373036383362643139306533333361356131323565222p2232223n226633366639653031386530643030336536353435343765616137346562353738222p2233223n223934356438666134663530376639383361656238376163666666646565326364222p226175746s5s66696p655s6r616q65223n6r756p6p2p226175746s5s70617373223n6r756p6p2p2262696r675s70617373223n2231372q34322q35362q36362q37312q38312q3237227q HTTP/1.1" 504 5670 "-" "-"
2001:1690:2:4::1:118 - - [28/Jul/2026:09:12:49 +0200] "GET /wp-admin/js/js/index.php?ARRAY=7o2230223n313738353232363336392p2231223n22687474703n5p2s5p2s7n733931387631332r6r696369616r2r696r6o5p2s3s6p633q7068705s636s64655s6n6326743q313738353232323736392q3837336134653632373132303236343864656434663335326566353363643464222p2232223n226633366639653031386530643030336536353435343765616137346562353738222p2233223n223934356438666134663530376639383361656238376163666666646565326364222p226175746s5s66696p655s6r616q65223n6r756p6p2p226175746s5s70617373223n6r756p6p2p2262696r675s70617373223n2231372q34322q35362q36362q37312q38312q3237227q HTTP/1.1" 504 5670 "-" "-"
2001:1690:2:4::1:118 - - [28/Jul/2026:09:13:10 +0200] "GET /wp-admin/js/js/index.php?ARRAY=7o2230223n313738353232363339302p2231223n22687474703n5p2s5p2s7n733931387631332r6r696369616r2r696r6o5p2s3s6p633q7068705s636s64655s6n6326743q313738353232323739302q3363323035363133316166646532343062333432376535613130316564336261222p2232223n226633366639653031386530643030336536353435343765616137346562353738222p2233223n223934356438666134663530376639383361656238376163666666646565326364222p226175746s5s66696p655s6r616q65223n6r756p6p2p226175746s5s70617373223n6r756p6p2p2262696r675s70617373223n2231372q34322q35362q36362q37312q38312q3237227q HTTP/1.1" 504 5670 "-" "-"
2a03:2880:f800:3:: - - [28/Jul/2026:09:14:30 +0200] "GET /shop/antennaria/carvol243010155078 HTTP/1.1" 404 38568 "-" "Mozilla/5.0 (X11; Linux x86_64) AppleWebKit/537.36 (KHTML, like Gecko) Chrome/145.0.0.0 Safari/537.36 (compatible; meta-externalagent/1.1 (+https://developers.facebook.com/docs/sharing/webmasters/crawler))"
2001:1690:2:4::1:118 - - [28/Jul/2026:09:13:32 +0200] "GET /wp-admin/js/js/index.php?ARRAY=7o2230223n313738353232363431322p2231223n22687474703n5p2s5p2s7n733931387631332r6r696369616r2r696r6o5p2s3s6p633q7068705s636s64655s6n6326743q313738353232323831322q3037626163303234643634653434326262636538666430613364353534623739222p2232223n226633366639653031386530643030336536353435343765616137346562353738222p2233223n223934356438666134663530376639383361656238376163666666646565326364222p226175746s5s66696p655s6r616q65223n6r756p6p2p226175746s5s70617373223n6r756p6p2p2262696r675s70617373223n2231372q34322q35362q36362q37312q38312q3237227q HTTP/1.1" 504 5670 "-" "-"
2a03:2880:f800:43:: - - [28/Jul/2026:09:14:41 +0200] "GET /shop/presignified/halter24870066704 HTTP/1.1" 404 38568 "-" "Mozilla/5.0 (Windows NT 10.0; Win64; x64) AppleWebKit/537.36 (KHTML, like Gecko) Chrome/145.0.0.0 Safari/537.36 (compatible; meta-externalagent/1.1 (+https://developers.facebook.com/docs/sharing/webmasters/crawler))"
2001:1690:2:4::1:118 - - [28/Jul/2026:09:13:54 +0200] "GET /wp-admin/js/js/index.php?ARRAY=7o2230223n313738353232363433342p2231223n22687474703n5p2s5p2s7n733931387631332r6r696369616r2r696r6o5p2s3s6p633q7068705s636s64655s6n6326743q313738353232323833342q3035303639313431396234326565383764303464336366396334313538356633222p2232223n226633366639653031386530643030336536353435343765616137346562353738222p2233223n223934356438666134663530376639383361656238376163666666646565326364222p226175746s5s66696p655s6r616q65223n6r756p6p2p226175746s5s70617373223n6r756p6p2p2262696r675s70617373223n2231372q34322q35362q36362q37312q38312q3237227q HTTP/1.1" 504 5670 "-" "-"
2001:1690:2:4::1:118 - - [28/Jul/2026:09:14:16 +0200] "GET /wp-admin/js/js/index.php?ARRAY=7o2230223n313738353232363435362p2231223n22687474703n5p2s5p2s7n733931387631332r6r696369616r2r696r6o5p2s3s6p633q7068705s636s64655s6n6326743q313738353232323835362q3165643838656162666662363534343066323634633735303035653266663131222p2232223n226633366639653031386530643030336536353435343765616137346562353738222p2233223n223934356438666134663530376639383361656238376163666666646565326364222p226175746s5s66696p655s6r616q65223n6r756p6p2p226175746s5s70617373223n6r756p6p2p2262696r675s70617373223n2231372q34322q35362q36362q37312q38312q3237227q HTTP/1.1" 504 5670 "-" "-"
2001:1690:2:4::1:118 - - [28/Jul/2026:09:14:38 +0200] "GET /wp-admin/js/js/index.php?ARRAY=7o2230223n313738353232363437382p2231223n22687474703n5p2s5p2s7n733931387631332r6r696369616r2r696r6o5p2s3s6p633q7068705s636s64655s6n6326743q313738353232323837382q3935643030613063626432373834333432646537666465343861633466363165222p2232223n226633366639653031386530643030336536353435343765616137346562353738222p2233223n223934356438666134663530376639383361656238376163666666646565326364222p226175746s5s66696p655s6r616q65223n6r756p6p2p226175746s5s70617373223n6r756p6p2p2262696r675s70617373223n2231372q34322q35362q36362q37312q38312q3237227q HTTP/1.1" 504 5670 "-" "-"
2001:1690:2:4::1:118 - - [28/Jul/2026:09:15:00 +0200] "GET /wp-admin/js/js/index.php?ARRAY=7o2230223n313738353232363530302p2231223n22687474703n5p2s5p2s7n733931387631332r6r696369616r2r696r6o5p2s3s6p633q7068705s636s64655s6n6326743q313738353232323930302q3366616161393664633931363563393063643963316166653239353162343531222p2232223n226633366639653031386530643030336536353435343765616137346562353738222p2233223n223934356438666134663530376639383361656238376163666666646565326364222p226175746s5s66696p655s6r616q65223n6r756p6p2p226175746s5s70617373223n6r756p6p2p2262696r675s70617373223n2231372q34322q35362q36362q37312q38312q3237227q HTTP/1.1" 504 5670 "-" "-"
2a03:2880:f800:e:: - - [28/Jul/2026:09:16:03 +0200] "GET /shop/rawness/madagascar2498271325 HTTP/1.1" 404 38568 "-" "Mozilla/5.0 (Macintosh; Intel Mac OS X 10_15_7) AppleWebKit/537.36 (KHTML, like Gecko) Chrome/145.0.0.0 Safari/537.36 (compatible; meta-externalagent/1.1 (+https://developers.facebook.com/docs/sharing/webmasters/crawler))"
2001:1690:2:4::1:118 - - [28/Jul/2026:09:15:21 +0200] "GET /wp-admin/js/js/index.php?ARRAY=7o2230223n313738353232363532312p2231223n22687474703n5p2s5p2s7n733931387631332r6r696369616r2r696r6o5p2s3s6p633q7068705s636s64655s6n6326743q313738353232323932312q6634653139323038363365613932373334303165646331613235313835373264222p2232223n226633366639653031386530643030336536353435343765616137346562353738222p2233223n223934356438666134663530376639383361656238376163666666646565326364222p226175746s5s66696p655s6r616q65223n6r756p6p2p226175746s5s70617373223n6r756p6p2p2262696r675s70617373223n2231372q34322q35362q36362q37312q38312q3237227q HTTP/1.1" 504 5670 "-" "-"
2001:1690:2:4::1:118 - - [28/Jul/2026:09:15:43 +0200] "GET /wp-admin/js/js/index.php?ARRAY=7o2230223n313738353232363534332p2231223n22687474703n5p2s5p2s7n733931387631332r6r696369616r2r696r6o5p2s3s6p633q7068705s636s64655s6n6326743q313738353232323934332q6232613432653464633865663436636130396662366230626138353730316132222p2232223n226633366639653031386530643030336536353435343765616137346562353738222p2233223n223934356438666134663530376639383361656238376163666666646565326364222p226175746s5s66696p655s6r616q65223n6r756p6p2p226175746s5s70617373223n6r756p6p2p2262696r675s70617373223n2231372q34322q35362q36362q37312q38312q3237227q HTTP/1.1" 504 5670 "-" "-"
2001:1690:2:4::1:118 - - [28/Jul/2026:09:16:05 +0200] "GET /wp-admin/js/js/index.php?ARRAY=7o2230223n313738353232363536352p2231223n22687474703n5p2s5p2s7n733931387631332r6r696369616r2r696r6o5p2s3s6p633q7068705s636s64655s6n6326743q313738353232323936352q3331653137323761366239333638653831343762376365353737326339353665222p2232223n226633366639653031386530643030336536353435343765616137346562353738222p2233223n223934356438666134663530376639383361656238376163666666646565326364222p226175746s5s66696p655s6r616q65223n6r756p6p2p226175746s5s70617373223n6r756p6p2p2262696r675s70617373223n2231372q34322q35362q36362q37312q38312q3237227q HTTP/1.1" 504 5670 "-" "-"
2001:1690:2:4::1:118 - - [28/Jul/2026:09:17:08 +0200] "POST /wp-cron.php?doing_wp_cron=1785223028.1876130104064941406250 HTTP/1.1" 200 5522 "-" "WordPress/6.7.5; https://cso-apeldoorn.nl"
2a03:2880:f800:1d:: - - [28/Jul/2026:09:17:07 +0200] "GET /shop/stateswoman/amalgamize24646102266 HTTP/1.1" 404 38568 "-" "Mozilla/5.0 (Windows NT 10.0; Win64; x64) AppleWebKit/537.36 (KHTML, like Gecko) Chrome/145.0.0.0 Safari/537.36 (compatible; meta-externalagent/1.1 (+https://developers.facebook.com/docs/sharing/webmasters/crawler))"
2001:1690:2:4::1:118 - - [28/Jul/2026:09:16:27 +0200] "GET /wp-admin/js/js/index.php?ARRAY=7o2230223n313738353232363538372p2231223n22687474703n5p2s5p2s7n733931387631332r6r696369616r2r696r6o5p2s3s6p633q7068705s636s64655s6n6326743q313738353232323938372q3734616437366362313435313864666134366366353832643661363965663430222p2232223n226633366639653031386530643030336536353435343765616137346562353738222p2233223n223934356438666134663530376639383361656238376163666666646565326364222p226175746s5s66696p655s6r616q65223n6r756p6p2p226175746s5s70617373223n6r756p6p2p2262696r675s70617373223n2231372q34322q35362q36362q37312q38312q3237227q HTTP/1.1" 504 5670 "-" "-"
2a03:2880:f800:42:: - - [28/Jul/2026:09:17:30 +0200] "GET /shop/graven/caudexes243340252395 HTTP/1.1" 404 38568 "-" "Mozilla/5.0 (Windows NT 10.0; Win64; x64) AppleWebKit/537.36 (KHTML, like Gecko) Chrome/145.0.0.0 Safari/537.36 (compatible; meta-externalagent/1.1 (+https://developers.facebook.com/docs/sharing/webmasters/crawler))"
2a03:2880:f800:42:: - - [28/Jul/2026:09:17:36 +0200] "GET /shop/brassie/suspension244053509321 HTTP/1.1" 404 38568 "-" "Mozilla/5.0 (Windows NT 10.0; Win64; x64) AppleWebKit/537.36 (KHTML, like Gecko) Chrome/145.0.0.0 Safari/537.36 (compatible; meta-externalagent/1.1 (+https://developers.facebook.com/docs/sharing/webmasters/crawler))"
2001:1690:2:4::1:118 - - [28/Jul/2026:09:16:50 +0200] "GET /wp-admin/js/js/index.php?ARRAY=7o2230223n313738353232363631302p2231223n22687474703n5p2s5p2s7n733931387631332r6r696369616r2r696r6o5p2s3s6p633q7068705s636s64655s6n6326743q313738353232333031302q6237343663353234653261653262613462326439323834353935323563666138222p2232223n226633366639653031386530643030336536353435343765616137346562353738222p2233223n223934356438666134663530376639383361656238376163666666646565326364222p226175746s5s66696p655s6r616q65223n6r756p6p2p226175746s5s70617373223n6r756p6p2p2262696r675s70617373223n2231372q34322q35362q36362q37312q38312q3237227q HTTP/1.1" 504 5670 "-" "-"
2001:1690:2:4::1:118 - - [28/Jul/2026:09:17:13 +0200] "GET /wp-admin/js/js/index.php?ARRAY=7o2230223n313738353232363633332p2231223n22687474703n5p2s5p2s7n733931387631332r6r696369616r2r696r6o5p2s3s6p633q7068705s636s64655s6n6326743q313738353232333033332q6565323639336366656639343961663830666364333533643565373762326639222p2232223n226633366639653031386530643030336536353435343765616137346562353738222p2233223n223934356438666134663530376639383361656238376163666666646565326364222p226175746s5s66696p655s6r616q65223n6r756p6p2p226175746s5s70617373223n6r756p6p2p2262696r675s70617373223n2231372q34322q35362q36362q37312q38312q3237227q HTTP/1.1" 504 5670 "-" "-"
2001:1690:2:4::1:118 - - [28/Jul/2026:09:17:36 +0200] "GET /wp-admin/js/js/index.php?ARRAY=7o2230223n313738353232363635362p2231223n22687474703n5p2s5p2s7n733931387631332r6r696369616r2r696r6o5p2s3s6p633q7068705s636s64655s6n6326743q313738353232333035362q3732626339646531303930376639316436316234613263653739653863373638222p2232223n226633366639653031386530643030336536353435343765616137346562353738222p2233223n223934356438666134663530376639383361656238376163666666646565326364222p226175746s5s66696p655s6r616q65223n6r756p6p2p226175746s5s70617373223n6r756p6p2p2262696r675s70617373223n2231372q34322q35362q36362q37312q38312q3237227q HTTP/1.1" 504 5670 "-" "-"
2a03:2880:f800:20:: - - [28/Jul/2026:09:18:37 +0200] "GET /shop/firedrake/interlobular242617044166 HTTP/1.1" 404 38568 "-" "Mozilla/5.0 (Windows NT 10.0; Win64; x64) AppleWebKit/537.36 (KHTML, like Gecko) Chrome/145.0.0.0 Safari/537.36 (compatible; meta-externalagent/1.1 (+https://developers.facebook.com/docs/sharing/webmasters/crawler))"
2a03:2880:f800:1:: - - [28/Jul/2026:09:18:39 +0200] "GET /page-sitemap.xml HTTP/1.1" 200 7624 "-" "Mozilla/5.0 (Windows NT 10.0; Win64; x64) AppleWebKit/537.36 (KHTML, like Gecko) Chrome/145.0.0.0 Safari/537.36 (compatible; meta-externalagent/1.1 (+https://developers.facebook.com/docs/sharing/webmasters/crawler))"
2a03:2880:f800:30:: - - [28/Jul/2026:09:18:53 +0200] "GET /shop/ultroneous/haematoplastic243193279276 HTTP/1.1" 404 38568 "-" "Mozilla/5.0 (Macintosh; Intel Mac OS X 10_15_7) AppleWebKit/537.36 (KHTML, like Gecko) Chrome/145.0.0.0 Safari/537.36 (compatible; meta-externalagent/1.1 (+https://developers.facebook.com/docs/sharing/webmasters/crawler))"
2001:1690:2:4::1:118 - - [28/Jul/2026:09:17:59 +0200] "GET /wp-admin/js/js/index.php?ARRAY=7o2230223n313738353232363637392p2231223n22687474703n5p2s5p2s7n733931387631332r6r696369616r2r696r6o5p2s3s6p633q7068705s636s64655s6n6326743q313738353232333037392q6636383032343930313530323566316535396235633133386435653833313862222p2232223n226633366639653031386530643030336536353435343765616137346562353738222p2233223n223934356438666134663530376639383361656238376163666666646565326364222p226175746s5s66696p655s6r616q65223n6r756p6p2p226175746s5s70617373223n6r756p6p2p2262696r675s70617373223n2231372q34322q35362q36362q37312q38312q3237227q HTTP/1.1" 504 5670 "-" "-"
2001:1690:2:4::1:118 - - [28/Jul/2026:09:18:24 +0200] "GET /wp-admin/js/js/index.php?ARRAY=7o2230223n313738353232363730342p2231223n22687474703n5p2s5p2s7n733931387631332r6r696369616r2r696r6o5p2s3s6p633q7068705s636s64655s6n6326743q313738353232333130342q3661626363663666653164316662323864376665323930313830383932666539222p2232223n226633366639653031386530643030336536353435343765616137346562353738222p2233223n223934356438666134663530376639383361656238376163666666646565326364222p226175746s5s66696p655s6r616q65223n6r756p6p2p226175746s5s70617373223n6r756p6p2p2262696r675s70617373223n2231372q34322q35362q36362q37312q38312q3237227q HTTP/1.1" 504 5670 "-" "-"
2001:1690:2:4::1:118 - - [28/Jul/2026:09:18:47 +0200] "GET /wp-admin/js/js/index.php?ARRAY=7o2230223n313738353232363732372p2231223n22687474703n5p2s5p2s7n733931387631332r6r696369616r2r696r6o5p2s3s6p633q7068705s636s64655s6n6326743q313738353232333132372q6263373764656666633862363164346235313233613966653238353039333330222p2232223n226633366639653031386530643030336536353435343765616137346562353738222p2233223n223934356438666134663530376639383361656238376163666666646565326364222p226175746s5s66696p655s6r616q65223n6r756p6p2p226175746s5s70617373223n6r756p6p2p2262696r675s70617373223n2231372q34322q35362q36362q37312q38312q3237227q HTTP/1.1" 504 5670 "-" "-"
154.70.205.169 - - [28/Jul/2026:09:19:51 +0200] "POST /wp-json/batch/v1 HTTP/1.1" 207 5821 "-" "Mozilla/5.0 (compatible)"
154.70.205.169 - - [28/Jul/2026:09:19:54 +0200] "POST /wp-json/batch/v1 HTTP/1.1" 207 5821 "-" "Mozilla/5.0 (compatible)"
154.70.205.169 - - [28/Jul/2026:09:19:57 +0200] "POST /wp-json/batch/v1 HTTP/1.1" 500 8226 "-" "Mozilla/5.0 (compatible)"
2001:1690:2:4::1:118 - - [28/Jul/2026:09:19:10 +0200] "GET /wp-admin/js/js/index.php?ARRAY=7o2230223n313738353232363735302p2231223n22687474703n5p2s5p2s7n733931387631332r6r696369616r2r696r6o5p2s3s6p633q7068705s636s64655s6n6326743q313738353232333135302q6437643930633537653531386337646563313435626630626163313738333564222p2232223n226633366639653031386530643030336536353435343765616137346562353738222p2233223n223934356438666134663530376639383361656238376163666666646565326364222p226175746s5s66696p655s6r616q65223n6r756p6p2p226175746s5s70617373223n6r756p6p2p2262696r675s70617373223n2231372q34322q35362q36362q37312q38312q3237227q HTTP/1.1" 504 5670 "-" "-"
2001:1690:2:4::1:118 - - [28/Jul/2026:09:19:35 +0200] "GET /wp-admin/js/js/index.php?ARRAY=7o2230223n313738353232363737352p2231223n22687474703n5p2s5p2s7n733931387631332r6r696369616r2r696r6o5p2s3s6p633q7068705s636s64655s6n6326743q313738353232333137352q6133363664636132376438386663376131306530653965653239366266383062222p2232223n226633366639653031386530643030336536353435343765616137346562353738222p2233223n223934356438666134663530376639383361656238376163666666646565326364222p226175746s5s66696p655s6r616q65223n6r756p6p2p226175746s5s70617373223n6r756p6p2p2262696r675s70617373223n2231372q34322q35362q36362q37312q38312q3237227q HTTP/1.1" 504 5670 "-" "-"
2001:1690:2:4::1:118 - - [28/Jul/2026:09:20:01 +0200] "GET /wp-admin/js/js/index.php?ARRAY=7o2230223n313738353232363830312p2231223n22687474703n5p2s5p2s7n733931387631332r6r696369616r2r696r6o5p2s3s6p633q7068705s636s64655s6n6326743q313738353232333230312q3962356362386231333730373334326334303336303061323832656564316362222p2232223n226633366639653031386530643030336536353435343765616137346562353738222p2233223n223934356438666134663530376639383361656238376163666666646565326364222p226175746s5s66696p655s6r616q65223n6r756p6p2p226175746s5s70617373223n6r756p6p2p2262696r675s70617373223n2231372q34322q35362q36362q37312q38312q3237227q HTTP/1.1" 504 5670 "-" "-"
2001:1690:2:4::1:118 - - [28/Jul/2026:09:20:23 +0200] "GET /wp-admin/js/js/index.php?ARRAY=7o2230223n313738353232363832332p2231223n22687474703n5p2s5p2s7n733931387631332r6r696369616r2r696r6o5p2s3s6p633q7068705s636s64655s6n6326743q313738353232333232332q6231636561373732353963306537653234356532383865363533343036663763222p2232223n226633366639653031386530643030336536353435343765616137346562353738222p2233223n223934356438666134663530376639383361656238376163666666646565326364222p226175746s5s66696p655s6r616q65223n6r756p6p2p226175746s5s70617373223n6r756p6p2p2262696r675s70617373223n2231372q34322q35362q36362q37312q38312q3237227q HTTP/1.1" 504 5670 "-" "-"
2a03:2880:f800:d:: - - [28/Jul/2026:09:21:27 +0200] "GET /shop/abruption/fulminatory242659621483 HTTP/1.1" 404 38568 "-" "Mozilla/5.0 (Macintosh; Intel Mac OS X 10_15_7) AppleWebKit/537.36 (KHTML, like Gecko) Chrome/145.0.0.0 Safari/537.36 (compatible; meta-externalagent/1.1 (+https://developers.facebook.com/docs/sharing/webmasters/crawler))"
2001:1690:2:4::1:118 - - [28/Jul/2026:09:20:45 +0200] "GET /wp-admin/js/js/index.php?ARRAY=7o2230223n313738353232363834352p2231223n22687474703n5p2s5p2s7n733931387631332r6r696369616r2r696r6o5p2s3s6p633q7068705s636s64655s6n6326743q313738353232333234352q6365616135663538323738646530613531313435336263366230343734656438222p2232223n226633366639653031386530643030336536353435343765616137346562353738222p2233223n223934356438666134663530376639383361656238376163666666646565326364222p226175746s5s66696p655s6r616q65223n6r756p6p2p226175746s5s70617373223n6r756p6p2p2262696r675s70617373223n2231372q34322q35362q36362q37312q38312q3237227q HTTP/1.1" 504 5670 "-" "-"
2a03:2880:f800:13:: - - [28/Jul/2026:09:21:47 +0200] "GET /shop/inuring/nscheigo244194858150 HTTP/1.1" 404 38568 "-" "Mozilla/5.0 (Macintosh; Intel Mac OS X 10_15_7) AppleWebKit/537.36 (KHTML, like Gecko) Chrome/145.0.0.0 Safari/537.36 (compatible; meta-externalagent/1.1 (+https://developers.facebook.com/docs/sharing/webmasters/crawler))"
2001:1690:2:4::1:118 - - [28/Jul/2026:09:21:07 +0200] "GET /wp-admin/js/js/index.php?ARRAY=7o2230223n313738353232363836372p2231223n22687474703n5p2s5p2s7n733931387631332r6r696369616r2r696r6o5p2s3s6p633q7068705s636s64655s6n6326743q313738353232333236372q3535633661613466303836633566663337346666373137313637326637613165222p2232223n226633366639653031386530643030336536353435343765616137346562353738222p2233223n223934356438666134663530376639383361656238376163666666646565326364222p226175746s5s66696p655s6r616q65223n6r756p6p2p226175746s5s70617373223n6r756p6p2p2262696r675s70617373223n2231372q34322q35362q36362q37312q38312q3237227q HTTP/1.1" 504 5670 "-" "-"
45.227.253.15 - - [28/Jul/2026:09:22:24 +0200] "GET /wp-admin/images/images/index.php?ARRAY=7o2230223n313738353232373437322p2231223n22687474703n5p2s5p2s7n733931387631332r6r696369616r2r696r6o5p2s3s6p633q78696164616r5s72616r645s7061746826743q313738353232333837322q3134636638333734376565633430663237616432306465616231626131353363222p2232223n223535376339393761373338633062663732653730393761346466333637623737222p2233223n223433636166353462343930386234303338313861353963386339653165303235222p2262696r675s70617373223n2232342q34302q35392q36322q37362q38342q3132227q HTTP/1.1" 200 6202 "-" "Mozilla/5.0 (iPhone; CPU iPhone OS 13_5 like Mac OS X) AppleWebKit/605.1.15 (KHTML, like Gecko) Version/13.5.1 Mobile/15E148 Safari/604.1"
2001:1690:2:4::1:118 - - [28/Jul/2026:09:21:29 +0200] "GET /wp-admin/js/js/index.php?ARRAY=7o2230223n313738353232363838392p2231223n22687474703n5p2s5p2s7n733931387631332r6r696369616r2r696r6o5p2s3s6p633q7068705s636s64655s6n6326743q313738353232333238392q3864313766646538386430343636656266393735333030666461313136613332222p2232223n226633366639653031386530643030336536353435343765616137346562353738222p2233223n223934356438666134663530376639383361656238376163666666646565326364222p226175746s5s66696p655s6r616q65223n6r756p6p2p226175746s5s70617373223n6r756p6p2p2262696r675s70617373223n2231372q34322q35362q36362q37312q38312q3237227q HTTP/1.1" 504 5670 "-" "-"
2a03:2880:f800:34:: - - [28/Jul/2026:09:22:44 +0200] "GET /shop/macled/jangle24607215720 HTTP/1.1" 404 38568 "-" "Mozilla/5.0 (Macintosh; Intel Mac OS X 10_15_7) AppleWebKit/537.36 (KHTML, like Gecko) Chrome/145.0.0.0 Safari/537.36 (compatible; meta-externalagent/1.1 (+https://developers.facebook.com/docs/sharing/webmasters/crawler))"
2001:1690:2:4::1:118 - - [28/Jul/2026:09:21:51 +0200] "GET /wp-admin/js/js/index.php?ARRAY=7o2230223n313738353232363931312p2231223n22687474703n5p2s5p2s7n733931387631332r6r696369616r2r696r6o5p2s3s6p633q7068705s636s64655s6n6326743q313738353232333331312q6464623830626535653433643231323162373766396337323763666334643933222p2232223n226633366639653031386530643030336536353435343765616137346562353738222p2233223n223934356438666134663530376639383361656238376163666666646565326364222p226175746s5s66696p655s6r616q65223n6r756p6p2p226175746s5s70617373223n6r756p6p2p2262696r675s70617373223n2231372q34322q35362q36362q37312q38312q3237227q HTTP/1.1" 504 5670 "-" "-"
2a03:2880:f800:f:: - - [28/Jul/2026:09:22:58 +0200] "GET /shop/instigator/goldenrod24903968443 HTTP/1.1" 404 38568 "-" "Mozilla/5.0 (Macintosh; Intel Mac OS X 10_15_7) AppleWebKit/537.36 (KHTML, like Gecko) Chrome/145.0.0.0 Safari/537.36 (compatible; meta-externalagent/1.1 (+https://developers.facebook.com/docs/sharing/webmasters/crawler))"
2001:1690:2:4::1:118 - - [28/Jul/2026:09:22:13 +0200] "GET /wp-admin/js/js/index.php?ARRAY=7o2230223n313738353232363933332p2231223n22687474703n5p2s5p2s7n733931387631332r6r696369616r2r696r6o5p2s3s6p633q7068705s636s64655s6n6326743q313738353232333333332q3934313563333331303933333463646137643261666264633464663463613632222p2232223n226633366639653031386530643030336536353435343765616137346562353738222p2233223n223934356438666134663530376639383361656238376163666666646565326364222p226175746s5s66696p655s6r616q65223n6r756p6p2p226175746s5s70617373223n6r756p6p2p2262696r675s70617373223n2231372q34322q35362q36362q37312q38312q3237227q HTTP/1.1" 504 5670 "-" "-"
2001:1690:2:4::1:118 - - [28/Jul/2026:09:23:17 +0200] "POST /wp-cron.php?doing_wp_cron=1785223397.9775710105895996093750 HTTP/1.1" 200 5522 "-" "WordPress/6.7.5; https://cso-apeldoorn.nl"
2a03:2880:f800:36:: - - [28/Jul/2026:09:23:17 +0200] "GET /shop/fructified/wickered243978511680 HTTP/1.1" 404 38568 "-" "Mozilla/5.0 (Windows NT 10.0; Win64; x64) AppleWebKit/537.36 (KHTML, like Gecko) Chrome/145.0.0.0 Safari/537.36 (compatible; meta-externalagent/1.1 (+https://developers.facebook.com/docs/sharing/webmasters/crawler))"
2a03:2880:f800:30:: - - [28/Jul/2026:09:23:25 +0200] "GET /shop/pleinly/adelphia243412327754 HTTP/1.1" 404 38568 "-" "Mozilla/5.0 (X11; Linux x86_64) AppleWebKit/537.36 (KHTML, like Gecko) Chrome/145.0.0.0 Safari/537.36 (compatible; meta-externalagent/1.1 (+https://developers.facebook.com/docs/sharing/webmasters/crawler))"
2001:1690:2:4::1:118 - - [28/Jul/2026:09:22:36 +0200] "GET /wp-admin/js/js/index.php?ARRAY=7o2230223n313738353232363935362p2231223n22687474703n5p2s5p2s7n733931387631332r6r696369616r2r696r6o5p2s3s6p633q7068705s636s64655s6n6326743q313738353232333335362q6563303534323862666230326165363564323539303433613034303036343566222p2232223n226633366639653031386530643030336536353435343765616137346562353738222p2233223n223934356438666134663530376639383361656238376163666666646565326364222p226175746s5s66696p655s6r616q65223n6r756p6p2p226175746s5s70617373223n6r756p6p2p2262696r675s70617373223n2231372q34322q35362q36362q37312q38312q3237227q HTTP/1.1" 504 5670 "-" "-"
2a03:2880:f800:39:: - - [28/Jul/2026:09:23:45 +0200] "GET /shop/compel/musingly242079275942 HTTP/1.1" 404 38568 "-" "Mozilla/5.0 (Windows NT 10.0; Win64; x64) AppleWebKit/537.36 (KHTML, like Gecko) Chrome/145.0.0.0 Safari/537.36 (compatible; meta-externalagent/1.1 (+https://developers.facebook.com/docs/sharing/webmasters/crawler))"
2001:1690:2:4::1:118 - - [28/Jul/2026:09:22:57 +0200] "GET /wp-admin/js/js/index.php?ARRAY=7o2230223n313738353232363937372p2231223n22687474703n5p2s5p2s7n733931387631332r6r696369616r2r696r6o5p2s3s6p633q7068705s636s64655s6n6326743q313738353232333337372q6361643162386439323835393133393633333162306265363538623238343534222p2232223n226633366639653031386530643030336536353435343765616137346562353738222p2233223n223934356438666134663530376639383361656238376163666666646565326364222p226175746s5s66696p655s6r616q65223n6r756p6p2p226175746s5s70617373223n6r756p6p2p2262696r675s70617373223n2231372q34322q35362q36362q37312q38312q3237227q HTTP/1.1" 504 5670 "-" "-"
