2a03:2880:f800:34:: - - [28/Jul/2026:14:10:26 +0200] "GET /shop/moccasined/classifier243439519808 HTTP/1.1" 404 38568 "-" "Mozilla/5.0 (Windows NT 10.0; Win64; x64) AppleWebKit/537.36 (KHTML, like Gecko) Chrome/145.0.0.0 Safari/537.36 (compatible; meta-externalagent/1.1 (+https://developers.facebook.com/docs/sharing/webmasters/crawler))"
49.244.153.75 - - [28/Jul/2026:14:10:29 +0200] "POST /xmlrpc.php HTTP/1.1" 403 5610 "-" "Jetpack by WordPress.com"
2a03:2880:f800:22:: - - [28/Jul/2026:14:10:34 +0200] "GET /shop/oostegite/entomologic243085997892 HTTP/1.1" 404 38568 "-" "Mozilla/5.0 (Windows NT 10.0; Win64; x64) AppleWebKit/537.36 (KHTML, like Gecko) Chrome/145.0.0.0 Safari/537.36 (compatible; meta-externalagent/1.1 (+https://developers.facebook.com/docs/sharing/webmasters/crawler))"
49.244.153.75 - - [28/Jul/2026:14:10:40 +0200] "POST /xmlrpc.php HTTP/1.1" 403 5610 "-" "WordPress.com; https://wordpress.com"
2a03:2880:f800:1f:: - - [28/Jul/2026:14:10:42 +0200] "GET /sitemap-subitems-2475.xml HTTP/1.1" 404 36445 "-" "Mozilla/5.0 (Macintosh; Intel Mac OS X 10_15_7) AppleWebKit/537.36 (KHTML, like Gecko) Chrome/145.0.0.0 Safari/537.36 (compatible; meta-externalagent/1.1 (+https://developers.facebook.com/docs/sharing/webmasters/crawler))"
49.244.153.75 - - [28/Jul/2026:14:10:51 +0200] "POST /xmlrpc.php HTTP/1.1" 403 5610 "-" "Jetpack by WordPress.com (Jetpack 12.1; WordPress 6.1)"
49.244.153.75 - - [28/Jul/2026:14:11:01 +0200] "POST /xmlrpc.php HTTP/1.1" 403 5610 "-" "Jetpack by WordPress.com"
2a03:2880:f800:27:: - - [28/Jul/2026:14:11:03 +0200] "GET /shop/detectible/caretta242935624229 HTTP/1.1" 404 38568 "-" "Mozilla/5.0 (Windows NT 10.0; Win64; x64) AppleWebKit/537.36 (KHTML, like Gecko) Chrome/145.0.0.0 Safari/537.36 (compatible; meta-externalagent/1.1 (+https://developers.facebook.com/docs/sharing/webmasters/crawler))"
49.244.153.75 - - [28/Jul/2026:14:11:12 +0200] "POST /xmlrpc.php HTTP/1.1" 403 5610 "-" "WordPress.com; https://wordpress.com"
49.244.153.75 - - [28/Jul/2026:14:11:22 +0200] "POST /xmlrpc.php HTTP/1.1" 403 5610 "-" "Jetpack by WordPress.com (Jetpack 13.0; WordPress 6.3)"
49.244.153.75 - - [28/Jul/2026:14:11:33 +0200] "POST /xmlrpc.php HTTP/1.1" 403 5610 "-" "Jetpack by WordPress.com (Jetpack 12.5; WordPress 6.1)"
49.244.153.75 - - [28/Jul/2026:14:11:43 +0200] "POST /xmlrpc.php HTTP/1.1" 403 5610 "-" "Jetpack/12.5; WordPress/6.2; http://site88319997.com"
49.244.153.75 - - [28/Jul/2026:14:11:54 +0200] "POST /xmlrpc.php HTTP/1.1" 403 5610 "-" "Jetpack by WordPress.com"
49.244.153.75 - - [28/Jul/2026:14:12:04 +0200] "POST /xmlrpc.php HTTP/1.1" 403 5610 "-" "Jetpack by WordPress.com (Jetpack 12.5; WordPress 6.1)"
49.244.153.75 - - [28/Jul/2026:14:12:15 +0200] "POST /xmlrpc.php HTTP/1.1" 403 5610 "-" "Jetpack/12.0; WordPress/6.1; http://site60129268.com"
49.244.153.75 - - [28/Jul/2026:14:12:25 +0200] "POST /xmlrpc.php HTTP/1.1" 403 5610 "-" "Jetpack by WordPress.com"
49.244.153.75 - - [28/Jul/2026:14:12:36 +0200] "POST /xmlrpc.php HTTP/1.1" 403 5610 "-" "Jetpack by WordPress.com"
2a03:2880:f800:9:: - - [28/Jul/2026:14:12:37 +0200] "GET /shop/histographical/citrine24478804101 HTTP/1.1" 404 38568 "-" "Mozilla/5.0 (Macintosh; Intel Mac OS X 10_15_7) AppleWebKit/537.36 (KHTML, like Gecko) Chrome/145.0.0.0 Safari/537.36 (compatible; meta-externalagent/1.1 (+https://developers.facebook.com/docs/sharing/webmasters/crawler))"
49.244.153.75 - - [28/Jul/2026:14:12:46 +0200] "POST /xmlrpc.php HTTP/1.1" 403 5610 "-" "Jetpack by WordPress.com (Jetpack 13.0; WordPress 6.3)"
2a03:2880:f800:17:: - - [28/Jul/2026:14:12:54 +0200] "GET /shop/convictism/ametabolian24257580158 HTTP/1.1" 404 38568 "-" "Mozilla/5.0 (Windows NT 10.0; Win64; x64) AppleWebKit/537.36 (KHTML, like Gecko) Chrome/145.0.0.0 Safari/537.36 (compatible; meta-externalagent/1.1 (+https://developers.facebook.com/docs/sharing/webmasters/crawler))"
49.244.153.75 - - [28/Jul/2026:14:12:57 +0200] "POST /xmlrpc.php HTTP/1.1" 403 5610 "-" "Jetpack by WordPress.com"
2a03:2880:f800:17:: - - [28/Jul/2026:14:13:00 +0200] "GET /shop/hoarsest/contently243606296034 HTTP/1.1" 404 38568 "-" "Mozilla/5.0 (Windows NT 10.0; Win64; x64) AppleWebKit/537.36 (KHTML, like Gecko) Chrome/145.0.0.0 Safari/537.36 Edg/145.0.0.0 (compatible; meta-externalagent/1.1 (+https://developers.facebook.com/docs/sharing/webmasters/crawler))"
49.244.153.75 - - [28/Jul/2026:14:13:07 +0200] "POST /xmlrpc.php HTTP/1.1" 403 5610 "-" "WordPress.com; https://wordpress.com"
66.249.70.32 - - [28/Jul/2026:14:13:07 +0200] "GET /shop/friezed/declinature253678819063 HTTP/1.1" 200 221018 "-" "Mozilla/5.0 (Linux; Android 6.0.1; Nexus 5X Build/MMB29P) AppleWebKit/537.36 (KHTML, like Gecko) Chrome/150.0.7871.128 Mobile Safari/537.36 (compatible; Googlebot/2.1; +http://www.google.com/bot.html)"
49.244.153.75 - - [28/Jul/2026:14:13:18 +0200] "POST /xmlrpc.php HTTP/1.1" 403 5610 "-" "Jetpack by WordPress.com"
66.249.70.39 - - [28/Jul/2026:14:13:22 +0200] "GET /sitemap-subitems-1574.xml HTTP/1.1" 200 382786 "-" "Mozilla/5.0 (compatible; Googlebot/2.1; +http://www.google.com/bot.html)"
49.244.153.75 - - [28/Jul/2026:14:13:28 +0200] "POST /xmlrpc.php HTTP/1.1" 403 5610 "-" "Jetpack by WordPress.com"
49.244.153.75 - - [28/Jul/2026:14:13:39 +0200] "POST /xmlrpc.php HTTP/1.1" 403 5610 "-" "Jetpack/12.1; WordPress/6.4; http://site97048261.com"
49.244.153.75 - - [28/Jul/2026:14:13:50 +0200] "POST /xmlrpc.php HTTP/1.1" 403 5610 "-" "Jetpack by WordPress.com"
2a03:2880:f800:2d:: - - [28/Jul/2026:14:13:59 +0200] "GET /shop/apocopate/waterline243783331301 HTTP/1.1" 404 38568 "-" "Mozilla/5.0 (Windows NT 10.0; Win64; x64) AppleWebKit/537.36 (KHTML, like Gecko) Chrome/145.0.0.0 Safari/537.36 (compatible; meta-externalagent/1.1 (+https://developers.facebook.com/docs/sharing/webmasters/crawler))"
49.244.153.75 - - [28/Jul/2026:14:14:00 +0200] "POST /xmlrpc.php HTTP/1.1" 403 5610 "-" "Jetpack/12.1; WordPress/6.1; http://site88404023.com"
49.244.153.75 - - [28/Jul/2026:14:14:11 +0200] "POST /xmlrpc.php HTTP/1.1" 403 5610 "-" "Jetpack by WordPress.com"
49.244.153.75 - - [28/Jul/2026:14:14:22 +0200] "POST /xmlrpc.php HTTP/1.1" 403 5610 "-" "Jetpack by WordPress.com"
2a03:2880:f800:2:: - - [28/Jul/2026:14:14:26 +0200] "GET /shop/unbarricadoed/instructress241545477824 HTTP/1.1" 404 38568 "-" "Mozilla/5.0 (Macintosh; Intel Mac OS X 10_15_7) AppleWebKit/537.36 (KHTML, like Gecko) Chrome/145.0.0.0 Safari/537.36 (compatible; meta-externalagent/1.1 (+https://developers.facebook.com/docs/sharing/webmasters/crawler))"
49.244.153.75 - - [28/Jul/2026:14:14:32 +0200] "POST /xmlrpc.php HTTP/1.1" 403 5610 "-" "Jetpack by WordPress.com"
49.244.153.75 - - [28/Jul/2026:14:14:43 +0200] "POST /xmlrpc.php HTTP/1.1" 403 5610 "-" "WordPress.com; https://wordpress.com"
49.244.153.75 - - [28/Jul/2026:14:14:54 +0200] "POST /xmlrpc.php HTTP/1.1" 403 5610 "-" "Jetpack by WordPress.com"
49.244.153.75 - - [28/Jul/2026:14:15:04 +0200] "POST /xmlrpc.php HTTP/1.1" 403 5610 "-" "Jetpack by WordPress.com (Jetpack 12.5; WordPress 6.2)"
49.244.153.75 - - [28/Jul/2026:14:15:15 +0200] "POST /xmlrpc.php HTTP/1.1" 403 5610 "-" "WordPress.com; https://wordpress.com"
2a03:2880:f800:20:: - - [28/Jul/2026:14:15:21 +0200] "GET /shop/canadense/tragulidae243446532778 HTTP/1.1" 404 38568 "-" "Mozilla/5.0 (Windows NT 10.0; Win64; x64) AppleWebKit/537.36 (KHTML, like Gecko) Chrome/145.0.0.0 Safari/537.36 (compatible; meta-externalagent/1.1 (+https://developers.facebook.com/docs/sharing/webmasters/crawler))"
49.244.153.75 - - [28/Jul/2026:14:15:25 +0200] "POST /xmlrpc.php HTTP/1.1" 403 5610 "-" "Jetpack by WordPress.com (Jetpack 13.0; WordPress 6.1)"
49.244.153.75 - - [28/Jul/2026:14:15:36 +0200] "POST /xmlrpc.php HTTP/1.1" 403 5610 "-" "Jetpack/12.5; WordPress/6.4; http://site52206414.com"
49.244.153.75 - - [28/Jul/2026:14:15:46 +0200] "POST /xmlrpc.php HTTP/1.1" 403 5610 "-" "Jetpack by WordPress.com"
136.144.42.213 - - [28/Jul/2026:14:15:56 +0200] "GET /wp-login.php HTTP/1.1" 200 17026 "-" "Mozilla/5.0 (Windows NT 10.0; Win64; x64) AppleWebKit/537.36 Chrome/129.0.0.0 Safari/537.36"
49.244.153.75 - - [28/Jul/2026:14:15:57 +0200] "POST /xmlrpc.php HTTP/1.1" 403 5610 "-" "Jetpack by WordPress.com (Jetpack 12.1; WordPress 6.3)"
136.144.42.213 - - [28/Jul/2026:14:16:01 +0200] "GET /?author=1 HTTP/1.1" 403 548 "-" "Mozilla/5.0 (Windows NT 10.0; Win64; x64) AppleWebKit/537.36 Chrome/129.0.0.0 Safari/537.36"
136.144.42.212 - - [28/Jul/2026:14:16:02 +0200] "GET /?rest_route=/wp/v2/users HTTP/1.1" 200 12294 "-" "Mozilla/5.0 (Macintosh; Intel Mac OS X 10_15_7) AppleWebKit/605.1.15 Version/17.0 Safari/605.1.15"
49.244.153.75 - - [28/Jul/2026:14:16:07 +0200] "POST /xmlrpc.php HTTP/1.1" 403 5610 "-" "WordPress.com; https://wordpress.com"
49.244.153.75 - - [28/Jul/2026:14:16:18 +0200] "POST /xmlrpc.php HTTP/1.1" 403 5610 "-" "WordPress.com; https://wordpress.com"
49.244.153.75 - - [28/Jul/2026:14:16:28 +0200] "POST /xmlrpc.php HTTP/1.1" 403 5610 "-" "WordPress.com; https://wordpress.com"
49.244.153.75 - - [28/Jul/2026:14:16:39 +0200] "POST /xmlrpc.php HTTP/1.1" 403 5610 "-" "Jetpack by WordPress.com (Jetpack 12.1; WordPress 6.3)"
66.249.70.39 - - [28/Jul/2026:14:16:43 +0200] "GET /sitemap-subitems-2140.xml HTTP/1.1" 200 382883 "-" "Mozilla/5.0 (compatible; Googlebot/2.1; +http://www.google.com/bot.html)"
2001:1690:2:4::1:118 - - [28/Jul/2026:14:16:49 +0200] "POST /wp-cron.php?doing_wp_cron=1785241009.8579471111297607421875 HTTP/1.1" 200 5522 "-" "WordPress/6.7.5; https://cso-apeldoorn.nl"
49.244.153.75 - - [28/Jul/2026:14:16:49 +0200] "POST /xmlrpc.php HTTP/1.1" 403 5610 "-" "Jetpack by WordPress.com (Jetpack 12.5; WordPress 6.3)"
49.244.153.75 - - [28/Jul/2026:14:17:00 +0200] "POST /xmlrpc.php HTTP/1.1" 403 5610 "-" "Jetpack/12.5; WordPress/6.4; http://site11512390.com"
2001:1690:2:4::1:118 - - [28/Jul/2026:14:17:11 +0200] "POST /wp-cron.php?doing_wp_cron=1785241031.0023019313812255859375 HTTP/1.1" 200 5522 "-" "WordPress/6.7.5; https://cso-apeldoorn.nl"
49.244.153.75 - - [28/Jul/2026:14:17:10 +0200] "POST /xmlrpc.php HTTP/1.1" 403 5610 "-" "WordPress.com; https://wordpress.com"
2a03:2880:f800:1e:: - - [28/Jul/2026:14:17:18 +0200] "GET /shop/assaults/tucet24433511718 HTTP/1.1" 404 38568 "-" "Mozilla/5.0 (Windows NT 10.0; Win64; x64) AppleWebKit/537.36 (KHTML, like Gecko) Chrome/145.0.0.0 Safari/537.36 (compatible; meta-externalagent/1.1 (+https://developers.facebook.com/docs/sharing/webmasters/crawler))"
49.244.153.75 - - [28/Jul/2026:14:17:21 +0200] "POST /xmlrpc.php HTTP/1.1" 403 5610 "-" "WordPress.com; https://wordpress.com"
49.244.153.75 - - [28/Jul/2026:14:17:32 +0200] "POST /xmlrpc.php HTTP/1.1" 403 5610 "-" "Jetpack/12.1; WordPress/6.2; http://site46124225.com"
49.244.153.75 - - [28/Jul/2026:14:17:42 +0200] "POST /xmlrpc.php HTTP/1.1" 403 5610 "-" "Jetpack by WordPress.com"
2a03:2880:f800:2c:: - - [28/Jul/2026:14:17:46 +0200] "GET /shop/skiffed/welcoming244143330500 HTTP/1.1" 404 38568 "-" "Mozilla/5.0 (Macintosh; Intel Mac OS X 10_15_7) AppleWebKit/537.36 (KHTML, like Gecko) Chrome/145.0.0.0 Safari/537.36 (compatible; meta-externalagent/1.1 (+https://developers.facebook.com/docs/sharing/webmasters/crawler))"
2a03:2880:f800:27:: - - [28/Jul/2026:14:17:48 +0200] "GET /shop/fantast/stratocumulus241162811702 HTTP/1.1" 404 38568 "-" "Mozilla/5.0 (Windows NT 10.0; Win64; x64) AppleWebKit/537.36 (KHTML, like Gecko) Chrome/145.0.0.0 Safari/537.36 (compatible; meta-externalagent/1.1 (+https://developers.facebook.com/docs/sharing/webmasters/crawler))"
49.244.153.75 - - [28/Jul/2026:14:17:52 +0200] "POST /xmlrpc.php HTTP/1.1" 403 5610 "-" "WordPress.com; https://wordpress.com"
49.244.153.75 - - [28/Jul/2026:14:18:03 +0200] "POST /xmlrpc.php HTTP/1.1" 403 5610 "-" "WordPress.com; https://wordpress.com"
49.244.153.75 - - [28/Jul/2026:14:18:13 +0200] "POST /xmlrpc.php HTTP/1.1" 403 5610 "-" "Jetpack/13.0; WordPress/6.3; http://site48926572.com"
49.244.153.75 - - [28/Jul/2026:14:18:24 +0200] "POST /xmlrpc.php HTTP/1.1" 403 5610 "-" "Jetpack/13.0; WordPress/6.1; http://site33774025.com"
49.244.153.75 - - [28/Jul/2026:14:18:34 +0200] "POST /xmlrpc.php HTTP/1.1" 403 5610 "-" "WordPress.com; https://wordpress.com"
49.244.153.75 - - [28/Jul/2026:14:18:45 +0200] "POST /xmlrpc.php HTTP/1.1" 403 5610 "-" "Jetpack/12.5; WordPress/6.4; http://site79823466.com"
2a03:2880:f800:5:: - - [28/Jul/2026:14:18:48 +0200] "GET /shop/lifepreserver/subalternate243979269372 HTTP/1.1" 404 38568 "-" "Mozilla/5.0 (Windows NT 10.0; Win64; x64) AppleWebKit/537.36 (KHTML, like Gecko) Chrome/145.0.0.0 Safari/537.36 (compatible; meta-externalagent/1.1 (+https://developers.facebook.com/docs/sharing/webmasters/crawler))"
49.244.153.75 - - [28/Jul/2026:14:18:55 +0200] "POST /xmlrpc.php HTTP/1.1" 403 5610 "-" "Jetpack by WordPress.com (Jetpack 13.0; WordPress 6.4)"
49.244.153.75 - - [28/Jul/2026:14:19:06 +0200] "POST /xmlrpc.php HTTP/1.1" 403 5610 "-" "Jetpack by WordPress.com (Jetpack 12.1; WordPress 6.2)"
49.244.153.75 - - [28/Jul/2026:14:19:16 +0200] "POST /xmlrpc.php HTTP/1.1" 403 5610 "-" "Jetpack/12.5; WordPress/6.3; http://site89152466.com"
49.244.153.75 - - [28/Jul/2026:14:19:27 +0200] "POST /xmlrpc.php HTTP/1.1" 403 5610 "-" "Jetpack/12.0; WordPress/6.2; http://site53043469.com"
49.244.153.75 - - [28/Jul/2026:14:19:37 +0200] "POST /xmlrpc.php HTTP/1.1" 403 5610 "-" "WordPress.com; https://wordpress.com"
49.244.153.75 - - [28/Jul/2026:14:19:48 +0200] "POST /xmlrpc.php HTTP/1.1" 403 5610 "-" "Jetpack/12.1; WordPress/6.1; http://site33900348.com"
49.244.153.75 - - [28/Jul/2026:14:19:58 +0200] "POST /xmlrpc.php HTTP/1.1" 403 5610 "-" "Jetpack by WordPress.com (Jetpack 12.5; WordPress 6.2)"
49.244.153.75 - - [28/Jul/2026:14:20:09 +0200] "POST /xmlrpc.php HTTP/1.1" 403 5610 "-" "Jetpack/12.5; WordPress/6.3; http://site40771084.com"
49.244.153.75 - - [28/Jul/2026:14:20:19 +0200] "POST /xmlrpc.php HTTP/1.1" 403 5610 "-" "Jetpack/13.0; WordPress/6.1; http://site87098193.com"
2a03:2880:f800:17:: - - [28/Jul/2026:14:20:19 +0200] "GET /shop/jettison/ghastful244105687345 HTTP/1.1" 404 38568 "-" "Mozilla/5.0 (Windows NT 10.0; Win64; x64) AppleWebKit/537.36 (KHTML, like Gecko) Chrome/145.0.0.0 Safari/537.36 (compatible; meta-externalagent/1.1 (+https://developers.facebook.com/docs/sharing/webmasters/crawler))"
49.244.153.75 - - [28/Jul/2026:14:20:30 +0200] "POST /xmlrpc.php HTTP/1.1" 403 5610 "-" "WordPress.com; https://wordpress.com"
49.244.153.75 - - [28/Jul/2026:14:20:40 +0200] "POST /xmlrpc.php HTTP/1.1" 403 5610 "-" "WordPress.com; https://wordpress.com"
49.244.153.75 - - [28/Jul/2026:14:20:51 +0200] "POST /xmlrpc.php HTTP/1.1" 403 5610 "-" "Jetpack/12.5; WordPress/6.3; http://site58865359.com"
49.244.153.75 - - [28/Jul/2026:14:21:01 +0200] "POST /xmlrpc.php HTTP/1.1" 403 5610 "-" "Jetpack by WordPress.com (Jetpack 12.5; WordPress 6.1)"
2a03:2880:f800:d:: - - [28/Jul/2026:14:21:16 +0200] "GET /shop/extractable/carum24936404896 HTTP/1.1" 404 38568 "-" "Mozilla/5.0 (Windows NT 10.0; Win64; x64) AppleWebKit/537.36 (KHTML, like Gecko) Chrome/145.0.0.0 Safari/537.36 (compatible; meta-externalagent/1.1 (+https://developers.facebook.com/docs/sharing/webmasters/crawler))"
2a03:2880:f800:14:: - - [28/Jul/2026:14:21:51 +0200] "GET /shop/operative/tractional242357115480 HTTP/1.1" 404 38568 "-" "Mozilla/5.0 (Windows NT 10.0; Win64; x64) AppleWebKit/537.36 (KHTML, like Gecko) Chrome/145.0.0.0 Safari/537.36 (compatible; meta-externalagent/1.1 (+https://developers.facebook.com/docs/sharing/webmasters/crawler))"
2a03:2880:f800:2a:: - - [28/Jul/2026:14:22:37 +0200] "GET /sitemap-subitems-425.xml HTTP/1.1" 404 36445 "-" "Mozilla/5.0 (Windows NT 10.0; Win64; x64) AppleWebKit/537.36 (KHTML, like Gecko) Chrome/145.0.0.0 Safari/537.36 (compatible; meta-externalagent/1.1 (+https://developers.facebook.com/docs/sharing/webmasters/crawler))"
2a03:2880:f800:2:: - - [28/Jul/2026:14:23:16 +0200] "GET /shop/ninnies/jervina243567277225 HTTP/1.1" 404 38568 "-" "Mozilla/5.0 (Windows NT 10.0; Win64; x64) AppleWebKit/537.36 (KHTML, like Gecko) Chrome/145.0.0.0 Safari/537.36 (compatible; meta-externalagent/1.1 (+https://developers.facebook.com/docs/sharing/webmasters/crawler))"
2a03:2880:f800:38:: - - [28/Jul/2026:14:23:37 +0200] "GET /shop/cathedralic/deprehended243979432895 HTTP/1.1" 404 38568 "-" "Mozilla/5.0 (Windows NT 10.0; Win64; x64) AppleWebKit/537.36 (KHTML, like Gecko) Chrome/145.0.0.0 Safari/537.36 (compatible; meta-externalagent/1.1 (+https://developers.facebook.com/docs/sharing/webmasters/crawler))"
2a03:2880:f800:8:: - - [28/Jul/2026:14:24:39 +0200] "GET /shop/pericardian/dextro242172882135 HTTP/1.1" 404 38568 "-" "Mozilla/5.0 (Windows NT 10.0; Win64; x64) AppleWebKit/537.36 (KHTML, like Gecko) Chrome/145.0.0.0 Safari/537.36 (compatible; meta-externalagent/1.1 (+https://developers.facebook.com/docs/sharing/webmasters/crawler))"
66.249.70.38 - - [28/Jul/2026:14:24:34 +0200] "GET /sitemap-subitems-1918.xml HTTP/1.1" 200 383002 "-" "Mozilla/5.0 (compatible; Googlebot/2.1; +http://www.google.com/bot.html)"
2a03:2880:f800:2b:: - - [28/Jul/2026:14:24:44 +0200] "GET /shop/spadicose/englishism241984360907 HTTP/1.1" 404 38568 "-" "Mozilla/5.0 (Windows NT 10.0; Win64; x64) AppleWebKit/537.36 (KHTML, like Gecko) Chrome/145.0.0.0 Safari/537.36 (compatible; meta-externalagent/1.1 (+https://developers.facebook.com/docs/sharing/webmasters/crawler))"
2a03:2880:f800:19:: - - [28/Jul/2026:14:25:07 +0200] "GET /shop/schorly/telea241094018036 HTTP/1.1" 404 38568 "-" "Mozilla/5.0 (Macintosh; Intel Mac OS X 10_15_7) AppleWebKit/537.36 (KHTML, like Gecko) Chrome/145.0.0.0 Safari/537.36 (compatible; meta-externalagent/1.1 (+https://developers.facebook.com/docs/sharing/webmasters/crawler))"
2a03:2880:f800:18:: - - [28/Jul/2026:14:25:10 +0200] "GET /shop/miasmata/glycocin241237020391 HTTP/1.1" 404 38568 "-" "Mozilla/5.0 (Windows NT 10.0; Win64; x64) AppleWebKit/537.36 (KHTML, like Gecko) Chrome/145.0.0.0 Safari/537.36 (compatible; meta-externalagent/1.1 (+https://developers.facebook.com/docs/sharing/webmasters/crawler))"
2a03:2880:f800:17:: - - [28/Jul/2026:14:25:17 +0200] "GET /shop/beefwood/precedent244177793996 HTTP/1.1" 404 38568 "-" "Mozilla/5.0 (Macintosh; Intel Mac OS X 10_15_7) AppleWebKit/537.36 (KHTML, like Gecko) Chrome/145.0.0.0 Safari/537.36 (compatible; meta-externalagent/1.1 (+https://developers.facebook.com/docs/sharing/webmasters/crawler))"
2a03:2880:f800:3:: - - [28/Jul/2026:14:25:45 +0200] "GET /shop/systeme/gyrated24359562653 HTTP/1.1" 404 38568 "-" "Mozilla/5.0 (Macintosh; Intel Mac OS X 10_15_7) AppleWebKit/537.36 (KHTML, like Gecko) Chrome/145.0.0.0 Safari/537.36 (compatible; meta-externalagent/1.1 (+https://developers.facebook.com/docs/sharing/webmasters/crawler))"
2a03:2880:f800:10:: - - [28/Jul/2026:14:26:28 +0200] "GET /shop/equalitarian/heartburning24824458040 HTTP/1.1" 404 38568 "-" "Mozilla/5.0 (Macintosh; Intel Mac OS X 10_15_7) AppleWebKit/537.36 (KHTML, like Gecko) Chrome/145.0.0.0 Safari/537.36 (compatible; meta-externalagent/1.1 (+https://developers.facebook.com/docs/sharing/webmasters/crawler))"
66.249.70.32 - - [28/Jul/2026:14:27:01 +0200] "GET /include_html/top/bpr2020/header/img/twitter-s.svg HTTP/1.1" 200 225267 "-" "Googlebot-Image/1.0"
66.249.70.38 - - [28/Jul/2026:14:27:27 +0200] "GET /sitemap-subitems-1423.xml HTTP/1.1" 200 382774 "-" "Mozilla/5.0 (compatible; Googlebot/2.1; +http://www.google.com/bot.html)"
2001:1690:2:4::1:118 - - [28/Jul/2026:14:27:56 +0200] "POST /wp-cron.php?doing_wp_cron=1785241676.6749548912048339843750 HTTP/1.1" 200 5522 "-" "WordPress/6.7.5; https://cso-apeldoorn.nl"
2a03:2880:f800:a:: - - [28/Jul/2026:14:27:56 +0200] "GET /shop/surmising/sulphophosphite243123400856 HTTP/1.1" 404 38568 "-" "Mozilla/5.0 (Macintosh; Intel Mac OS X 10_15_7) AppleWebKit/537.36 (KHTML, like Gecko) Chrome/145.0.0.0 Safari/537.36 (compatible; meta-externalagent/1.1 (+https://developers.facebook.com/docs/sharing/webmasters/crawler))"
2a03:2880:f800:20:: - - [28/Jul/2026:14:28:09 +0200] "GET /sitemap-subitems-770.xml HTTP/1.1" 404 36445 "-" "Mozilla/5.0 (Windows NT 10.0; Win64; x64) AppleWebKit/537.36 (KHTML, like Gecko) Chrome/145.0.0.0 Safari/537.36 (compatible; meta-externalagent/1.1 (+https://developers.facebook.com/docs/sharing/webmasters/crawler))"
66.249.70.39 - - [28/Jul/2026:14:28:07 +0200] "GET /sitemap-subitems-595.xml HTTP/1.1" 200 382840 "-" "Mozilla/5.0 (compatible; Googlebot/2.1; +http://www.google.com/bot.html)"
66.249.70.38 - - [28/Jul/2026:14:29:02 +0200] "GET /sitemap-subitems-2329.xml HTTP/1.1" 200 382903 "-" "Mozilla/5.0 (compatible; Googlebot/2.1; +http://www.google.com/bot.html)"
2a03:2880:f800:8:: - - [28/Jul/2026:14:29:25 +0200] "GET /shop/terpilene/besaiel242770805409 HTTP/1.1" 404 38568 "-" "Mozilla/5.0 (X11; Linux x86_64) AppleWebKit/537.36 (KHTML, like Gecko) Chrome/145.0.0.0 Safari/537.36 (compatible; meta-externalagent/1.1 (+https://developers.facebook.com/docs/sharing/webmasters/crawler))"
2a03:2880:f800:44:: - - [28/Jul/2026:14:29:58 +0200] "GET /shop/tumbrel/supawn24329201110 HTTP/1.1" 404 38568 "-" "Mozilla/5.0 (Windows NT 10.0; Win64; x64) AppleWebKit/537.36 (KHTML, like Gecko) Chrome/145.0.0.0 Safari/537.36 (compatible; meta-externalagent/1.1 (+https://developers.facebook.com/docs/sharing/webmasters/crawler))"
66.249.70.32 - - [28/Jul/2026:14:30:48 +0200] "GET /sitemap-subitems-1329.xml HTTP/1.1" 200 382988 "-" "Mozilla/5.0 (compatible; Googlebot/2.1; +http://www.google.com/bot.html)"
2a03:2880:f800:10:: - - [28/Jul/2026:14:31:22 +0200] "GET /shop/hicksite/chaplain241865119427 HTTP/1.1" 404 38568 "-" "Mozilla/5.0 (Windows NT 10.0; Win64; x64) AppleWebKit/537.36 (KHTML, like Gecko) Chrome/145.0.0.0 Safari/537.36 (compatible; meta-externalagent/1.1 (+https://developers.facebook.com/docs/sharing/webmasters/crawler))"
2a03:2880:f800:7:: - - [28/Jul/2026:14:31:37 +0200] "GET /shop/gluconic/appellee244059764615 HTTP/1.1" 404 38568 "-" "Mozilla/5.0 (Windows NT 10.0; Win64; x64) AppleWebKit/537.36 (KHTML, like Gecko) Chrome/145.0.0.0 Safari/537.36 (compatible; meta-externalagent/1.1 (+https://developers.facebook.com/docs/sharing/webmasters/crawler))"
2001:1690:2:4::1:118 - - [28/Jul/2026:14:32:01 +0200] "POST /wp-cron.php?doing_wp_cron=1785241921.9049849510192871093750 HTTP/1.1" 200 5522 "-" "WordPress/6.7.5; https://cso-apeldoorn.nl"
2a03:2880:f812:19:: - - [28/Jul/2026:14:32:01 +0200] "GET /shop/lapidarys/puberal243298020420 HTTP/1.1" 404 38568 "-" "Mozilla/5.0 (Windows NT 10.0; Win64; x64) AppleWebKit/537.36 (KHTML, like Gecko) Chrome/145.0.0.0 Safari/537.36 (compatible; meta-externalagent/1.1 (+https://developers.facebook.com/docs/sharing/webmasters/crawler))"
54.39.203.123 - - [28/Jul/2026:14:32:40 +0200] "GET /robots.txt HTTP/1.1" 403 97 "-" "Mozilla/5.0 (compatible; AhrefsBot/7.0; +http://ahrefs.com/robot/)"
37.59.204.141 - - [28/Jul/2026:14:32:41 +0200] "GET / HTTP/1.1" 403 97 "-" "Mozilla/5.0 (compatible; AhrefsBot/7.0; +http://ahrefs.com/robot/)"
2a03:2880:f800:5:: - - [28/Jul/2026:14:33:14 +0200] "GET /shop/walloping/agrarianize243228142032 HTTP/1.1" 404 38568 "-" "Mozilla/5.0 (Macintosh; Intel Mac OS X 10_15_7) AppleWebKit/537.36 (KHTML, like Gecko) Chrome/145.0.0.0 Safari/537.36 (compatible; meta-externalagent/1.1 (+https://developers.facebook.com/docs/sharing/webmasters/crawler))"
2a03:2880:f800:18:: - - [28/Jul/2026:14:33:16 +0200] "GET /shop/astoned/stercorary242044882099 HTTP/1.1" 404 38568 "-" "Mozilla/5.0 (Windows NT 10.0; Win64; x64) AppleWebKit/537.36 (KHTML, like Gecko) Chrome/145.0.0.0 Safari/537.36 (compatible; meta-externalagent/1.1 (+https://developers.facebook.com/docs/sharing/webmasters/crawler))"
2a03:2880:f800:4:: - - [28/Jul/2026:14:34:36 +0200] "GET /shop/reconversion/interungulate242845966589 HTTP/1.1" 404 38568 "-" "Mozilla/5.0 (Windows NT 10.0; Win64; x64) AppleWebKit/537.36 (KHTML, like Gecko) Chrome/145.0.0.0 Safari/537.36 (compatible; meta-externalagent/1.1 (+https://developers.facebook.com/docs/sharing/webmasters/crawler))"
170.106.35.137 - - [28/Jul/2026:14:34:36 +0200] "GET / HTTP/1.1" 301 5586 "http://www.cso-apeldoorn.nl" "Mozilla/5.0 (iPhone; CPU iPhone OS 13_2_3 like Mac OS X) AppleWebKit/605.1.15 (KHTML, like Gecko) Version/13.0.3 Mobile/15E148 Safari/604.1"
170.106.35.137 - - [28/Jul/2026:14:34:38 +0200] "GET / HTTP/1.1" 200 59414 "https://www.cso-apeldoorn.nl/" "Mozilla/5.0 (iPhone; CPU iPhone OS 13_2_3 like Mac OS X) AppleWebKit/605.1.15 (KHTML, like Gecko) Version/13.0.3 Mobile/15E148 Safari/604.1"
2a03:2880:f800:13:: - - [28/Jul/2026:14:35:50 +0200] "GET /shop/eyemindedness/candroy241667774474 HTTP/1.1" 404 38568 "-" "Mozilla/5.0 (Macintosh; Intel Mac OS X 10_15_7) AppleWebKit/537.36 (KHTML, like Gecko) Chrome/145.0.0.0 Safari/537.36 (compatible; meta-externalagent/1.1 (+https://developers.facebook.com/docs/sharing/webmasters/crawler))"
2a03:2880:f800:17:: - - [28/Jul/2026:14:35:57 +0200] "GET /shop/cyclas/insipidity243555039225 HTTP/1.1" 404 38568 "-" "Mozilla/5.0 (Macintosh; Intel Mac OS X 10_15_7) AppleWebKit/537.36 (KHTML, like Gecko) Chrome/145.0.0.0 Safari/537.36 (compatible; meta-externalagent/1.1 (+https://developers.facebook.com/docs/sharing/webmasters/crawler))"
2a03:2880:f800:2:: - - [28/Jul/2026:14:36:48 +0200] "GET /shop/canaliculated/pharyngitis243637849633 HTTP/1.1" 404 38568 "-" "Mozilla/5.0 (Macintosh; Intel Mac OS X 10_15_7) AppleWebKit/537.36 (KHTML, like Gecko) Chrome/145.0.0.0 Safari/537.36 (compatible; meta-externalagent/1.1 (+https://developers.facebook.com/docs/sharing/webmasters/crawler))"
2401:4900:88fe:daf9:2dd9:2c5c:648c:8b6f - - [28/Jul/2026:14:37:07 +0200] "POST /xmlrpc.php HTTP/1.1" 403 5610 "-" "Jetpack by WordPress.com"
2401:4900:88fe:daf9:2dd9:2c5c:648c:8b6f - - [28/Jul/2026:14:37:16 +0200] "POST /xmlrpc.php HTTP/1.1" 403 5610 "-" "Jetpack/12.5; WordPress/6.2; http://site83913837.com"
2a03:2880:f800:6:: - - [28/Jul/2026:14:37:20 +0200] "GET /shop/evangely/manageableness241898339548 HTTP/1.1" 404 38568 "-" "Mozilla/5.0 (Macintosh; Intel Mac OS X 10_15_7) AppleWebKit/537.36 (KHTML, like Gecko) Chrome/145.0.0.0 Safari/537.36 (compatible; meta-externalagent/1.1 (+https://developers.facebook.com/docs/sharing/webmasters/crawler))"
2401:4900:88fe:daf9:2dd9:2c5c:648c:8b6f - - [28/Jul/2026:14:37:27 +0200] "POST /xmlrpc.php HTTP/1.1" 403 5610 "-" "Jetpack by WordPress.com (Jetpack 12.0; WordPress 6.4)"
2401:4900:88fe:daf9:2dd9:2c5c:648c:8b6f - - [28/Jul/2026:14:37:37 +0200] "POST /xmlrpc.php HTTP/1.1" 403 5610 "-" "Jetpack by WordPress.com"
2401:4900:88fe:daf9:2dd9:2c5c:648c:8b6f - - [28/Jul/2026:14:37:48 +0200] "POST /xmlrpc.php HTTP/1.1" 403 5610 "-" "Jetpack by WordPress.com"
2001:1690:2:4::1:118 - - [28/Jul/2026:14:37:59 +0200] "POST /wp-cron.php?doing_wp_cron=1785242279.0600619316101074218750 HTTP/1.1" 200 5522 "-" "WordPress/6.7.5; https://cso-apeldoorn.nl"
2401:4900:88fe:daf9:2dd9:2c5c:648c:8b6f - - [28/Jul/2026:14:37:58 +0200] "POST /xmlrpc.php HTTP/1.1" 403 5610 "-" "Jetpack/12.1; WordPress/6.2; http://site35429428.com"
2401:4900:88fe:daf9:2dd9:2c5c:648c:8b6f - - [28/Jul/2026:14:38:09 +0200] "POST /xmlrpc.php HTTP/1.1" 403 5610 "-" "Jetpack by WordPress.com (Jetpack 12.0; WordPress 6.4)"
2401:4900:88fe:daf9:2dd9:2c5c:648c:8b6f - - [28/Jul/2026:14:38:20 +0200] "POST /xmlrpc.php HTTP/1.1" 403 5610 "-" "Jetpack by WordPress.com (Jetpack 13.0; WordPress 6.1)"
2401:4900:88fe:daf9:2dd9:2c5c:648c:8b6f - - [28/Jul/2026:14:38:30 +0200] "POST /xmlrpc.php HTTP/1.1" 403 5610 "-" "Jetpack by WordPress.com (Jetpack 13.0; WordPress 6.2)"
2401:4900:88fe:daf9:2dd9:2c5c:648c:8b6f - - [28/Jul/2026:14:38:41 +0200] "POST /xmlrpc.php HTTP/1.1" 403 5610 "-" "Jetpack by WordPress.com (Jetpack 12.1; WordPress 6.1)"
2a03:2880:f800:35:: - - [28/Jul/2026:14:38:42 +0200] "GET /shop/satanicalness/overhard242859023739 HTTP/1.1" 404 38568 "-" "Mozilla/5.0 (Macintosh; Intel Mac OS X 10_15_7) AppleWebKit/537.36 (KHTML, like Gecko) Chrome/145.0.0.0 Safari/537.36 (compatible; meta-externalagent/1.1 (+https://developers.facebook.com/docs/sharing/webmasters/crawler))"
2401:4900:88fe:daf9:2dd9:2c5c:648c:8b6f - - [28/Jul/2026:14:38:52 +0200] "POST /xmlrpc.php HTTP/1.1" 403 5610 "-" "Jetpack by WordPress.com"
23.94.216.234 - - [28/Jul/2026:14:38:57 +0200] "GET / HTTP/1.1" 200 59187 "-" "Mozilla/5.0 (Windows NT 10.0; Win64; x64; rv:140.0) Gecko/20100101 Firefox/140.8"
23.94.216.234 - - [28/Jul/2026:14:38:58 +0200] "POST /?rest_route=/batch/v1 HTTP/1.1" 500 8226 "-" "Mozilla/5.0 (Fedora; Linux x86_64) AppleWebKit/537.36 (KHTML, like Gecko) Chrome/135.0.0.0 Safari/537.36"
2401:4900:88fe:daf9:2dd9:2c5c:648c:8b6f - - [28/Jul/2026:14:39:02 +0200] "POST /xmlrpc.php HTTP/1.1" 403 5610 "-" "Jetpack by WordPress.com (Jetpack 13.0; WordPress 6.2)"
2a03:2880:f800:44:: - - [28/Jul/2026:14:39:09 +0200] "GET /shop/implexion/unmasculate241859609440 HTTP/1.1" 404 38568 "-" "Mozilla/5.0 (Windows NT 10.0; Win64; x64) AppleWebKit/537.36 (KHTML, like Gecko) Chrome/145.0.0.0 Safari/537.36 (compatible; meta-externalagent/1.1 (+https://developers.facebook.com/docs/sharing/webmasters/crawler))"
2401:4900:88fe:daf9:2dd9:2c5c:648c:8b6f - - [28/Jul/2026:14:39:13 +0200] "POST /xmlrpc.php HTTP/1.1" 403 5610 "-" "Jetpack by WordPress.com"
2a03:2880:f800:29:: - - [28/Jul/2026:14:39:14 +0200] "GET /shop/copyer/negotious242912595665 HTTP/1.1" 404 38568 "-" "Mozilla/5.0 (Windows NT 10.0; Win64; x64) AppleWebKit/537.36 (KHTML, like Gecko) Chrome/145.0.0.0 Safari/537.36 (compatible; meta-externalagent/1.1 (+https://developers.facebook.com/docs/sharing/webmasters/crawler))"
2401:4900:88fe:daf9:2dd9:2c5c:648c:8b6f - - [28/Jul/2026:14:39:23 +0200] "POST /xmlrpc.php HTTP/1.1" 403 5610 "-" "Jetpack by WordPress.com"
2401:4900:88fe:daf9:2dd9:2c5c:648c:8b6f - - [28/Jul/2026:14:39:34 +0200] "POST /xmlrpc.php HTTP/1.1" 403 5610 "-" "Jetpack by WordPress.com"
2401:4900:88fe:daf9:2dd9:2c5c:648c:8b6f - - [28/Jul/2026:14:39:44 +0200] "POST /xmlrpc.php HTTP/1.1" 403 5610 "-" "Jetpack by WordPress.com"
2401:4900:88fe:daf9:2dd9:2c5c:648c:8b6f - - [28/Jul/2026:14:39:55 +0200] "POST /xmlrpc.php HTTP/1.1" 403 5610 "-" "WordPress.com; https://wordpress.com"
66.249.70.32 - - [28/Jul/2026:14:39:52 +0200] "GET /sitemap-subitems-882.xml HTTP/1.1" 200 382889 "-" "Mozilla/5.0 (compatible; Googlebot/2.1; +http://www.google.com/bot.html)"
2401:4900:88fe:daf9:2dd9:2c5c:648c:8b6f - - [28/Jul/2026:14:40:05 +0200] "POST /xmlrpc.php HTTP/1.1" 403 5610 "-" "Jetpack by WordPress.com (Jetpack 12.5; WordPress 6.1)"
2401:4900:88fe:daf9:2dd9:2c5c:648c:8b6f - - [28/Jul/2026:14:40:16 +0200] "POST /xmlrpc.php HTTP/1.1" 403 5610 "-" "Jetpack/12.5; WordPress/6.1; http://site32842247.com"
2401:4900:88fe:daf9:2dd9:2c5c:648c:8b6f - - [28/Jul/2026:14:40:27 +0200] "POST /xmlrpc.php HTTP/1.1" 403 5610 "-" "Jetpack/12.1; WordPress/6.2; http://site25577971.com"
2401:4900:88fe:daf9:2dd9:2c5c:648c:8b6f - - [28/Jul/2026:14:40:37 +0200] "POST /xmlrpc.php HTTP/1.1" 403 5610 "-" "Jetpack by WordPress.com"
2401:4900:88fe:daf9:2dd9:2c5c:648c:8b6f - - [28/Jul/2026:14:40:48 +0200] "POST /xmlrpc.php HTTP/1.1" 403 5610 "-" "Jetpack/12.5; WordPress/6.2; http://site60145871.com"
183.82.0.127 - - [28/Jul/2026:14:40:48 +0200] "POST /xmlrpc.php HTTP/1.1" 200 6057 "-" "Jetpack by WordPress.com"
183.82.0.127 - - [28/Jul/2026:14:40:57 +0200] "POST /xmlrpc.php HTTP/1.1" 200 6057 "-" "Jetpack by WordPress.com (Jetpack 12.1; WordPress 6.3)"
2401:4900:88fe:daf9:2dd9:2c5c:648c:8b6f - - [28/Jul/2026:14:40:58 +0200] "POST /xmlrpc.php HTTP/1.1" 403 5610 "-" "Jetpack by WordPress.com"
183.82.0.127 - - [28/Jul/2026:14:41:08 +0200] "POST /xmlrpc.php HTTP/1.1" 200 6090 "-" "Jetpack/13.0; WordPress/6.4; http://site11090067.com"
2401:4900:88fe:daf9:2dd9:2c5c:648c:8b6f - - [28/Jul/2026:14:41:09 +0200] "POST /xmlrpc.php HTTP/1.1" 403 5610 "-" "Jetpack/12.5; WordPress/6.3; http://site17549135.com"
2a03:2880:f800:b:: - - [28/Jul/2026:14:41:13 +0200] "GET /shop/torilto/triphyline244101389441 HTTP/1.1" 404 38568 "-" "Mozilla/5.0 (Windows NT 10.0; Win64; x64) AppleWebKit/537.36 (KHTML, like Gecko) Chrome/145.0.0.0 Safari/537.36 (compatible; meta-externalagent/1.1 (+https://developers.facebook.com/docs/sharing/webmasters/crawler))"
183.82.0.127 - - [28/Jul/2026:14:41:18 +0200] "POST /xmlrpc.php HTTP/1.1" 200 6090 "-" "Jetpack/12.5; WordPress/6.4; http://site65388546.com"
2401:4900:88fe:daf9:2dd9:2c5c:648c:8b6f - - [28/Jul/2026:14:41:19 +0200] "POST /xmlrpc.php HTTP/1.1" 403 5610 "-" "Jetpack by WordPress.com"
183.82.0.127 - - [28/Jul/2026:14:41:29 +0200] "POST /xmlrpc.php HTTP/1.1" 200 6090 "-" "Jetpack by WordPress.com"
2401:4900:88fe:daf9:2dd9:2c5c:648c:8b6f - - [28/Jul/2026:14:41:30 +0200] "POST /xmlrpc.php HTTP/1.1" 403 5610 "-" "WordPress.com; https://wordpress.com"
183.82.0.127 - - [28/Jul/2026:14:41:40 +0200] "POST /xmlrpc.php HTTP/1.1" 200 6090 "-" "WordPress.com; https://wordpress.com"
2401:4900:88fe:daf9:2dd9:2c5c:648c:8b6f - - [28/Jul/2026:14:41:41 +0200] "POST /xmlrpc.php HTTP/1.1" 403 5610 "-" "WordPress.com; https://wordpress.com"
183.82.0.127 - - [28/Jul/2026:14:41:50 +0200] "POST /xmlrpc.php HTTP/1.1" 200 6090 "-" "WordPress.com; https://wordpress.com"
2401:4900:88fe:daf9:2dd9:2c5c:648c:8b6f - - [28/Jul/2026:14:41:51 +0200] "POST /xmlrpc.php HTTP/1.1" 403 5610 "-" "Jetpack/13.0; WordPress/6.1; http://site54705875.com"
183.82.0.127 - - [28/Jul/2026:14:42:01 +0200] "POST /xmlrpc.php HTTP/1.1" 200 6090 "-" "WordPress.com; https://wordpress.com"
2401:4900:88fe:daf9:2dd9:2c5c:648c:8b6f - - [28/Jul/2026:14:42:02 +0200] "POST /xmlrpc.php HTTP/1.1" 403 5610 "-" "Jetpack by WordPress.com (Jetpack 12.1; WordPress 6.2)"
183.82.0.127 - - [28/Jul/2026:14:42:12 +0200] "POST /xmlrpc.php HTTP/1.1" 200 6090 "-" "Jetpack by WordPress.com"
2401:4900:88fe:daf9:2dd9:2c5c:648c:8b6f - - [28/Jul/2026:14:42:12 +0200] "POST /xmlrpc.php HTTP/1.1" 403 5610 "-" "Jetpack by WordPress.com"
183.82.0.127 - - [28/Jul/2026:14:42:22 +0200] "POST /xmlrpc.php HTTP/1.1" 200 6090 "-" "Jetpack by WordPress.com"
2401:4900:88fe:daf9:2dd9:2c5c:648c:8b6f - - [28/Jul/2026:14:42:23 +0200] "POST /xmlrpc.php HTTP/1.1" 403 5610 "-" "Jetpack by WordPress.com"
183.82.0.127 - - [28/Jul/2026:14:42:33 +0200] "POST /xmlrpc.php HTTP/1.1" 200 6090 "-" "Jetpack by WordPress.com"
2401:4900:88fe:daf9:2dd9:2c5c:648c:8b6f - - [28/Jul/2026:14:42:34 +0200] "POST /xmlrpc.php HTTP/1.1" 403 5610 "-" "Jetpack by WordPress.com (Jetpack 12.0; WordPress 6.1)"
183.82.0.127 - - [28/Jul/2026:14:42:44 +0200] "POST /xmlrpc.php HTTP/1.1" 200 6090 "-" "Jetpack by WordPress.com (Jetpack 12.1; WordPress 6.4)"
2401:4900:88fe:daf9:2dd9:2c5c:648c:8b6f - - [28/Jul/2026:14:42:44 +0200] "POST /xmlrpc.php HTTP/1.1" 403 5610 "-" "WordPress.com; https://wordpress.com"
183.82.0.127 - - [28/Jul/2026:14:42:54 +0200] "POST /xmlrpc.php HTTP/1.1" 200 6090 "-" "Jetpack/12.5; WordPress/6.1; http://site25086022.com"
2401:4900:88fe:daf9:2dd9:2c5c:648c:8b6f - - [28/Jul/2026:14:42:55 +0200] "POST /xmlrpc.php HTTP/1.1" 403 5610 "-" "Jetpack/12.1; WordPress/6.3; http://site56141321.com"
66.249.70.32 - - [28/Jul/2026:14:42:57 +0200] "GET /shop/hierophantic/reseize2586983009 HTTP/1.1" 404 38719 "-" "Mozilla/5.0 (Linux; Android 6.0.1; Nexus 5X Build/MMB29P) AppleWebKit/537.36 (KHTML, like Gecko) Chrome/150.0.7871.128 Mobile Safari/537.36 (compatible; GoogleOther)"
2a03:2880:f800:e:: - - [28/Jul/2026:14:43:01 +0200] "GET /shop/rings/keelvat242732605750 HTTP/1.1" 404 38568 "-" "Mozilla/5.0 (Macintosh; Intel Mac OS X 10_15_7) AppleWebKit/537.36 (KHTML, like Gecko) Chrome/145.0.0.0 Safari/537.36 (compatible; meta-externalagent/1.1 (+https://developers.facebook.com/docs/sharing/webmasters/crawler))"
183.82.0.127 - - [28/Jul/2026:14:43:05 +0200] "POST /xmlrpc.php HTTP/1.1" 200 6090 "-" "WordPress.com; https://wordpress.com"
2401:4900:88fe:daf9:2dd9:2c5c:648c:8b6f - - [28/Jul/2026:14:43:06 +0200] "POST /xmlrpc.php HTTP/1.1" 403 5610 "-" "Jetpack/12.1; WordPress/6.4; http://site90349685.com"
183.82.0.127 - - [28/Jul/2026:14:43:16 +0200] "POST /xmlrpc.php HTTP/1.1" 200 6090 "-" "Jetpack by WordPress.com"
2401:4900:88fe:daf9:2dd9:2c5c:648c:8b6f - - [28/Jul/2026:14:43:16 +0200] "POST /xmlrpc.php HTTP/1.1" 403 5610 "-" "Jetpack by WordPress.com (Jetpack 12.0; WordPress 6.2)"
183.82.0.127 - - [28/Jul/2026:14:43:26 +0200] "POST /xmlrpc.php HTTP/1.1" 200 6090 "-" "Jetpack by WordPress.com (Jetpack 13.0; WordPress 6.3)"
2401:4900:88fe:daf9:2dd9:2c5c:648c:8b6f - - [28/Jul/2026:14:43:27 +0200] "POST /xmlrpc.php HTTP/1.1" 403 5610 "-" "Jetpack by WordPress.com (Jetpack 12.0; WordPress 6.1)"
183.82.0.127 - - [28/Jul/2026:14:43:37 +0200] "POST /xmlrpc.php HTTP/1.1" 200 6090 "-" "Jetpack/13.0; WordPress/6.2; http://site48040380.com"
2401:4900:88fe:daf9:2dd9:2c5c:648c:8b6f - - [28/Jul/2026:14:43:38 +0200] "POST /xmlrpc.php HTTP/1.1" 403 5610 "-" "WordPress.com; https://wordpress.com"
183.82.0.127 - - [28/Jul/2026:14:43:48 +0200] "POST /xmlrpc.php HTTP/1.1" 200 6090 "-" "Jetpack by WordPress.com"
2401:4900:88fe:daf9:2dd9:2c5c:648c:8b6f - - [28/Jul/2026:14:43:48 +0200] "POST /xmlrpc.php HTTP/1.1" 403 5610 "-" "Jetpack by WordPress.com"
183.82.0.127 - - [28/Jul/2026:14:43:59 +0200] "POST /xmlrpc.php HTTP/1.1" 200 6090 "-" "WordPress.com; https://wordpress.com"
2401:4900:88fe:daf9:2dd9:2c5c:648c:8b6f - - [28/Jul/2026:14:43:59 +0200] "POST /xmlrpc.php HTTP/1.1" 403 5610 "-" "Jetpack/12.1; WordPress/6.3; http://site43362555.com"
183.82.0.127 - - [28/Jul/2026:14:44:09 +0200] "POST /xmlrpc.php HTTP/1.1" 200 6090 "-" "Jetpack by WordPress.com (Jetpack 12.0; WordPress 6.3)"
2401:4900:88fe:daf9:2dd9:2c5c:648c:8b6f - - [28/Jul/2026:14:44:09 +0200] "POST /xmlrpc.php HTTP/1.1" 403 5610 "-" "WordPress.com; https://wordpress.com"
183.82.0.127 - - [28/Jul/2026:14:44:20 +0200] "POST /xmlrpc.php HTTP/1.1" 200 6090 "-" "WordPress.com; https://wordpress.com"
2401:4900:88fe:daf9:2dd9:2c5c:648c:8b6f - - [28/Jul/2026:14:44:20 +0200] "POST /xmlrpc.php HTTP/1.1" 403 5610 "-" "Jetpack by WordPress.com (Jetpack 12.1; WordPress 6.2)"
2401:4900:88fe:daf9:2dd9:2c5c:648c:8b6f - - [28/Jul/2026:14:44:30 +0200] "POST /xmlrpc.php HTTP/1.1" 403 5610 "-" "Jetpack by WordPress.com"
183.82.0.127 - - [28/Jul/2026:14:44:30 +0200] "POST /xmlrpc.php HTTP/1.1" 200 6090 "-" "Jetpack by WordPress.com (Jetpack 13.0; WordPress 6.4)"
66.249.70.38 - - [28/Jul/2026:14:44:30 +0200] "GET /sitemap-subitems-1312.xml HTTP/1.1" 200 382875 "-" "Mozilla/5.0 (compatible; Googlebot/2.1; +http://www.google.com/bot.html)"
2401:4900:88fe:daf9:2dd9:2c5c:648c:8b6f - - [28/Jul/2026:14:44:41 +0200] "POST /xmlrpc.php HTTP/1.1" 403 5610 "-" "Jetpack by WordPress.com (Jetpack 12.0; WordPress 6.3)"
183.82.0.127 - - [28/Jul/2026:14:44:41 +0200] "POST /xmlrpc.php HTTP/1.1" 200 6090 "-" "Jetpack by WordPress.com"
2401:4900:88fe:daf9:2dd9:2c5c:648c:8b6f - - [28/Jul/2026:14:44:51 +0200] "POST /xmlrpc.php HTTP/1.1" 403 5610 "-" "Jetpack by WordPress.com"
183.82.0.127 - - [28/Jul/2026:14:44:52 +0200] "POST /xmlrpc.php HTTP/1.1" 200 6090 "-" "Jetpack/12.1; WordPress/6.2; http://site82402132.com"
2a03:2880:f800:5:: - - [28/Jul/2026:14:44:55 +0200] "GET /shop/tetradite/precation242018793095 HTTP/1.1" 404 38568 "-" "Mozilla/5.0 (Macintosh; Intel Mac OS X 10_15_7) AppleWebKit/537.36 (KHTML, like Gecko) Chrome/145.0.0.0 Safari/537.36 (compatible; meta-externalagent/1.1 (+https://developers.facebook.com/docs/sharing/webmasters/crawler))"
2401:4900:88fe:daf9:2dd9:2c5c:648c:8b6f - - [28/Jul/2026:14:45:02 +0200] "POST /xmlrpc.php HTTP/1.1" 403 5610 "-" "Jetpack/12.0; WordPress/6.2; http://site97900762.com"
183.82.0.127 - - [28/Jul/2026:14:45:02 +0200] "POST /xmlrpc.php HTTP/1.1" 200 6090 "-" "Jetpack by WordPress.com (Jetpack 13.0; WordPress 6.3)"
2401:4900:88fe:daf9:2dd9:2c5c:648c:8b6f - - [28/Jul/2026:14:45:12 +0200] "POST /xmlrpc.php HTTP/1.1" 403 5610 "-" "WordPress.com; https://wordpress.com"
183.82.0.127 - - [28/Jul/2026:14:45:13 +0200] "POST /xmlrpc.php HTTP/1.1" 200 6090 "-" "Jetpack by WordPress.com"
2401:4900:88fe:daf9:2dd9:2c5c:648c:8b6f - - [28/Jul/2026:14:45:23 +0200] "POST /xmlrpc.php HTTP/1.1" 403 5610 "-" "WordPress.com; https://wordpress.com"
183.82.0.127 - - [28/Jul/2026:14:45:24 +0200] "POST /xmlrpc.php HTTP/1.1" 200 6090 "-" "WordPress.com; https://wordpress.com"
2401:4900:88fe:daf9:2dd9:2c5c:648c:8b6f - - [28/Jul/2026:14:45:33 +0200] "POST /xmlrpc.php HTTP/1.1" 403 5610 "-" "Jetpack by WordPress.com"
183.82.0.127 - - [28/Jul/2026:14:45:35 +0200] "POST /xmlrpc.php HTTP/1.1" 200 6090 "-" "WordPress.com; https://wordpress.com"
2401:4900:88fe:daf9:2dd9:2c5c:648c:8b6f - - [28/Jul/2026:14:45:44 +0200] "POST /xmlrpc.php HTTP/1.1" 403 5610 "-" "Jetpack by WordPress.com (Jetpack 12.5; WordPress 6.2)"
183.82.0.127 - - [28/Jul/2026:14:45:45 +0200] "POST /xmlrpc.php HTTP/1.1" 200 6090 "-" "Jetpack by WordPress.com (Jetpack 12.0; WordPress 6.3)"
2401:4900:88fe:daf9:2dd9:2c5c:648c:8b6f - - [28/Jul/2026:14:45:54 +0200] "POST /xmlrpc.php HTTP/1.1" 403 5610 "-" "Jetpack/12.0; WordPress/6.3; http://site32816098.com"
183.82.0.127 - - [28/Jul/2026:14:45:56 +0200] "POST /xmlrpc.php HTTP/1.1" 200 6090 "-" "Jetpack by WordPress.com"
2401:4900:88fe:daf9:2dd9:2c5c:648c:8b6f - - [28/Jul/2026:14:46:05 +0200] "POST /xmlrpc.php HTTP/1.1" 403 5610 "-" "Jetpack by WordPress.com"
2a03:2880:f800:34:: - - [28/Jul/2026:14:46:06 +0200] "GET /shop/gymnocladus/suavifying242348835953 HTTP/1.1" 404 38568 "-" "Mozilla/5.0 (Windows NT 10.0; Win64; x64) AppleWebKit/537.36 (KHTML, like Gecko) Chrome/145.0.0.0 Safari/537.36 (compatible; meta-externalagent/1.1 (+https://developers.facebook.com/docs/sharing/webmasters/crawler))"
183.82.0.127 - - [28/Jul/2026:14:46:06 +0200] "POST /xmlrpc.php HTTP/1.1" 200 6090 "-" "WordPress.com; https://wordpress.com"
2401:4900:88fe:daf9:2dd9:2c5c:648c:8b6f - - [28/Jul/2026:14:46:16 +0200] "POST /xmlrpc.php HTTP/1.1" 403 5610 "-" "Jetpack by WordPress.com (Jetpack 12.5; WordPress 6.3)"
183.82.0.127 - - [28/Jul/2026:14:46:17 +0200] "POST /xmlrpc.php HTTP/1.1" 200 6090 "-" "Jetpack by WordPress.com"
2401:4900:88fe:daf9:2dd9:2c5c:648c:8b6f - - [28/Jul/2026:14:46:26 +0200] "POST /xmlrpc.php HTTP/1.1" 403 5610 "-" "Jetpack by WordPress.com"
183.82.0.127 - - [28/Jul/2026:14:46:27 +0200] "POST /xmlrpc.php HTTP/1.1" 200 6090 "-" "Jetpack by WordPress.com"
2401:4900:88fe:daf9:2dd9:2c5c:648c:8b6f - - [28/Jul/2026:14:46:37 +0200] "POST /xmlrpc.php HTTP/1.1" 403 5610 "-" "Jetpack by WordPress.com (Jetpack 13.0; WordPress 6.3)"
183.82.0.127 - - [28/Jul/2026:14:46:38 +0200] "POST /xmlrpc.php HTTP/1.1" 200 6090 "-" "Jetpack by WordPress.com"
2001:1690:2:4::1:118 - - [28/Jul/2026:14:46:47 +0200] "POST /wp-cron.php?doing_wp_cron=1785242807.8153469562530517578125 HTTP/1.1" 200 5522 "-" "WordPress/6.7.5; https://cso-apeldoorn.nl"
2401:4900:88fe:daf9:2dd9:2c5c:648c:8b6f - - [28/Jul/2026:14:46:47 +0200] "POST /xmlrpc.php HTTP/1.1" 403 5610 "-" "WordPress.com; https://wordpress.com"
183.82.0.127 - - [28/Jul/2026:14:46:49 +0200] "POST /xmlrpc.php HTTP/1.1" 200 6090 "-" "Jetpack by WordPress.com (Jetpack 12.0; WordPress 6.2)"
2401:4900:88fe:daf9:2dd9:2c5c:648c:8b6f - - [28/Jul/2026:14:46:58 +0200] "POST /xmlrpc.php HTTP/1.1" 403 5610 "-" "Jetpack by WordPress.com"
183.82.0.127 - - [28/Jul/2026:14:46:59 +0200] "POST /xmlrpc.php HTTP/1.1" 200 6090 "-" "WordPress.com; https://wordpress.com"
2401:4900:88fe:daf9:2dd9:2c5c:648c:8b6f - - [28/Jul/2026:14:47:08 +0200] "POST /xmlrpc.php HTTP/1.1" 403 5610 "-" "WordPress.com; https://wordpress.com"
183.82.0.127 - - [28/Jul/2026:14:47:10 +0200] "POST /xmlrpc.php HTTP/1.1" 200 6090 "-" "Jetpack by WordPress.com"
2401:4900:88fe:daf9:2dd9:2c5c:648c:8b6f - - [28/Jul/2026:14:47:19 +0200] "POST /xmlrpc.php HTTP/1.1" 403 5610 "-" "WordPress.com; https://wordpress.com"
183.82.0.127 - - [28/Jul/2026:14:47:21 +0200] "POST /xmlrpc.php HTTP/1.1" 200 6090 "-" "Jetpack by WordPress.com"
2401:4900:88fe:daf9:2dd9:2c5c:648c:8b6f - - [28/Jul/2026:14:47:29 +0200] "POST /xmlrpc.php HTTP/1.1" 403 5610 "-" "WordPress.com; https://wordpress.com"
183.82.0.127 - - [28/Jul/2026:14:47:31 +0200] "POST /xmlrpc.php HTTP/1.1" 200 6090 "-" "Jetpack by WordPress.com"
2401:4900:88fe:daf9:2dd9:2c5c:648c:8b6f - - [28/Jul/2026:14:47:40 +0200] "POST /xmlrpc.php HTTP/1.1" 403 5610 "-" "Jetpack/12.5; WordPress/6.4; http://site10958035.com"
183.82.0.127 - - [28/Jul/2026:14:47:42 +0200] "POST /xmlrpc.php HTTP/1.1" 200 6090 "-" "WordPress.com; https://wordpress.com"
2a03:2880:f800:19:: - - [28/Jul/2026:14:47:50 +0200] "GET /shop/skilling/mutehill241215683714 HTTP/1.1" 404 38568 "-" "Mozilla/5.0 (Windows NT 10.0; Win64; x64) AppleWebKit/537.36 (KHTML, like Gecko) Chrome/145.0.0.0 Safari/537.36 (compatible; meta-externalagent/1.1 (+https://developers.facebook.com/docs/sharing/webmasters/crawler))"
2401:4900:88fe:daf9:2dd9:2c5c:648c:8b6f - - [28/Jul/2026:14:47:50 +0200] "POST /xmlrpc.php HTTP/1.1" 403 5610 "-" "WordPress.com; https://wordpress.com"
183.82.0.127 - - [28/Jul/2026:14:47:53 +0200] "POST /xmlrpc.php HTTP/1.1" 200 6090 "-" "WordPress.com; https://wordpress.com"
2001:1690:2:4::1:118 - - [28/Jul/2026:14:48:01 +0200] "POST /wp-cron.php?doing_wp_cron=1785242881.5960340499877929687500 HTTP/1.1" 200 5522 "-" "WordPress/6.7.5; https://cso-apeldoorn.nl"
2401:4900:88fe:daf9:2dd9:2c5c:648c:8b6f - - [28/Jul/2026:14:48:01 +0200] "POST /xmlrpc.php HTTP/1.1" 403 5610 "-" "Jetpack/12.5; WordPress/6.3; http://site34550884.com"
183.82.0.127 - - [28/Jul/2026:14:48:03 +0200] "POST /xmlrpc.php HTTP/1.1" 200 6090 "-" "Jetpack by WordPress.com"
2401:4900:88fe:daf9:2dd9:2c5c:648c:8b6f - - [28/Jul/2026:14:48:11 +0200] "POST /xmlrpc.php HTTP/1.1" 403 5610 "-" "WordPress.com; https://wordpress.com"
57.141.0.67 - - [28/Jul/2026:14:48:11 +0200] "GET /shop/suspensive/rhetorician241747208193 HTTP/1.1" 404 38568 "-" "Mozilla/5.0 (Windows NT 10.0; Win64; x64) AppleWebKit/537.36 (KHTML, like Gecko) Chrome/145.0.0.0 Safari/537.36 (compatible; meta-externalagent/1.1 (+https://developers.facebook.com/docs/sharing/webmasters/crawler))"
183.82.0.127 - - [28/Jul/2026:14:48:14 +0200] "POST /xmlrpc.php HTTP/1.1" 200 6090 "-" "Jetpack by WordPress.com (Jetpack 12.1; WordPress 6.2)"
2401:4900:88fe:daf9:2dd9:2c5c:648c:8b6f - - [28/Jul/2026:14:48:22 +0200] "POST /xmlrpc.php HTTP/1.1" 403 5610 "-" "Jetpack/12.0; WordPress/6.4; http://site54418028.com"
183.82.0.127 - - [28/Jul/2026:14:48:25 +0200] "POST /xmlrpc.php HTTP/1.1" 200 6090 "-" "Jetpack by WordPress.com"
2401:4900:88fe:daf9:2dd9:2c5c:648c:8b6f - - [28/Jul/2026:14:48:33 +0200] "POST /xmlrpc.php HTTP/1.1" 403 5610 "-" "Jetpack/13.0; WordPress/6.1; http://site67332994.com"
183.82.0.127 - - [28/Jul/2026:14:48:35 +0200] "POST /xmlrpc.php HTTP/1.1" 200 6090 "-" "WordPress.com; https://wordpress.com"
2401:4900:88fe:daf9:2dd9:2c5c:648c:8b6f - - [28/Jul/2026:14:48:43 +0200] "POST /xmlrpc.php HTTP/1.1" 403 5610 "-" "Jetpack/13.0; WordPress/6.1; http://site75420880.com"
183.82.0.127 - - [28/Jul/2026:14:48:46 +0200] "POST /xmlrpc.php HTTP/1.1" 200 6090 "-" "Jetpack by WordPress.com"
2401:4900:88fe:daf9:2dd9:2c5c:648c:8b6f - - [28/Jul/2026:14:48:54 +0200] "POST /xmlrpc.php HTTP/1.1" 403 5610 "-" "Jetpack/12.0; WordPress/6.4; http://site73642001.com"
183.82.0.127 - - [28/Jul/2026:14:48:56 +0200] "POST /xmlrpc.php HTTP/1.1" 200 6090 "-" "Jetpack by WordPress.com"
195.178.110.208 - - [28/Jul/2026:14:48:56 +0200] "HEAD / HTTP/1.1" 403 0 "-" "python-requests/2.32.5"
195.178.110.208 - - [28/Jul/2026:14:48:56 +0200] "GET / HTTP/1.1" 403 146 "-" "python-requests/2.32.5"
2401:4900:88fe:daf9:2dd9:2c5c:648c:8b6f - - [28/Jul/2026:14:49:04 +0200] "POST /xmlrpc.php HTTP/1.1" 403 5610 "-" "Jetpack/12.0; WordPress/6.2; http://site15073571.com"
183.82.0.127 - - [28/Jul/2026:14:49:07 +0200] "POST /xmlrpc.php HTTP/1.1" 200 6090 "-" "WordPress.com; https://wordpress.com"
2a03:2880:f800:3:: - - [28/Jul/2026:14:49:14 +0200] "GET /shop/granitivora/inspan24877879439 HTTP/1.1" 404 38568 "-" "Mozilla/5.0 (Windows NT 10.0; Win64; x64) AppleWebKit/537.36 (KHTML, like Gecko) Chrome/145.0.0.0 Safari/537.36 (compatible; meta-externalagent/1.1 (+https://developers.facebook.com/docs/sharing/webmasters/crawler))"
2401:4900:88fe:daf9:2dd9:2c5c:648c:8b6f - - [28/Jul/2026:14:49:15 +0200] "POST /xmlrpc.php HTTP/1.1" 403 5610 "-" "Jetpack by WordPress.com (Jetpack 12.0; WordPress 6.1)"
183.82.0.127 - - [28/Jul/2026:14:49:18 +0200] "POST /xmlrpc.php HTTP/1.1" 200 6090 "-" "Jetpack/12.5; WordPress/6.3; http://site14665598.com"
2401:4900:88fe:daf9:2dd9:2c5c:648c:8b6f - - [28/Jul/2026:14:49:25 +0200] "POST /xmlrpc.php HTTP/1.1" 403 5610 "-" "Jetpack by WordPress.com (Jetpack 13.0; WordPress 6.4)"
183.82.0.127 - - [28/Jul/2026:14:49:28 +0200] "POST /xmlrpc.php HTTP/1.1" 200 6090 "-" "WordPress.com; https://wordpress.com"
66.249.70.32 - - [28/Jul/2026:14:49:24 +0200] "GET /sitemap-subitems-2148.xml HTTP/1.1" 200 383051 "-" "Mozilla/5.0 (compatible; Googlebot/2.1; +http://www.google.com/bot.html)"
2401:4900:88fe:daf9:2dd9:2c5c:648c:8b6f - - [28/Jul/2026:14:49:36 +0200] "POST /xmlrpc.php HTTP/1.1" 403 5610 "-" "Jetpack/13.0; WordPress/6.1; http://site87621261.com"
183.82.0.127 - - [28/Jul/2026:14:49:39 +0200] "POST /xmlrpc.php HTTP/1.1" 200 6090 "-" "WordPress.com; https://wordpress.com"
2401:4900:88fe:daf9:2dd9:2c5c:648c:8b6f - - [28/Jul/2026:14:49:46 +0200] "POST /xmlrpc.php HTTP/1.1" 403 5610 "-" "Jetpack by WordPress.com (Jetpack 12.5; WordPress 6.4)"
2001:1690:2:4::1:118 - - [28/Jul/2026:14:49:49 +0200] "POST /wp-cron.php?doing_wp_cron=1785242989.8874270915985107421875 HTTP/1.1" 200 5522 "-" "WordPress/6.7.5; https://cso-apeldoorn.nl"
183.82.0.127 - - [28/Jul/2026:14:49:49 +0200] "POST /xmlrpc.php HTTP/1.1" 200 6090 "-" "WordPress.com; https://wordpress.com"
2401:4900:88fe:daf9:2dd9:2c5c:648c:8b6f - - [28/Jul/2026:14:49:57 +0200] "POST /xmlrpc.php HTTP/1.1" 403 5610 "-" "Jetpack by WordPress.com"
183.82.0.127 - - [28/Jul/2026:14:50:00 +0200] "POST /xmlrpc.php HTTP/1.1" 200 6090 "-" "Jetpack by WordPress.com"
2401:4900:88fe:daf9:2dd9:2c5c:648c:8b6f - - [28/Jul/2026:14:50:07 +0200] "POST /xmlrpc.php HTTP/1.1" 403 5610 "-" "WordPress.com; https://wordpress.com"
