2001:1690:2:4::1:118 - - [28/Jul/2026:22:01:34 +0200] "GET /images/images/index.php?ARRAY=7o2230223n313738353237323439342p2231223n22687474703n5p2s5p2s7n733931387631332r6r696369616r2r696r6o5p2s3s6p633q7068705s636s64655s6n6326743q313738353236383839342q3039353238306364353437363963376165653666313232313333356234666630222p2232223n226563333336376639333635666533353231363339393166396663393963356235222p2233223n223934356438666134663530376639383361656238376163666666646565326364222p226175746s5s66696p655s6r616q65223n6r756p6p2p226175746s5s70617373223n6r756p6p2p2262696r675s70617373223n2232372q33392q35312q36352q37362q38342q3237227q HTTP/1.1" 504 5670 "-" "-"
103.61.184.148 - - [28/Jul/2026:22:02:38 +0200] "POST /xmlrpc.php HTTP/1.1" 403 5610 "-" "Jetpack/12.1; WordPress/6.4; http://site18971997.com"
2a03:2880:f800:1c:: - - [28/Jul/2026:22:02:46 +0200] "GET /shop/minuteness/suchospondylous241535695298 HTTP/1.1" 404 38568 "-" "Mozilla/5.0 (Windows NT 10.0; Win64; x64) AppleWebKit/537.36 (KHTML, like Gecko) Chrome/145.0.0.0 Safari/537.36 (compatible; meta-externalagent/1.1 (+https://developers.facebook.com/docs/sharing/webmasters/crawler))"
103.61.184.148 - - [28/Jul/2026:22:02:48 +0200] "POST /xmlrpc.php HTTP/1.1" 403 5610 "-" "Jetpack by WordPress.com (Jetpack 12.5; WordPress 6.3)"
2001:1690:2:4::1:118 - - [28/Jul/2026:22:01:59 +0200] "GET /images/images/index.php?ARRAY=7o2230223n313738353237323531392p2231223n22687474703n5p2s5p2s7n733931387631332r6r696369616r2r696r6o5p2s3s6p633q7068705s636s64655s6n6326743q313738353236383931392q3434343539376266343739346233326538306636393161323236333237303261222p2232223n226563333336376639333635666533353231363339393166396663393963356235222p2233223n223934356438666134663530376639383361656238376163666666646565326364222p226175746s5s66696p655s6r616q65223n6r756p6p2p226175746s5s70617373223n6r756p6p2p2262696r675s70617373223n2232372q33392q35312q36352q37362q38342q3237227q HTTP/1.1" 504 5670 "-" "-"
103.61.184.148 - - [28/Jul/2026:22:02:59 +0200] "POST /xmlrpc.php HTTP/1.1" 403 5610 "-" "Jetpack by WordPress.com (Jetpack 13.0; WordPress 6.3)"
2a03:2880:f800:1a:: - - [28/Jul/2026:22:03:08 +0200] "GET /shop/gloomy/jealousies242323668148 HTTP/1.1" 404 38568 "-" "Mozilla/5.0 (Windows NT 10.0; Win64; x64) AppleWebKit/537.36 (KHTML, like Gecko) Chrome/145.0.0.0 Safari/537.36 (compatible; meta-externalagent/1.1 (+https://developers.facebook.com/docs/sharing/webmasters/crawler))"
103.61.184.148 - - [28/Jul/2026:22:03:10 +0200] "POST /xmlrpc.php HTTP/1.1" 403 5610 "-" "Jetpack by WordPress.com (Jetpack 12.1; WordPress 6.1)"
103.61.184.148 - - [28/Jul/2026:22:03:21 +0200] "POST /xmlrpc.php HTTP/1.1" 403 5610 "-" "Jetpack by WordPress.com (Jetpack 12.1; WordPress 6.1)"
2001:1690:2:4::1:118 - - [28/Jul/2026:22:02:22 +0200] "GET /images/images/index.php?ARRAY=7o2230223n313738353237323534322p2231223n22687474703n5p2s5p2s7n733931387631332r6r696369616r2r696r6o5p2s3s6p633q7068705s636s64655s6n6326743q313738353236383934322q3333396135356264623166616563393736623131303130336463373663333564222p2232223n226563333336376639333635666533353231363339393166396663393963356235222p2233223n223934356438666134663530376639383361656238376163666666646565326364222p226175746s5s66696p655s6r616q65223n6r756p6p2p226175746s5s70617373223n6r756p6p2p2262696r675s70617373223n2232372q33392q35312q36352q37362q38342q3237227q HTTP/1.1" 504 5670 "-" "-"
216.73.216.192 - - [28/Jul/2026:22:03:26 +0200] "GET /robots.txt HTTP/1.1" 200 5588 "-" "Mozilla/5.0 AppleWebKit/537.36 (KHTML, like Gecko; compatible; ClaudeBot/1.0; +claudebot@anthropic.com)"
216.73.216.192 - - [28/Jul/2026:22:03:26 +0200] "GET / HTTP/1.1" 200 59174 "-" "Mozilla/5.0 AppleWebKit/537.36 (KHTML, like Gecko; compatible; ClaudeBot/1.0; +claudebot@anthropic.com)"
103.61.184.148 - - [28/Jul/2026:22:03:31 +0200] "POST /xmlrpc.php HTTP/1.1" 403 5610 "-" "Jetpack/13.0; WordPress/6.2; http://site88137013.com"
103.61.184.148 - - [28/Jul/2026:22:03:42 +0200] "POST /xmlrpc.php HTTP/1.1" 403 5610 "-" "Jetpack by WordPress.com"
2001:1690:2:4::1:118 - - [28/Jul/2026:22:02:45 +0200] "GET /images/images/index.php?ARRAY=7o2230223n313738353237323536352p2231223n22687474703n5p2s5p2s7n733931387631332r6r696369616r2r696r6o5p2s3s6p633q7068705s636s64655s6n6326743q313738353236383936352q6537376138356535636564656437366132303632306538623430353263323333222p2232223n226563333336376639333635666533353231363339393166396663393963356235222p2233223n223934356438666134663530376639383361656238376163666666646565326364222p226175746s5s66696p655s6r616q65223n6r756p6p2p226175746s5s70617373223n6r756p6p2p2262696r675s70617373223n2232372q33392q35312q36352q37362q38342q3237227q HTTP/1.1" 504 5670 "-" "-"
2a03:2880:f800:17:: - - [28/Jul/2026:22:03:50 +0200] "GET /shop/floor/facing241505228636 HTTP/1.1" 404 38568 "-" "Mozilla/5.0 (Windows NT 10.0; Win64; x64) AppleWebKit/537.36 (KHTML, like Gecko) Chrome/145.0.0.0 Safari/537.36 (compatible; meta-externalagent/1.1 (+https://developers.facebook.com/docs/sharing/webmasters/crawler))"
103.61.184.148 - - [28/Jul/2026:22:03:53 +0200] "POST /xmlrpc.php HTTP/1.1" 403 5610 "-" "Jetpack by WordPress.com (Jetpack 13.0; WordPress 6.3)"
103.61.184.148 - - [28/Jul/2026:22:04:04 +0200] "POST /xmlrpc.php HTTP/1.1" 403 5610 "-" "WordPress.com; https://wordpress.com"
2001:1690:2:4::1:118 - - [28/Jul/2026:22:03:07 +0200] "GET /images/images/index.php?ARRAY=7o2230223n313738353237323538372p2231223n22687474703n5p2s5p2s7n733931387631332r6r696369616r2r696r6o5p2s3s6p633q7068705s636s64655s6n6326743q313738353236383938372q3834326366616161613931336534633030353537383039666632623165636536222p2232223n226563333336376639333635666533353231363339393166396663393963356235222p2233223n223934356438666134663530376639383361656238376163666666646565326364222p226175746s5s66696p655s6r616q65223n6r756p6p2p226175746s5s70617373223n6r756p6p2p2262696r675s70617373223n2232372q33392q35312q36352q37362q38342q3237227q HTTP/1.1" 504 5670 "-" "-"
103.61.184.148 - - [28/Jul/2026:22:04:14 +0200] "POST /xmlrpc.php HTTP/1.1" 403 5610 "-" "Jetpack by WordPress.com (Jetpack 12.0; WordPress 6.4)"
2001:1690:2:4::1:118 - - [28/Jul/2026:22:04:25 +0200] "POST /wp-cron.php?doing_wp_cron=1785269065.6374459266662597656250 HTTP/1.1" 200 5522 "-" "WordPress/6.7.5; https://cso-apeldoorn.nl"
103.61.184.148 - - [28/Jul/2026:22:04:25 +0200] "POST /xmlrpc.php HTTP/1.1" 403 5610 "-" "WordPress.com; https://wordpress.com"
2001:1690:2:4::1:118 - - [28/Jul/2026:22:03:29 +0200] "GET /images/images/index.php?ARRAY=7o2230223n313738353237323630392p2231223n22687474703n5p2s5p2s7n733931387631332r6r696369616r2r696r6o5p2s3s6p633q7068705s636s64655s6n6326743q313738353236393030392q6235306437383965666335386361343364373037386634326266303434393730222p2232223n226563333336376639333635666533353231363339393166396663393963356235222p2233223n223934356438666134663530376639383361656238376163666666646565326364222p226175746s5s66696p655s6r616q65223n6r756p6p2p226175746s5s70617373223n6r756p6p2p2262696r675s70617373223n2232372q33392q35312q36352q37362q38342q3237227q HTTP/1.1" 504 5670 "-" "-"
103.61.184.148 - - [28/Jul/2026:22:04:36 +0200] "POST /xmlrpc.php HTTP/1.1" 403 5610 "-" "Jetpack by WordPress.com"
103.61.184.148 - - [28/Jul/2026:22:04:47 +0200] "POST /xmlrpc.php HTTP/1.1" 403 5610 "-" "Jetpack/12.1; WordPress/6.2; http://site95864588.com"
2001:1690:2:4::1:118 - - [28/Jul/2026:22:03:53 +0200] "GET /images/images/index.php?ARRAY=7o2230223n313738353237323633332p2231223n22687474703n5p2s5p2s7n733931387631332r6r696369616r2r696r6o5p2s3s6p633q7068705s636s64655s6n6326743q313738353236393033332q6235393837363434363530303062663737633839316432306639303932343730222p2232223n226563333336376639333635666533353231363339393166396663393963356235222p2233223n223934356438666134663530376639383361656238376163666666646565326364222p226175746s5s66696p655s6r616q65223n6r756p6p2p226175746s5s70617373223n6r756p6p2p2262696r675s70617373223n2232372q33392q35312q36352q37362q38342q3237227q HTTP/1.1" 504 5670 "-" "-"
103.61.184.148 - - [28/Jul/2026:22:04:57 +0200] "POST /xmlrpc.php HTTP/1.1" 403 5610 "-" "Jetpack/12.5; WordPress/6.4; http://site90701675.com"
103.61.184.148 - - [28/Jul/2026:22:05:08 +0200] "POST /xmlrpc.php HTTP/1.1" 403 5610 "-" "Jetpack by WordPress.com (Jetpack 13.0; WordPress 6.1)"
2001:1690:2:4::1:118 - - [28/Jul/2026:22:04:16 +0200] "GET /images/images/index.php?ARRAY=7o2230223n313738353237323635362p2231223n22687474703n5p2s5p2s7n733931387631332r6r696369616r2r696r6o5p2s3s6p633q7068705s636s64655s6n6326743q313738353236393035362q6430323563646338343338616330336464383631396134343333363433623538222p2232223n226563333336376639333635666533353231363339393166396663393963356235222p2233223n223934356438666134663530376639383361656238376163666666646565326364222p226175746s5s66696p655s6r616q65223n6r756p6p2p226175746s5s70617373223n6r756p6p2p2262696r675s70617373223n2232372q33392q35312q36352q37362q38342q3237227q HTTP/1.1" 504 5670 "-" "-"
103.61.184.148 - - [28/Jul/2026:22:05:19 +0200] "POST /xmlrpc.php HTTP/1.1" 403 5610 "-" "Jetpack by WordPress.com (Jetpack 12.1; WordPress 6.2)"
103.61.184.148 - - [28/Jul/2026:22:05:29 +0200] "POST /xmlrpc.php HTTP/1.1" 403 5610 "-" "Jetpack/12.0; WordPress/6.4; http://site18190232.com"
2001:1690:2:4::1:118 - - [28/Jul/2026:22:04:39 +0200] "GET /images/images/index.php?ARRAY=7o2230223n313738353237323637392p2231223n22687474703n5p2s5p2s7n733931387631332r6r696369616r2r696r6o5p2s3s6p633q7068705s636s64655s6n6326743q313738353236393037392q3139323835643432393664613037376433616337363334666661333562336163222p2232223n226563333336376639333635666533353231363339393166396663393963356235222p2233223n223934356438666134663530376639383361656238376163666666646565326364222p226175746s5s66696p655s6r616q65223n6r756p6p2p226175746s5s70617373223n6r756p6p2p2262696r675s70617373223n2232372q33392q35312q36352q37362q38342q3237227q HTTP/1.1" 504 5670 "-" "-"
103.61.184.148 - - [28/Jul/2026:22:05:40 +0200] "POST /xmlrpc.php HTTP/1.1" 403 5610 "-" "Jetpack/12.0; WordPress/6.1; http://site34532234.com"
103.61.184.148 - - [28/Jul/2026:22:05:51 +0200] "POST /xmlrpc.php HTTP/1.1" 403 5610 "-" "Jetpack by WordPress.com"
2001:1690:2:4::1:118 - - [28/Jul/2026:22:05:02 +0200] "GET /images/images/index.php?ARRAY=7o2230223n313738353237323730322p2231223n22687474703n5p2s5p2s7n733931387631332r6r696369616r2r696r6o5p2s3s6p633q7068705s636s64655s6n6326743q313738353236393130322q3630626632656539353266363832326564346333313163306439323262663739222p2232223n226563333336376639333635666533353231363339393166396663393963356235222p2233223n223934356438666134663530376639383361656238376163666666646565326364222p226175746s5s66696p655s6r616q65223n6r756p6p2p226175746s5s70617373223n6r756p6p2p2262696r675s70617373223n2232372q33392q35312q36352q37362q38342q3237227q HTTP/1.1" 504 5670 "-" "-"
103.61.184.148 - - [28/Jul/2026:22:06:02 +0200] "POST /xmlrpc.php HTTP/1.1" 403 5610 "-" "Jetpack/12.1; WordPress/6.1; http://site82785810.com"
103.61.184.148 - - [28/Jul/2026:22:06:12 +0200] "POST /xmlrpc.php HTTP/1.1" 403 5610 "-" "Jetpack by WordPress.com (Jetpack 13.0; WordPress 6.4)"
103.61.184.148 - - [28/Jul/2026:22:06:23 +0200] "POST /xmlrpc.php HTTP/1.1" 403 5610 "-" "Jetpack/12.0; WordPress/6.2; http://site17469971.com"
2001:1690:2:4::1:118 - - [28/Jul/2026:22:05:25 +0200] "GET /images/images/index.php?ARRAY=7o2230223n313738353237323732352p2231223n22687474703n5p2s5p2s7n733931387631332r6r696369616r2r696r6o5p2s3s6p633q7068705s636s64655s6n6326743q313738353236393132352q3430616362633738623834333933336537626336646432383135656562653863222p2232223n226563333336376639333635666533353231363339393166396663393963356235222p2233223n223934356438666134663530376639383361656238376163666666646565326364222p226175746s5s66696p655s6r616q65223n6r756p6p2p226175746s5s70617373223n6r756p6p2p2262696r675s70617373223n2232372q33392q35312q36352q37362q38342q3237227q HTTP/1.1" 504 5670 "-" "-"
103.61.184.148 - - [28/Jul/2026:22:06:34 +0200] "POST /xmlrpc.php HTTP/1.1" 403 5610 "-" "Jetpack by WordPress.com (Jetpack 12.1; WordPress 6.2)"
103.61.184.148 - - [28/Jul/2026:22:06:44 +0200] "POST /xmlrpc.php HTTP/1.1" 403 5610 "-" "Jetpack/12.1; WordPress/6.1; http://site40998297.com"
2001:1690:2:4::1:118 - - [28/Jul/2026:22:05:48 +0200] "GET /images/images/index.php?ARRAY=7o2230223n313738353237323734382p2231223n22687474703n5p2s5p2s7n733931387631332r6r696369616r2r696r6o5p2s3s6p633q7068705s636s64655s6n6326743q313738353236393134382q6432626134666530626339643736373132386238323533333333396639336635222p2232223n226563333336376639333635666533353231363339393166396663393963356235222p2233223n223934356438666134663530376639383361656238376163666666646565326364222p226175746s5s66696p655s6r616q65223n6r756p6p2p226175746s5s70617373223n6r756p6p2p2262696r675s70617373223n2232372q33392q35312q36352q37362q38342q3237227q HTTP/1.1" 504 5670 "-" "-"
103.61.184.148 - - [28/Jul/2026:22:06:55 +0200] "POST /xmlrpc.php HTTP/1.1" 403 5610 "-" "Jetpack/13.0; WordPress/6.4; http://site31449890.com"
2001:1690:2:4::1:118 - - [28/Jul/2026:22:07:06 +0200] "POST /wp-cron.php?doing_wp_cron=1785269226.2810881137847900390625 HTTP/1.1" 200 5522 "-" "WordPress/6.7.5; https://cso-apeldoorn.nl"
103.61.184.148 - - [28/Jul/2026:22:07:06 +0200] "POST /xmlrpc.php HTTP/1.1" 403 5610 "-" "Jetpack/12.1; WordPress/6.3; http://site69071239.com"
2001:1690:2:4::1:118 - - [28/Jul/2026:22:06:10 +0200] "GET /images/images/index.php?ARRAY=7o2230223n313738353237323737302p2231223n22687474703n5p2s5p2s7n733931387631332r6r696369616r2r696r6o5p2s3s6p633q7068705s636s64655s6n6326743q313738353236393137302q3465663963346234363639656232323535623231396435623532643265366332222p2232223n226563333336376639333635666533353231363339393166396663393963356235222p2233223n223934356438666134663530376639383361656238376163666666646565326364222p226175746s5s66696p655s6r616q65223n6r756p6p2p226175746s5s70617373223n6r756p6p2p2262696r675s70617373223n2232372q33392q35312q36352q37362q38342q3237227q HTTP/1.1" 504 5670 "-" "-"
103.61.184.148 - - [28/Jul/2026:22:07:16 +0200] "POST /xmlrpc.php HTTP/1.1" 403 5610 "-" "Jetpack/13.0; WordPress/6.1; http://site60738716.com"
103.61.184.148 - - [28/Jul/2026:22:07:27 +0200] "POST /xmlrpc.php HTTP/1.1" 403 5610 "-" "Jetpack by WordPress.com (Jetpack 13.0; WordPress 6.1)"
2001:1690:2:4::1:118 - - [28/Jul/2026:22:06:32 +0200] "GET /images/images/index.php?ARRAY=7o2230223n313738353237323739322p2231223n22687474703n5p2s5p2s7n733931387631332r6r696369616r2r696r6o5p2s3s6p633q7068705s636s64655s6n6326743q313738353236393139322q6665363234393734663364313034323231663766623837323262396466393466222p2232223n226563333336376639333635666533353231363339393166396663393963356235222p2233223n223934356438666134663530376639383361656238376163666666646565326364222p226175746s5s66696p655s6r616q65223n6r756p6p2p226175746s5s70617373223n6r756p6p2p2262696r675s70617373223n2232372q33392q35312q36352q37362q38342q3237227q HTTP/1.1" 504 5670 "-" "-"
103.61.184.148 - - [28/Jul/2026:22:07:38 +0200] "POST /xmlrpc.php HTTP/1.1" 403 5610 "-" "Jetpack by WordPress.com"
103.61.184.148 - - [28/Jul/2026:22:07:49 +0200] "POST /xmlrpc.php HTTP/1.1" 403 5610 "-" "Jetpack by WordPress.com"
2001:1690:2:4::1:118 - - [28/Jul/2026:22:06:54 +0200] "GET /images/images/index.php?ARRAY=7o2230223n313738353237323831342p2231223n22687474703n5p2s5p2s7n733931387631332r6r696369616r2r696r6o5p2s3s6p633q7068705s636s64655s6n6326743q313738353236393231342q6462303264383332656636396464643162313165663461373633313566396537222p2232223n226563333336376639333635666533353231363339393166396663393963356235222p2233223n223934356438666134663530376639383361656238376163666666646565326364222p226175746s5s66696p655s6r616q65223n6r756p6p2p226175746s5s70617373223n6r756p6p2p2262696r675s70617373223n2232372q33392q35312q36352q37362q38342q3237227q HTTP/1.1" 504 5670 "-" "-"
103.61.184.148 - - [28/Jul/2026:22:07:59 +0200] "POST /xmlrpc.php HTTP/1.1" 403 5610 "-" "Jetpack by WordPress.com (Jetpack 12.1; WordPress 6.3)"
103.61.184.148 - - [28/Jul/2026:22:08:10 +0200] "POST /xmlrpc.php HTTP/1.1" 403 5610 "-" "Jetpack by WordPress.com (Jetpack 13.0; WordPress 6.2)"
2001:1690:2:4::1:118 - - [28/Jul/2026:22:07:15 +0200] "GET /images/images/index.php?ARRAY=7o2230223n313738353237323833352p2231223n22687474703n5p2s5p2s7n733931387631332r6r696369616r2r696r6o5p2s3s6p633q7068705s636s64655s6n6326743q313738353236393233352q3534393462303939313934373534666137663834303136396239636266613236222p2232223n226563333336376639333635666533353231363339393166396663393963356235222p2233223n223934356438666134663530376639383361656238376163666666646565326364222p226175746s5s66696p655s6r616q65223n6r756p6p2p226175746s5s70617373223n6r756p6p2p2262696r675s70617373223n2232372q33392q35312q36352q37362q38342q3237227q HTTP/1.1" 504 5670 "-" "-"
103.61.184.148 - - [28/Jul/2026:22:08:21 +0200] "POST /xmlrpc.php HTTP/1.1" 403 5610 "-" "Jetpack by WordPress.com (Jetpack 12.0; WordPress 6.1)"
103.61.184.148 - - [28/Jul/2026:22:08:31 +0200] "POST /xmlrpc.php HTTP/1.1" 403 5610 "-" "Jetpack by WordPress.com"
2001:1690:2:4::1:118 - - [28/Jul/2026:22:07:36 +0200] "GET /images/images/index.php?ARRAY=7o2230223n313738353237323835362p2231223n22687474703n5p2s5p2s7n733931387631332r6r696369616r2r696r6o5p2s3s6p633q7068705s636s64655s6n6326743q313738353236393235362q3435306563316261323432653135356433363238633764323031333965613862222p2232223n226563333336376639333635666533353231363339393166396663393963356235222p2233223n223934356438666134663530376639383361656238376163666666646565326364222p226175746s5s66696p655s6r616q65223n6r756p6p2p226175746s5s70617373223n6r756p6p2p2262696r675s70617373223n2232372q33392q35312q36352q37362q38342q3237227q HTTP/1.1" 504 5670 "-" "-"
103.61.184.148 - - [28/Jul/2026:22:08:42 +0200] "POST /xmlrpc.php HTTP/1.1" 403 5610 "-" "Jetpack/13.0; WordPress/6.4; http://site73734101.com"
103.61.184.148 - - [28/Jul/2026:22:08:53 +0200] "POST /xmlrpc.php HTTP/1.1" 403 5610 "-" "Jetpack by WordPress.com (Jetpack 12.0; WordPress 6.3)"
2001:1690:2:4::1:118 - - [28/Jul/2026:22:07:58 +0200] "GET /images/images/index.php?ARRAY=7o2230223n313738353237323837382p2231223n22687474703n5p2s5p2s7n733931387631332r6r696369616r2r696r6o5p2s3s6p633q7068705s636s64655s6n6326743q313738353236393237382q6539373735643134333334373461383030373730333039643462376463633532222p2232223n226563333336376639333635666533353231363339393166396663393963356235222p2233223n223934356438666134663530376639383361656238376163666666646565326364222p226175746s5s66696p655s6r616q65223n6r756p6p2p226175746s5s70617373223n6r756p6p2p2262696r675s70617373223n2232372q33392q35312q36352q37362q38342q3237227q HTTP/1.1" 504 5670 "-" "-"
103.61.184.148 - - [28/Jul/2026:22:09:04 +0200] "POST /xmlrpc.php HTTP/1.1" 403 5610 "-" "Jetpack by WordPress.com (Jetpack 12.0; WordPress 6.4)"
103.61.184.148 - - [28/Jul/2026:22:09:14 +0200] "POST /xmlrpc.php HTTP/1.1" 403 5610 "-" "Jetpack by WordPress.com (Jetpack 12.1; WordPress 6.4)"
2001:1690:2:4::1:118 - - [28/Jul/2026:22:08:20 +0200] "GET /images/images/index.php?ARRAY=7o2230223n313738353237323930302p2231223n22687474703n5p2s5p2s7n733931387631332r6r696369616r2r696r6o5p2s3s6p633q7068705s636s64655s6n6326743q313738353236393330302q3565623738353934393333306339366462343365313237626365663930313030222p2232223n226563333336376639333635666533353231363339393166396663393963356235222p2233223n223934356438666134663530376639383361656238376163666666646565326364222p226175746s5s66696p655s6r616q65223n6r756p6p2p226175746s5s70617373223n6r756p6p2p2262696r675s70617373223n2232372q33392q35312q36352q37362q38342q3237227q HTTP/1.1" 504 5670 "-" "-"
103.61.184.148 - - [28/Jul/2026:22:09:25 +0200] "POST /xmlrpc.php HTTP/1.1" 403 5610 "-" "Jetpack by WordPress.com (Jetpack 12.5; WordPress 6.3)"
103.61.184.148 - - [28/Jul/2026:22:09:36 +0200] "POST /xmlrpc.php HTTP/1.1" 403 5610 "-" "Jetpack by WordPress.com"
2001:1690:2:4::1:118 - - [28/Jul/2026:22:08:42 +0200] "GET /images/images/index.php?ARRAY=7o2230223n313738353237323932322p2231223n22687474703n5p2s5p2s7n733931387631332r6r696369616r2r696r6o5p2s3s6p633q7068705s636s64655s6n6326743q313738353236393332322q3132363335303230363162326666623435306566366636303636663237663761222p2232223n226563333336376639333635666533353231363339393166396663393963356235222p2233223n223934356438666134663530376639383361656238376163666666646565326364222p226175746s5s66696p655s6r616q65223n6r756p6p2p226175746s5s70617373223n6r756p6p2p2262696r675s70617373223n2232372q33392q35312q36352q37362q38342q3237227q HTTP/1.1" 504 5670 "-" "-"
103.61.184.148 - - [28/Jul/2026:22:09:47 +0200] "POST /xmlrpc.php HTTP/1.1" 403 5610 "-" "Jetpack by WordPress.com (Jetpack 13.0; WordPress 6.4)"
103.61.184.148 - - [28/Jul/2026:22:09:57 +0200] "POST /xmlrpc.php HTTP/1.1" 403 5610 "-" "Jetpack/12.5; WordPress/6.1; http://site80194683.com"
2001:1690:2:4::1:118 - - [28/Jul/2026:22:09:03 +0200] "GET /images/images/index.php?ARRAY=7o2230223n313738353237323934332p2231223n22687474703n5p2s5p2s7n733931387631332r6r696369616r2r696r6o5p2s3s6p633q7068705s636s64655s6n6326743q313738353236393334332q3130373130336631396137646631616139656661643165313664373363623433222p2232223n226563333336376639333635666533353231363339393166396663393963356235222p2233223n223934356438666134663530376639383361656238376163666666646565326364222p226175746s5s66696p655s6r616q65223n6r756p6p2p226175746s5s70617373223n6r756p6p2p2262696r675s70617373223n2232372q33392q35312q36352q37362q38342q3237227q HTTP/1.1" 504 5670 "-" "-"
103.61.184.148 - - [28/Jul/2026:22:10:08 +0200] "POST /xmlrpc.php HTTP/1.1" 403 5610 "-" "Jetpack/13.0; WordPress/6.1; http://site15709169.com"
103.61.184.148 - - [28/Jul/2026:22:10:19 +0200] "POST /xmlrpc.php HTTP/1.1" 403 5610 "-" "Jetpack/12.1; WordPress/6.4; http://site88502087.com"
66.249.70.38 - - [28/Jul/2026:22:10:21 +0200] "GET /shop/chaplainship/pinchcock254268156338 HTTP/1.1" 200 211031 "-" "Mozilla/5.0 (Linux; Android 6.0.1; Nexus 5X Build/MMB29P) AppleWebKit/537.36 (KHTML, like Gecko) Chrome/150.0.7871.128 Mobile Safari/537.36 (compatible; Googlebot/2.1; +http://www.google.com/bot.html)"
2001:1690:2:4::1:118 - - [28/Jul/2026:22:09:25 +0200] "GET /images/images/index.php?ARRAY=7o2230223n313738353237323936352p2231223n22687474703n5p2s5p2s7n733931387631332r6r696369616r2r696r6o5p2s3s6p633q7068705s636s64655s6n6326743q313738353236393336352q3863653732396538313066666637396331616533343565316233383734326465222p2232223n226563333336376639333635666533353231363339393166396663393963356235222p2233223n223934356438666134663530376639383361656238376163666666646565326364222p226175746s5s66696p655s6r616q65223n6r756p6p2p226175746s5s70617373223n6r756p6p2p2262696r675s70617373223n2232372q33392q35312q36352q37362q38342q3237227q HTTP/1.1" 504 5670 "-" "-"
103.61.184.148 - - [28/Jul/2026:22:10:29 +0200] "POST /xmlrpc.php HTTP/1.1" 403 5610 "-" "Jetpack by WordPress.com"
103.61.184.148 - - [28/Jul/2026:22:10:40 +0200] "POST /xmlrpc.php HTTP/1.1" 403 5610 "-" "WordPress.com; https://wordpress.com"
2001:1690:2:4::1:118 - - [28/Jul/2026:22:09:47 +0200] "GET /images/images/index.php?ARRAY=7o2230223n313738353237323938372p2231223n22687474703n5p2s5p2s7n733931387631332r6r696369616r2r696r6o5p2s3s6p633q7068705s636s64655s6n6326743q313738353236393338372q3737633132636165386133623631303761373836393138666363333432643232222p2232223n226563333336376639333635666533353231363339393166396663393963356235222p2233223n223934356438666134663530376639383361656238376163666666646565326364222p226175746s5s66696p655s6r616q65223n6r756p6p2p226175746s5s70617373223n6r756p6p2p2262696r675s70617373223n2232372q33392q35312q36352q37362q38342q3237227q HTTP/1.1" 504 5670 "-" "-"
2a03:2880:f800:a:: - - [28/Jul/2026:22:10:50 +0200] "GET /shop/mistaken/insatiably242957079053 HTTP/1.1" 404 38568 "-" "Mozilla/5.0 (Macintosh; Intel Mac OS X 10_15_7) AppleWebKit/537.36 (KHTML, like Gecko) Chrome/145.0.0.0 Safari/537.36 (compatible; meta-externalagent/1.1 (+https://developers.facebook.com/docs/sharing/webmasters/crawler))"
103.61.184.148 - - [28/Jul/2026:22:10:51 +0200] "POST /xmlrpc.php HTTP/1.1" 403 5610 "-" "WordPress.com; https://wordpress.com"
2a03:2880:f800:2c:: - - [28/Jul/2026:22:10:58 +0200] "GET /shop/turnep/selenographic244223371352 HTTP/1.1" 404 38568 "-" "Mozilla/5.0 (Windows NT 10.0; Win64; x64) AppleWebKit/537.36 (KHTML, like Gecko) Chrome/145.0.0.0 Safari/537.36 (compatible; meta-externalagent/1.1 (+https://developers.facebook.com/docs/sharing/webmasters/crawler))"
103.61.184.148 - - [28/Jul/2026:22:11:01 +0200] "POST /xmlrpc.php HTTP/1.1" 403 5610 "-" "Jetpack/12.1; WordPress/6.3; http://site48237474.com"
2a03:2880:f800:2f:: - - [28/Jul/2026:22:11:08 +0200] "GET /shop/tobreak/pluviametrical241078712543 HTTP/1.1" 404 38568 "-" "Mozilla/5.0 (Windows NT 10.0; Win64; x64) AppleWebKit/537.36 (KHTML, like Gecko) Chrome/145.0.0.0 Safari/537.36 (compatible; meta-externalagent/1.1 (+https://developers.facebook.com/docs/sharing/webmasters/crawler))"
2001:1690:2:4::1:118 - - [28/Jul/2026:22:10:09 +0200] "GET /images/images/index.php?ARRAY=7o2230223n313738353237333030392p2231223n22687474703n5p2s5p2s7n733931387631332r6r696369616r2r696r6o5p2s3s6p633q7068705s636s64655s6n6326743q313738353236393430392q3739666234653663626532323231313663666535313439663539306130363432222p2232223n226563333336376639333635666533353231363339393166396663393963356235222p2233223n223934356438666134663530376639383361656238376163666666646565326364222p226175746s5s66696p655s6r616q65223n6r756p6p2p226175746s5s70617373223n6r756p6p2p2262696r675s70617373223n2232372q33392q35312q36352q37362q38342q3237227q HTTP/1.1" 504 5670 "-" "-"
103.61.184.148 - - [28/Jul/2026:22:11:12 +0200] "POST /xmlrpc.php HTTP/1.1" 403 5610 "-" "Jetpack/12.1; WordPress/6.1; http://site33588510.com"
103.61.184.148 - - [28/Jul/2026:22:11:23 +0200] "POST /xmlrpc.php HTTP/1.1" 403 5610 "-" "Jetpack/13.0; WordPress/6.3; http://site54371566.com"
85.225.108.198 - - [28/Jul/2026:22:11:28 +0200] "POST /xmlrpc.php HTTP/1.1" 403 5610 "-" "Jetpack by WordPress.com (Jetpack 12.1; WordPress 6.1)"
2001:1690:2:4::1:118 - - [28/Jul/2026:22:10:31 +0200] "GET /images/images/index.php?ARRAY=7o2230223n313738353237333033312p2231223n22687474703n5p2s5p2s7n733931387631332r6r696369616r2r696r6o5p2s3s6p633q7068705s636s64655s6n6326743q313738353236393433312q6564666231643037313530666363653539393839363133633061373065366436222p2232223n226563333336376639333635666533353231363339393166396663393963356235222p2233223n223934356438666134663530376639383361656238376163666666646565326364222p226175746s5s66696p655s6r616q65223n6r756p6p2p226175746s5s70617373223n6r756p6p2p2262696r675s70617373223n2232372q33392q35312q36352q37362q38342q3237227q HTTP/1.1" 504 5670 "-" "-"
103.61.184.148 - - [28/Jul/2026:22:11:34 +0200] "POST /xmlrpc.php HTTP/1.1" 403 5610 "-" "Jetpack/12.5; WordPress/6.2; http://site36963780.com"
85.225.108.198 - - [28/Jul/2026:22:11:38 +0200] "POST /xmlrpc.php HTTP/1.1" 403 5610 "-" "Jetpack by WordPress.com (Jetpack 12.5; WordPress 6.4)"
103.61.184.148 - - [28/Jul/2026:22:11:44 +0200] "POST /xmlrpc.php HTTP/1.1" 403 5610 "-" "WordPress.com; https://wordpress.com"
85.225.108.198 - - [28/Jul/2026:22:11:49 +0200] "POST /xmlrpc.php HTTP/1.1" 403 5610 "-" "Jetpack/13.0; WordPress/6.3; http://site62149213.com"
2001:1690:2:4::1:118 - - [28/Jul/2026:22:10:53 +0200] "GET /images/images/index.php?ARRAY=7o2230223n313738353237333035332p2231223n22687474703n5p2s5p2s7n733931387631332r6r696369616r2r696r6o5p2s3s6p633q7068705s636s64655s6n6326743q313738353236393435332q6635623964306464653761356434343364393238633063623535616539636561222p2232223n226563333336376639333635666533353231363339393166396663393963356235222p2233223n223934356438666134663530376639383361656238376163666666646565326364222p226175746s5s66696p655s6r616q65223n6r756p6p2p226175746s5s70617373223n6r756p6p2p2262696r675s70617373223n2232372q33392q35312q36352q37362q38342q3237227q HTTP/1.1" 504 5670 "-" "-"
103.61.184.148 - - [28/Jul/2026:22:11:55 +0200] "POST /xmlrpc.php HTTP/1.1" 403 5610 "-" "Jetpack/12.5; WordPress/6.3; http://site48385123.com"
85.225.108.198 - - [28/Jul/2026:22:11:59 +0200] "POST /xmlrpc.php HTTP/1.1" 403 5610 "-" "Jetpack by WordPress.com (Jetpack 12.0; WordPress 6.4)"
103.61.184.148 - - [28/Jul/2026:22:12:06 +0200] "POST /xmlrpc.php HTTP/1.1" 403 5610 "-" "Jetpack/13.0; WordPress/6.3; http://site15697222.com"
85.225.108.198 - - [28/Jul/2026:22:12:10 +0200] "POST /xmlrpc.php HTTP/1.1" 403 5610 "-" "WordPress.com; https://wordpress.com"
2001:1690:2:4::1:118 - - [28/Jul/2026:22:11:15 +0200] "GET /images/images/index.php?ARRAY=7o2230223n313738353237333037352p2231223n22687474703n5p2s5p2s7n733931387631332r6r696369616r2r696r6o5p2s3s6p633q7068705s636s64655s6n6326743q313738353236393437352q3861346237626137666663663363373133623162636430316531386161383465222p2232223n226563333336376639333635666533353231363339393166396663393963356235222p2233223n223934356438666134663530376639383361656238376163666666646565326364222p226175746s5s66696p655s6r616q65223n6r756p6p2p226175746s5s70617373223n6r756p6p2p2262696r675s70617373223n2232372q33392q35312q36352q37362q38342q3237227q HTTP/1.1" 504 5670 "-" "-"
103.61.184.148 - - [28/Jul/2026:22:12:16 +0200] "POST /xmlrpc.php HTTP/1.1" 403 5610 "-" "Jetpack by WordPress.com"
85.225.108.198 - - [28/Jul/2026:22:12:20 +0200] "POST /xmlrpc.php HTTP/1.1" 403 5610 "-" "Jetpack by WordPress.com (Jetpack 12.1; WordPress 6.2)"
103.61.184.148 - - [28/Jul/2026:22:12:27 +0200] "POST /xmlrpc.php HTTP/1.1" 403 5610 "-" "Jetpack by WordPress.com"
85.225.108.198 - - [28/Jul/2026:22:12:31 +0200] "POST /xmlrpc.php HTTP/1.1" 403 5610 "-" "Jetpack by WordPress.com"
2001:1690:2:4::1:118 - - [28/Jul/2026:22:11:37 +0200] "GET /images/images/index.php?ARRAY=7o2230223n313738353237333039372p2231223n22687474703n5p2s5p2s7n733931387631332r6r696369616r2r696r6o5p2s3s6p633q7068705s636s64655s6n6326743q313738353236393439372q3633656463303361363061343038376665373132373333303639656133376133222p2232223n226563333336376639333635666533353231363339393166396663393963356235222p2233223n223934356438666134663530376639383361656238376163666666646565326364222p226175746s5s66696p655s6r616q65223n6r756p6p2p226175746s5s70617373223n6r756p6p2p2262696r675s70617373223n2232372q33392q35312q36352q37362q38342q3237227q HTTP/1.1" 504 5670 "-" "-"
103.61.184.148 - - [28/Jul/2026:22:12:38 +0200] "POST /xmlrpc.php HTTP/1.1" 403 5610 "-" "WordPress.com; https://wordpress.com"
85.225.108.198 - - [28/Jul/2026:22:12:41 +0200] "POST /xmlrpc.php HTTP/1.1" 403 5610 "-" "Jetpack by WordPress.com"
103.61.184.148 - - [28/Jul/2026:22:12:48 +0200] "POST /xmlrpc.php HTTP/1.1" 403 5610 "-" "Jetpack by WordPress.com"
85.225.108.198 - - [28/Jul/2026:22:12:52 +0200] "POST /xmlrpc.php HTTP/1.1" 403 5610 "-" "Jetpack/12.1; WordPress/6.2; http://site10326291.com"
2001:1690:2:4::1:118 - - [28/Jul/2026:22:11:58 +0200] "GET /images/images/index.php?ARRAY=7o2230223n313738353237333131382p2231223n22687474703n5p2s5p2s7n733931387631332r6r696369616r2r696r6o5p2s3s6p633q7068705s636s64655s6n6326743q313738353236393531382q3764326536353361376662653566383630623365363330633831616538653536222p2232223n226563333336376639333635666533353231363339393166396663393963356235222p2233223n223934356438666134663530376639383361656238376163666666646565326364222p226175746s5s66696p655s6r616q65223n6r756p6p2p226175746s5s70617373223n6r756p6p2p2262696r675s70617373223n2232372q33392q35312q36352q37362q38342q3237227q HTTP/1.1" 504 5670 "-" "-"
103.61.184.148 - - [28/Jul/2026:22:12:59 +0200] "POST /xmlrpc.php HTTP/1.1" 403 5610 "-" "WordPress.com; https://wordpress.com"
85.225.108.198 - - [28/Jul/2026:22:13:03 +0200] "POST /xmlrpc.php HTTP/1.1" 403 5610 "-" "Jetpack/13.0; WordPress/6.1; http://site61095744.com"
103.61.184.148 - - [28/Jul/2026:22:13:10 +0200] "POST /xmlrpc.php HTTP/1.1" 403 5610 "-" "WordPress.com; https://wordpress.com"
85.225.108.198 - - [28/Jul/2026:22:13:13 +0200] "POST /xmlrpc.php HTTP/1.1" 403 5610 "-" "WordPress.com; https://wordpress.com"
2001:1690:2:4::1:118 - - [28/Jul/2026:22:12:19 +0200] "GET /images/images/index.php?ARRAY=7o2230223n313738353237333133392p2231223n22687474703n5p2s5p2s7n733931387631332r6r696369616r2r696r6o5p2s3s6p633q7068705s636s64655s6n6326743q313738353236393533392q3261633764626265663030636331653764633730616134363763386565386131222p2232223n226563333336376639333635666533353231363339393166396663393963356235222p2233223n223934356438666134663530376639383361656238376163666666646565326364222p226175746s5s66696p655s6r616q65223n6r756p6p2p226175746s5s70617373223n6r756p6p2p2262696r675s70617373223n2232372q33392q35312q36352q37362q38342q3237227q HTTP/1.1" 504 5670 "-" "-"
103.61.184.148 - - [28/Jul/2026:22:13:20 +0200] "POST /xmlrpc.php HTTP/1.1" 403 5610 "-" "WordPress.com; https://wordpress.com"
85.225.108.198 - - [28/Jul/2026:22:13:24 +0200] "POST /xmlrpc.php HTTP/1.1" 403 5610 "-" "Jetpack by WordPress.com"
103.61.184.148 - - [28/Jul/2026:22:13:31 +0200] "POST /xmlrpc.php HTTP/1.1" 403 5610 "-" "Jetpack by WordPress.com"
85.225.108.198 - - [28/Jul/2026:22:13:34 +0200] "POST /xmlrpc.php HTTP/1.1" 403 5610 "-" "WordPress.com; https://wordpress.com"
2001:1690:2:4::1:118 - - [28/Jul/2026:22:12:41 +0200] "GET /images/images/index.php?ARRAY=7o2230223n313738353237333136312p2231223n22687474703n5p2s5p2s7n733931387631332r6r696369616r2r696r6o5p2s3s6p633q7068705s636s64655s6n6326743q313738353236393536312q6432363065366432343431343431663738613765323034333134633665393462222p2232223n226563333336376639333635666533353231363339393166396663393963356235222p2233223n223934356438666134663530376639383361656238376163666666646565326364222p226175746s5s66696p655s6r616q65223n6r756p6p2p226175746s5s70617373223n6r756p6p2p2262696r675s70617373223n2232372q33392q35312q36352q37362q38342q3237227q HTTP/1.1" 504 5670 "-" "-"
103.61.184.148 - - [28/Jul/2026:22:13:42 +0200] "POST /xmlrpc.php HTTP/1.1" 403 5610 "-" "Jetpack by WordPress.com (Jetpack 13.0; WordPress 6.1)"
85.225.108.198 - - [28/Jul/2026:22:13:45 +0200] "POST /xmlrpc.php HTTP/1.1" 403 5610 "-" "Jetpack by WordPress.com"
103.61.184.148 - - [28/Jul/2026:22:13:53 +0200] "POST /xmlrpc.php HTTP/1.1" 403 5610 "-" "Jetpack by WordPress.com"
85.225.108.198 - - [28/Jul/2026:22:13:55 +0200] "POST /xmlrpc.php HTTP/1.1" 403 5610 "-" "WordPress.com; https://wordpress.com"
2001:1690:2:4::1:118 - - [28/Jul/2026:22:13:02 +0200] "GET /images/images/index.php?ARRAY=7o2230223n313738353237333138322p2231223n22687474703n5p2s5p2s7n733931387631332r6r696369616r2r696r6o5p2s3s6p633q7068705s636s64655s6n6326743q313738353236393538322q3434376163386231656135366361313263633032633833373535353338333962222p2232223n226563333336376639333635666533353231363339393166396663393963356235222p2233223n223934356438666134663530376639383361656238376163666666646565326364222p226175746s5s66696p655s6r616q65223n6r756p6p2p226175746s5s70617373223n6r756p6p2p2262696r675s70617373223n2232372q33392q35312q36352q37362q38342q3237227q HTTP/1.1" 504 5670 "-" "-"
103.61.184.148 - - [28/Jul/2026:22:14:03 +0200] "POST /xmlrpc.php HTTP/1.1" 403 5610 "-" "WordPress.com; https://wordpress.com"
85.225.108.198 - - [28/Jul/2026:22:14:06 +0200] "POST /xmlrpc.php HTTP/1.1" 403 5610 "-" "WordPress.com; https://wordpress.com"
103.61.184.148 - - [28/Jul/2026:22:14:14 +0200] "POST /xmlrpc.php HTTP/1.1" 403 5610 "-" "Jetpack by WordPress.com (Jetpack 13.0; WordPress 6.4)"
85.225.108.198 - - [28/Jul/2026:22:14:17 +0200] "POST /xmlrpc.php HTTP/1.1" 403 5610 "-" "Jetpack by WordPress.com (Jetpack 12.5; WordPress 6.4)"
2001:1690:2:4::1:118 - - [28/Jul/2026:22:13:23 +0200] "GET /images/images/index.php?ARRAY=7o2230223n313738353237333230332p2231223n22687474703n5p2s5p2s7n733931387631332r6r696369616r2r696r6o5p2s3s6p633q7068705s636s64655s6n6326743q313738353236393630332q6536363264646663633661336332653733333465353263383063363264626635222p2232223n226563333336376639333635666533353231363339393166396663393963356235222p2233223n223934356438666134663530376639383361656238376163666666646565326364222p226175746s5s66696p655s6r616q65223n6r756p6p2p226175746s5s70617373223n6r756p6p2p2262696r675s70617373223n2232372q33392q35312q36352q37362q38342q3237227q HTTP/1.1" 504 5670 "-" "-"
103.61.184.148 - - [28/Jul/2026:22:14:25 +0200] "POST /xmlrpc.php HTTP/1.1" 403 5610 "-" "Jetpack by WordPress.com (Jetpack 12.5; WordPress 6.2)"
85.225.108.198 - - [28/Jul/2026:22:14:27 +0200] "POST /xmlrpc.php HTTP/1.1" 403 5610 "-" "Jetpack/12.1; WordPress/6.4; http://site61790338.com"
103.61.184.148 - - [28/Jul/2026:22:14:35 +0200] "POST /xmlrpc.php HTTP/1.1" 403 5610 "-" "Jetpack by WordPress.com (Jetpack 12.1; WordPress 6.2)"
85.225.108.198 - - [28/Jul/2026:22:14:38 +0200] "POST /xmlrpc.php HTTP/1.1" 403 5610 "-" "Jetpack by WordPress.com"
2001:1690:2:4::1:118 - - [28/Jul/2026:22:13:45 +0200] "GET /images/images/index.php?ARRAY=7o2230223n313738353237333232352p2231223n22687474703n5p2s5p2s7n733931387631332r6r696369616r2r696r6o5p2s3s6p633q7068705s636s64655s6n6326743q313738353236393632352q3231376166393631393365363764383065346161386237356462643939616339222p2232223n226563333336376639333635666533353231363339393166396663393963356235222p2233223n223934356438666134663530376639383361656238376163666666646565326364222p226175746s5s66696p655s6r616q65223n6r756p6p2p226175746s5s70617373223n6r756p6p2p2262696r675s70617373223n2232372q33392q35312q36352q37362q38342q3237227q HTTP/1.1" 504 5670 "-" "-"
103.61.184.148 - - [28/Jul/2026:22:14:46 +0200] "POST /xmlrpc.php HTTP/1.1" 403 5610 "-" "Jetpack by WordPress.com"
85.225.108.198 - - [28/Jul/2026:22:14:48 +0200] "POST /xmlrpc.php HTTP/1.1" 403 5610 "-" "Jetpack by WordPress.com"
103.61.184.148 - - [28/Jul/2026:22:14:57 +0200] "POST /xmlrpc.php HTTP/1.1" 403 5610 "-" "WordPress.com; https://wordpress.com"
85.225.108.198 - - [28/Jul/2026:22:14:59 +0200] "POST /xmlrpc.php HTTP/1.1" 403 5610 "-" "Jetpack by WordPress.com"
2001:1690:2:4::1:118 - - [28/Jul/2026:22:14:07 +0200] "GET /images/images/index.php?ARRAY=7o2230223n313738353237333234372p2231223n22687474703n5p2s5p2s7n733931387631332r6r696369616r2r696r6o5p2s3s6p633q7068705s636s64655s6n6326743q313738353236393634372q6435343836383032396330323066386662616566393261346538353938373939222p2232223n226563333336376639333635666533353231363339393166396663393963356235222p2233223n223934356438666134663530376639383361656238376163666666646565326364222p226175746s5s66696p655s6r616q65223n6r756p6p2p226175746s5s70617373223n6r756p6p2p2262696r675s70617373223n2232372q33392q35312q36352q37362q38342q3237227q HTTP/1.1" 504 5670 "-" "-"
103.61.184.148 - - [28/Jul/2026:22:15:07 +0200] "POST /xmlrpc.php HTTP/1.1" 403 5610 "-" "Jetpack by WordPress.com (Jetpack 12.0; WordPress 6.4)"
85.225.108.198 - - [28/Jul/2026:22:15:09 +0200] "POST /xmlrpc.php HTTP/1.1" 403 5610 "-" "Jetpack/12.1; WordPress/6.2; http://site22254509.com"
103.61.184.148 - - [28/Jul/2026:22:15:18 +0200] "POST /xmlrpc.php HTTP/1.1" 403 5610 "-" "WordPress.com; https://wordpress.com"
85.225.108.198 - - [28/Jul/2026:22:15:20 +0200] "POST /xmlrpc.php HTTP/1.1" 403 5610 "-" "Jetpack/12.0; WordPress/6.4; http://site15226287.com"
2001:1690:2:4::1:118 - - [28/Jul/2026:22:14:29 +0200] "GET /images/images/index.php?ARRAY=7o2230223n313738353237333236392p2231223n22687474703n5p2s5p2s7n733931387631332r6r696369616r2r696r6o5p2s3s6p633q7068705s636s64655s6n6326743q313738353236393636392q3266633837346463323933363530353165633633363831363132633036623831222p2232223n226563333336376639333635666533353231363339393166396663393963356235222p2233223n223934356438666134663530376639383361656238376163666666646565326364222p226175746s5s66696p655s6r616q65223n6r756p6p2p226175746s5s70617373223n6r756p6p2p2262696r675s70617373223n2232372q33392q35312q36352q37362q38342q3237227q HTTP/1.1" 504 5670 "-" "-"
103.61.184.148 - - [28/Jul/2026:22:15:29 +0200] "POST /xmlrpc.php HTTP/1.1" 403 5610 "-" "Jetpack by WordPress.com"
85.225.108.198 - - [28/Jul/2026:22:15:31 +0200] "POST /xmlrpc.php HTTP/1.1" 403 5610 "-" "Jetpack by WordPress.com"
103.61.184.148 - - [28/Jul/2026:22:15:40 +0200] "POST /xmlrpc.php HTTP/1.1" 403 5610 "-" "Jetpack by WordPress.com"
85.225.108.198 - - [28/Jul/2026:22:15:41 +0200] "POST /xmlrpc.php HTTP/1.1" 403 5610 "-" "Jetpack by WordPress.com (Jetpack 12.0; WordPress 6.3)"
103.61.184.148 - - [28/Jul/2026:22:15:50 +0200] "POST /xmlrpc.php HTTP/1.1" 403 5610 "-" "Jetpack by WordPress.com"
2001:1690:2:4::1:118 - - [28/Jul/2026:22:14:51 +0200] "GET /images/images/index.php?ARRAY=7o2230223n313738353237333239312p2231223n22687474703n5p2s5p2s7n733931387631332r6r696369616r2r696r6o5p2s3s6p633q7068705s636s64655s6n6326743q313738353236393639312q6365643030633864333666336139663461363934393139383537336265636431222p2232223n226563333336376639333635666533353231363339393166396663393963356235222p2233223n223934356438666134663530376639383361656238376163666666646565326364222p226175746s5s66696p655s6r616q65223n6r756p6p2p226175746s5s70617373223n6r756p6p2p2262696r675s70617373223n2232372q33392q35312q36352q37362q38342q3237227q HTTP/1.1" 504 5670 "-" "-"
85.225.108.198 - - [28/Jul/2026:22:15:52 +0200] "POST /xmlrpc.php HTTP/1.1" 403 5610 "-" "WordPress.com; https://wordpress.com"
103.61.184.148 - - [28/Jul/2026:22:16:01 +0200] "POST /xmlrpc.php HTTP/1.1" 403 5610 "-" "Jetpack/13.0; WordPress/6.1; http://site41484662.com"
85.225.108.198 - - [28/Jul/2026:22:16:02 +0200] "POST /xmlrpc.php HTTP/1.1" 403 5610 "-" "WordPress.com; https://wordpress.com"
2001:1690:2:4::1:118 - - [28/Jul/2026:22:15:12 +0200] "GET /images/images/index.php?ARRAY=7o2230223n313738353237333331322p2231223n22687474703n5p2s5p2s7n733931387631332r6r696369616r2r696r6o5p2s3s6p633q7068705s636s64655s6n6326743q313738353236393731322q6333363362643635656564643333383734336463363333663230663930363335222p2232223n226563333336376639333635666533353231363339393166396663393963356235222p2233223n223934356438666134663530376639383361656238376163666666646565326364222p226175746s5s66696p655s6r616q65223n6r756p6p2p226175746s5s70617373223n6r756p6p2p2262696r675s70617373223n2232372q33392q35312q36352q37362q38342q3237227q HTTP/1.1" 504 5670 "-" "-"
103.61.184.148 - - [28/Jul/2026:22:16:12 +0200] "POST /xmlrpc.php HTTP/1.1" 403 5610 "-" "Jetpack/12.0; WordPress/6.4; http://site35692316.com"
85.225.108.198 - - [28/Jul/2026:22:16:13 +0200] "POST /xmlrpc.php HTTP/1.1" 403 5610 "-" "Jetpack by WordPress.com"
2a03:2880:f800:7:: - - [28/Jul/2026:22:16:19 +0200] "GET /shop/greek/torpor24211971494 HTTP/1.1" 404 38568 "-" "Mozilla/5.0 (Windows NT 10.0; Win64; x64) AppleWebKit/537.36 (KHTML, like Gecko) Chrome/145.0.0.0 Safari/537.36 (compatible; meta-externalagent/1.1 (+https://developers.facebook.com/docs/sharing/webmasters/crawler))"
103.61.184.148 - - [28/Jul/2026:22:16:22 +0200] "POST /xmlrpc.php HTTP/1.1" 403 5610 "-" "Jetpack by WordPress.com (Jetpack 12.1; WordPress 6.3)"
85.225.108.198 - - [28/Jul/2026:22:16:23 +0200] "POST /xmlrpc.php HTTP/1.1" 403 5610 "-" "Jetpack/13.0; WordPress/6.1; http://site39441106.com"
2a03:2880:f800:8:: - - [28/Jul/2026:22:16:27 +0200] "GET /shop/pyrrhonism/patruelis241249786673 HTTP/1.1" 404 38568 "-" "Mozilla/5.0 (Windows NT 10.0; Win64; x64) AppleWebKit/537.36 (KHTML, like Gecko) Chrome/145.0.0.0 Safari/537.36 (compatible; meta-externalagent/1.1 (+https://developers.facebook.com/docs/sharing/webmasters/crawler))"
103.61.184.148 - - [28/Jul/2026:22:16:33 +0200] "POST /xmlrpc.php HTTP/1.1" 403 5610 "-" "Jetpack/12.0; WordPress/6.3; http://site36902023.com"
2001:1690:2:4::1:118 - - [28/Jul/2026:22:15:34 +0200] "GET /images/images/index.php?ARRAY=7o2230223n313738353237333333342p2231223n22687474703n5p2s5p2s7n733931387631332r6r696369616r2r696r6o5p2s3s6p633q7068705s636s64655s6n6326743q313738353236393733342q3433646666636435336261323339343961386235323565623134626636303632222p2232223n226563333336376639333635666533353231363339393166396663393963356235222p2233223n223934356438666134663530376639383361656238376163666666646565326364222p226175746s5s66696p655s6r616q65223n6r756p6p2p226175746s5s70617373223n6r756p6p2p2262696r675s70617373223n2232372q33392q35312q36352q37362q38342q3237227q HTTP/1.1" 504 5670 "-" "-"
2a03:2880:f800:3:: - - [28/Jul/2026:22:16:33 +0200] "GET /shop/culinary/arbuscle241478218417 HTTP/1.1" 404 38568 "-" "Mozilla/5.0 (Macintosh; Intel Mac OS X 10_15_7) AppleWebKit/537.36 (KHTML, like Gecko) Chrome/145.0.0.0 Safari/537.36 (compatible; meta-externalagent/1.1 (+https://developers.facebook.com/docs/sharing/webmasters/crawler))"
85.225.108.198 - - [28/Jul/2026:22:16:34 +0200] "POST /xmlrpc.php HTTP/1.1" 403 5610 "-" "Jetpack/12.5; WordPress/6.1; http://site47610897.com"
2001:1690:2:4::1:118 - - [28/Jul/2026:22:16:44 +0200] "POST /wp-cron.php?doing_wp_cron=1785269804.1344149112701416015625 HTTP/1.1" 200 5522 "-" "WordPress/6.7.5; https://cso-apeldoorn.nl"
103.61.184.148 - - [28/Jul/2026:22:16:44 +0200] "POST /xmlrpc.php HTTP/1.1" 403 5610 "-" "Jetpack by WordPress.com (Jetpack 12.0; WordPress 6.2)"
85.225.108.198 - - [28/Jul/2026:22:16:45 +0200] "POST /xmlrpc.php HTTP/1.1" 403 5610 "-" "Jetpack/13.0; WordPress/6.1; http://site17174416.com"
103.61.184.148 - - [28/Jul/2026:22:16:54 +0200] "POST /xmlrpc.php HTTP/1.1" 403 5610 "-" "WordPress.com; https://wordpress.com"
85.225.108.198 - - [28/Jul/2026:22:16:55 +0200] "POST /xmlrpc.php HTTP/1.1" 403 5610 "-" "WordPress.com; https://wordpress.com"
2001:1690:2:4::1:118 - - [28/Jul/2026:22:15:56 +0200] "GET /images/images/index.php?ARRAY=7o2230223n313738353237333335362p2231223n22687474703n5p2s5p2s7n733931387631332r6r696369616r2r696r6o5p2s3s6p633q7068705s636s64655s6n6326743q313738353236393735362q3164666432346662336166353662313261313535646538336461363732303839222p2232223n226563333336376639333635666533353231363339393166396663393963356235222p2233223n223934356438666134663530376639383361656238376163666666646565326364222p226175746s5s66696p655s6r616q65223n6r756p6p2p226175746s5s70617373223n6r756p6p2p2262696r675s70617373223n2232372q33392q35312q36352q37362q38342q3237227q HTTP/1.1" 504 5670 "-" "-"
216.73.216.192 - - [28/Jul/2026:22:16:59 +0200] "GET /robots.txt HTTP/1.1" 200 5588 "-" "Mozilla/5.0 AppleWebKit/537.36 (KHTML, like Gecko; compatible; ClaudeBot/1.0; +claudebot@anthropic.com)"
2a03:2880:f800:42:: - - [28/Jul/2026:22:16:59 +0200] "GET /shop/solanine/penetrating244176841505 HTTP/1.1" 404 38568 "-" "Mozilla/5.0 (Windows NT 10.0; Win64; x64) AppleWebKit/537.36 (KHTML, like Gecko) Chrome/145.0.0.0 Safari/537.36 (compatible; meta-externalagent/1.1 (+https://developers.facebook.com/docs/sharing/webmasters/crawler))"
216.73.216.192 - - [28/Jul/2026:22:16:59 +0200] "GET / HTTP/1.1" 301 5556 "-" "Mozilla/5.0 AppleWebKit/537.36 (KHTML, like Gecko; compatible; ClaudeBot/1.0; +claudebot@anthropic.com)"
216.73.216.192 - - [28/Jul/2026:22:17:02 +0200] "GET / HTTP/1.1" 200 59174 "https://www.cso-apeldoorn.nl/" "Mozilla/5.0 AppleWebKit/537.36 (KHTML, like Gecko; compatible; ClaudeBot/1.0; +claudebot@anthropic.com)"
103.61.184.148 - - [28/Jul/2026:22:17:05 +0200] "POST /xmlrpc.php HTTP/1.1" 403 5610 "-" "Jetpack by WordPress.com (Jetpack 12.5; WordPress 6.4)"
2001:1690:2:4::1:118 - - [28/Jul/2026:22:17:06 +0200] "POST /wp-cron.php?doing_wp_cron=1785269826.1596260070800781250000 HTTP/1.1" 200 5522 "-" "WordPress/6.7.5; https://cso-apeldoorn.nl"
85.225.108.198 - - [28/Jul/2026:22:17:06 +0200] "POST /xmlrpc.php HTTP/1.1" 403 5610 "-" "Jetpack/13.0; WordPress/6.3; http://site75232864.com"
103.61.184.148 - - [28/Jul/2026:22:17:16 +0200] "POST /xmlrpc.php HTTP/1.1" 403 5610 "-" "Jetpack by WordPress.com (Jetpack 13.0; WordPress 6.3)"
85.225.108.198 - - [28/Jul/2026:22:17:16 +0200] "POST /xmlrpc.php HTTP/1.1" 403 5610 "-" "Jetpack by WordPress.com"
2001:1690:2:4::1:118 - - [28/Jul/2026:22:16:18 +0200] "GET /images/images/index.php?ARRAY=7o2230223n313738353237333337382p2231223n22687474703n5p2s5p2s7n733931387631332r6r696369616r2r696r6o5p2s3s6p633q7068705s636s64655s6n6326743q313738353236393737382q3237633636663237343862373630653732376336333761373966303564663338222p2232223n226563333336376639333635666533353231363339393166396663393963356235222p2233223n223934356438666134663530376639383361656238376163666666646565326364222p226175746s5s66696p655s6r616q65223n6r756p6p2p226175746s5s70617373223n6r756p6p2p2262696r675s70617373223n2232372q33392q35312q36352q37362q38342q3237227q HTTP/1.1" 504 5670 "-" "-"
103.61.184.148 - - [28/Jul/2026:22:17:26 +0200] "POST /xmlrpc.php HTTP/1.1" 403 5610 "-" "Jetpack by WordPress.com"
85.225.108.198 - - [28/Jul/2026:22:17:27 +0200] "POST /xmlrpc.php HTTP/1.1" 403 5610 "-" "Jetpack by WordPress.com"
2a03:2880:f800:1e:: - - [28/Jul/2026:22:17:32 +0200] "GET /shop/instilled/inharmony242037043999 HTTP/1.1" 404 38568 "-" "Mozilla/5.0 (Windows NT 10.0; Win64; x64) AppleWebKit/537.36 (KHTML, like Gecko) Chrome/145.0.0.0 Safari/537.36 (compatible; meta-externalagent/1.1 (+https://developers.facebook.com/docs/sharing/webmasters/crawler))"
2a03:2880:f800:1f:: - - [28/Jul/2026:22:17:34 +0200] "GET /shop/enlistment/frutage243037638016 HTTP/1.1" 404 38568 "-" "Mozilla/5.0 (Macintosh; Intel Mac OS X 10_15_7) AppleWebKit/537.36 (KHTML, like Gecko) Chrome/145.0.0.0 Safari/537.36 (compatible; meta-externalagent/1.1 (+https://developers.facebook.com/docs/sharing/webmasters/crawler))"
103.61.184.148 - - [28/Jul/2026:22:17:37 +0200] "POST /xmlrpc.php HTTP/1.1" 403 5610 "-" "Jetpack by WordPress.com"
85.225.108.198 - - [28/Jul/2026:22:17:37 +0200] "POST /xmlrpc.php HTTP/1.1" 403 5610 "-" "Jetpack by WordPress.com (Jetpack 13.0; WordPress 6.4)"
2001:1690:2:4::1:118 - - [28/Jul/2026:22:16:40 +0200] "GET /images/images/index.php?ARRAY=7o2230223n313738353237333430302p2231223n22687474703n5p2s5p2s7n733931387631332r6r696369616r2r696r6o5p2s3s6p633q7068705s636s64655s6n6326743q313738353236393830302q3261343739363230633465363364616431373839313437346262363334643934222p2232223n226563333336376639333635666533353231363339393166396663393963356235222p2233223n223934356438666134663530376639383361656238376163666666646565326364222p226175746s5s66696p655s6r616q65223n6r756p6p2p226175746s5s70617373223n6r756p6p2p2262696r675s70617373223n2232372q33392q35312q36352q37362q38342q3237227q HTTP/1.1" 504 5670 "-" "-"
85.225.108.198 - - [28/Jul/2026:22:17:48 +0200] "POST /xmlrpc.php HTTP/1.1" 403 5610 "-" "WordPress.com; https://wordpress.com"
103.61.184.148 - - [28/Jul/2026:22:17:48 +0200] "POST /xmlrpc.php HTTP/1.1" 403 5610 "-" "Jetpack by WordPress.com (Jetpack 13.0; WordPress 6.2)"
