43.161.233.190 - - [28/Jul/2026:19:16:45 +0200] "GET /wp-content/uploads/2019/11/privacy-reglement-cso-apeldoorn.pdf HTTP/1.1" 200 230912 "-" "Mozilla/5.0 (iPhone; CPU iPhone OS 13_2_3 like Mac OS X) AppleWebKit/605.1.15 (KHTML, like Gecko) Version/13.0.3 Mobile/15E148 Safari/604.1"
2001:1690:2:4::1:118 - - [28/Jul/2026:19:16:58 +0200] "POST /wp-cron.php?doing_wp_cron=1785259018.6925508975982666015625 HTTP/1.1" 200 5522 "-" "WordPress/6.7.5; https://cso-apeldoorn.nl"
2a03:2880:f800:2f:: - - [28/Jul/2026:19:16:58 +0200] "GET /shop/recompenser/ditch244265948669 HTTP/1.1" 404 38568 "-" "Mozilla/5.0 (Macintosh; Intel Mac OS X 10_15_7) AppleWebKit/537.36 (KHTML, like Gecko) Chrome/145.0.0.0 Safari/537.36 (compatible; meta-externalagent/1.1 (+https://developers.facebook.com/docs/sharing/webmasters/crawler))"
66.249.70.32 - - [28/Jul/2026:19:17:13 +0200] "GET /sitemap-subitems-2175.xml HTTP/1.1" 200 382981 "-" "Mozilla/5.0 (compatible; Googlebot/2.1; +http://www.google.com/bot.html)"
66.249.70.39 - - [28/Jul/2026:19:17:35 +0200] "GET /wp-content/uploads/2024/02/240123-GMR-Medezeggenschapsstatuut-augustus-2023-tm-juli-2024-AANGEPASTE-DUUR-1-JAAR.pdf HTTP/1.1" 200 5584 "-" "Mozilla/5.0 (Linux; Android 6.0.1; Nexus 5X Build/MMB29P) AppleWebKit/537.36 (KHTML, like Gecko) Chrome/150.0.7871.128 Mobile Safari/537.36 (compatible; GoogleOther)"
66.249.70.39 - - [28/Jul/2026:19:17:36 +0200] "GET /wp-content/uploads/2024/02/240123-GMR-Medezeggenschapsstatuut-augustus-2023-tm-juli-2024-AANGEPASTE-DUUR-1-JAAR.pdf HTTP/1.1" 200 976097 "-" "Mozilla/5.0 (Linux; Android 6.0.1; Nexus 5X Build/MMB29P) AppleWebKit/537.36 (KHTML, like Gecko) Chrome/150.0.7871.128 Mobile Safari/537.36 (compatible; GoogleOther)"
66.249.70.38 - - [28/Jul/2026:19:18:36 +0200] "GET /shop/falsificator/bowtel253271416496 HTTP/1.1" 404 38719 "-" "Mozilla/5.0 (Linux; Android 6.0.1; Nexus 5X Build/MMB29P) AppleWebKit/537.36 (KHTML, like Gecko) Chrome/150.0.7871.128 Mobile Safari/537.36 (compatible; GoogleOther)"
2a03:2880:f800:11:: - - [28/Jul/2026:19:18:41 +0200] "GET /shop/rhodonite/scutching242061025070 HTTP/1.1" 404 38568 "-" "Mozilla/5.0 (Macintosh; Intel Mac OS X 10_15_7) AppleWebKit/537.36 (KHTML, like Gecko) Chrome/145.0.0.0 Safari/537.36 (compatible; meta-externalagent/1.1 (+https://developers.facebook.com/docs/sharing/webmasters/crawler))"
66.249.70.32 - - [28/Jul/2026:19:20:33 +0200] "GET /shop/valetudinary/boathouse253732817833 HTTP/1.1" 200 230619 "-" "Mozilla/5.0 (Linux; Android 6.0.1; Nexus 5X Build/MMB29P) AppleWebKit/537.36 (KHTML, like Gecko) Chrome/150.0.7871.128 Mobile Safari/537.36 (compatible; Googlebot/2.1; +http://www.google.com/bot.html)"
2a03:2880:f800:2:: - - [28/Jul/2026:19:20:58 +0200] "GET /shop/abodance/german241627997989 HTTP/1.1" 404 38568 "-" "Mozilla/5.0 (Windows NT 10.0; Win64; x64) AppleWebKit/537.36 (KHTML, like Gecko) Chrome/145.0.0.0 Safari/537.36 (compatible; meta-externalagent/1.1 (+https://developers.facebook.com/docs/sharing/webmasters/crawler))"
2a03:2880:f800:2:: - - [28/Jul/2026:19:21:07 +0200] "GET /shop/benzoyl/nematocidal241718740399 HTTP/1.1" 404 38568 "-" "Mozilla/5.0 (Windows NT 10.0; Win64; x64) AppleWebKit/537.36 (KHTML, like Gecko) Chrome/145.0.0.0 Safari/537.36 (compatible; meta-externalagent/1.1 (+https://developers.facebook.com/docs/sharing/webmasters/crawler))"
2a03:2880:f800:3b:: - - [28/Jul/2026:19:21:41 +0200] "GET /shop/coronata/imrigh242995770800 HTTP/1.1" 404 38568 "-" "Mozilla/5.0 (Windows NT 10.0; Win64; x64) AppleWebKit/537.36 (KHTML, like Gecko) Chrome/145.0.0.0 Safari/537.36 (compatible; meta-externalagent/1.1 (+https://developers.facebook.com/docs/sharing/webmasters/crawler))"
2001:1690:2:4::1:118 - - [28/Jul/2026:19:21:50 +0200] "POST /wp-cron.php?doing_wp_cron=1785259310.4501268863677978515625 HTTP/1.1" 200 5522 "-" "WordPress/6.7.5; https://cso-apeldoorn.nl"
2a03:2880:f800:2f:: - - [28/Jul/2026:19:21:50 +0200] "GET /shop/betta/sharpsaw244073483388 HTTP/1.1" 404 38568 "-" "Mozilla/5.0 (Windows NT 10.0; Win64; x64) AppleWebKit/537.36 (KHTML, like Gecko) Chrome/145.0.0.0 Safari/537.36 (compatible; meta-externalagent/1.1 (+https://developers.facebook.com/docs/sharing/webmasters/crawler))"
2a03:2880:f800:7:: - - [28/Jul/2026:19:22:12 +0200] "GET /shop/denotement/priest241084676937 HTTP/1.1" 404 38568 "-" "Mozilla/5.0 (Windows NT 10.0; Win64; x64) AppleWebKit/537.36 (KHTML, like Gecko) Chrome/145.0.0.0 Safari/537.36 (compatible; meta-externalagent/1.1 (+https://developers.facebook.com/docs/sharing/webmasters/crawler))"
2a03:2880:f800:1a:: - - [28/Jul/2026:19:22:35 +0200] "GET /shop/cheeseburger/expositive242574521339 HTTP/1.1" 404 38568 "-" "Mozilla/5.0 (Macintosh; Intel Mac OS X 10_15_7) AppleWebKit/537.36 (KHTML, like Gecko) Chrome/145.0.0.0 Safari/537.36 (compatible; meta-externalagent/1.1 (+https://developers.facebook.com/docs/sharing/webmasters/crawler))"
2a03:2880:f800:22:: - - [28/Jul/2026:19:22:46 +0200] "GET /shop/haversack/caprylic243872988973 HTTP/1.1" 404 38568 "-" "Mozilla/5.0 (X11; Linux x86_64) AppleWebKit/537.36 (KHTML, like Gecko) Chrome/145.0.0.0 Safari/537.36 (compatible; meta-externalagent/1.1 (+https://developers.facebook.com/docs/sharing/webmasters/crawler))"
2a03:2880:f800:10:: - - [28/Jul/2026:19:23:51 +0200] "GET /shop/starfinch/robertianum24824748940 HTTP/1.1" 404 38568 "-" "Mozilla/5.0 (Windows NT 10.0; Win64; x64) AppleWebKit/537.36 (KHTML, like Gecko) Chrome/145.0.0.0 Safari/537.36 (compatible; meta-externalagent/1.1 (+https://developers.facebook.com/docs/sharing/webmasters/crawler))"
2a03:2880:f800:34:: - - [28/Jul/2026:19:26:35 +0200] "GET /shop/unpeerable/disquiet24555037728 HTTP/1.1" 404 38568 "-" "Mozilla/5.0 (X11; Linux x86_64) AppleWebKit/537.36 (KHTML, like Gecko) Chrome/145.0.0.0 Safari/537.36 (compatible; meta-externalagent/1.1 (+https://developers.facebook.com/docs/sharing/webmasters/crawler))"
66.249.70.39 - - [28/Jul/2026:19:26:51 +0200] "GET /shop/carroty/ovation254021346215 HTTP/1.1" 404 38719 "-" "Mozilla/5.0 (Linux; Android 6.0.1; Nexus 5X Build/MMB29P) AppleWebKit/537.36 (KHTML, like Gecko) Chrome/150.0.7871.128 Mobile Safari/537.36 (compatible; GoogleOther)"
2a03:2880:27ff:73:: - - [28/Jul/2026:19:27:16 +0200] "GET /robots.txt HTTP/1.1" 206 5631 "-" "facebookexternalhit/1.1 (+http://www.facebook.com/externalhit_uatext.php)"
2a03:2880:27ff:5:: - - [28/Jul/2026:19:27:17 +0200] "GET /robots.txt HTTP/1.1" 206 5631 "-" "facebookexternalhit/1.1 (+http://www.facebook.com/externalhit_uatext.php)"
2a03:2880:f800:1a:: - - [28/Jul/2026:19:27:17 +0200] "GET /shop/dglucaric/appurtenance243560232963 HTTP/1.1" 404 38568 "-" "Mozilla/5.0 (Macintosh; Intel Mac OS X 10_15_7) AppleWebKit/537.36 (KHTML, like Gecko) Chrome/145.0.0.0 Safari/537.36 (compatible; meta-externalagent/1.1 (+https://developers.facebook.com/docs/sharing/webmasters/crawler))"
43.166.128.187 - - [28/Jul/2026:19:27:28 +0200] "GET /author/jacinta/ HTTP/1.1" 200 35878 "-" "Mozilla/5.0 (iPhone; CPU iPhone OS 13_2_3 like Mac OS X) AppleWebKit/605.1.15 (KHTML, like Gecko) Version/13.0.3 Mobile/15E148 Safari/604.1"
66.249.70.39 - - [28/Jul/2026:19:27:53 +0200] "GET /shop/desexualize/lucid253710273509 HTTP/1.1" 404 38719 "-" "Mozilla/5.0 (Linux; Android 6.0.1; Nexus 5X Build/MMB29P) AppleWebKit/537.36 (KHTML, like Gecko) Chrome/150.0.7871.128 Mobile Safari/537.36 (compatible; GoogleOther)"
2a03:2880:16ff:41:: - - [28/Jul/2026:19:28:25 +0200] "GET /robots.txt HTTP/1.1" 206 5631 "-" "facebookexternalhit/1.1 (+http://www.facebook.com/externalhit_uatext.php)"
2a03:2880:16ff:40:: - - [28/Jul/2026:19:28:25 +0200] "GET /robots.txt HTTP/1.1" 206 5631 "-" "facebookexternalhit/1.1 (+http://www.facebook.com/externalhit_uatext.php)"
2a03:2880:f800:12:: - - [28/Jul/2026:19:28:26 +0200] "GET /shop/hereditable/worthless243180349487 HTTP/1.1" 404 38568 "-" "Mozilla/5.0 (Macintosh; Intel Mac OS X 10_15_7) AppleWebKit/537.36 (KHTML, like Gecko) Chrome/145.0.0.0 Safari/537.36 (compatible; meta-externalagent/1.1 (+https://developers.facebook.com/docs/sharing/webmasters/crawler))"
185.251.19.148 - - [28/Jul/2026:19:28:48 +0200] "POST /wp-login.php HTTP/1.1" 200 22040 "-" "Mozilla/5.0 (Macintosh; Intel Mac OS X 10_15_7) AppleWebKit/605.1.15 Version/17.0 Safari/605.1.15"
66.249.70.39 - - [28/Jul/2026:19:29:00 +0200] "GET /shop/primigenial/resistless25927648459 HTTP/1.1" 404 38719 "-" "Mozilla/5.0 (Linux; Android 6.0.1; Nexus 5X Build/MMB29P) AppleWebKit/537.36 (KHTML, like Gecko) Chrome/150.0.7871.128 Mobile Safari/537.36 (compatible; GoogleOther)"
2a03:2880:f800:40:: - - [28/Jul/2026:19:29:20 +0200] "GET /shop/inoculability/roominess244001571536 HTTP/1.1" 404 38568 "-" "Mozilla/5.0 (Windows NT 10.0; Win64; x64) AppleWebKit/537.36 (KHTML, like Gecko) Chrome/145.0.0.0 Safari/537.36 (compatible; meta-externalagent/1.1 (+https://developers.facebook.com/docs/sharing/webmasters/crawler))"
2a03:2880:f800:13:: - - [28/Jul/2026:19:30:12 +0200] "GET /shop/saccharoides/locutory241627707121 HTTP/1.1" 404 38568 "-" "Mozilla/5.0 (Windows NT 10.0; Win64; x64) AppleWebKit/537.36 (KHTML, like Gecko) Chrome/145.0.0.0 Safari/537.36 (compatible; meta-externalagent/1.1 (+https://developers.facebook.com/docs/sharing/webmasters/crawler))"
2a03:2880:f800:36:: - - [28/Jul/2026:19:30:39 +0200] "GET /shop/charioteer/coastwise2422301150 HTTP/1.1" 404 38568 "-" "Mozilla/5.0 (Windows NT 10.0; Win64; x64) AppleWebKit/537.36 (KHTML, like Gecko) Chrome/145.0.0.0 Safari/537.36 (compatible; meta-externalagent/1.1 (+https://developers.facebook.com/docs/sharing/webmasters/crawler))"
2a03:2880:f800:21:: - - [28/Jul/2026:19:31:25 +0200] "GET /shop/expandable/blooded24605840114 HTTP/1.1" 404 38568 "-" "Mozilla/5.0 (Windows NT 10.0; Win64; x64) AppleWebKit/537.36 (KHTML, like Gecko) Chrome/145.0.0.0 Safari/537.36 (compatible; meta-externalagent/1.1 (+https://developers.facebook.com/docs/sharing/webmasters/crawler))"
2001:1690:2:4::1:118 - - [28/Jul/2026:19:31:49 +0200] "POST /wp-cron.php?doing_wp_cron=1785259909.0189990997314453125000 HTTP/1.1" 200 5522 "-" "WordPress/6.7.5; https://cso-apeldoorn.nl"
2a03:2880:f800:2:: - - [28/Jul/2026:19:31:48 +0200] "GET /shop/harmed/sclerotia243223553244 HTTP/1.1" 404 38568 "-" "Mozilla/5.0 (Macintosh; Intel Mac OS X 10_15_7) AppleWebKit/537.36 (KHTML, like Gecko) Chrome/145.0.0.0 Safari/537.36 Edg/145.0.0.0 (compatible; meta-externalagent/1.1 (+https://developers.facebook.com/docs/sharing/webmasters/crawler))"
2001:1690:2:4::1:118 - - [28/Jul/2026:19:32:49 +0200] "POST /wp-cron.php?doing_wp_cron=1785259969.8016140460968017578125 HTTP/1.1" 200 5522 "-" "WordPress/6.7.5; https://cso-apeldoorn.nl"
2a03:2880:f800:28:: - - [28/Jul/2026:19:32:49 +0200] "GET /shop/phalangistidae/varies24363860557 HTTP/1.1" 404 38568 "-" "Mozilla/5.0 (Windows NT 10.0; Win64; x64) AppleWebKit/537.36 (KHTML, like Gecko) Chrome/145.0.0.0 Safari/537.36 (compatible; meta-externalagent/1.1 (+https://developers.facebook.com/docs/sharing/webmasters/crawler))"
2a03:2880:f800:45:: - - [28/Jul/2026:19:33:29 +0200] "GET /shop/hende/vicine24186198755 HTTP/1.1" 404 38568 "-" "Mozilla/5.0 (Windows NT 10.0; Win64; x64) AppleWebKit/537.36 (KHTML, like Gecko) Chrome/145.0.0.0 Safari/537.36 (compatible; meta-externalagent/1.1 (+https://developers.facebook.com/docs/sharing/webmasters/crawler))"
2a03:2880:f800:15:: - - [28/Jul/2026:19:34:22 +0200] "GET /shop/stereometric/scurry24138456793 HTTP/1.1" 404 38568 "-" "Mozilla/5.0 (Windows NT 10.0; Win64; x64) AppleWebKit/537.36 (KHTML, like Gecko) Chrome/145.0.0.0 Safari/537.36 (compatible; meta-externalagent/1.1 (+https://developers.facebook.com/docs/sharing/webmasters/crawler))"
2a03:2880:f800:4:: - - [28/Jul/2026:19:34:32 +0200] "GET /element_category-sitemap.xml HTTP/1.1" 200 6225 "-" "Mozilla/5.0 (Windows NT 10.0; Win64; x64) AppleWebKit/537.36 (KHTML, like Gecko) Chrome/145.0.0.0 Safari/537.36 (compatible; meta-externalagent/1.1 (+https://developers.facebook.com/docs/sharing/webmasters/crawler))"
66.249.70.32 - - [28/Jul/2026:19:36:08 +0200] "GET /shop/universe/saluted252717873087 HTTP/1.1" 404 38719 "-" "Mozilla/5.0 (Linux; Android 6.0.1; Nexus 5X Build/MMB29P) AppleWebKit/537.36 (KHTML, like Gecko) Chrome/150.0.7871.128 Mobile Safari/537.36 (compatible; GoogleOther)"
66.249.70.39 - - [28/Jul/2026:19:36:13 +0200] "GET /shop/vesperal/purpuric251521276352 HTTP/1.1" 404 38719 "-" "Mozilla/5.0 (Linux; Android 6.0.1; Nexus 5X Build/MMB29P) AppleWebKit/537.36 (KHTML, like Gecko) Chrome/150.0.7871.128 Mobile Safari/537.36 (compatible; GoogleOther)"
2a03:2880:f800:32:: - - [28/Jul/2026:19:36:18 +0200] "GET /shop/unhallowed/fingerpost242538877036 HTTP/1.1" 404 38568 "-" "Mozilla/5.0 (Macintosh; Intel Mac OS X 10_15_7) AppleWebKit/537.36 (KHTML, like Gecko) Chrome/145.0.0.0 Safari/537.36 (compatible; meta-externalagent/1.1 (+https://developers.facebook.com/docs/sharing/webmasters/crawler))"
66.249.70.38 - - [28/Jul/2026:19:36:54 +0200] "GET /collections/032656961037 HTTP/1.1" 404 38538 "-" "Mozilla/5.0 (Linux; Android 6.0.1; Nexus 5X Build/MMB29P) AppleWebKit/537.36 (KHTML, like Gecko) Chrome/150.0.7871.128 Mobile Safari/537.36 (compatible; GoogleOther)"
2a03:2880:f800:25:: - - [28/Jul/2026:19:36:56 +0200] "GET /shop/pleuralgia/nouveau242351605477 HTTP/1.1" 404 38568 "-" "Mozilla/5.0 (Windows NT 10.0; Win64; x64) AppleWebKit/537.36 (KHTML, like Gecko) Chrome/145.0.0.0 Safari/537.36 (compatible; meta-externalagent/1.1 (+https://developers.facebook.com/docs/sharing/webmasters/crawler))"
2a03:2880:f800:19:: - - [28/Jul/2026:19:37:48 +0200] "GET /sitemap-subitems-654.xml HTTP/1.1" 404 36445 "-" "Mozilla/5.0 (Windows NT 10.0; Win64; x64) AppleWebKit/537.36 (KHTML, like Gecko) Chrome/145.0.0.0 Safari/537.36 (compatible; meta-externalagent/1.1 (+https://developers.facebook.com/docs/sharing/webmasters/crawler))"
170.106.180.153 - - [28/Jul/2026:19:37:49 +0200] "GET /wp-json/wp/v2/pages/394 HTTP/1.1" 200 30297 "-" "Mozilla/5.0 (iPhone; CPU iPhone OS 13_2_3 like Mac OS X) AppleWebKit/605.1.15 (KHTML, like Gecko) Version/13.0.3 Mobile/15E148 Safari/604.1"
158.173.79.68 - - [28/Jul/2026:19:38:45 +0200] "GET / HTTP/1.1" 200 59401 "https://cso-apeldoorn.nl/" "Mozilla/5.0 (Windows NT 10.0) AppleWebKit/537.36 (KHTML, like Gecko) Chrome/103.0.0.0 Safari/537.36"
158.173.79.68 - - [28/Jul/2026:19:38:48 +0200] "POST / HTTP/1.1" 200 59635 "https://cso-apeldoorn.nl/" "Mozilla/5.0 (Windows NT 10.0) AppleWebKit/537.36 (KHTML, like Gecko) Chrome/103.0.0.0 Safari/537.36"
2a03:2880:f800:3c:: - - [28/Jul/2026:19:39:03 +0200] "GET /shop/tinner/parvitude243156848204 HTTP/1.1" 404 38568 "-" "Mozilla/5.0 (Macintosh; Intel Mac OS X 10_15_7) AppleWebKit/537.36 (KHTML, like Gecko) Chrome/145.0.0.0 Safari/537.36 (compatible; meta-externalagent/1.1 (+https://developers.facebook.com/docs/sharing/webmasters/crawler))"
2a03:2880:f800:10:: - - [28/Jul/2026:19:39:17 +0200] "GET /shop/bretful/despitously241057021982 HTTP/1.1" 404 38568 "-" "Mozilla/5.0 (Macintosh; Intel Mac OS X 10_15_7) AppleWebKit/537.36 (KHTML, like Gecko) Chrome/145.0.0.0 Safari/537.36 (compatible; meta-externalagent/1.1 (+https://developers.facebook.com/docs/sharing/webmasters/crawler))"
66.249.70.39 - - [28/Jul/2026:19:40:25 +0200] "GET /sitemap-subitems-477.xml HTTP/1.1" 200 382934 "-" "Mozilla/5.0 (compatible; Googlebot/2.1; +http://www.google.com/bot.html)"
2a03:2880:f800:7:: - - [28/Jul/2026:19:42:13 +0200] "GET /shop/archly/heapy243837770000 HTTP/1.1" 404 38568 "-" "Mozilla/5.0 (Windows NT 10.0; Win64; x64) AppleWebKit/537.36 (KHTML, like Gecko) Chrome/145.0.0.0 Safari/537.36 (compatible; meta-externalagent/1.1 (+https://developers.facebook.com/docs/sharing/webmasters/crawler))"
85.204.70.98 - - [28/Jul/2026:19:42:44 +0200] "GET / HTTP/1.1" 200 59174 "-" "Mozilla/5.0 (Windows NT 10.0; Win64; x64) AppleWebKit/537.36 (KHTML, like Gecko) Chrome/78.0.3904.108 Safari/537.36"
85.204.70.98 - - [28/Jul/2026:19:42:45 +0200] "GET //wp-includes/wlwmanifest.xml HTTP/1.1" 404 5613 "-" "Mozilla/5.0 (Windows NT 10.0; Win64; x64) AppleWebKit/537.36 (KHTML, like Gecko) Chrome/78.0.3904.108 Safari/537.36"
85.204.70.98 - - [28/Jul/2026:19:42:45 +0200] "GET //xmlrpc.php?rsd HTTP/1.1" 200 6260 "-" "Mozilla/5.0 (Windows NT 10.0; Win64; x64) AppleWebKit/537.36 (KHTML, like Gecko) Chrome/78.0.3904.108 Safari/537.36"
85.204.70.98 - - [28/Jul/2026:19:42:45 +0200] "GET //wp-json/wp/v2/users/ HTTP/1.1" 200 12294 "-" "Mozilla/5.0 (Windows NT 10.0; Win64; x64) AppleWebKit/537.36 (KHTML, like Gecko) Chrome/78.0.3904.108 Safari/537.36"
85.204.70.98 - - [28/Jul/2026:19:42:45 +0200] "GET //?author=1 HTTP/1.1" 403 548 "-" "Mozilla/5.0 (Windows NT 10.0; Win64; x64) AppleWebKit/537.36 (KHTML, like Gecko) Chrome/78.0.3904.108 Safari/537.36"
85.204.70.98 - - [28/Jul/2026:19:42:45 +0200] "GET //?author=2 HTTP/1.1" 403 548 "-" "Mozilla/5.0 (Windows NT 10.0; Win64; x64) AppleWebKit/537.36 (KHTML, like Gecko) Chrome/78.0.3904.108 Safari/537.36"
85.204.70.98 - - [28/Jul/2026:19:42:47 +0200] "POST //xmlrpc.php HTTP/1.1" 200 6055 "-" "Mozilla/5.0 (Windows NT 10.0; Win64; x64) AppleWebKit/537.36 (KHTML, like Gecko) Chrome/78.0.3904.108 Safari/537.36"
85.204.70.98 - - [28/Jul/2026:19:42:47 +0200] "POST //xmlrpc.php HTTP/1.1" 200 6055 "-" "Mozilla/5.0 (Windows NT 10.0; Win64; x64) AppleWebKit/537.36 (KHTML, like Gecko) Chrome/78.0.3904.108 Safari/537.36"
85.204.70.98 - - [28/Jul/2026:19:42:47 +0200] "POST //xmlrpc.php HTTP/1.1" 200 6088 "-" "Mozilla/5.0 (Windows NT 10.0; Win64; x64) AppleWebKit/537.36 (KHTML, like Gecko) Chrome/78.0.3904.108 Safari/537.36"
85.204.70.98 - - [28/Jul/2026:19:42:47 +0200] "POST //xmlrpc.php HTTP/1.1" 200 6088 "-" "Mozilla/5.0 (Windows NT 10.0; Win64; x64) AppleWebKit/537.36 (KHTML, like Gecko) Chrome/78.0.3904.108 Safari/537.36"
85.204.70.98 - - [28/Jul/2026:19:42:47 +0200] "POST //xmlrpc.php HTTP/1.1" 200 6088 "-" "Mozilla/5.0 (Windows NT 10.0; Win64; x64) AppleWebKit/537.36 (KHTML, like Gecko) Chrome/78.0.3904.108 Safari/537.36"
85.204.70.98 - - [28/Jul/2026:19:42:47 +0200] "POST //xmlrpc.php HTTP/1.1" 200 6088 "-" "Mozilla/5.0 (Windows NT 10.0; Win64; x64) AppleWebKit/537.36 (KHTML, like Gecko) Chrome/78.0.3904.108 Safari/537.36"
85.204.70.98 - - [28/Jul/2026:19:42:47 +0200] "POST //xmlrpc.php HTTP/1.1" 200 6088 "-" "Mozilla/5.0 (Windows NT 10.0; Win64; x64) AppleWebKit/537.36 (KHTML, like Gecko) Chrome/78.0.3904.108 Safari/537.36"
85.204.70.98 - - [28/Jul/2026:19:42:47 +0200] "POST //xmlrpc.php HTTP/1.1" 200 6088 "-" "Mozilla/5.0 (Windows NT 10.0; Win64; x64) AppleWebKit/537.36 (KHTML, like Gecko) Chrome/78.0.3904.108 Safari/537.36"
85.204.70.98 - - [28/Jul/2026:19:42:47 +0200] "POST //xmlrpc.php HTTP/1.1" 200 6088 "-" "Mozilla/5.0 (Windows NT 10.0; Win64; x64) AppleWebKit/537.36 (KHTML, like Gecko) Chrome/78.0.3904.108 Safari/537.36"
85.204.70.98 - - [28/Jul/2026:19:42:48 +0200] "POST //xmlrpc.php HTTP/1.1" 200 6088 "-" "Mozilla/5.0 (Windows NT 10.0; Win64; x64) AppleWebKit/537.36 (KHTML, like Gecko) Chrome/78.0.3904.108 Safari/537.36"
85.204.70.98 - - [28/Jul/2026:19:42:48 +0200] "POST //xmlrpc.php HTTP/1.1" 200 6088 "-" "Mozilla/5.0 (Windows NT 10.0; Win64; x64) AppleWebKit/537.36 (KHTML, like Gecko) Chrome/78.0.3904.108 Safari/537.36"
85.204.70.98 - - [28/Jul/2026:19:42:48 +0200] "POST //xmlrpc.php HTTP/1.1" 200 6088 "-" "Mozilla/5.0 (Windows NT 10.0; Win64; x64) AppleWebKit/537.36 (KHTML, like Gecko) Chrome/78.0.3904.108 Safari/537.36"
85.204.70.98 - - [28/Jul/2026:19:42:48 +0200] "POST //xmlrpc.php HTTP/1.1" 200 6088 "-" "Mozilla/5.0 (Windows NT 10.0; Win64; x64) AppleWebKit/537.36 (KHTML, like Gecko) Chrome/78.0.3904.108 Safari/537.36"
85.204.70.98 - - [28/Jul/2026:19:42:48 +0200] "POST //xmlrpc.php HTTP/1.1" 200 6088 "-" "Mozilla/5.0 (Windows NT 10.0; Win64; x64) AppleWebKit/537.36 (KHTML, like Gecko) Chrome/78.0.3904.108 Safari/537.36"
85.204.70.98 - - [28/Jul/2026:19:42:48 +0200] "POST //xmlrpc.php HTTP/1.1" 200 6088 "-" "Mozilla/5.0 (Windows NT 10.0; Win64; x64) AppleWebKit/537.36 (KHTML, like Gecko) Chrome/78.0.3904.108 Safari/537.36"
85.204.70.98 - - [28/Jul/2026:19:42:48 +0200] "POST //xmlrpc.php HTTP/1.1" 200 6088 "-" "Mozilla/5.0 (Windows NT 10.0; Win64; x64) AppleWebKit/537.36 (KHTML, like Gecko) Chrome/78.0.3904.108 Safari/537.36"
85.204.70.98 - - [28/Jul/2026:19:42:48 +0200] "POST //xmlrpc.php HTTP/1.1" 200 6088 "-" "Mozilla/5.0 (Windows NT 10.0; Win64; x64) AppleWebKit/537.36 (KHTML, like Gecko) Chrome/78.0.3904.108 Safari/537.36"
85.204.70.98 - - [28/Jul/2026:19:42:48 +0200] "POST //xmlrpc.php HTTP/1.1" 200 6088 "-" "Mozilla/5.0 (Windows NT 10.0; Win64; x64) AppleWebKit/537.36 (KHTML, like Gecko) Chrome/78.0.3904.108 Safari/537.36"
2001:1690:2:4::1:118 - - [28/Jul/2026:19:42:49 +0200] "POST /wp-cron.php?doing_wp_cron=1785260569.0952749252319335937500 HTTP/1.1" 200 5522 "-" "WordPress/6.7.5; https://cso-apeldoorn.nl"
85.204.70.98 - - [28/Jul/2026:19:42:49 +0200] "POST //xmlrpc.php HTTP/1.1" 200 6088 "-" "Mozilla/5.0 (Windows NT 10.0; Win64; x64) AppleWebKit/537.36 (KHTML, like Gecko) Chrome/78.0.3904.108 Safari/537.36"
85.204.70.98 - - [28/Jul/2026:19:42:49 +0200] "POST //xmlrpc.php HTTP/1.1" 200 6088 "-" "Mozilla/5.0 (Windows NT 10.0; Win64; x64) AppleWebKit/537.36 (KHTML, like Gecko) Chrome/78.0.3904.108 Safari/537.36"
85.204.70.98 - - [28/Jul/2026:19:42:49 +0200] "POST //xmlrpc.php HTTP/1.1" 200 6088 "-" "Mozilla/5.0 (Windows NT 10.0; Win64; x64) AppleWebKit/537.36 (KHTML, like Gecko) Chrome/78.0.3904.108 Safari/537.36"
85.204.70.98 - - [28/Jul/2026:19:42:49 +0200] "POST //xmlrpc.php HTTP/1.1" 200 6088 "-" "Mozilla/5.0 (Windows NT 10.0; Win64; x64) AppleWebKit/537.36 (KHTML, like Gecko) Chrome/78.0.3904.108 Safari/537.36"
2a03:2880:f800:2e:: - - [28/Jul/2026:19:42:49 +0200] "GET /shop/petitioner/redif24970837100 HTTP/1.1" 404 38568 "-" "Mozilla/5.0 (Windows NT 10.0; Win64; x64) AppleWebKit/537.36 (KHTML, like Gecko) Chrome/145.0.0.0 Safari/537.36 (compatible; meta-externalagent/1.1 (+https://developers.facebook.com/docs/sharing/webmasters/crawler))"
85.204.70.98 - - [28/Jul/2026:19:42:49 +0200] "POST //xmlrpc.php HTTP/1.1" 200 6088 "-" "Mozilla/5.0 (Windows NT 10.0; Win64; x64) AppleWebKit/537.36 (KHTML, like Gecko) Chrome/78.0.3904.108 Safari/537.36"
85.204.70.98 - - [28/Jul/2026:19:42:49 +0200] "POST //xmlrpc.php HTTP/1.1" 200 6088 "-" "Mozilla/5.0 (Windows NT 10.0; Win64; x64) AppleWebKit/537.36 (KHTML, like Gecko) Chrome/78.0.3904.108 Safari/537.36"
85.204.70.98 - - [28/Jul/2026:19:42:49 +0200] "POST //xmlrpc.php HTTP/1.1" 200 6088 "-" "Mozilla/5.0 (Windows NT 10.0; Win64; x64) AppleWebKit/537.36 (KHTML, like Gecko) Chrome/78.0.3904.108 Safari/537.36"
85.204.70.98 - - [28/Jul/2026:19:42:50 +0200] "POST //xmlrpc.php HTTP/1.1" 200 6088 "-" "Mozilla/5.0 (Windows NT 10.0; Win64; x64) AppleWebKit/537.36 (KHTML, like Gecko) Chrome/78.0.3904.108 Safari/537.36"
85.204.70.98 - - [28/Jul/2026:19:42:50 +0200] "POST //xmlrpc.php HTTP/1.1" 200 6088 "-" "Mozilla/5.0 (Windows NT 10.0; Win64; x64) AppleWebKit/537.36 (KHTML, like Gecko) Chrome/78.0.3904.108 Safari/537.36"
85.204.70.98 - - [28/Jul/2026:19:42:50 +0200] "POST //xmlrpc.php HTTP/1.1" 200 6088 "-" "Mozilla/5.0 (Windows NT 10.0; Win64; x64) AppleWebKit/537.36 (KHTML, like Gecko) Chrome/78.0.3904.108 Safari/537.36"
85.204.70.98 - - [28/Jul/2026:19:42:50 +0200] "POST //xmlrpc.php HTTP/1.1" 200 6088 "-" "Mozilla/5.0 (Windows NT 10.0; Win64; x64) AppleWebKit/537.36 (KHTML, like Gecko) Chrome/78.0.3904.108 Safari/537.36"
85.204.70.98 - - [28/Jul/2026:19:42:50 +0200] "POST //xmlrpc.php HTTP/1.1" 200 6088 "-" "Mozilla/5.0 (Windows NT 10.0; Win64; x64) AppleWebKit/537.36 (KHTML, like Gecko) Chrome/78.0.3904.108 Safari/537.36"
85.204.70.98 - - [28/Jul/2026:19:42:50 +0200] "POST //xmlrpc.php HTTP/1.1" 200 6088 "-" "Mozilla/5.0 (Windows NT 10.0; Win64; x64) AppleWebKit/537.36 (KHTML, like Gecko) Chrome/78.0.3904.108 Safari/537.36"
85.204.70.98 - - [28/Jul/2026:19:42:50 +0200] "POST //xmlrpc.php HTTP/1.1" 200 6088 "-" "Mozilla/5.0 (Windows NT 10.0; Win64; x64) AppleWebKit/537.36 (KHTML, like Gecko) Chrome/78.0.3904.108 Safari/537.36"
85.204.70.98 - - [28/Jul/2026:19:42:50 +0200] "POST //xmlrpc.php HTTP/1.1" 200 6088 "-" "Mozilla/5.0 (Windows NT 10.0; Win64; x64) AppleWebKit/537.36 (KHTML, like Gecko) Chrome/78.0.3904.108 Safari/537.36"
85.204.70.98 - - [28/Jul/2026:19:42:50 +0200] "POST //xmlrpc.php HTTP/1.1" 200 6088 "-" "Mozilla/5.0 (Windows NT 10.0; Win64; x64) AppleWebKit/537.36 (KHTML, like Gecko) Chrome/78.0.3904.108 Safari/537.36"
85.204.70.98 - - [28/Jul/2026:19:42:50 +0200] "POST //xmlrpc.php HTTP/1.1" 200 6088 "-" "Mozilla/5.0 (Windows NT 10.0; Win64; x64) AppleWebKit/537.36 (KHTML, like Gecko) Chrome/78.0.3904.108 Safari/537.36"
85.204.70.98 - - [28/Jul/2026:19:42:51 +0200] "POST //xmlrpc.php HTTP/1.1" 200 6088 "-" "Mozilla/5.0 (Windows NT 10.0; Win64; x64) AppleWebKit/537.36 (KHTML, like Gecko) Chrome/78.0.3904.108 Safari/537.36"
85.204.70.98 - - [28/Jul/2026:19:42:51 +0200] "POST //xmlrpc.php HTTP/1.1" 200 6088 "-" "Mozilla/5.0 (Windows NT 10.0; Win64; x64) AppleWebKit/537.36 (KHTML, like Gecko) Chrome/78.0.3904.108 Safari/537.36"
85.204.70.98 - - [28/Jul/2026:19:42:51 +0200] "POST //xmlrpc.php HTTP/1.1" 200 6088 "-" "Mozilla/5.0 (Windows NT 10.0; Win64; x64) AppleWebKit/537.36 (KHTML, like Gecko) Chrome/78.0.3904.108 Safari/537.36"
85.204.70.98 - - [28/Jul/2026:19:42:51 +0200] "POST //xmlrpc.php HTTP/1.1" 200 6088 "-" "Mozilla/5.0 (Windows NT 10.0; Win64; x64) AppleWebKit/537.36 (KHTML, like Gecko) Chrome/78.0.3904.108 Safari/537.36"
85.204.70.98 - - [28/Jul/2026:19:42:51 +0200] "POST //xmlrpc.php HTTP/1.1" 200 6088 "-" "Mozilla/5.0 (Windows NT 10.0; Win64; x64) AppleWebKit/537.36 (KHTML, like Gecko) Chrome/78.0.3904.108 Safari/537.36"
85.204.70.98 - - [28/Jul/2026:19:42:51 +0200] "POST //xmlrpc.php HTTP/1.1" 200 6088 "-" "Mozilla/5.0 (Windows NT 10.0; Win64; x64) AppleWebKit/537.36 (KHTML, like Gecko) Chrome/78.0.3904.108 Safari/537.36"
85.204.70.98 - - [28/Jul/2026:19:42:51 +0200] "POST //xmlrpc.php HTTP/1.1" 200 6088 "-" "Mozilla/5.0 (Windows NT 10.0; Win64; x64) AppleWebKit/537.36 (KHTML, like Gecko) Chrome/78.0.3904.108 Safari/537.36"
85.204.70.98 - - [28/Jul/2026:19:42:51 +0200] "POST //xmlrpc.php HTTP/1.1" 200 6088 "-" "Mozilla/5.0 (Windows NT 10.0; Win64; x64) AppleWebKit/537.36 (KHTML, like Gecko) Chrome/78.0.3904.108 Safari/537.36"
85.204.70.98 - - [28/Jul/2026:19:42:51 +0200] "POST //xmlrpc.php HTTP/1.1" 200 6088 "-" "Mozilla/5.0 (Windows NT 10.0; Win64; x64) AppleWebKit/537.36 (KHTML, like Gecko) Chrome/78.0.3904.108 Safari/537.36"
85.204.70.98 - - [28/Jul/2026:19:42:51 +0200] "POST //xmlrpc.php HTTP/1.1" 200 6088 "-" "Mozilla/5.0 (Windows NT 10.0; Win64; x64) AppleWebKit/537.36 (KHTML, like Gecko) Chrome/78.0.3904.108 Safari/537.36"
85.204.70.98 - - [28/Jul/2026:19:42:51 +0200] "POST //xmlrpc.php HTTP/1.1" 200 6088 "-" "Mozilla/5.0 (Windows NT 10.0; Win64; x64) AppleWebKit/537.36 (KHTML, like Gecko) Chrome/78.0.3904.108 Safari/537.36"
85.204.70.98 - - [28/Jul/2026:19:42:52 +0200] "POST //xmlrpc.php HTTP/1.1" 200 6088 "-" "Mozilla/5.0 (Windows NT 10.0; Win64; x64) AppleWebKit/537.36 (KHTML, like Gecko) Chrome/78.0.3904.108 Safari/537.36"
85.204.70.98 - - [28/Jul/2026:19:42:52 +0200] "POST //xmlrpc.php HTTP/1.1" 200 6088 "-" "Mozilla/5.0 (Windows NT 10.0; Win64; x64) AppleWebKit/537.36 (KHTML, like Gecko) Chrome/78.0.3904.108 Safari/537.36"
85.204.70.98 - - [28/Jul/2026:19:42:52 +0200] "POST //xmlrpc.php HTTP/1.1" 200 6088 "-" "Mozilla/5.0 (Windows NT 10.0; Win64; x64) AppleWebKit/537.36 (KHTML, like Gecko) Chrome/78.0.3904.108 Safari/537.36"
85.204.70.98 - - [28/Jul/2026:19:42:52 +0200] "POST //xmlrpc.php HTTP/1.1" 200 6088 "-" "Mozilla/5.0 (Windows NT 10.0; Win64; x64) AppleWebKit/537.36 (KHTML, like Gecko) Chrome/78.0.3904.108 Safari/537.36"
85.204.70.98 - - [28/Jul/2026:19:42:52 +0200] "POST //xmlrpc.php HTTP/1.1" 200 6088 "-" "Mozilla/5.0 (Windows NT 10.0; Win64; x64) AppleWebKit/537.36 (KHTML, like Gecko) Chrome/78.0.3904.108 Safari/537.36"
85.204.70.98 - - [28/Jul/2026:19:42:52 +0200] "POST //xmlrpc.php HTTP/1.1" 200 6088 "-" "Mozilla/5.0 (Windows NT 10.0; Win64; x64) AppleWebKit/537.36 (KHTML, like Gecko) Chrome/78.0.3904.108 Safari/537.36"
85.204.70.98 - - [28/Jul/2026:19:42:52 +0200] "POST //xmlrpc.php HTTP/1.1" 200 6088 "-" "Mozilla/5.0 (Windows NT 10.0; Win64; x64) AppleWebKit/537.36 (KHTML, like Gecko) Chrome/78.0.3904.108 Safari/537.36"
85.204.70.98 - - [28/Jul/2026:19:42:52 +0200] "POST //xmlrpc.php HTTP/1.1" 200 6088 "-" "Mozilla/5.0 (Windows NT 10.0; Win64; x64) AppleWebKit/537.36 (KHTML, like Gecko) Chrome/78.0.3904.108 Safari/537.36"
85.204.70.98 - - [28/Jul/2026:19:42:52 +0200] "POST //xmlrpc.php HTTP/1.1" 200 6088 "-" "Mozilla/5.0 (Windows NT 10.0; Win64; x64) AppleWebKit/537.36 (KHTML, like Gecko) Chrome/78.0.3904.108 Safari/537.36"
85.204.70.98 - - [28/Jul/2026:19:42:52 +0200] "POST //xmlrpc.php HTTP/1.1" 200 6088 "-" "Mozilla/5.0 (Windows NT 10.0; Win64; x64) AppleWebKit/537.36 (KHTML, like Gecko) Chrome/78.0.3904.108 Safari/537.36"
85.204.70.98 - - [28/Jul/2026:19:42:53 +0200] "POST //xmlrpc.php HTTP/1.1" 200 6088 "-" "Mozilla/5.0 (Windows NT 10.0; Win64; x64) AppleWebKit/537.36 (KHTML, like Gecko) Chrome/78.0.3904.108 Safari/537.36"
85.204.70.98 - - [28/Jul/2026:19:42:53 +0200] "POST //xmlrpc.php HTTP/1.1" 200 6088 "-" "Mozilla/5.0 (Windows NT 10.0; Win64; x64) AppleWebKit/537.36 (KHTML, like Gecko) Chrome/78.0.3904.108 Safari/537.36"
85.204.70.98 - - [28/Jul/2026:19:42:53 +0200] "POST //xmlrpc.php HTTP/1.1" 200 6088 "-" "Mozilla/5.0 (Windows NT 10.0; Win64; x64) AppleWebKit/537.36 (KHTML, like Gecko) Chrome/78.0.3904.108 Safari/537.36"
85.204.70.98 - - [28/Jul/2026:19:42:53 +0200] "POST //xmlrpc.php HTTP/1.1" 200 6088 "-" "Mozilla/5.0 (Windows NT 10.0; Win64; x64) AppleWebKit/537.36 (KHTML, like Gecko) Chrome/78.0.3904.108 Safari/537.36"
2a03:2880:f800:1d:: - - [28/Jul/2026:19:43:54 +0200] "GET /shop/calmer/suberites2424725332 HTTP/1.1" 404 38568 "-" "Mozilla/5.0 (Macintosh; Intel Mac OS X 10_15_7) AppleWebKit/537.36 (KHTML, like Gecko) Chrome/145.0.0.0 Safari/537.36 (compatible; meta-externalagent/1.1 (+https://developers.facebook.com/docs/sharing/webmasters/crawler))"
2a03:2880:f800:29:: - - [28/Jul/2026:19:43:59 +0200] "GET /shop/republishing/soojee242276469694 HTTP/1.1" 404 38568 "-" "Mozilla/5.0 (Windows NT 10.0; Win64; x64) AppleWebKit/537.36 (KHTML, like Gecko) Chrome/145.0.0.0 Safari/537.36 (compatible; meta-externalagent/1.1 (+https://developers.facebook.com/docs/sharing/webmasters/crawler))"
2a03:2880:f800:17:: - - [28/Jul/2026:19:44:27 +0200] "GET /shop/zipcode/officials244268372851 HTTP/1.1" 404 38568 "-" "Mozilla/5.0 (X11; Linux x86_64) AppleWebKit/537.36 (KHTML, like Gecko) Chrome/145.0.0.0 Safari/537.36 (compatible; meta-externalagent/1.1 (+https://developers.facebook.com/docs/sharing/webmasters/crawler))"
66.249.70.39 - - [28/Jul/2026:19:44:32 +0200] "GET /shop/peonage/quinquepartite25823082012 HTTP/1.1" 404 38719 "-" "Mozilla/5.0 (Linux; Android 6.0.1; Nexus 5X Build/MMB29P) AppleWebKit/537.36 (KHTML, like Gecko) Chrome/150.0.7871.128 Mobile Safari/537.36 (compatible; GoogleOther)"
2a03:2880:f800:1e:: - - [28/Jul/2026:19:44:44 +0200] "GET /shop/griseous/sidus242662045681 HTTP/1.1" 404 38568 "-" "Mozilla/5.0 (Macintosh; Intel Mac OS X 10_15_7) AppleWebKit/537.36 (KHTML, like Gecko) Chrome/145.0.0.0 Safari/537.36 (compatible; meta-externalagent/1.1 (+https://developers.facebook.com/docs/sharing/webmasters/crawler))"
136.144.42.212 - - [28/Jul/2026:19:44:59 +0200] "POST /wp-login.php HTTP/1.1" 200 22040 "-" "Mozilla/5.0 (Windows NT 10.0; Win64; rv:143.0) Gecko/20100101 Firefox/143.0"
66.249.70.39 - - [28/Jul/2026:19:45:10 +0200] "GET /shop/chondrogen/basketry251097284526 HTTP/1.1" 200 210411 "-" "Mozilla/5.0 (Linux; Android 6.0.1; Nexus 5X Build/MMB29P) AppleWebKit/537.36 (KHTML, like Gecko) Chrome/150.0.7871.128 Mobile Safari/537.36 (compatible; Googlebot/2.1; +http://www.google.com/bot.html)"
57.141.0.43 - - [28/Jul/2026:19:45:15 +0200] "GET /shop/hercules/breeched243459753467 HTTP/1.1" 404 38568 "-" "Mozilla/5.0 (Macintosh; Intel Mac OS X 10_15_7) AppleWebKit/537.36 (KHTML, like Gecko) Chrome/145.0.0.0 Safari/537.36 (compatible; meta-externalagent/1.1 (+https://developers.facebook.com/docs/sharing/webmasters/crawler))"
43.133.220.37 - - [28/Jul/2026:19:45:25 +0200] "GET /embed/ HTTP/1.1" 301 5586 "-" "Mozilla/5.0 (iPhone; CPU iPhone OS 13_2_3 like Mac OS X) AppleWebKit/605.1.15 (KHTML, like Gecko) Version/13.0.3 Mobile/15E148 Safari/604.1"
43.133.220.37 - - [28/Jul/2026:19:45:29 +0200] "GET / HTTP/1.1" 200 59174 "https://cso-apeldoorn.nl/embed/" "Mozilla/5.0 (iPhone; CPU iPhone OS 13_2_3 like Mac OS X) AppleWebKit/605.1.15 (KHTML, like Gecko) Version/13.0.3 Mobile/15E148 Safari/604.1"
2a03:2880:f800:44:: - - [28/Jul/2026:19:46:23 +0200] "GET /shop/byturning/insupposable241272239364 HTTP/1.1" 404 38568 "-" "Mozilla/5.0 (Macintosh; Intel Mac OS X 10_15_7) AppleWebKit/537.36 (KHTML, like Gecko) Chrome/145.0.0.0 Safari/537.36 (compatible; meta-externalagent/1.1 (+https://developers.facebook.com/docs/sharing/webmasters/crawler))"
2001:1690:2:4::1:118 - - [28/Jul/2026:19:48:25 +0200] "POST /wp-cron.php?doing_wp_cron=1785260905.3383989334106445312500 HTTP/1.1" 200 5522 "-" "WordPress/6.7.5; https://cso-apeldoorn.nl"
2a03:2880:f800:43:: - - [28/Jul/2026:19:48:24 +0200] "GET /shop/decompounded/lithotrity241670229964 HTTP/1.1" 404 38568 "-" "Mozilla/5.0 (X11; Linux x86_64) AppleWebKit/537.36 (KHTML, like Gecko) Chrome/145.0.0.0 Safari/537.36 (compatible; meta-externalagent/1.1 (+https://developers.facebook.com/docs/sharing/webmasters/crawler))"
2a03:2880:f800:33:: - - [28/Jul/2026:19:48:27 +0200] "GET /shop/disoriented/adorning241895915334 HTTP/1.1" 404 38568 "-" "Mozilla/5.0 (Windows NT 10.0; Win64; x64) AppleWebKit/537.36 (KHTML, like Gecko) Chrome/145.0.0.0 Safari/537.36 (compatible; meta-externalagent/1.1 (+https://developers.facebook.com/docs/sharing/webmasters/crawler))"
66.249.70.39 - - [28/Jul/2026:19:49:40 +0200] "GET /shop/csection/radius25402397188 HTTP/1.1" 404 38719 "-" "Mozilla/5.0 (Linux; Android 6.0.1; Nexus 5X Build/MMB29P) AppleWebKit/537.36 (KHTML, like Gecko) Chrome/150.0.7871.128 Mobile Safari/537.36 (compatible; GoogleOther)"
57.141.0.15 - - [28/Jul/2026:19:49:41 +0200] "GET /shop/petit/winch242078985074 HTTP/1.1" 404 38568 "-" "Mozilla/5.0 (Windows NT 10.0; Win64; x64) AppleWebKit/537.36 (KHTML, like Gecko) Chrome/145.0.0.0 Safari/537.36 (compatible; meta-externalagent/1.1 (+https://developers.facebook.com/docs/sharing/webmasters/crawler))"
66.249.70.32 - - [28/Jul/2026:19:49:42 +0200] "GET /shop/umbratic/somatist251177564379 HTTP/1.1" 404 38719 "-" "Mozilla/5.0 (Linux; Android 6.0.1; Nexus 5X Build/MMB29P) AppleWebKit/537.36 (KHTML, like Gecko) Chrome/150.0.7871.128 Mobile Safari/537.36 (compatible; GoogleOther)"
2001:1690:2:4::1:118 - - [28/Jul/2026:19:50:44 +0200] "POST /wp-cron.php?doing_wp_cron=1785261044.5427169799804687500000 HTTP/1.1" 200 5522 "-" "WordPress/6.7.5; https://cso-apeldoorn.nl"
2a03:2880:f800:31:: - - [28/Jul/2026:19:50:44 +0200] "GET /shop/cyanaurate/britzska242929823358 HTTP/1.1" 404 38568 "-" "Mozilla/5.0 (Macintosh; Intel Mac OS X 10_15_7) AppleWebKit/537.36 (KHTML, like Gecko) Chrome/145.0.0.0 Safari/537.36 (compatible; meta-externalagent/1.1 (+https://developers.facebook.com/docs/sharing/webmasters/crawler))"
57.141.0.43 - - [28/Jul/2026:19:51:39 +0200] "GET /shop/uniqueness/plowfoot24328443418 HTTP/1.1" 404 38568 "-" "Mozilla/5.0 (Macintosh; Intel Mac OS X 10_15_7) AppleWebKit/537.36 (KHTML, like Gecko) Chrome/145.0.0.0 Safari/537.36 (compatible; meta-externalagent/1.1 (+https://developers.facebook.com/docs/sharing/webmasters/crawler))"
2a03:2880:f800:18:: - - [28/Jul/2026:19:51:55 +0200] "GET /shop/cullender/thrive242046094198 HTTP/1.1" 404 38568 "-" "Mozilla/5.0 (Windows NT 10.0; Win64; x64) AppleWebKit/537.36 (KHTML, like Gecko) Chrome/145.0.0.0 Safari/537.36 (compatible; meta-externalagent/1.1 (+https://developers.facebook.com/docs/sharing/webmasters/crawler))"
2a03:2880:f800:2a:: - - [28/Jul/2026:19:52:05 +0200] "GET /shop/prodition/rowet242746699160 HTTP/1.1" 404 38568 "-" "Mozilla/5.0 (Windows NT 10.0; Win64; x64) AppleWebKit/537.36 (KHTML, like Gecko) Chrome/146.0.0.0 Safari/537.36 Edg/146.0.0.0 (compatible; meta-externalagent/1.1 (+https://developers.facebook.com/docs/sharing/webmasters/crawler))"
66.249.70.32 - - [28/Jul/2026:19:52:48 +0200] "GET /shop/rulingly/homologate251594161986 HTTP/1.1" 404 38719 "-" "Mozilla/5.0 (Linux; Android 6.0.1; Nexus 5X Build/MMB29P) AppleWebKit/537.36 (KHTML, like Gecko) Chrome/150.0.7871.128 Mobile Safari/537.36 (compatible; GoogleOther)"
2001:1690:2:4::1:118 - - [28/Jul/2026:19:52:54 +0200] "POST /wp-cron.php?doing_wp_cron=1785261174.6659119129180908203125 HTTP/1.1" 200 5522 "-" "WordPress/6.7.5; https://cso-apeldoorn.nl"
66.249.70.38 - - [28/Jul/2026:19:52:54 +0200] "GET /shop/monoicous/haematobia252820942765 HTTP/1.1" 404 38719 "-" "Mozilla/5.0 (Linux; Android 6.0.1; Nexus 5X Build/MMB29P) AppleWebKit/537.36 (KHTML, like Gecko) Chrome/150.0.7871.128 Mobile Safari/537.36 (compatible; GoogleOther)"
2a03:2880:f800:1e:: - - [28/Jul/2026:19:53:39 +0200] "GET /shop/gelidly/handbasket244251017797 HTTP/1.1" 404 38568 "-" "Mozilla/5.0 (Macintosh; Intel Mac OS X 10_15_7) AppleWebKit/537.36 (KHTML, like Gecko) Chrome/145.0.0.0 Safari/537.36 (compatible; meta-externalagent/1.1 (+https://developers.facebook.com/docs/sharing/webmasters/crawler))"
149.57.191.221 - - [28/Jul/2026:19:54:20 +0200] "GET /vacatures HTTP/1.1" 301 5547 "-" "Mozilla/5.0 (X11; Linux x86_64) AppleWebKit/537.36 (KHTML, like Gecko) Chrome/148.0.0.0 Safari/537.36"
149.57.191.221 - - [28/Jul/2026:19:54:21 +0200] "GET /vacatures/ HTTP/1.1" 200 46825 "-" "Mozilla/5.0 (X11; Linux x86_64) AppleWebKit/537.36 (KHTML, like Gecko) Chrome/148.0.0.0 Safari/537.36"
149.57.191.221 - - [28/Jul/2026:19:54:22 +0200] "GET /wp-content/uploads/fusion-styles/75d2f4a9231ec35ed88ed457e82acd45.min.css?ver=3.11.14 HTTP/1.1" 200 5535 "https://cso-apeldoorn.nl/vacatures/" "Mozilla/5.0 (X11; Linux x86_64) AppleWebKit/537.36 (KHTML, like Gecko) Chrome/148.0.0.0 Safari/537.36"
149.57.191.221 - - [28/Jul/2026:19:54:22 +0200] "GET /wp-includes/js/dist/hooks.min.js?ver=4d63a3d491d11ffd8ac6 HTTP/1.1" 200 5508 "https://cso-apeldoorn.nl/vacatures/" "Mozilla/5.0 (X11; Linux x86_64) AppleWebKit/537.36 (KHTML, like Gecko) Chrome/148.0.0.0 Safari/537.36"
149.57.191.221 - - [28/Jul/2026:19:54:22 +0200] "GET /wp-includes/js/dist/i18n.min.js?ver=5e580eb46a90c2b997e6 HTTP/1.1" 200 5507 "https://cso-apeldoorn.nl/vacatures/" "Mozilla/5.0 (X11; Linux x86_64) AppleWebKit/537.36 (KHTML, like Gecko) Chrome/148.0.0.0 Safari/537.36"
149.57.191.221 - - [28/Jul/2026:19:54:22 +0200] "GET /wp-content/plugins/contact-form-7/includes/swv/js/index.js?ver=6.1.6 HTTP/1.1" 200 5534 "https://cso-apeldoorn.nl/vacatures/" "Mozilla/5.0 (X11; Linux x86_64) AppleWebKit/537.36 (KHTML, like Gecko) Chrome/148.0.0.0 Safari/537.36"
149.57.191.221 - - [28/Jul/2026:19:54:22 +0200] "GET /wp-content/uploads/fusion-styles/75d2f4a9231ec35ed88ed457e82acd45.min.css?ver=3.11.14 HTTP/1.1" 200 114509 "https://cso-apeldoorn.nl/vacatures/" "Mozilla/5.0 (X11; Linux x86_64) AppleWebKit/537.36 (KHTML, like Gecko) Chrome/148.0.0.0 Safari/537.36"
149.57.191.221 - - [28/Jul/2026:19:54:22 +0200] "GET /wp-includes/js/dist/hooks.min.js?ver=4d63a3d491d11ffd8ac6 HTTP/1.1" 200 1583 "https://cso-apeldoorn.nl/vacatures/" "Mozilla/5.0 (X11; Linux x86_64) AppleWebKit/537.36 (KHTML, like Gecko) Chrome/148.0.0.0 Safari/537.36"
149.57.191.221 - - [28/Jul/2026:19:54:22 +0200] "GET /wp-includes/js/dist/i18n.min.js?ver=5e580eb46a90c2b997e6 HTTP/1.1" 200 3551 "https://cso-apeldoorn.nl/vacatures/" "Mozilla/5.0 (X11; Linux x86_64) AppleWebKit/537.36 (KHTML, like Gecko) Chrome/148.0.0.0 Safari/537.36"
149.57.191.221 - - [28/Jul/2026:19:54:22 +0200] "GET /wp-content/plugins/contact-form-7/includes/swv/js/index.js?ver=6.1.6 HTTP/1.1" 200 3374 "https://cso-apeldoorn.nl/vacatures/" "Mozilla/5.0 (X11; Linux x86_64) AppleWebKit/537.36 (KHTML, like Gecko) Chrome/148.0.0.0 Safari/537.36"
149.57.191.221 - - [28/Jul/2026:19:54:23 +0200] "GET /wp-content/themes/Avada/includes/lib/assets/fonts/icomoon/awb-icons.woff HTTP/1.1" 200 22204 "https://cso-apeldoorn.nl/wp-content/uploads/fusion-styles/75d2f4a9231ec35ed88ed457e82acd45.min.css?ver=3.11.14" "Mozilla/5.0 (X11; Linux x86_64) AppleWebKit/537.36 (KHTML, like Gecko) Chrome/148.0.0.0 Safari/537.36"
149.57.191.221 - - [28/Jul/2026:19:54:23 +0200] "GET /wp-includes/js/jquery/jquery.min.js?ver=3.7.1 HTTP/1.1" 200 29610 "https://cso-apeldoorn.nl/vacatures/" "Mozilla/5.0 (X11; Linux x86_64) AppleWebKit/537.36 (KHTML, like Gecko) Chrome/148.0.0.0 Safari/537.36"
149.57.191.221 - - [28/Jul/2026:19:54:23 +0200] "GET /wp-content/plugins/contact-form-7/includes/js/index.js?ver=6.1.6 HTTP/1.1" 200 4013 "https://cso-apeldoorn.nl/vacatures/" "Mozilla/5.0 (X11; Linux x86_64) AppleWebKit/537.36 (KHTML, like Gecko) Chrome/148.0.0.0 Safari/537.36"
149.57.191.221 - - [28/Jul/2026:19:54:23 +0200] "GET /wp-includes/js/dist/vendor/wp-polyfill.min.js?ver=3.15.0 HTTP/1.1" 200 13138 "https://cso-apeldoorn.nl/vacatures/" "Mozilla/5.0 (X11; Linux x86_64) AppleWebKit/537.36 (KHTML, like Gecko) Chrome/148.0.0.0 Safari/537.36"
149.57.191.221 - - [28/Jul/2026:19:54:23 +0200] "GET /wp-content/uploads/fusion-scripts/ae65665b4c76a596f9aa3641514f53c8.min.js?ver=3.11.14 HTTP/1.1" 200 118004 "https://cso-apeldoorn.nl/vacatures/" "Mozilla/5.0 (X11; Linux x86_64) AppleWebKit/537.36 (KHTML, like Gecko) Chrome/148.0.0.0 Safari/537.36"
149.57.191.221 - - [28/Jul/2026:19:54:23 +0200] "GET /wp-content/themes/Avada/includes/lib/assets/fonts/icomoon/awb-icons.woff HTTP/1.1" 200 5535 "https://cso-apeldoorn.nl/wp-content/uploads/fusion-styles/75d2f4a9231ec35ed88ed457e82acd45.min.css?ver=3.11.14" "Mozilla/5.0 (X11; Linux x86_64) AppleWebKit/537.36 (KHTML, like Gecko) Chrome/148.0.0.0 Safari/537.36"
149.57.191.221 - - [28/Jul/2026:19:54:23 +0200] "GET /wp-includes/js/jquery/jquery.min.js?ver=3.7.1 HTTP/1.1" 200 5511 "https://cso-apeldoorn.nl/vacatures/" "Mozilla/5.0 (X11; Linux x86_64) AppleWebKit/537.36 (KHTML, like Gecko) Chrome/148.0.0.0 Safari/537.36"
149.57.191.221 - - [28/Jul/2026:19:54:23 +0200] "GET /wp-content/plugins/contact-form-7/includes/js/index.js?ver=6.1.6 HTTP/1.1" 200 5530 "https://cso-apeldoorn.nl/vacatures/" "Mozilla/5.0 (X11; Linux x86_64) AppleWebKit/537.36 (KHTML, like Gecko) Chrome/148.0.0.0 Safari/537.36"
149.57.191.221 - - [28/Jul/2026:19:54:23 +0200] "GET /wp-includes/js/dist/vendor/wp-polyfill.min.js?ver=3.15.0 HTTP/1.1" 200 5521 "https://cso-apeldoorn.nl/vacatures/" "Mozilla/5.0 (X11; Linux x86_64) AppleWebKit/537.36 (KHTML, like Gecko) Chrome/148.0.0.0 Safari/537.36"
149.57.191.221 - - [28/Jul/2026:19:54:23 +0200] "GET /wp-content/plugins/contact-form-7/modules/recaptcha/index.js?ver=6.1.6 HTTP/1.1" 200 6455 "https://cso-apeldoorn.nl/vacatures/" "Mozilla/5.0 (X11; Linux x86_64) AppleWebKit/537.36 (KHTML, like Gecko) Chrome/148.0.0.0 Safari/537.36"
149.57.191.221 - - [28/Jul/2026:19:54:23 +0200] "GET /wp-content/uploads/fusion-scripts/ae65665b4c76a596f9aa3641514f53c8.min.js?ver=3.11.14 HTTP/1.1" 200 5549 "https://cso-apeldoorn.nl/vacatures/" "Mozilla/5.0 (X11; Linux x86_64) AppleWebKit/537.36 (KHTML, like Gecko) Chrome/148.0.0.0 Safari/537.36"
149.57.191.221 - - [28/Jul/2026:19:54:24 +0200] "GET /wp-includes/js/wp-emoji-release.min.js?ver=6.7.5 HTTP/1.1" 200 5514 "https://cso-apeldoorn.nl/vacatures/" "Mozilla/5.0 (X11; Linux x86_64) AppleWebKit/537.36 (KHTML, like Gecko) Chrome/148.0.0.0 Safari/537.36"
149.57.191.221 - - [28/Jul/2026:19:54:24 +0200] "GET /wp-json/contact-form-7/v1/contact-forms/421/feedback/schema HTTP/1.1" 200 6438 "https://cso-apeldoorn.nl/vacatures/" "Mozilla/5.0 (X11; Linux x86_64) AppleWebKit/537.36 (KHTML, like Gecko) Chrome/148.0.0.0 Safari/537.36"
149.57.191.221 - - [28/Jul/2026:19:54:24 +0200] "GET /wp-includes/js/wp-emoji-release.min.js?ver=6.7.5 HTTP/1.1" 200 4646 "https://cso-apeldoorn.nl/vacatures/" "Mozilla/5.0 (X11; Linux x86_64) AppleWebKit/537.36 (KHTML, like Gecko) Chrome/148.0.0.0 Safari/537.36"
149.57.191.221 - - [28/Jul/2026:19:54:27 +0200] "GET /wp-content/uploads/2021/05/cropped-Favicon-CSO-1-32x32.png HTTP/1.1" 200 6377 "https://cso-apeldoorn.nl/vacatures/" "Mozilla/5.0 (X11; Linux x86_64) AppleWebKit/537.36 (KHTML, like Gecko) Chrome/148.0.0.0 Safari/537.36"
149.57.191.221 - - [28/Jul/2026:19:54:27 +0200] "GET /wp-json/contact-form-7/v1/contact-forms/421/refill HTTP/1.1" 200 5802 "https://cso-apeldoorn.nl/vacatures/" "Mozilla/5.0 (X11; Linux x86_64) AppleWebKit/537.36 (KHTML, like Gecko) Chrome/148.0.0.0 Safari/537.36"
149.57.191.221 - - [28/Jul/2026:19:54:33 +0200] "POST /wp-json/contact-form-7/v1/contact-forms/421/feedback HTTP/1.1" 200 6216 "https://cso-apeldoorn.nl/vacatures/" "Mozilla/5.0 (X11; Linux x86_64) AppleWebKit/537.36 (KHTML, like Gecko) Chrome/148.0.0.0 Safari/537.36"
149.57.191.221 - - [28/Jul/2026:19:54:34 +0200] "GET /wp-content/themes/Avada/includes/lib/assets/fonts/fontawesome/webfonts/fa-solid-900.woff2 HTTP/1.1" 200 5553 "https://cso-apeldoorn.nl/wp-content/uploads/fusion-styles/75d2f4a9231ec35ed88ed457e82acd45.min.css?ver=3.11.14" "Mozilla/5.0 (X11; Linux x86_64) AppleWebKit/537.36 (KHTML, like Gecko) Chrome/148.0.0.0 Safari/537.36"
149.57.191.221 - - [28/Jul/2026:19:54:35 +0200] "GET /wp-content/themes/Avada/includes/lib/assets/fonts/fontawesome/webfonts/fa-solid-900.woff2 HTTP/1.1" 200 78212 "https://cso-apeldoorn.nl/wp-content/uploads/fusion-styles/75d2f4a9231ec35ed88ed457e82acd45.min.css?ver=3.11.14" "Mozilla/5.0 (X11; Linux x86_64) AppleWebKit/537.36 (KHTML, like Gecko) Chrome/148.0.0.0 Safari/537.36"
2a03:2880:f800:1b:: - - [28/Jul/2026:19:55:20 +0200] "GET /shop/overcloud/duodecuple242421256670 HTTP/1.1" 404 38568 "-" "Mozilla/5.0 (X11; Linux x86_64) AppleWebKit/537.36 (KHTML, like Gecko) Chrome/145.0.0.0 Safari/537.36 (compatible; meta-externalagent/1.1 (+https://developers.facebook.com/docs/sharing/webmasters/crawler))"
66.249.70.39 - - [28/Jul/2026:19:55:39 +0200] "GET /shop/parka/sultrier251009017283 HTTP/1.1" 404 38719 "-" "Mozilla/5.0 (Linux; Android 6.0.1; Nexus 5X Build/MMB29P) AppleWebKit/537.36 (KHTML, like Gecko) Chrome/150.0.7871.128 Mobile Safari/537.36 (compatible; GoogleOther)"
66.249.70.38 - - [28/Jul/2026:19:56:43 +0200] "GET /shop/politically/dipyridine253108794286 HTTP/1.1" 404 38719 "-" "Mozilla/5.0 (Linux; Android 6.0.1; Nexus 5X Build/MMB29P) AppleWebKit/537.36 (KHTML, like Gecko) Chrome/150.0.7871.128 Mobile Safari/537.36 (compatible; GoogleOther)"
66.249.70.38 - - [28/Jul/2026:19:57:19 +0200] "GET /shop/bronchiolar/parietaria253789906484 HTTP/1.1" 404 38719 "-" "Mozilla/5.0 (Linux; Android 6.0.1; Nexus 5X Build/MMB29P) AppleWebKit/537.36 (KHTML, like Gecko) Chrome/150.0.7871.128 Mobile Safari/537.36 (compatible; GoogleOther)"
43.166.238.12 - - [28/Jul/2026:19:57:20 +0200] "GET /author/jacinta/feed/ HTTP/1.1" 200 6880 "-" "Mozilla/5.0 (iPhone; CPU iPhone OS 13_2_3 like Mac OS X) AppleWebKit/605.1.15 (KHTML, like Gecko) Version/13.0.3 Mobile/15E148 Safari/604.1"
2a03:2880:f800:5:: - - [28/Jul/2026:19:59:10 +0200] "GET /shop/releasement/perulae243806650781 HTTP/1.1" 404 38568 "-" "Mozilla/5.0 (Windows NT 10.0; Win64; x64) AppleWebKit/537.36 (KHTML, like Gecko) Chrome/145.0.0.0 Safari/537.36 (compatible; meta-externalagent/1.1 (+https://developers.facebook.com/docs/sharing/webmasters/crawler))"
2a03:2880:f800:35:: - - [28/Jul/2026:19:59:52 +0200] "GET /shop/chordee/squirarch242158849328 HTTP/1.1" 404 38568 "-" "Mozilla/5.0 (Windows NT 10.0; Win64; x64) AppleWebKit/537.36 (KHTML, like Gecko) Chrome/145.0.0.0 Safari/537.36 (compatible; meta-externalagent/1.1 (+https://developers.facebook.com/docs/sharing/webmasters/crawler))"
45.132.227.234 - - [28/Jul/2026:20:00:37 +0200] "POST /wp-login.php HTTP/1.1" 200 22040 "-" "Mozilla/5.0 (Windows NT 10.0; Win64; rv:143.0) Gecko/20100101 Firefox/143.0"
2a03:2880:f800:f:: - - [28/Jul/2026:20:01:12 +0200] "GET /shop/subcuticular/trimurti242810613170 HTTP/1.1" 404 38568 "-" "Mozilla/5.0 (Windows NT 10.0; Win64; x64) AppleWebKit/537.36 (KHTML, like Gecko) Chrome/145.0.0.0 Safari/537.36 (compatible; meta-externalagent/1.1 (+https://developers.facebook.com/docs/sharing/webmasters/crawler))"
2001:1690:2:4::1:118 - - [28/Jul/2026:20:01:52 +0200] "POST /wp-cron.php?doing_wp_cron=1785261712.3650949001312255859375 HTTP/1.1" 200 5522 "-" "WordPress/6.7.5; https://cso-apeldoorn.nl"
2a03:2880:f800:11:: - - [28/Jul/2026:20:01:51 +0200] "GET /shop/documented/daintify241403537025 HTTP/1.1" 404 38568 "-" "Mozilla/5.0 (Windows NT 10.0; Win64; x64) AppleWebKit/537.36 (KHTML, like Gecko) Chrome/145.0.0.0 Safari/537.36 (compatible; meta-externalagent/1.1 (+https://developers.facebook.com/docs/sharing/webmasters/crawler))"
2a03:2880:f800:21:: - - [28/Jul/2026:20:02:27 +0200] "GET /shop/simplor/unwish24368903736 HTTP/1.1" 404 38568 "-" "Mozilla/5.0 (Windows NT 10.0; Win64; x64) AppleWebKit/537.36 (KHTML, like Gecko) Chrome/145.0.0.0 Safari/537.36 (compatible; meta-externalagent/1.1 (+https://developers.facebook.com/docs/sharing/webmasters/crawler))"
2a03:2880:f800:1e:: - - [28/Jul/2026:20:02:46 +0200] "GET /shop/apiarist/disserviceably241974018823 HTTP/1.1" 404 38568 "-" "Mozilla/5.0 (Windows NT 10.0; Win64; x64) AppleWebKit/537.36 (KHTML, like Gecko) Chrome/145.0.0.0 Safari/537.36 (compatible; meta-externalagent/1.1 (+https://developers.facebook.com/docs/sharing/webmasters/crawler))"
2a03:2880:f800:40:: - - [28/Jul/2026:20:02:48 +0200] "GET /shop/lassoed/pouring2473103536 HTTP/1.1" 404 38568 "-" "Mozilla/5.0 (Windows NT 10.0; Win64; x64) AppleWebKit/537.36 (KHTML, like Gecko) Chrome/145.0.0.0 Safari/537.36 (compatible; meta-externalagent/1.1 (+https://developers.facebook.com/docs/sharing/webmasters/crawler))"
2001:1690:2:4::1:118 - - [28/Jul/2026:20:02:59 +0200] "POST /wp-cron.php?doing_wp_cron=1785261779.0525000095367431640625 HTTP/1.1" 200 5522 "-" "WordPress/6.7.5; https://cso-apeldoorn.nl"
