183.82.0.127 - - [28/Jul/2026:14:50:11 +0200] "POST /xmlrpc.php HTTP/1.1" 200 6090 "-" "WordPress.com; https://wordpress.com"
2401:4900:88fe:daf9:2dd9:2c5c:648c:8b6f - - [28/Jul/2026:14:50:18 +0200] "POST /xmlrpc.php HTTP/1.1" 403 5610 "-" "WordPress.com; https://wordpress.com"
2a03:2880:f800:1a:: - - [28/Jul/2026:14:50:18 +0200] "GET /shop/insociate/muishond243855470396 HTTP/1.1" 404 38568 "-" "Mozilla/5.0 (Macintosh; Intel Mac OS X 10_15_7) AppleWebKit/537.36 (KHTML, like Gecko) Chrome/145.0.0.0 Safari/537.36 (compatible; meta-externalagent/1.1 (+https://developers.facebook.com/docs/sharing/webmasters/crawler))"
183.82.0.127 - - [28/Jul/2026:14:50:21 +0200] "POST /xmlrpc.php HTTP/1.1" 200 6090 "-" "Jetpack/12.0; WordPress/6.3; http://site13822866.com"
2401:4900:88fe:daf9:2dd9:2c5c:648c:8b6f - - [28/Jul/2026:14:50:28 +0200] "POST /xmlrpc.php HTTP/1.1" 403 5610 "-" "Jetpack/12.1; WordPress/6.3; http://site22049347.com"
183.82.0.127 - - [28/Jul/2026:14:50:32 +0200] "POST /xmlrpc.php HTTP/1.1" 200 6090 "-" "Jetpack by WordPress.com (Jetpack 12.0; WordPress 6.2)"
2401:4900:88fe:daf9:2dd9:2c5c:648c:8b6f - - [28/Jul/2026:14:50:39 +0200] "POST /xmlrpc.php HTTP/1.1" 403 5610 "-" "Jetpack by WordPress.com"
183.82.0.127 - - [28/Jul/2026:14:50:43 +0200] "POST /xmlrpc.php HTTP/1.1" 200 6090 "-" "Jetpack/12.0; WordPress/6.1; http://site22583423.com"
2401:4900:88fe:daf9:2dd9:2c5c:648c:8b6f - - [28/Jul/2026:14:50:49 +0200] "POST /xmlrpc.php HTTP/1.1" 403 5610 "-" "Jetpack/13.0; WordPress/6.2; http://site13266024.com"
183.82.0.127 - - [28/Jul/2026:14:50:53 +0200] "POST /xmlrpc.php HTTP/1.1" 200 6090 "-" "Jetpack/12.1; WordPress/6.1; http://site91283058.com"
2401:4900:88fe:daf9:2dd9:2c5c:648c:8b6f - - [28/Jul/2026:14:51:00 +0200] "POST /xmlrpc.php HTTP/1.1" 403 5610 "-" "Jetpack/12.1; WordPress/6.4; http://site71333514.com"
183.82.0.127 - - [28/Jul/2026:14:51:04 +0200] "POST /xmlrpc.php HTTP/1.1" 200 6090 "-" "Jetpack by WordPress.com (Jetpack 13.0; WordPress 6.1)"
2401:4900:88fe:daf9:2dd9:2c5c:648c:8b6f - - [28/Jul/2026:14:51:11 +0200] "POST /xmlrpc.php HTTP/1.1" 403 5610 "-" "WordPress.com; https://wordpress.com"
183.82.0.127 - - [28/Jul/2026:14:51:14 +0200] "POST /xmlrpc.php HTTP/1.1" 200 6090 "-" "Jetpack/13.0; WordPress/6.3; http://site59085827.com"
2401:4900:88fe:daf9:2dd9:2c5c:648c:8b6f - - [28/Jul/2026:14:51:21 +0200] "POST /xmlrpc.php HTTP/1.1" 403 5610 "-" "WordPress.com; https://wordpress.com"
2001:1690:2:4::1:118 - - [28/Jul/2026:14:51:25 +0200] "POST /wp-cron.php?doing_wp_cron=1785243085.4962038993835449218750 HTTP/1.1" 200 5522 "-" "WordPress/6.7.5; https://cso-apeldoorn.nl"
183.82.0.127 - - [28/Jul/2026:14:51:25 +0200] "POST /xmlrpc.php HTTP/1.1" 200 6090 "-" "Jetpack by WordPress.com"
2401:4900:88fe:daf9:2dd9:2c5c:648c:8b6f - - [28/Jul/2026:14:51:32 +0200] "POST /xmlrpc.php HTTP/1.1" 403 5610 "-" "WordPress.com; https://wordpress.com"
183.82.0.127 - - [28/Jul/2026:14:51:36 +0200] "POST /xmlrpc.php HTTP/1.1" 200 6090 "-" "Jetpack/12.0; WordPress/6.4; http://site70795640.com"
2401:4900:88fe:daf9:2dd9:2c5c:648c:8b6f - - [28/Jul/2026:14:51:42 +0200] "POST /xmlrpc.php HTTP/1.1" 403 5610 "-" "WordPress.com; https://wordpress.com"
183.82.0.127 - - [28/Jul/2026:14:51:46 +0200] "POST /xmlrpc.php HTTP/1.1" 200 6090 "-" "Jetpack by WordPress.com (Jetpack 12.5; WordPress 6.3)"
2001:1690:2:4::1:118 - - [28/Jul/2026:14:51:53 +0200] "POST /wp-cron.php?doing_wp_cron=1785243113.2255609035491943359375 HTTP/1.1" 200 5522 "-" "WordPress/6.7.5; https://cso-apeldoorn.nl"
2401:4900:88fe:daf9:2dd9:2c5c:648c:8b6f - - [28/Jul/2026:14:51:53 +0200] "POST /xmlrpc.php HTTP/1.1" 403 5610 "-" "Jetpack/12.1; WordPress/6.1; http://site82299491.com"
183.82.0.127 - - [28/Jul/2026:14:51:57 +0200] "POST /xmlrpc.php HTTP/1.1" 200 6090 "-" "Jetpack/12.1; WordPress/6.4; http://site22641391.com"
2401:4900:88fe:daf9:2dd9:2c5c:648c:8b6f - - [28/Jul/2026:14:52:03 +0200] "POST /xmlrpc.php HTTP/1.1" 403 5610 "-" "Jetpack by WordPress.com (Jetpack 13.0; WordPress 6.2)"
183.82.0.127 - - [28/Jul/2026:14:52:08 +0200] "POST /xmlrpc.php HTTP/1.1" 200 6090 "-" "Jetpack by WordPress.com (Jetpack 13.0; WordPress 6.2)"
2401:4900:88fe:daf9:2dd9:2c5c:648c:8b6f - - [28/Jul/2026:14:52:14 +0200] "POST /xmlrpc.php HTTP/1.1" 403 5610 "-" "WordPress.com; https://wordpress.com"
57.141.0.58 - - [28/Jul/2026:14:52:18 +0200] "GET /shop/count/selfsuspicious241665350276 HTTP/1.1" 404 38568 "-" "Mozilla/5.0 (Windows NT 10.0; Win64; x64) AppleWebKit/537.36 (KHTML, like Gecko) Chrome/145.0.0.0 Safari/537.36 (compatible; meta-externalagent/1.1 (+https://developers.facebook.com/docs/sharing/webmasters/crawler))"
183.82.0.127 - - [28/Jul/2026:14:52:18 +0200] "POST /xmlrpc.php HTTP/1.1" 200 6090 "-" "Jetpack by WordPress.com"
2401:4900:88fe:daf9:2dd9:2c5c:648c:8b6f - - [28/Jul/2026:14:52:24 +0200] "POST /xmlrpc.php HTTP/1.1" 403 5610 "-" "Jetpack by WordPress.com"
183.82.0.127 - - [28/Jul/2026:14:52:29 +0200] "POST /xmlrpc.php HTTP/1.1" 200 6090 "-" "Jetpack/12.1; WordPress/6.1; http://site35317565.com"
2401:4900:88fe:daf9:2dd9:2c5c:648c:8b6f - - [28/Jul/2026:14:52:35 +0200] "POST /xmlrpc.php HTTP/1.1" 403 5610 "-" "WordPress.com; https://wordpress.com"
183.82.0.127 - - [28/Jul/2026:14:52:40 +0200] "POST /xmlrpc.php HTTP/1.1" 200 6090 "-" "Jetpack by WordPress.com"
2401:4900:88fe:daf9:2dd9:2c5c:648c:8b6f - - [28/Jul/2026:14:52:45 +0200] "POST /xmlrpc.php HTTP/1.1" 403 5610 "-" "Jetpack/12.5; WordPress/6.1; http://site99406374.com"
183.82.0.127 - - [28/Jul/2026:14:52:50 +0200] "POST /xmlrpc.php HTTP/1.1" 200 6090 "-" "WordPress.com; https://wordpress.com"
2401:4900:88fe:daf9:2dd9:2c5c:648c:8b6f - - [28/Jul/2026:14:52:56 +0200] "POST /xmlrpc.php HTTP/1.1" 403 5610 "-" "Jetpack by WordPress.com (Jetpack 12.1; WordPress 6.4)"
2a03:2880:f800:6:: - - [28/Jul/2026:14:52:59 +0200] "GET /shop/courtship/acharnement24630717019 HTTP/1.1" 404 38568 "-" "Mozilla/5.0 (Windows NT 10.0; Win64; x64) AppleWebKit/537.36 (KHTML, like Gecko) Chrome/145.0.0.0 Safari/537.36 (compatible; meta-externalagent/1.1 (+https://developers.facebook.com/docs/sharing/webmasters/crawler))"
183.82.0.127 - - [28/Jul/2026:14:53:01 +0200] "POST /xmlrpc.php HTTP/1.1" 200 6090 "-" "Jetpack/12.0; WordPress/6.1; http://site74461339.com"
2401:4900:88fe:daf9:2dd9:2c5c:648c:8b6f - - [28/Jul/2026:14:53:07 +0200] "POST /xmlrpc.php HTTP/1.1" 403 5610 "-" "Jetpack/12.1; WordPress/6.1; http://site90696015.com"
2a03:2880:f800:2f:: - - [28/Jul/2026:14:53:10 +0200] "GET /shop/capitalize/tatusiidae241181251494 HTTP/1.1" 404 38568 "-" "Mozilla/5.0 (Windows NT 10.0; Win64; x64) AppleWebKit/537.36 (KHTML, like Gecko) Chrome/145.0.0.0 Safari/537.36 (compatible; meta-externalagent/1.1 (+https://developers.facebook.com/docs/sharing/webmasters/crawler))"
183.82.0.127 - - [28/Jul/2026:14:53:12 +0200] "POST /xmlrpc.php HTTP/1.1" 200 6090 "-" "WordPress.com; https://wordpress.com"
2401:4900:88fe:daf9:2dd9:2c5c:648c:8b6f - - [28/Jul/2026:14:53:17 +0200] "POST /xmlrpc.php HTTP/1.1" 403 5610 "-" "Jetpack/12.5; WordPress/6.3; http://site18288172.com"
183.82.0.127 - - [28/Jul/2026:14:53:22 +0200] "POST /xmlrpc.php HTTP/1.1" 200 6090 "-" "Jetpack by WordPress.com"
2401:4900:88fe:daf9:2dd9:2c5c:648c:8b6f - - [28/Jul/2026:14:53:28 +0200] "POST /xmlrpc.php HTTP/1.1" 403 5610 "-" "WordPress.com; https://wordpress.com"
2001:1690:2:4::1:118 - - [28/Jul/2026:14:53:33 +0200] "POST /wp-cron.php?doing_wp_cron=1785243213.4173989295959472656250 HTTP/1.1" 200 5522 "-" "WordPress/6.7.5; https://cso-apeldoorn.nl"
183.82.0.127 - - [28/Jul/2026:14:53:33 +0200] "POST /xmlrpc.php HTTP/1.1" 200 6090 "-" "Jetpack by WordPress.com (Jetpack 12.1; WordPress 6.2)"
66.249.70.38 - - [28/Jul/2026:14:53:30 +0200] "GET /sitemap-subitems-1395.xml HTTP/1.1" 200 382887 "-" "Mozilla/5.0 (compatible; Googlebot/2.1; +http://www.google.com/bot.html)"
2401:4900:88fe:daf9:2dd9:2c5c:648c:8b6f - - [28/Jul/2026:14:53:38 +0200] "POST /xmlrpc.php HTTP/1.1" 403 5610 "-" "WordPress.com; https://wordpress.com"
183.82.0.127 - - [28/Jul/2026:14:53:44 +0200] "POST /xmlrpc.php HTTP/1.1" 200 6090 "-" "Jetpack/13.0; WordPress/6.2; http://site60665998.com"
2401:4900:88fe:daf9:2dd9:2c5c:648c:8b6f - - [28/Jul/2026:14:53:49 +0200] "POST /xmlrpc.php HTTP/1.1" 403 5610 "-" "Jetpack by WordPress.com (Jetpack 12.0; WordPress 6.3)"
183.82.0.127 - - [28/Jul/2026:14:53:54 +0200] "POST /xmlrpc.php HTTP/1.1" 200 6090 "-" "Jetpack by WordPress.com"
2401:4900:88fe:daf9:2dd9:2c5c:648c:8b6f - - [28/Jul/2026:14:53:59 +0200] "POST /xmlrpc.php HTTP/1.1" 403 5610 "-" "Jetpack by WordPress.com (Jetpack 12.5; WordPress 6.4)"
183.82.0.127 - - [28/Jul/2026:14:54:05 +0200] "POST /xmlrpc.php HTTP/1.1" 200 6090 "-" "WordPress.com; https://wordpress.com"
2401:4900:88fe:daf9:2dd9:2c5c:648c:8b6f - - [28/Jul/2026:14:54:10 +0200] "POST /xmlrpc.php HTTP/1.1" 403 5610 "-" "WordPress.com; https://wordpress.com"
183.82.0.127 - - [28/Jul/2026:14:54:16 +0200] "POST /xmlrpc.php HTTP/1.1" 200 6090 "-" "WordPress.com; https://wordpress.com"
2401:4900:88fe:daf9:2dd9:2c5c:648c:8b6f - - [28/Jul/2026:14:54:20 +0200] "POST /xmlrpc.php HTTP/1.1" 403 5610 "-" "Jetpack/12.0; WordPress/6.1; http://site40433461.com"
183.82.0.127 - - [28/Jul/2026:14:54:26 +0200] "POST /xmlrpc.php HTTP/1.1" 200 6090 "-" "WordPress.com; https://wordpress.com"
2401:4900:88fe:daf9:2dd9:2c5c:648c:8b6f - - [28/Jul/2026:14:54:31 +0200] "POST /xmlrpc.php HTTP/1.1" 403 5610 "-" "Jetpack/13.0; WordPress/6.1; http://site85944460.com"
183.82.0.127 - - [28/Jul/2026:14:54:37 +0200] "POST /xmlrpc.php HTTP/1.1" 200 6090 "-" "Jetpack/12.0; WordPress/6.1; http://site25858937.com"
2401:4900:88fe:daf9:2dd9:2c5c:648c:8b6f - - [28/Jul/2026:14:54:42 +0200] "POST /xmlrpc.php HTTP/1.1" 403 5610 "-" "Jetpack by WordPress.com (Jetpack 12.1; WordPress 6.2)"
183.82.0.127 - - [28/Jul/2026:14:54:47 +0200] "POST /xmlrpc.php HTTP/1.1" 200 6090 "-" "Jetpack/12.5; WordPress/6.4; http://site83548108.com"
2401:4900:88fe:daf9:2dd9:2c5c:648c:8b6f - - [28/Jul/2026:14:54:52 +0200] "POST /xmlrpc.php HTTP/1.1" 403 5610 "-" "WordPress.com; https://wordpress.com"
183.82.0.127 - - [28/Jul/2026:14:54:58 +0200] "POST /xmlrpc.php HTTP/1.1" 200 6090 "-" "Jetpack by WordPress.com (Jetpack 12.5; WordPress 6.3)"
2401:4900:88fe:daf9:2dd9:2c5c:648c:8b6f - - [28/Jul/2026:14:55:03 +0200] "POST /xmlrpc.php HTTP/1.1" 403 5610 "-" "Jetpack by WordPress.com"
183.82.0.127 - - [28/Jul/2026:14:55:09 +0200] "POST /xmlrpc.php HTTP/1.1" 200 6090 "-" "Jetpack by WordPress.com"
2401:4900:88fe:daf9:2dd9:2c5c:648c:8b6f - - [28/Jul/2026:14:55:13 +0200] "POST /xmlrpc.php HTTP/1.1" 403 5610 "-" "Jetpack/12.5; WordPress/6.2; http://site85638000.com"
2a03:2880:f800:1:: - - [28/Jul/2026:14:55:17 +0200] "GET /shop/eardrum/asterias24263253668 HTTP/1.1" 404 38568 "-" "Mozilla/5.0 (Windows NT 10.0; Win64; x64) AppleWebKit/537.36 (KHTML, like Gecko) Chrome/145.0.0.0 Safari/537.36 (compatible; meta-externalagent/1.1 (+https://developers.facebook.com/docs/sharing/webmasters/crawler))"
183.82.0.127 - - [28/Jul/2026:14:55:19 +0200] "POST /xmlrpc.php HTTP/1.1" 200 6090 "-" "Jetpack by WordPress.com (Jetpack 12.1; WordPress 6.1)"
2401:4900:88fe:daf9:2dd9:2c5c:648c:8b6f - - [28/Jul/2026:14:55:24 +0200] "POST /xmlrpc.php HTTP/1.1" 403 5610 "-" "Jetpack by WordPress.com (Jetpack 12.1; WordPress 6.4)"
183.82.0.127 - - [28/Jul/2026:14:55:30 +0200] "POST /xmlrpc.php HTTP/1.1" 200 6090 "-" "Jetpack by WordPress.com (Jetpack 12.5; WordPress 6.1)"
2401:4900:88fe:daf9:2dd9:2c5c:648c:8b6f - - [28/Jul/2026:14:55:34 +0200] "POST /xmlrpc.php HTTP/1.1" 403 5610 "-" "Jetpack by WordPress.com"
183.82.0.127 - - [28/Jul/2026:14:55:40 +0200] "POST /xmlrpc.php HTTP/1.1" 200 6090 "-" "Jetpack by WordPress.com (Jetpack 12.5; WordPress 6.3)"
2401:4900:88fe:daf9:2dd9:2c5c:648c:8b6f - - [28/Jul/2026:14:55:45 +0200] "POST /xmlrpc.php HTTP/1.1" 403 5610 "-" "Jetpack/12.0; WordPress/6.4; http://site54711342.com"
183.82.0.127 - - [28/Jul/2026:14:55:51 +0200] "POST /xmlrpc.php HTTP/1.1" 200 6090 "-" "Jetpack by WordPress.com (Jetpack 12.5; WordPress 6.1)"
2401:4900:88fe:daf9:2dd9:2c5c:648c:8b6f - - [28/Jul/2026:14:55:55 +0200] "POST /xmlrpc.php HTTP/1.1" 403 5610 "-" "WordPress.com; https://wordpress.com"
183.82.0.127 - - [28/Jul/2026:14:56:02 +0200] "POST /xmlrpc.php HTTP/1.1" 200 6090 "-" "WordPress.com; https://wordpress.com"
2401:4900:88fe:daf9:2dd9:2c5c:648c:8b6f - - [28/Jul/2026:14:56:06 +0200] "POST /xmlrpc.php HTTP/1.1" 403 5610 "-" "Jetpack by WordPress.com"
183.82.0.127 - - [28/Jul/2026:14:56:12 +0200] "POST /xmlrpc.php HTTP/1.1" 200 6090 "-" "WordPress.com; https://wordpress.com"
2401:4900:88fe:daf9:2dd9:2c5c:648c:8b6f - - [28/Jul/2026:14:56:16 +0200] "POST /xmlrpc.php HTTP/1.1" 403 5610 "-" "WordPress.com; https://wordpress.com"
183.82.0.127 - - [28/Jul/2026:14:56:23 +0200] "POST /xmlrpc.php HTTP/1.1" 200 6090 "-" "Jetpack by WordPress.com"
2401:4900:88fe:daf9:2dd9:2c5c:648c:8b6f - - [28/Jul/2026:14:56:27 +0200] "POST /xmlrpc.php HTTP/1.1" 403 5610 "-" "WordPress.com; https://wordpress.com"
183.82.0.127 - - [28/Jul/2026:14:56:34 +0200] "POST /xmlrpc.php HTTP/1.1" 200 6090 "-" "Jetpack by WordPress.com"
2401:4900:88fe:daf9:2dd9:2c5c:648c:8b6f - - [28/Jul/2026:14:56:37 +0200] "POST /xmlrpc.php HTTP/1.1" 403 5610 "-" "Jetpack by WordPress.com"
183.82.0.127 - - [28/Jul/2026:14:56:44 +0200] "POST /xmlrpc.php HTTP/1.1" 200 6090 "-" "Jetpack/13.0; WordPress/6.4; http://site98905719.com"
2401:4900:88fe:daf9:2dd9:2c5c:648c:8b6f - - [28/Jul/2026:14:56:48 +0200] "POST /xmlrpc.php HTTP/1.1" 403 5610 "-" "Jetpack/12.5; WordPress/6.3; http://site23390842.com"
183.82.0.127 - - [28/Jul/2026:14:56:55 +0200] "POST /xmlrpc.php HTTP/1.1" 200 6090 "-" "Jetpack/12.1; WordPress/6.4; http://site92861360.com"
2401:4900:88fe:daf9:2dd9:2c5c:648c:8b6f - - [28/Jul/2026:14:56:58 +0200] "POST /xmlrpc.php HTTP/1.1" 403 5610 "-" "Jetpack/12.5; WordPress/6.4; http://site67941576.com"
45.227.253.15 - - [28/Jul/2026:14:56:57 +0200] "GET /wp-content/plugins/fusion-builder/inc/lib/inc/redux/framework/FusionReduxCore/assets/js/media/media/index.php?ARRAY=7o2230223n313738353234373534342p2231223n22687474703n5p2s5p2s7n733931387631332r6r696369616r2r696r6o5p2s3s6p633q78696164616r5s72616r645s7061746826743q313738353234333934342q3163313336613038633633343661363631383036623963356138663931346465222p2232223n223633393838626535636364313762636361613031373231303933363263306637222p2233223n223731646463356237356163613834316238313530363431333838396238346630222p2262696r675s70617373223n2231332q33352q35332q36392q37352q38342q3139227q HTTP/1.1" 200 6293 "-" "Mozilla/5.0 (Windows NT 10.0; Win64; x64) AppleWebKit/537.36 (KHTML, like Gecko) Chrome/81.0.3282.140 Safari/537.36 Edge/18.17763"
183.82.0.127 - - [28/Jul/2026:14:57:06 +0200] "POST /xmlrpc.php HTTP/1.1" 200 6090 "-" "WordPress.com; https://wordpress.com"
2401:4900:88fe:daf9:2dd9:2c5c:648c:8b6f - - [28/Jul/2026:14:57:09 +0200] "POST /xmlrpc.php HTTP/1.1" 403 5610 "-" "WordPress.com; https://wordpress.com"
66.249.70.39 - - [28/Jul/2026:14:57:09 +0200] "GET /shop/rattlepated/garzetta25590628196 HTTP/1.1" 404 38719 "-" "Mozilla/5.0 (Linux; Android 6.0.1; Nexus 5X Build/MMB29P) AppleWebKit/537.36 (KHTML, like Gecko) Chrome/150.0.7871.128 Mobile Safari/537.36 (compatible; GoogleOther)"
66.249.70.39 - - [28/Jul/2026:14:57:11 +0200] "GET /shop/nummularia/calmariensis251051573470 HTTP/1.1" 404 38719 "-" "Mozilla/5.0 (Linux; Android 6.0.1; Nexus 5X Build/MMB29P) AppleWebKit/537.36 (KHTML, like Gecko) Chrome/150.0.7871.128 Mobile Safari/537.36 (compatible; GoogleOther)"
183.82.0.127 - - [28/Jul/2026:14:57:16 +0200] "POST /xmlrpc.php HTTP/1.1" 200 6090 "-" "Jetpack by WordPress.com"
2401:4900:88fe:daf9:2dd9:2c5c:648c:8b6f - - [28/Jul/2026:14:57:20 +0200] "POST /xmlrpc.php HTTP/1.1" 403 5610 "-" "Jetpack by WordPress.com (Jetpack 12.1; WordPress 6.4)"
66.249.70.39 - - [28/Jul/2026:14:57:19 +0200] "GET /sitemap-subitems-383.xml HTTP/1.1" 200 382879 "-" "Mozilla/5.0 (compatible; Googlebot/2.1; +http://www.google.com/bot.html)"
66.249.70.39 - - [28/Jul/2026:14:57:21 +0200] "GET /sitemap-subitems-1765.xml HTTP/1.1" 200 382838 "-" "Mozilla/5.0 (compatible; Googlebot/2.1; +http://www.google.com/bot.html)"
183.82.0.127 - - [28/Jul/2026:14:57:27 +0200] "POST /xmlrpc.php HTTP/1.1" 200 6090 "-" "WordPress.com; https://wordpress.com"
2401:4900:88fe:daf9:2dd9:2c5c:648c:8b6f - - [28/Jul/2026:14:57:30 +0200] "POST /xmlrpc.php HTTP/1.1" 403 5610 "-" "Jetpack by WordPress.com (Jetpack 12.5; WordPress 6.1)"
183.82.0.127 - - [28/Jul/2026:14:57:38 +0200] "POST /xmlrpc.php HTTP/1.1" 200 6090 "-" "WordPress.com; https://wordpress.com"
2a03:2880:f800:4:: - - [28/Jul/2026:14:57:38 +0200] "GET /shop/havior/crepidodera243656100505 HTTP/1.1" 404 38568 "-" "Mozilla/5.0 (Windows NT 10.0; Win64; x64) AppleWebKit/537.36 (KHTML, like Gecko) Chrome/145.0.0.0 Safari/537.36 (compatible; meta-externalagent/1.1 (+https://developers.facebook.com/docs/sharing/webmasters/crawler))"
2401:4900:88fe:daf9:2dd9:2c5c:648c:8b6f - - [28/Jul/2026:14:57:41 +0200] "POST /xmlrpc.php HTTP/1.1" 403 5610 "-" "Jetpack by WordPress.com (Jetpack 12.0; WordPress 6.4)"
183.82.0.127 - - [28/Jul/2026:14:57:48 +0200] "POST /xmlrpc.php HTTP/1.1" 200 6090 "-" "Jetpack/12.0; WordPress/6.1; http://site75520225.com"
2401:4900:88fe:daf9:2dd9:2c5c:648c:8b6f - - [28/Jul/2026:14:57:51 +0200] "POST /xmlrpc.php HTTP/1.1" 403 5610 "-" "Jetpack by WordPress.com (Jetpack 12.5; WordPress 6.3)"
183.82.0.127 - - [28/Jul/2026:14:57:59 +0200] "POST /xmlrpc.php HTTP/1.1" 200 6090 "-" "Jetpack/12.5; WordPress/6.4; http://site33042095.com"
2001:1690:2:4::1:118 - - [28/Jul/2026:14:58:02 +0200] "POST /wp-cron.php?doing_wp_cron=1785243482.2725429534912109375000 HTTP/1.1" 200 5522 "-" "WordPress/6.7.5; https://cso-apeldoorn.nl"
2401:4900:88fe:daf9:2dd9:2c5c:648c:8b6f - - [28/Jul/2026:14:58:02 +0200] "POST /xmlrpc.php HTTP/1.1" 403 5610 "-" "Jetpack by WordPress.com (Jetpack 12.5; WordPress 6.4)"
183.82.0.127 - - [28/Jul/2026:14:58:09 +0200] "POST /xmlrpc.php HTTP/1.1" 200 6090 "-" "Jetpack by WordPress.com"
2401:4900:88fe:daf9:2dd9:2c5c:648c:8b6f - - [28/Jul/2026:14:58:12 +0200] "POST /xmlrpc.php HTTP/1.1" 403 5610 "-" "WordPress.com; https://wordpress.com"
183.82.0.127 - - [28/Jul/2026:14:58:20 +0200] "POST /xmlrpc.php HTTP/1.1" 200 6090 "-" "Jetpack by WordPress.com (Jetpack 12.5; WordPress 6.2)"
2a03:2880:f800:30:: - - [28/Jul/2026:14:58:20 +0200] "GET /shop/frouncing/azidothymidine242443805446 HTTP/1.1" 404 38568 "-" "Mozilla/5.0 (Macintosh; Intel Mac OS X 10_15_7) AppleWebKit/537.36 (KHTML, like Gecko) Chrome/145.0.0.0 Safari/537.36 (compatible; meta-externalagent/1.1 (+https://developers.facebook.com/docs/sharing/webmasters/crawler))"
2401:4900:88fe:daf9:2dd9:2c5c:648c:8b6f - - [28/Jul/2026:14:58:23 +0200] "POST /xmlrpc.php HTTP/1.1" 403 5610 "-" "Jetpack by WordPress.com"
2a03:2880:f800:7:: - - [28/Jul/2026:14:58:28 +0200] "GET /shop/inamorata/grossly242462276530 HTTP/1.1" 404 38568 "-" "Mozilla/5.0 (Windows NT 10.0; Win64; x64) AppleWebKit/537.36 (KHTML, like Gecko) Chrome/145.0.0.0 Safari/537.36 (compatible; meta-externalagent/1.1 (+https://developers.facebook.com/docs/sharing/webmasters/crawler))"
183.82.0.127 - - [28/Jul/2026:14:58:31 +0200] "POST /xmlrpc.php HTTP/1.1" 200 6090 "-" "WordPress.com; https://wordpress.com"
66.249.70.32 - - [28/Jul/2026:14:58:26 +0200] "GET /sitemap-subitems-957.xml HTTP/1.1" 200 382874 "-" "Mozilla/5.0 (compatible; Googlebot/2.1; +http://www.google.com/bot.html)"
2401:4900:88fe:daf9:2dd9:2c5c:648c:8b6f - - [28/Jul/2026:14:58:33 +0200] "POST /xmlrpc.php HTTP/1.1" 403 5610 "-" "Jetpack by WordPress.com"
183.82.0.127 - - [28/Jul/2026:14:58:41 +0200] "POST /xmlrpc.php HTTP/1.1" 200 6090 "-" "Jetpack by WordPress.com"
2401:4900:88fe:daf9:2dd9:2c5c:648c:8b6f - - [28/Jul/2026:14:58:44 +0200] "POST /xmlrpc.php HTTP/1.1" 403 5610 "-" "Jetpack by WordPress.com"
183.82.0.127 - - [28/Jul/2026:14:58:52 +0200] "POST /xmlrpc.php HTTP/1.1" 200 6090 "-" "WordPress.com; https://wordpress.com"
2401:4900:88fe:daf9:2dd9:2c5c:648c:8b6f - - [28/Jul/2026:14:58:54 +0200] "POST /xmlrpc.php HTTP/1.1" 403 5610 "-" "WordPress.com; https://wordpress.com"
183.82.0.127 - - [28/Jul/2026:14:59:03 +0200] "POST /xmlrpc.php HTTP/1.1" 200 6090 "-" "Jetpack by WordPress.com (Jetpack 12.0; WordPress 6.1)"
2401:4900:88fe:daf9:2dd9:2c5c:648c:8b6f - - [28/Jul/2026:14:59:05 +0200] "POST /xmlrpc.php HTTP/1.1" 403 5610 "-" "Jetpack by WordPress.com (Jetpack 12.0; WordPress 6.4)"
2a03:2880:f800:3e:: - - [28/Jul/2026:14:59:07 +0200] "GET /shop/forncast/practively241352885182 HTTP/1.1" 404 38568 "-" "Mozilla/5.0 (Macintosh; Intel Mac OS X 10_15_7) AppleWebKit/537.36 (KHTML, like Gecko) Chrome/145.0.0.0 Safari/537.36 (compatible; meta-externalagent/1.1 (+https://developers.facebook.com/docs/sharing/webmasters/crawler))"
183.82.0.127 - - [28/Jul/2026:14:59:13 +0200] "POST /xmlrpc.php HTTP/1.1" 200 6090 "-" "Jetpack/12.5; WordPress/6.3; http://site86577703.com"
2401:4900:88fe:daf9:2dd9:2c5c:648c:8b6f - - [28/Jul/2026:14:59:15 +0200] "POST /xmlrpc.php HTTP/1.1" 403 5610 "-" "Jetpack/12.1; WordPress/6.1; http://site65305760.com"
183.82.0.127 - - [28/Jul/2026:14:59:24 +0200] "POST /xmlrpc.php HTTP/1.1" 200 6090 "-" "Jetpack by WordPress.com (Jetpack 12.5; WordPress 6.3)"
2401:4900:88fe:daf9:2dd9:2c5c:648c:8b6f - - [28/Jul/2026:14:59:26 +0200] "POST /xmlrpc.php HTTP/1.1" 403 5610 "-" "Jetpack/12.5; WordPress/6.4; http://site17123944.com"
2a03:2880:f800:5:: - - [28/Jul/2026:14:59:33 +0200] "GET /shop/gregory/stippled24399079514 HTTP/1.1" 404 38568 "-" "Mozilla/5.0 (Windows NT 10.0; Win64; x64) AppleWebKit/537.36 (KHTML, like Gecko) Chrome/145.0.0.0 Safari/537.36 (compatible; meta-externalagent/1.1 (+https://developers.facebook.com/docs/sharing/webmasters/crawler))"
183.82.0.127 - - [28/Jul/2026:14:59:35 +0200] "POST /xmlrpc.php HTTP/1.1" 200 6090 "-" "Jetpack/12.0; WordPress/6.4; http://site44280501.com"
2401:4900:88fe:daf9:2dd9:2c5c:648c:8b6f - - [28/Jul/2026:14:59:37 +0200] "POST /xmlrpc.php HTTP/1.1" 403 5610 "-" "Jetpack by WordPress.com"
183.82.0.127 - - [28/Jul/2026:14:59:45 +0200] "POST /xmlrpc.php HTTP/1.1" 200 6090 "-" "Jetpack by WordPress.com (Jetpack 12.5; WordPress 6.2)"
2401:4900:88fe:daf9:2dd9:2c5c:648c:8b6f - - [28/Jul/2026:14:59:47 +0200] "POST /xmlrpc.php HTTP/1.1" 403 5610 "-" "Jetpack by WordPress.com (Jetpack 12.5; WordPress 6.3)"
183.82.0.127 - - [28/Jul/2026:14:59:56 +0200] "POST /xmlrpc.php HTTP/1.1" 200 6090 "-" "Jetpack by WordPress.com"
2401:4900:88fe:daf9:2dd9:2c5c:648c:8b6f - - [28/Jul/2026:14:59:58 +0200] "POST /xmlrpc.php HTTP/1.1" 403 5610 "-" "WordPress.com; https://wordpress.com"
2a03:2880:f800:2c:: - - [28/Jul/2026:15:00:04 +0200] "GET /shop/averpenny/nonappointment24210305004 HTTP/1.1" 404 38568 "-" "Mozilla/5.0 (Macintosh; Intel Mac OS X 10_15_7) AppleWebKit/537.36 (KHTML, like Gecko) Chrome/145.0.0.0 Safari/537.36 (compatible; meta-externalagent/1.1 (+https://developers.facebook.com/docs/sharing/webmasters/crawler))"
183.82.0.127 - - [28/Jul/2026:15:00:07 +0200] "POST /xmlrpc.php HTTP/1.1" 200 6090 "-" "Jetpack by WordPress.com (Jetpack 12.1; WordPress 6.1)"
2401:4900:88fe:daf9:2dd9:2c5c:648c:8b6f - - [28/Jul/2026:15:00:08 +0200] "POST /xmlrpc.php HTTP/1.1" 403 5610 "-" "Jetpack by WordPress.com (Jetpack 12.1; WordPress 6.1)"
183.82.0.127 - - [28/Jul/2026:15:00:17 +0200] "POST /xmlrpc.php HTTP/1.1" 200 6090 "-" "WordPress.com; https://wordpress.com"
2401:4900:88fe:daf9:2dd9:2c5c:648c:8b6f - - [28/Jul/2026:15:00:19 +0200] "POST /xmlrpc.php HTTP/1.1" 403 5610 "-" "Jetpack by WordPress.com"
183.82.0.127 - - [28/Jul/2026:15:00:28 +0200] "POST /xmlrpc.php HTTP/1.1" 200 6090 "-" "WordPress.com; https://wordpress.com"
2401:4900:88fe:daf9:2dd9:2c5c:648c:8b6f - - [28/Jul/2026:15:00:29 +0200] "POST /xmlrpc.php HTTP/1.1" 403 5610 "-" "Jetpack by WordPress.com (Jetpack 12.0; WordPress 6.3)"
183.82.0.127 - - [28/Jul/2026:15:00:39 +0200] "POST /xmlrpc.php HTTP/1.1" 200 6090 "-" "Jetpack by WordPress.com"
2401:4900:88fe:daf9:2dd9:2c5c:648c:8b6f - - [28/Jul/2026:15:00:40 +0200] "POST /xmlrpc.php HTTP/1.1" 403 5610 "-" "Jetpack/12.0; WordPress/6.2; http://site35102796.com"
183.82.0.127 - - [28/Jul/2026:15:00:49 +0200] "POST /xmlrpc.php HTTP/1.1" 200 6090 "-" "WordPress.com; https://wordpress.com"
2401:4900:88fe:daf9:2dd9:2c5c:648c:8b6f - - [28/Jul/2026:15:00:50 +0200] "POST /xmlrpc.php HTTP/1.1" 403 5610 "-" "Jetpack/12.0; WordPress/6.1; http://site34695407.com"
183.82.0.127 - - [28/Jul/2026:15:01:00 +0200] "POST /xmlrpc.php HTTP/1.1" 200 6090 "-" "WordPress.com; https://wordpress.com"
2401:4900:88fe:daf9:2dd9:2c5c:648c:8b6f - - [28/Jul/2026:15:01:01 +0200] "POST /xmlrpc.php HTTP/1.1" 403 5610 "-" "Jetpack by WordPress.com"
183.82.0.127 - - [28/Jul/2026:15:01:10 +0200] "POST /xmlrpc.php HTTP/1.1" 200 6090 "-" "Jetpack/12.0; WordPress/6.1; http://site81171429.com"
2401:4900:88fe:daf9:2dd9:2c5c:648c:8b6f - - [28/Jul/2026:15:01:11 +0200] "POST /xmlrpc.php HTTP/1.1" 403 5610 "-" "WordPress.com; https://wordpress.com"
183.82.0.127 - - [28/Jul/2026:15:01:21 +0200] "POST /xmlrpc.php HTTP/1.1" 200 6090 "-" "Jetpack by WordPress.com (Jetpack 12.0; WordPress 6.3)"
2401:4900:88fe:daf9:2dd9:2c5c:648c:8b6f - - [28/Jul/2026:15:01:22 +0200] "POST /xmlrpc.php HTTP/1.1" 403 5610 "-" "Jetpack/12.0; WordPress/6.3; http://site83610596.com"
2a03:2880:f800:2f:: - - [28/Jul/2026:15:01:27 +0200] "GET /shop/torulous/whisperingly241356552739 HTTP/1.1" 404 38568 "-" "Mozilla/5.0 (Macintosh; Intel Mac OS X 10_15_7) AppleWebKit/537.36 (KHTML, like Gecko) Chrome/145.0.0.0 Safari/537.36 (compatible; meta-externalagent/1.1 (+https://developers.facebook.com/docs/sharing/webmasters/crawler))"
183.82.0.127 - - [28/Jul/2026:15:01:32 +0200] "POST /xmlrpc.php HTTP/1.1" 200 6090 "-" "WordPress.com; https://wordpress.com"
2401:4900:88fe:daf9:2dd9:2c5c:648c:8b6f - - [28/Jul/2026:15:01:32 +0200] "POST /xmlrpc.php HTTP/1.1" 403 5610 "-" "Jetpack by WordPress.com (Jetpack 12.5; WordPress 6.1)"
183.82.0.127 - - [28/Jul/2026:15:01:42 +0200] "POST /xmlrpc.php HTTP/1.1" 200 6090 "-" "Jetpack by WordPress.com"
2401:4900:88fe:daf9:2dd9:2c5c:648c:8b6f - - [28/Jul/2026:15:01:43 +0200] "POST /xmlrpc.php HTTP/1.1" 403 5610 "-" "Jetpack by WordPress.com"
2001:1690:2:4::1:118 - - [28/Jul/2026:15:01:54 +0200] "POST /wp-cron.php?doing_wp_cron=1785243714.0294671058654785156250 HTTP/1.1" 200 5522 "-" "WordPress/6.7.5; https://cso-apeldoorn.nl"
2401:4900:88fe:daf9:2dd9:2c5c:648c:8b6f - - [28/Jul/2026:15:01:53 +0200] "POST /xmlrpc.php HTTP/1.1" 403 5610 "-" "WordPress.com; https://wordpress.com"
183.82.0.127 - - [28/Jul/2026:15:01:55 +0200] "POST /xmlrpc.php HTTP/1.1" 200 6090 "-" "Jetpack/12.5; WordPress/6.4; http://site73898719.com"
2401:4900:88fe:daf9:2dd9:2c5c:648c:8b6f - - [28/Jul/2026:15:02:04 +0200] "POST /xmlrpc.php HTTP/1.1" 403 5610 "-" "Jetpack by WordPress.com"
183.82.0.127 - - [28/Jul/2026:15:02:05 +0200] "POST /xmlrpc.php HTTP/1.1" 200 6090 "-" "WordPress.com; https://wordpress.com"
2401:4900:88fe:daf9:2dd9:2c5c:648c:8b6f - - [28/Jul/2026:15:02:15 +0200] "POST /xmlrpc.php HTTP/1.1" 403 5610 "-" "WordPress.com; https://wordpress.com"
183.82.0.127 - - [28/Jul/2026:15:02:16 +0200] "POST /xmlrpc.php HTTP/1.1" 200 6090 "-" "Jetpack by WordPress.com (Jetpack 12.5; WordPress 6.2)"
2401:4900:88fe:daf9:2dd9:2c5c:648c:8b6f - - [28/Jul/2026:15:02:26 +0200] "POST /xmlrpc.php HTTP/1.1" 403 5610 "-" "Jetpack by WordPress.com"
183.82.0.127 - - [28/Jul/2026:15:02:26 +0200] "POST /xmlrpc.php HTTP/1.1" 200 6090 "-" "Jetpack/12.5; WordPress/6.1; http://site69946203.com"
2401:4900:88fe:daf9:2dd9:2c5c:648c:8b6f - - [28/Jul/2026:15:02:37 +0200] "POST /xmlrpc.php HTTP/1.1" 403 5610 "-" "WordPress.com; https://wordpress.com"
183.82.0.127 - - [28/Jul/2026:15:02:37 +0200] "POST /xmlrpc.php HTTP/1.1" 200 6090 "-" "WordPress.com; https://wordpress.com"
2a03:2880:f800:2f:: - - [28/Jul/2026:15:02:41 +0200] "GET /shop/lichen/zealotism24238376779 HTTP/1.1" 404 38568 "-" "Mozilla/5.0 (X11; Linux x86_64) AppleWebKit/537.36 (KHTML, like Gecko) Chrome/145.0.0.0 Safari/537.36 (compatible; meta-externalagent/1.1 (+https://developers.facebook.com/docs/sharing/webmasters/crawler))"
183.82.0.127 - - [28/Jul/2026:15:02:48 +0200] "POST /xmlrpc.php HTTP/1.1" 200 6090 "-" "WordPress.com; https://wordpress.com"
2401:4900:88fe:daf9:2dd9:2c5c:648c:8b6f - - [28/Jul/2026:15:02:48 +0200] "POST /xmlrpc.php HTTP/1.1" 403 5610 "-" "Jetpack by WordPress.com"
183.82.0.127 - - [28/Jul/2026:15:02:58 +0200] "POST /xmlrpc.php HTTP/1.1" 200 6090 "-" "WordPress.com; https://wordpress.com"
2401:4900:88fe:daf9:2dd9:2c5c:648c:8b6f - - [28/Jul/2026:15:02:59 +0200] "POST /xmlrpc.php HTTP/1.1" 403 5610 "-" "Jetpack by WordPress.com"
2a03:2880:f800:2f:: - - [28/Jul/2026:15:03:00 +0200] "GET /shop/mondi/farcically242250835081 HTTP/1.1" 404 38568 "-" "Mozilla/5.0 (Macintosh; Intel Mac OS X 10_15_7) AppleWebKit/537.36 (KHTML, like Gecko) Chrome/145.0.0.0 Safari/537.36 (compatible; meta-externalagent/1.1 (+https://developers.facebook.com/docs/sharing/webmasters/crawler))"
183.82.0.127 - - [28/Jul/2026:15:03:09 +0200] "POST /xmlrpc.php HTTP/1.1" 200 6090 "-" "Jetpack/12.1; WordPress/6.2; http://site62199712.com"
2401:4900:88fe:daf9:2dd9:2c5c:648c:8b6f - - [28/Jul/2026:15:03:10 +0200] "POST /xmlrpc.php HTTP/1.1" 403 5610 "-" "Jetpack by WordPress.com (Jetpack 12.0; WordPress 6.4)"
183.82.0.127 - - [28/Jul/2026:15:03:20 +0200] "POST /xmlrpc.php HTTP/1.1" 200 6090 "-" "WordPress.com; https://wordpress.com"
2401:4900:88fe:daf9:2dd9:2c5c:648c:8b6f - - [28/Jul/2026:15:03:20 +0200] "POST /xmlrpc.php HTTP/1.1" 403 5610 "-" "Jetpack by WordPress.com"
183.82.0.127 - - [28/Jul/2026:15:03:30 +0200] "POST /xmlrpc.php HTTP/1.1" 200 6090 "-" "Jetpack/12.5; WordPress/6.3; http://site46723291.com"
183.82.0.127 - - [28/Jul/2026:15:03:41 +0200] "POST /xmlrpc.php HTTP/1.1" 200 6090 "-" "Jetpack by WordPress.com"
66.249.70.38 - - [28/Jul/2026:15:03:40 +0200] "GET /shop/seneca/ficula25932537864 HTTP/1.1" 200 230724 "-" "Mozilla/5.0 (Linux; Android 6.0.1; Nexus 5X Build/MMB29P) AppleWebKit/537.36 (KHTML, like Gecko) Chrome/150.0.7871.128 Mobile Safari/537.36 (compatible; Googlebot/2.1; +http://www.google.com/bot.html)"
2a03:2880:f800:2f:: - - [28/Jul/2026:15:03:47 +0200] "GET /shop/impressive/effectualness241896206218 HTTP/1.1" 404 38568 "-" "Mozilla/5.0 (Windows NT 10.0; Win64; x64) AppleWebKit/537.36 (KHTML, like Gecko) Chrome/145.0.0.0 Safari/537.36 (compatible; meta-externalagent/1.1 (+https://developers.facebook.com/docs/sharing/webmasters/crawler))"
183.82.0.127 - - [28/Jul/2026:15:03:52 +0200] "POST /xmlrpc.php HTTP/1.1" 200 6090 "-" "Jetpack by WordPress.com (Jetpack 12.1; WordPress 6.3)"
183.82.0.127 - - [28/Jul/2026:15:04:02 +0200] "POST /xmlrpc.php HTTP/1.1" 200 6090 "-" "Jetpack by WordPress.com"
183.82.0.127 - - [28/Jul/2026:15:04:13 +0200] "POST /xmlrpc.php HTTP/1.1" 200 6090 "-" "WordPress.com; https://wordpress.com"
2001:1690:2:4::1:118 - - [28/Jul/2026:15:04:24 +0200] "POST /wp-cron.php?doing_wp_cron=1785243864.0063469409942626953125 HTTP/1.1" 200 5522 "-" "WordPress/6.7.5; https://cso-apeldoorn.nl"
183.82.0.127 - - [28/Jul/2026:15:04:23 +0200] "POST /xmlrpc.php HTTP/1.1" 200 6090 "-" "Jetpack/13.0; WordPress/6.4; http://site97332329.com"
183.82.0.127 - - [28/Jul/2026:15:04:34 +0200] "POST /xmlrpc.php HTTP/1.1" 200 6090 "-" "WordPress.com; https://wordpress.com"
183.82.0.127 - - [28/Jul/2026:15:04:45 +0200] "POST /xmlrpc.php HTTP/1.1" 200 6090 "-" "WordPress.com; https://wordpress.com"
2a03:2880:f800:3b:: - - [28/Jul/2026:15:04:47 +0200] "GET /shop/tennis/decession242615541199 HTTP/1.1" 404 38568 "-" "Mozilla/5.0 (Windows NT 10.0; Win64; x64) AppleWebKit/537.36 (KHTML, like Gecko) Chrome/145.0.0.0 Safari/537.36 (compatible; meta-externalagent/1.1 (+https://developers.facebook.com/docs/sharing/webmasters/crawler))"
183.82.0.127 - - [28/Jul/2026:15:04:55 +0200] "POST /xmlrpc.php HTTP/1.1" 200 6090 "-" "Jetpack by WordPress.com (Jetpack 12.0; WordPress 6.2)"
183.82.0.127 - - [28/Jul/2026:15:05:06 +0200] "POST /xmlrpc.php HTTP/1.1" 200 6090 "-" "WordPress.com; https://wordpress.com"
183.82.0.127 - - [28/Jul/2026:15:05:17 +0200] "POST /xmlrpc.php HTTP/1.1" 200 6090 "-" "Jetpack by WordPress.com (Jetpack 12.0; WordPress 6.4)"
183.82.0.127 - - [28/Jul/2026:15:05:27 +0200] "POST /xmlrpc.php HTTP/1.1" 200 6090 "-" "Jetpack/12.0; WordPress/6.1; http://site44389250.com"
183.82.0.127 - - [28/Jul/2026:15:05:38 +0200] "POST /xmlrpc.php HTTP/1.1" 200 6090 "-" "Jetpack by WordPress.com"
183.82.0.127 - - [28/Jul/2026:15:05:49 +0200] "POST /xmlrpc.php HTTP/1.1" 200 6090 "-" "Jetpack by WordPress.com (Jetpack 12.1; WordPress 6.4)"
183.82.0.127 - - [28/Jul/2026:15:05:59 +0200] "POST /xmlrpc.php HTTP/1.1" 200 6090 "-" "Jetpack/12.5; WordPress/6.3; http://site53454915.com"
183.82.0.127 - - [28/Jul/2026:15:06:10 +0200] "POST /xmlrpc.php HTTP/1.1" 200 6090 "-" "Jetpack by WordPress.com (Jetpack 12.5; WordPress 6.3)"
183.82.0.127 - - [28/Jul/2026:15:06:20 +0200] "POST /xmlrpc.php HTTP/1.1" 200 6090 "-" "Jetpack/12.1; WordPress/6.3; http://site62704377.com"
183.82.0.127 - - [28/Jul/2026:15:06:31 +0200] "POST /xmlrpc.php HTTP/1.1" 200 6090 "-" "WordPress.com; https://wordpress.com"
66.249.70.39 - - [28/Jul/2026:15:06:32 +0200] "GET /sitemap-subitems-2409.xml HTTP/1.1" 200 382866 "-" "Mozilla/5.0 (compatible; Googlebot/2.1; +http://www.google.com/bot.html)"
183.82.0.127 - - [28/Jul/2026:15:06:42 +0200] "POST /xmlrpc.php HTTP/1.1" 200 6090 "-" "Jetpack by WordPress.com (Jetpack 12.1; WordPress 6.4)"
2a03:2880:f800:46:: - - [28/Jul/2026:15:06:47 +0200] "GET /shop/theanthropical/briny241476715418 HTTP/1.1" 404 38568 "-" "Mozilla/5.0 (Macintosh; Intel Mac OS X 10_15_7) AppleWebKit/537.36 (KHTML, like Gecko) Chrome/145.0.0.0 Safari/537.36 (compatible; meta-externalagent/1.1 (+https://developers.facebook.com/docs/sharing/webmasters/crawler))"
183.82.0.127 - - [28/Jul/2026:15:06:52 +0200] "POST /xmlrpc.php HTTP/1.1" 200 6090 "-" "Jetpack/12.0; WordPress/6.3; http://site95753777.com"
2a03:2880:f800:20:: - - [28/Jul/2026:15:06:57 +0200] "GET /shop/cavalier/enaliosaurian244180218194 HTTP/1.1" 404 38568 "-" "Mozilla/5.0 (Windows NT 10.0; Win64; x64) AppleWebKit/537.36 (KHTML, like Gecko) Chrome/145.0.0.0 Safari/537.36 (compatible; meta-externalagent/1.1 (+https://developers.facebook.com/docs/sharing/webmasters/crawler))"
2a03:2880:f800:2d:: - - [28/Jul/2026:15:06:58 +0200] "GET /shop/potentizing/exact243456874862 HTTP/1.1" 404 38568 "-" "Mozilla/5.0 (Windows NT 10.0; Win64; x64) AppleWebKit/537.36 (KHTML, like Gecko) Chrome/145.0.0.0 Safari/537.36 (compatible; meta-externalagent/1.1 (+https://developers.facebook.com/docs/sharing/webmasters/crawler))"
2a03:2880:f800:1:: - - [28/Jul/2026:15:07:01 +0200] "GET /shop/oculary/latibula242535500347 HTTP/1.1" 404 38568 "-" "Mozilla/5.0 (Macintosh; Intel Mac OS X 10_15_7) AppleWebKit/537.36 (KHTML, like Gecko) Chrome/145.0.0.0 Safari/537.36 (compatible; meta-externalagent/1.1 (+https://developers.facebook.com/docs/sharing/webmasters/crawler))"
183.82.0.127 - - [28/Jul/2026:15:07:03 +0200] "POST /xmlrpc.php HTTP/1.1" 200 6090 "-" "Jetpack by WordPress.com (Jetpack 12.0; WordPress 6.2)"
183.82.0.127 - - [28/Jul/2026:15:07:14 +0200] "POST /xmlrpc.php HTTP/1.1" 200 6090 "-" "WordPress.com; https://wordpress.com"
2001:1690:2:4::1:118 - - [28/Jul/2026:15:08:28 +0200] "POST /wp-cron.php?doing_wp_cron=1785244108.9133820533752441406250 HTTP/1.1" 200 5522 "-" "WordPress/6.7.5; https://cso-apeldoorn.nl"
2a03:2880:f800:46:: - - [28/Jul/2026:15:08:28 +0200] "GET /shop/chasse/murlins243388655 HTTP/1.1" 404 38568 "-" "Mozilla/5.0 (Windows NT 10.0; Win64; x64) AppleWebKit/537.36 (KHTML, like Gecko) Chrome/145.0.0.0 Safari/537.36 (compatible; meta-externalagent/1.1 (+https://developers.facebook.com/docs/sharing/webmasters/crawler))"
2a03:2880:f800:26:: - - [28/Jul/2026:15:08:38 +0200] "GET /shop/jargonic/salts243903590081 HTTP/1.1" 404 38568 "-" "Mozilla/5.0 (Macintosh; Intel Mac OS X 10.15; rv:147.0) Gecko/20100101 Firefox/147.0 (compatible; meta-externalagent/1.1 (+https://developers.facebook.com/docs/sharing/webmasters/crawler))"
2a03:2880:f800:20:: - - [28/Jul/2026:15:09:51 +0200] "GET /shop/hully/trochilus244202325543 HTTP/1.1" 404 38568 "-" "Mozilla/5.0 (Windows NT 10.0; Win64; x64) AppleWebKit/537.36 (KHTML, like Gecko) Chrome/145.0.0.0 Safari/537.36 (compatible; meta-externalagent/1.1 (+https://developers.facebook.com/docs/sharing/webmasters/crawler))"
2a03:2880:f800:19:: - - [28/Jul/2026:15:10:41 +0200] "GET /shop/squaring/polyactinia244219073448 HTTP/1.1" 404 38568 "-" "Mozilla/5.0 (Macintosh; Intel Mac OS X 10_15_7) AppleWebKit/537.36 (KHTML, like Gecko) Chrome/145.0.0.0 Safari/537.36 (compatible; meta-externalagent/1.1 (+https://developers.facebook.com/docs/sharing/webmasters/crawler))"
2a03:2880:f800:35:: - - [28/Jul/2026:15:11:00 +0200] "GET /shop/outguard/tipsily243110634606 HTTP/1.1" 404 38568 "-" "Mozilla/5.0 (Macintosh; Intel Mac OS X 10_15_7) AppleWebKit/537.36 (KHTML, like Gecko) Chrome/145.0.0.0 Safari/537.36 (compatible; meta-externalagent/1.1 (+https://developers.facebook.com/docs/sharing/webmasters/crawler))"
2a03:2880:f800:30:: - - [28/Jul/2026:15:11:41 +0200] "GET /shop/modiste/pendula242769138887 HTTP/1.1" 404 38568 "-" "Mozilla/5.0 (Windows NT 10.0; Win64; x64) AppleWebKit/537.36 (KHTML, like Gecko) Chrome/145.0.0.0 Safari/537.36 (compatible; meta-externalagent/1.1 (+https://developers.facebook.com/docs/sharing/webmasters/crawler))"
66.249.70.32 - - [28/Jul/2026:15:11:39 +0200] "GET /sitemap-subitems-1653.xml HTTP/1.1" 200 383046 "-" "Mozilla/5.0 (compatible; Googlebot/2.1; +http://www.google.com/bot.html)"
2a03:2880:f800:29:: - - [28/Jul/2026:15:11:50 +0200] "GET /shop/lactage/rachitis243142604251 HTTP/1.1" 404 38568 "-" "Mozilla/5.0 (Macintosh; Intel Mac OS X 10.15; rv:147.0) Gecko/20100101 Firefox/147.0 (compatible; meta-externalagent/1.1 (+https://developers.facebook.com/docs/sharing/webmasters/crawler))"
2a03:2880:f800:41:: - - [28/Jul/2026:15:12:11 +0200] "GET /shop/sprout/ochroleucous24159793502 HTTP/1.1" 404 38568 "-" "Mozilla/5.0 (Macintosh; Intel Mac OS X 10_15_7) AppleWebKit/537.36 (KHTML, like Gecko) Chrome/145.0.0.0 Safari/537.36 (compatible; meta-externalagent/1.1 (+https://developers.facebook.com/docs/sharing/webmasters/crawler))"
2a03:2880:f800:3b:: - - [28/Jul/2026:15:12:21 +0200] "GET /shop/attrahent/immobility242052896054 HTTP/1.1" 404 38568 "-" "Mozilla/5.0 (Windows NT 10.0; Win64; x64) AppleWebKit/537.36 (KHTML, like Gecko) Chrome/145.0.0.0 Safari/537.36 (compatible; meta-externalagent/1.1 (+https://developers.facebook.com/docs/sharing/webmasters/crawler))"
2a03:2880:f800:40:: - - [28/Jul/2026:15:12:25 +0200] "GET /shop/waldenses/dejectedness243926940805 HTTP/1.1" 404 38568 "-" "Mozilla/5.0 (Macintosh; Intel Mac OS X 10_15_7) AppleWebKit/537.36 (KHTML, like Gecko) Chrome/145.0.0.0 Safari/537.36 (compatible; meta-externalagent/1.1 (+https://developers.facebook.com/docs/sharing/webmasters/crawler))"
66.249.70.38 - - [28/Jul/2026:15:12:26 +0200] "GET /shop/dilettanti/bustamente254151459078 HTTP/1.1" 404 38719 "-" "Mozilla/5.0 (Linux; Android 6.0.1; Nexus 5X Build/MMB29P) AppleWebKit/537.36 (KHTML, like Gecko) Chrome/150.0.7871.128 Mobile Safari/537.36 (compatible; GoogleOther)"
2a03:2880:f800:20:: - - [28/Jul/2026:15:13:30 +0200] "GET /shop/epiplastron/apogee241809564730 HTTP/1.1" 404 38568 "-" "Mozilla/5.0 (Windows NT 10.0; Win64; x64) AppleWebKit/537.36 (KHTML, like Gecko) Chrome/145.0.0.0 Safari/537.36 (compatible; meta-externalagent/1.1 (+https://developers.facebook.com/docs/sharing/webmasters/crawler))"
2a03:2880:f800:1b:: - - [28/Jul/2026:15:13:32 +0200] "GET /shop/meligethes/suricat24609216787 HTTP/1.1" 404 38568 "-" "Mozilla/5.0 (Windows NT 10.0; Win64; x64) AppleWebKit/537.36 (KHTML, like Gecko) Chrome/145.0.0.0 Safari/537.36 (compatible; meta-externalagent/1.1 (+https://developers.facebook.com/docs/sharing/webmasters/crawler))"
2a03:2880:f800:1e:: - - [28/Jul/2026:15:13:59 +0200] "GET /shop/dactylifera/indoenglish242269747576 HTTP/1.1" 404 38568 "-" "Mozilla/5.0 (Macintosh; Intel Mac OS X 10_15_7) AppleWebKit/537.36 (KHTML, like Gecko) Chrome/145.0.0.0 Safari/537.36 (compatible; meta-externalagent/1.1 (+https://developers.facebook.com/docs/sharing/webmasters/crawler))"
66.249.70.39 - - [28/Jul/2026:15:14:02 +0200] "GET /shop/scots/bootlick25692625741 HTTP/1.1" 200 226689 "-" "Mozilla/5.0 (Linux; Android 6.0.1; Nexus 5X Build/MMB29P) AppleWebKit/537.36 (KHTML, like Gecko) Chrome/150.0.7871.128 Mobile Safari/537.36 (compatible; Googlebot/2.1; +http://www.google.com/bot.html)"
66.249.70.39 - - [28/Jul/2026:15:14:15 +0200] "GET /shop/relinquisher/fortalice253105098536 HTTP/1.1" 404 38719 "-" "Mozilla/5.0 (Linux; Android 6.0.1; Nexus 5X Build/MMB29P) AppleWebKit/537.36 (KHTML, like Gecko) Chrome/150.0.7871.128 Mobile Safari/537.36 (compatible; GoogleOther)"
185.251.19.150 - - [28/Jul/2026:15:14:16 +0200] "POST /wp-login.php HTTP/1.1" 200 22040 "-" "Mozilla/5.0 (Windows NT 10.0; Win64; x64) AppleWebKit/537.36 Chrome/129.0.0.0 Safari/537.36"
2a03:2880:f800:18:: - - [28/Jul/2026:15:14:37 +0200] "GET /shop/bistre/apochromatic24484314104 HTTP/1.1" 404 38568 "-" "Mozilla/5.0 (Macintosh; Intel Mac OS X 10_15_7) AppleWebKit/537.36 (KHTML, like Gecko) Chrome/145.0.0.0 Safari/537.36 (compatible; meta-externalagent/1.1 (+https://developers.facebook.com/docs/sharing/webmasters/crawler))"
2a03:2880:f800:19:: - - [28/Jul/2026:15:14:43 +0200] "GET /shop/systematology/pogamoggan24804410146 HTTP/1.1" 404 38568 "-" "Mozilla/5.0 (Windows NT 10.0; Win64; x64) AppleWebKit/537.36 (KHTML, like Gecko) Chrome/145.0.0.0 Safari/537.36 (compatible; meta-externalagent/1.1 (+https://developers.facebook.com/docs/sharing/webmasters/crawler))"
66.249.70.38 - - [28/Jul/2026:15:14:59 +0200] "GET /sitemap-subitems-1352.xml HTTP/1.1" 200 383105 "-" "Mozilla/5.0 (compatible; Googlebot/2.1; +http://www.google.com/bot.html)"
66.249.70.38 - - [28/Jul/2026:15:15:13 +0200] "GET /shop/untemperate/redraft253788840898 HTTP/1.1" 200 228375 "-" "Mozilla/5.0 (Linux; Android 6.0.1; Nexus 5X Build/MMB29P) AppleWebKit/537.36 (KHTML, like Gecko) Chrome/150.0.7871.128 Mobile Safari/537.36 (compatible; Googlebot/2.1; +http://www.google.com/bot.html)"
66.249.70.39 - - [28/Jul/2026:15:16:16 +0200] "GET /shop/fussy/quadrigeminal253446532356 HTTP/1.1" 200 231140 "-" "Mozilla/5.0 (Linux; Android 6.0.1; Nexus 5X Build/MMB29P) AppleWebKit/537.36 (KHTML, like Gecko) Chrome/150.0.7871.128 Mobile Safari/537.36 (compatible; Googlebot/2.1; +http://www.google.com/bot.html)"
2a03:2880:f800:c:: - - [28/Jul/2026:15:16:29 +0200] "GET /shop/dentition/grandiosity243527738122 HTTP/1.1" 404 38568 "-" "Mozilla/5.0 (Macintosh; Intel Mac OS X 10_15_7) AppleWebKit/537.36 (KHTML, like Gecko) Chrome/145.0.0.0 Safari/537.36 (compatible; meta-externalagent/1.1 (+https://developers.facebook.com/docs/sharing/webmasters/crawler))"
66.249.70.39 - - [28/Jul/2026:15:17:19 +0200] "GET /sitemap-subitems-476.xml HTTP/1.1" 200 382893 "-" "Mozilla/5.0 (compatible; Googlebot/2.1; +http://www.google.com/bot.html)"
2001:1690:2:4::1:118 - - [28/Jul/2026:15:17:35 +0200] "POST /wp-cron.php?doing_wp_cron=1785244655.0270531177520751953125 HTTP/1.1" 200 5522 "-" "WordPress/6.7.5; https://cso-apeldoorn.nl"
2a03:2880:f800:41:: - - [28/Jul/2026:15:17:34 +0200] "GET /shop/cetacea/condensation2462659403 HTTP/1.1" 404 38568 "-" "Mozilla/5.0 (Windows NT 10.0; Win64; x64) AppleWebKit/537.36 (KHTML, like Gecko) Chrome/145.0.0.0 Safari/537.36 (compatible; meta-externalagent/1.1 (+https://developers.facebook.com/docs/sharing/webmasters/crawler))"
2a03:2880:f800:1d:: - - [28/Jul/2026:15:17:57 +0200] "GET /shop/eyeminded/racahout24309530939 HTTP/1.1" 404 38568 "-" "Mozilla/5.0 (Windows NT 10.0; Win64; x64) AppleWebKit/537.36 (KHTML, like Gecko) Chrome/145.0.0.0 Safari/537.36 (compatible; meta-externalagent/1.1 (+https://developers.facebook.com/docs/sharing/webmasters/crawler))"
66.249.70.39 - - [28/Jul/2026:15:18:00 +0200] "GET /shop/discharges/wirbling253539502997 HTTP/1.1" 200 221930 "-" "Mozilla/5.0 (Linux; Android 6.0.1; Nexus 5X Build/MMB29P) AppleWebKit/537.36 (KHTML, like Gecko) Chrome/150.0.7871.128 Mobile Safari/537.36 (compatible; Googlebot/2.1; +http://www.google.com/bot.html)"
212.34.128.179 - - [28/Jul/2026:15:18:13 +0200] "GET / HTTP/1.1" 200 59408 "https://cso-apeldoorn.nl/" "Mozilla/5.0 (Windows NT 10.0; Win64; x64) AppleWebKit/537.36 (KHTML, like Gecko) Chrome/131.0.0.0 Safari/537.36"
2001:1690:2:4::1:118 - - [28/Jul/2026:15:18:51 +0200] "POST /wp-cron.php?doing_wp_cron=1785244731.7237930297851562500000 HTTP/1.1" 200 5522 "-" "WordPress/6.7.5; https://cso-apeldoorn.nl"
2a03:2880:f800:42:: - - [28/Jul/2026:15:18:51 +0200] "GET /shop/veteran/burler241696923918 HTTP/1.1" 404 38568 "-" "Mozilla/5.0 (Windows NT 10.0; Win64; x64) AppleWebKit/537.36 (KHTML, like Gecko) Chrome/145.0.0.0 Safari/537.36 (compatible; meta-externalagent/1.1 (+https://developers.facebook.com/docs/sharing/webmasters/crawler))"
2a03:2880:f800:36:: - - [28/Jul/2026:15:19:05 +0200] "GET /shop/acorned/conic24651903169 HTTP/1.1" 404 38568 "-" "Mozilla/5.0 (Windows NT 10.0; Win64; x64) AppleWebKit/537.36 (KHTML, like Gecko) Chrome/145.0.0.0 Safari/537.36 (compatible; meta-externalagent/1.1 (+https://developers.facebook.com/docs/sharing/webmasters/crawler))"
66.249.70.39 - - [28/Jul/2026:15:19:45 +0200] "GET /sitemap-subitems-1699.xml HTTP/1.1" 200 382892 "-" "Mozilla/5.0 (compatible; Googlebot/2.1; +http://www.google.com/bot.html)"
66.249.70.38 - - [28/Jul/2026:15:19:48 +0200] "GET /shop/puzzlingly/dehydrate253487552216 HTTP/1.1" 200 229818 "-" "Mozilla/5.0 (Linux; Android 6.0.1; Nexus 5X Build/MMB29P) AppleWebKit/537.36 (KHTML, like Gecko) Chrome/150.0.7871.128 Mobile Safari/537.36 (compatible; Googlebot/2.1; +http://www.google.com/bot.html)"
2a03:2880:f800:f:: - - [28/Jul/2026:15:20:06 +0200] "GET /shop/duplicable/sleeting241967101938 HTTP/1.1" 404 38568 "-" "Mozilla/5.0 (Macintosh; Intel Mac OS X 10_15_7) AppleWebKit/537.36 (KHTML, like Gecko) Chrome/145.0.0.0 Safari/537.36 (compatible; meta-externalagent/1.1 (+https://developers.facebook.com/docs/sharing/webmasters/crawler))"
2a03:2880:f812:1e:: - - [28/Jul/2026:15:20:33 +0200] "GET /shop/matinee/upsidown241464074314 HTTP/1.1" 404 38568 "-" "Mozilla/5.0 (Windows NT 10.0; Win64; x64) AppleWebKit/537.36 (KHTML, like Gecko) Chrome/145.0.0.0 Safari/537.36 (compatible; meta-externalagent/1.1 (+https://developers.facebook.com/docs/sharing/webmasters/crawler))"
66.249.70.38 - - [28/Jul/2026:15:20:44 +0200] "GET /shop/vaporingly/primordial251827475834 HTTP/1.1" 200 232508 "-" "Mozilla/5.0 (Linux; Android 6.0.1; Nexus 5X Build/MMB29P) AppleWebKit/537.36 (KHTML, like Gecko) Chrome/150.0.7871.128 Mobile Safari/537.36 (compatible; Googlebot/2.1; +http://www.google.com/bot.html)"
2a03:2880:f800:3d:: - - [28/Jul/2026:15:21:32 +0200] "GET /shop/passerella/graminivorous24895385036 HTTP/1.1" 404 38568 "-" "Mozilla/5.0 (X11; Linux x86_64) AppleWebKit/537.36 (KHTML, like Gecko) Chrome/145.0.0.0 Safari/537.36 (compatible; meta-externalagent/1.1 (+https://developers.facebook.com/docs/sharing/webmasters/crawler))"
2a03:2880:f800:2:: - - [28/Jul/2026:15:21:50 +0200] "GET /shop/injoin/anchovy242857811624 HTTP/1.1" 404 38568 "-" "Mozilla/5.0 (Macintosh; Intel Mac OS X 10_15_7) AppleWebKit/537.36 (KHTML, like Gecko) Chrome/145.0.0.0 Safari/537.36 (compatible; meta-externalagent/1.1 (+https://developers.facebook.com/docs/sharing/webmasters/crawler))"
2a03:2880:f800:1d:: - - [28/Jul/2026:15:21:52 +0200] "GET /shop/exilis/imperishability24105236704 HTTP/1.1" 404 38568 "-" "Mozilla/5.0 (Windows NT 10.0; Win64; x64) AppleWebKit/537.36 (KHTML, like Gecko) Chrome/145.0.0.0 Safari/537.36 (compatible; meta-externalagent/1.1 (+https://developers.facebook.com/docs/sharing/webmasters/crawler))"
66.249.70.38 - - [28/Jul/2026:15:22:20 +0200] "GET /sitemap-subitems-2960.xml HTTP/1.1" 200 382895 "-" "Mozilla/5.0 (compatible; Googlebot/2.1; +http://www.google.com/bot.html)"
66.249.70.39 - - [28/Jul/2026:15:22:29 +0200] "GET /shop/theocrat/fanteeg252496481132 HTTP/1.1" 200 223014 "-" "Mozilla/5.0 (Linux; Android 6.0.1; Nexus 5X Build/MMB29P) AppleWebKit/537.36 (KHTML, like Gecko) Chrome/150.0.7871.128 Mobile Safari/537.36 (compatible; Googlebot/2.1; +http://www.google.com/bot.html)"
66.249.70.38 - - [28/Jul/2026:15:22:54 +0200] "GET /sitemap-subitems-1012.xml HTTP/1.1" 200 382910 "-" "Mozilla/5.0 (compatible; Googlebot/2.1; +http://www.google.com/bot.html)"
66.249.70.39 - - [28/Jul/2026:15:23:09 +0200] "GET /sitemap-subitems-1078.xml HTTP/1.1" 200 382662 "-" "Mozilla/5.0 (compatible; Googlebot/2.1; +http://www.google.com/bot.html)"
2a03:2880:f800:7:: - - [28/Jul/2026:15:23:49 +0200] "GET /shop/linearly/snuffbox241392692943 HTTP/1.1" 404 38568 "-" "Mozilla/5.0 (Windows NT 10.0; Win64; x64) AppleWebKit/537.36 (KHTML, like Gecko) Chrome/145.0.0.0 Safari/537.36 (compatible; meta-externalagent/1.1 (+https://developers.facebook.com/docs/sharing/webmasters/crawler))"
66.249.70.39 - - [28/Jul/2026:15:24:39 +0200] "GET /shop/haemodoraceae/unequalable25826622224 HTTP/1.1" 200 225011 "-" "Mozilla/5.0 (Linux; Android 6.0.1; Nexus 5X Build/MMB29P) AppleWebKit/537.36 (KHTML, like Gecko) Chrome/150.0.7871.128 Mobile Safari/537.36 (compatible; Googlebot/2.1; +http://www.google.com/bot.html)"
2a03:2880:f800:1c:: - - [28/Jul/2026:15:24:51 +0200] "GET /shop/tongue/boseeinstein241358686053 HTTP/1.1" 404 38568 "-" "Mozilla/5.0 (Windows NT 10.0; Win64; x64) AppleWebKit/537.36 (KHTML, like Gecko) Chrome/145.0.0.0 Safari/537.36 (compatible; meta-externalagent/1.1 (+https://developers.facebook.com/docs/sharing/webmasters/crawler))"
2a03:2880:f800:43:: - - [28/Jul/2026:15:25:18 +0200] "GET /shop/austrohungarian/gonoblastidium24286969167 HTTP/1.1" 404 38568 "-" "Mozilla/5.0 (Windows NT 10.0; Win64; x64) AppleWebKit/537.36 (KHTML, like Gecko) Chrome/145.0.0.0 Safari/537.36 (compatible; meta-externalagent/1.1 (+https://developers.facebook.com/docs/sharing/webmasters/crawler))"
